[INFO] fetching crate murrelet_draw 0.1.2...
[INFO] testing murrelet_draw-0.1.2 against 1.99.0-beta.8+cargoflags=--release for beta-release-1.100-2
[INFO] extracting crate murrelet_draw 0.1.2 into /workspace/builds/worker-6-tc1/source
[INFO] started tweaking crates.io crate murrelet_draw 0.1.2
[INFO] finished tweaking crates.io crate murrelet_draw 0.1.2
[INFO] tweaked toml for crates.io crate murrelet_draw 0.1.2 written to /workspace/builds/worker-6-tc1/source/Cargo.toml
[INFO] validating manifest of crates.io crate murrelet_draw 0.1.2 on toolchain 1.99.0-beta.8
[INFO] running `Command { std: CARGO_HOME="/workspace/cargo-home" RUSTUP_HOME="/workspace/rustup-home" "/workspace/cargo-home/bin/cargo" "+1.99.0-beta.8" "metadata" "--manifest-path" "Cargo.toml" "--no-deps", kill_on_drop: false }`
[INFO] running `Command { std: CARGO_HOME="/workspace/cargo-home" RUSTUP_HOME="/workspace/rustup-home" "/workspace/cargo-home/bin/cargo" "+1.99.0-beta.8" "generate-lockfile" "--manifest-path" "Cargo.toml", kill_on_drop: false }`
[INFO] [stderr]     Updating crates.io index
[INFO] [stderr]      Locking 91 packages to highest compatible versions
[INFO] [stderr]       Adding evalexpr v11.3.1 (available: v13.1.0)
[INFO] [stderr]       Adding generic-array v0.14.7 (available: v0.14.9)
[INFO] [stderr]       Adding glam v0.28.0 (available: v0.34.1)
[INFO] [stderr]       Adding itertools v0.10.5 (available: v0.15.0)
[INFO] [stderr]       Adding lerpable v0.0.2 (available: v0.0.3)
[INFO] [stderr]       Adding md-5 v0.10.6 (available: v0.11.0)
[INFO] [stderr]       Adding rand v0.8.8 (available: v0.10.3)
[INFO] [stderr]       Adding schemars v0.8.22 (available: v1.2.3)
[INFO] running `Command { std: CARGO_HOME="/workspace/cargo-home" RUSTUP_HOME="/workspace/rustup-home" "/workspace/cargo-home/bin/cargo" "+1.99.0-beta.8" "fetch" "--manifest-path" "Cargo.toml", kill_on_drop: false }`
[INFO] [stderr]  Downloading crates ...
[INFO] [stderr]   Downloaded murrelet_livecode_macros v0.1.2
[INFO] [stderr]   Downloaded palette_math v0.7.7
[INFO] [stderr]   Downloaded murrelet_livecode_derive v0.1.2
[INFO] [stderr]   Downloaded palette_derive v0.7.7
[INFO] [stderr]   Downloaded lerpable v0.0.3
[INFO] [stderr]   Downloaded lerpable_derive v0.0.3
[INFO] [stderr]   Downloaded lerpable v0.0.2
[INFO] [stderr]   Downloaded lerpable_derive v0.0.2
[INFO] [stderr]   Downloaded murrelet_common v0.1.3
[INFO] [stderr]   Downloaded murrelet_livecode v0.1.2
[INFO] [stderr]   Downloaded evalexpr v11.3.1
[INFO] [stderr]   Downloaded noise v0.9.0
[INFO] [stderr]   Downloaded palette v0.7.7
[INFO] [stderr]   Downloaded glam v0.28.0
[INFO] running `Command { std: "docker" "create" "-v" "/var/lib/crater-agent-workspace/builds/worker-6-tc1/source:/opt/rustwide/workdir:ro,Z" "-v" "/var/lib/crater-agent-workspace/builds/worker-6-tc1/target:/opt/rustwide/target:rw,Z" "-v" "/var/lib/crater-agent-workspace/cargo-home:/opt/rustwide/cargo-home:ro,Z" "-v" "/var/lib/crater-agent-workspace/rustup-home:/opt/rustwide/rustup-home:ro,Z" "-m" "1610612736" "--network" "none" "ghcr.io/rust-lang/crates-build-env/linux@sha256:77db811e55d90add9212f6832c23229e3de5f1c1f9905e8cb07319ea15df73ac" "sleep" "infinity", kill_on_drop: false }`
[INFO] [stdout] d5d71dca54d6993c9fe21a2d15880a7ed7692bff5db1afdc5897719aa7c35884
[INFO] running `Command { std: "docker" "start" "d5d71dca54d6993c9fe21a2d15880a7ed7692bff5db1afdc5897719aa7c35884", kill_on_drop: false }`
[INFO] running `Command { std: "docker" "inspect" "d5d71dca54d6993c9fe21a2d15880a7ed7692bff5db1afdc5897719aa7c35884", kill_on_drop: false }`
[INFO] running `Command { std: "docker" "exec" "-e" "SOURCE_DIR=/opt/rustwide/workdir" "-e" "CARGO_HOME=/opt/rustwide/cargo-home" "-e" "RUSTUP_HOME=/opt/rustwide/rustup-home" "-e" "CARGO_TARGET_DIR=/opt/rustwide/target" "-w" "/opt/rustwide/workdir" "--user" "0:0" "d5d71dca54d6993c9fe21a2d15880a7ed7692bff5db1afdc5897719aa7c35884" "/opt/rustwide/cargo-home/bin/cargo" "+1.99.0-beta.8" "metadata" "--no-deps" "--format-version=1", kill_on_drop: false }`
[INFO] running `Command { std: "docker" "inspect" "d5d71dca54d6993c9fe21a2d15880a7ed7692bff5db1afdc5897719aa7c35884", kill_on_drop: false }`
[INFO] running `Command { std: "docker" "exec" "-e" "SOURCE_DIR=/opt/rustwide/workdir" "-e" "CARGO_HOME=/opt/rustwide/cargo-home" "-e" "RUSTUP_HOME=/opt/rustwide/rustup-home" "-e" "CARGO_TARGET_DIR=/opt/rustwide/target" "-e" "CARGO_INCREMENTAL=0" "-e" "RUST_BACKTRACE=full" "-e" "RUSTFLAGS=--cap-lints=warn" "-e" "RUSTDOCFLAGS=--cap-lints=warn" "-w" "/opt/rustwide/workdir" "--user" "0:0" "d5d71dca54d6993c9fe21a2d15880a7ed7692bff5db1afdc5897719aa7c35884" "/opt/rustwide/cargo-home/bin/cargo" "+1.99.0-beta.8" "build" "--frozen" "--message-format=json" "--release", kill_on_drop: false }`
[INFO] [stderr]    Compiling libc v0.2.191
[INFO] [stderr]    Compiling syn v2.0.119
[INFO] [stderr]    Compiling syn v3.0.9
[INFO] [stderr]    Compiling zerocopy v0.8.63
[INFO] [stderr]    Compiling strsim v0.11.1
[INFO] [stderr]    Compiling by_address v1.2.1
[INFO] [stderr]    Compiling siphasher v1.0.4
[INFO] [stderr]    Compiling num-traits v0.2.19
[INFO] [stderr]    Compiling serde_core v1.0.229
[INFO] [stderr]    Compiling serde v1.0.229
[INFO] [stderr]    Compiling memchr v2.8.3
[INFO] [stderr]    Compiling either v1.19.0
[INFO] [stderr]    Compiling hashbrown v0.17.1
[INFO] [stderr]    Compiling regex-syntax v0.8.11
[INFO] [stderr]    Compiling palette_math v0.7.7
[INFO] [stderr]    Compiling equivalent v1.0.3
[INFO] [stderr]    Compiling generic-array v0.14.7
[INFO] [stderr]    Compiling itertools v0.10.5
[INFO] [stderr]    Compiling phf_shared v0.13.1
[INFO] [stderr]    Compiling phf v0.13.1
[INFO] [stderr]    Compiling approx v0.5.1
[INFO] [stderr]    Compiling aho-corasick v1.1.5
[INFO] [stderr]    Compiling indexmap v2.14.2
[INFO] [stderr]    Compiling anyhow v1.0.104
[INFO] [stderr]    Compiling itoa v1.0.18
[INFO] [stderr]    Compiling getrandom v0.2.17
[INFO] [stderr]    Compiling rand_core v0.6.4
[INFO] [stderr]    Compiling unsafe-libyaml v0.2.11
[INFO] [stderr]    Compiling ryu v1.0.23
[INFO] [stderr]    Compiling rand_xorshift v0.3.0
[INFO] [stderr]    Compiling uuid v1.28.0
[INFO] [stderr]    Compiling regex-automata v0.4.18
[INFO] [stderr]    Compiling block-buffer v0.10.4
[INFO] [stderr]    Compiling crypto-common v0.1.7
[INFO] [stderr]    Compiling digest v0.10.7
[INFO] [stderr]    Compiling md-5 v0.10.6
[INFO] [stderr]    Compiling serde_derive v1.0.229
[INFO] [stderr]    Compiling bytemuck_derive v1.12.1
[INFO] [stderr]    Compiling bytemuck v1.25.2
[INFO] [stderr]    Compiling ppv-lite86 v0.2.21
[INFO] [stderr]    Compiling darling_core v0.20.11
[INFO] [stderr]    Compiling rand_chacha v0.3.1
[INFO] [stderr]    Compiling regex v1.13.1
[INFO] [stderr]    Compiling rand v0.8.8
[INFO] [stderr]    Compiling palette_derive v0.7.7
[INFO] [stderr]    Compiling glam v0.28.0
[INFO] [stderr]    Compiling evalexpr v11.3.1
[INFO] [stderr]    Compiling serde_yaml v0.9.34+deprecated
[INFO] [stderr]    Compiling noise v0.9.0
[INFO] [stderr]    Compiling palette v0.7.7
[INFO] [stderr]    Compiling darling_macro v0.20.11
[INFO] [stderr]    Compiling darling v0.20.11
[INFO] [stderr]    Compiling lerpable_derive v0.0.3
[INFO] [stderr]    Compiling lerpable_derive v0.0.2
[INFO] [stderr]    Compiling lerpable v0.0.3
[INFO] [stderr]    Compiling lerpable v0.0.2
[INFO] [stderr]    Compiling murrelet_common v0.1.3
[INFO] [stderr]    Compiling murrelet_livecode v0.1.2
[INFO] [stdout] error[E0599]: no method named `add_after` found for struct `murrelet_common::SimpleTransform2d` in the current scope
[INFO] [stdout]    --> /opt/rustwide/cargo-home/registry/src/index.crates.io-1949cf8c6b5b557f/murrelet_livecode-0.1.2/src/unitcells.rs:973:27
[INFO] [stdout]     |
[INFO] [stdout] 973 |         self.adjust_shape.add_after(&new_center)
[INFO] [stdout]     |                           ^^^^^^^^^ method not found in `murrelet_common::SimpleTransform2d`
[INFO] [stdout] 
[INFO] [stdout] 
[INFO] [stdout] error[E0599]: no method named `add_after` found for struct `murrelet_common::SimpleTransform2d` in the current scope
[INFO] [stdout]     --> /opt/rustwide/cargo-home/registry/src/index.crates.io-1949cf8c6b5b557f/murrelet_livecode-0.1.2/src/unitcells.rs:1005:18
[INFO] [stdout]      |
[INFO] [stdout] 1001 |               transform_vertex: detail
[INFO] [stdout]      |  _______________________________-
[INFO] [stdout] 1002 | |                 .as_wallpaper()
[INFO] [stdout] 1003 | |                 .unwrap()
[INFO] [stdout] 1004 | |                 .transform_vertex
[INFO] [stdout] 1005 | |                 .add_after(&self.transform_vertex),
[INFO] [stdout]      | |                 -^^^^^^^^^ method not found in `murrelet_common::SimpleTransform2d`
[INFO] [stdout]      | |_________________|
[INFO] [stdout]      |
[INFO] [stdout] 
[INFO] [stdout] 
[INFO] [stdout] error[E0599]: no method named `add_after` found for struct `murrelet_common::SimpleTransform2d` in the current scope
[INFO] [stdout]     --> /opt/rustwide/cargo-home/registry/src/index.crates.io-1949cf8c6b5b557f/murrelet_livecode-0.1.2/src/unitcells.rs:1010:18
[INFO] [stdout]      |
[INFO] [stdout] 1006 |               adjust_shape: detail
[INFO] [stdout]      |  ___________________________-
[INFO] [stdout] 1007 | |                 .as_wallpaper()
[INFO] [stdout] 1008 | |                 .unwrap()
[INFO] [stdout] 1009 | |                 .adjust_shape
[INFO] [stdout] 1010 | |                 .add_after(&self.adjust_shape),
[INFO] [stdout]      | |                 -^^^^^^^^^ method not found in `murrelet_common::SimpleTransform2d`
[INFO] [stdout]      | |_________________|
[INFO] [stdout]      |
[INFO] [stdout] 
[INFO] [stdout] 
[INFO] [stdout] error[E0599]: no method named `lerpify` found for struct `murrelet_common::SimpleTransform2d` in the current scope
[INFO] [stdout]     --> /opt/rustwide/cargo-home/registry/src/index.crates.io-1949cf8c6b5b557f/murrelet_livecode-0.1.2/src/unitcells.rs:1029:53
[INFO] [stdout]      |
[INFO] [stdout] 1029 |             transform_vertex: self.transform_vertex.lerpify(&other.transform_vertex, &pct),
[INFO] [stdout]      |                                                     ^^^^^^^ method not found in `murrelet_common::SimpleTransform2d`
[INFO] [stdout]      |
[INFO] [stdout] note: there are multiple different versions of crate `lerpable` in the dependency graph
[INFO] [stdout]     --> /opt/rustwide/cargo-home/registry/src/index.crates.io-1949cf8c6b5b557f/lerpable-0.0.3/src/lib.rs:117:1
[INFO] [stdout]      |
[INFO] [stdout]  117 | pub trait Lerpable: Sized + Clone {
[INFO] [stdout]      | ^^^^^^^^^^^^^^^^^^^^^^^^^^^^^^^^^ this is the expected trait
[INFO] [stdout]      |
[INFO] [stdout]     ::: /opt/rustwide/cargo-home/registry/src/index.crates.io-1949cf8c6b5b557f/lerpable-0.0.2/src/lib.rs:112:1
[INFO] [stdout]      |
[INFO] [stdout]  112 | pub trait Lerpable: Sized + Clone {
[INFO] [stdout]      | --------------------------------- this is the trait that was imported
[INFO] [stdout]      = help: you can use `cargo tree` to explore your dependency tree
[INFO] [stdout] 
[INFO] [stdout] 
[INFO] [stdout] error[E0599]: no method named `lerpify` found for struct `murrelet_common::SimpleTransform2d` in the current scope
[INFO] [stdout]     --> /opt/rustwide/cargo-home/registry/src/index.crates.io-1949cf8c6b5b557f/murrelet_livecode-0.1.2/src/unitcells.rs:1030:45
[INFO] [stdout]      |
[INFO] [stdout] 1030 |             adjust_shape: self.adjust_shape.lerpify(&other.adjust_shape, &pct),
[INFO] [stdout]      |                                             ^^^^^^^ method not found in `murrelet_common::SimpleTransform2d`
[INFO] [stdout]      |
[INFO] [stdout] note: there are multiple different versions of crate `lerpable` in the dependency graph
[INFO] [stdout]     --> /opt/rustwide/cargo-home/registry/src/index.crates.io-1949cf8c6b5b557f/lerpable-0.0.3/src/lib.rs:117:1
[INFO] [stdout]      |
[INFO] [stdout]  117 | pub trait Lerpable: Sized + Clone {
[INFO] [stdout]      | ^^^^^^^^^^^^^^^^^^^^^^^^^^^^^^^^^ this is the expected trait
[INFO] [stdout]      |
[INFO] [stdout]     ::: /opt/rustwide/cargo-home/registry/src/index.crates.io-1949cf8c6b5b557f/lerpable-0.0.2/src/lib.rs:112:1
[INFO] [stdout]      |
[INFO] [stdout]  112 | pub trait Lerpable: Sized + Clone {
[INFO] [stdout]      | --------------------------------- this is the trait that was imported
[INFO] [stdout]      = help: you can use `cargo tree` to explore your dependency tree
[INFO] [stdout] 
[INFO] [stdout] 
[INFO] [stdout] For more information about this error, try `rustc --explain E0599`.
[INFO] [stdout] 
[INFO] [stderr] error: could not compile `murrelet_livecode` (lib) due to 5 previous errors
[INFO] [stderr] warning: build failed, waiting for other jobs to finish...
[INFO] running `Command { std: "docker" "inspect" "d5d71dca54d6993c9fe21a2d15880a7ed7692bff5db1afdc5897719aa7c35884", kill_on_drop: false }`
[INFO] running `Command { std: "docker" "rm" "-f" "d5d71dca54d6993c9fe21a2d15880a7ed7692bff5db1afdc5897719aa7c35884", kill_on_drop: false }`
[INFO] [stdout] d5d71dca54d6993c9fe21a2d15880a7ed7692bff5db1afdc5897719aa7c35884
