[INFO] fetching crate mule-map 0.1.4...
[INFO] testing mule-map-0.1.4 against 1.100.0-beta.1+cargoflags=--release for beta-release-1.100-2
[INFO] extracting crate mule-map 0.1.4 into /workspace/builds/worker-7-tc2/source
[INFO] started tweaking crates.io crate mule-map 0.1.4
[INFO] finished tweaking crates.io crate mule-map 0.1.4
[INFO] tweaked toml for crates.io crate mule-map 0.1.4 written to /workspace/builds/worker-7-tc2/source/Cargo.toml
[INFO] validating manifest of crates.io crate mule-map 0.1.4 on toolchain 1.100.0-beta.1
[INFO] running `Command { std: CARGO_HOME="/workspace/cargo-home" RUSTUP_HOME="/workspace/rustup-home" "/workspace/cargo-home/bin/cargo" "+1.100.0-beta.1" "metadata" "--manifest-path" "Cargo.toml" "--no-deps", kill_on_drop: false }`
[INFO] crate crates.io crate mule-map 0.1.4 already has a lockfile, it will not be regenerated
[INFO] running `Command { std: CARGO_HOME="/workspace/cargo-home" RUSTUP_HOME="/workspace/rustup-home" "/workspace/cargo-home/bin/cargo" "+1.100.0-beta.1" "fetch" "--manifest-path" "Cargo.toml", kill_on_drop: false }`
[INFO] running `Command { std: "docker" "create" "-v" "/var/lib/crater-agent-workspace/builds/worker-7-tc2/source:/opt/rustwide/workdir:ro,Z" "-v" "/var/lib/crater-agent-workspace/builds/worker-7-tc2/target:/opt/rustwide/target:rw,Z" "-v" "/var/lib/crater-agent-workspace/cargo-home:/opt/rustwide/cargo-home:ro,Z" "-v" "/var/lib/crater-agent-workspace/rustup-home:/opt/rustwide/rustup-home:ro,Z" "-m" "1610612736" "--network" "none" "ghcr.io/rust-lang/crates-build-env/linux@sha256:77db811e55d90add9212f6832c23229e3de5f1c1f9905e8cb07319ea15df73ac" "sleep" "infinity", kill_on_drop: false }`
[INFO] [stdout] 3f8840bc9de8406fecb88898a2f24ee11da1111ef96e08d4af112ad02b1e58d1
[INFO] running `Command { std: "docker" "start" "3f8840bc9de8406fecb88898a2f24ee11da1111ef96e08d4af112ad02b1e58d1", kill_on_drop: false }`
[INFO] running `Command { std: "docker" "inspect" "3f8840bc9de8406fecb88898a2f24ee11da1111ef96e08d4af112ad02b1e58d1", kill_on_drop: false }`
[INFO] running `Command { std: "docker" "exec" "-e" "SOURCE_DIR=/opt/rustwide/workdir" "-e" "CARGO_HOME=/opt/rustwide/cargo-home" "-e" "RUSTUP_HOME=/opt/rustwide/rustup-home" "-e" "CARGO_TARGET_DIR=/opt/rustwide/target" "-w" "/opt/rustwide/workdir" "--user" "0:0" "3f8840bc9de8406fecb88898a2f24ee11da1111ef96e08d4af112ad02b1e58d1" "/opt/rustwide/cargo-home/bin/cargo" "+1.100.0-beta.1" "metadata" "--no-deps" "--format-version=1", kill_on_drop: false }`
[INFO] running `Command { std: "docker" "inspect" "3f8840bc9de8406fecb88898a2f24ee11da1111ef96e08d4af112ad02b1e58d1", kill_on_drop: false }`
[INFO] running `Command { std: "docker" "exec" "-e" "SOURCE_DIR=/opt/rustwide/workdir" "-e" "CARGO_HOME=/opt/rustwide/cargo-home" "-e" "RUSTUP_HOME=/opt/rustwide/rustup-home" "-e" "CARGO_TARGET_DIR=/opt/rustwide/target" "-e" "CARGO_INCREMENTAL=0" "-e" "RUST_BACKTRACE=full" "-e" "RUSTFLAGS=--cap-lints=warn" "-e" "RUSTDOCFLAGS=--cap-lints=warn" "-w" "/opt/rustwide/workdir" "--user" "0:0" "3f8840bc9de8406fecb88898a2f24ee11da1111ef96e08d4af112ad02b1e58d1" "/opt/rustwide/cargo-home/bin/cargo" "+1.100.0-beta.1" "build" "--frozen" "--message-format=json" "--release", kill_on_drop: false }`
[INFO] [stderr]    Compiling proc-macro2 v1.0.101
[INFO] [stderr]    Compiling bytemuck v1.25.0
[INFO] [stderr]    Compiling num-traits v0.2.19
[INFO] [stderr]    Compiling quote v1.0.40
[INFO] [stderr]    Compiling syn v2.0.117
[INFO] [stderr]    Compiling sealed v0.6.0
[INFO] [stderr]    Compiling mule-map v0.1.4 (/opt/rustwide/workdir)
[INFO] [stderr]     Finished `release` profile [optimized] target(s) in 5.89s
[INFO] running `Command { std: "docker" "inspect" "3f8840bc9de8406fecb88898a2f24ee11da1111ef96e08d4af112ad02b1e58d1", kill_on_drop: false }`
[INFO] running `Command { std: "docker" "exec" "-e" "SOURCE_DIR=/opt/rustwide/workdir" "-e" "CARGO_HOME=/opt/rustwide/cargo-home" "-e" "RUSTUP_HOME=/opt/rustwide/rustup-home" "-e" "CARGO_TARGET_DIR=/opt/rustwide/target" "-e" "CARGO_INCREMENTAL=0" "-e" "RUST_BACKTRACE=full" "-e" "RUSTFLAGS=--cap-lints=warn" "-e" "RUSTDOCFLAGS=--cap-lints=warn" "-w" "/opt/rustwide/workdir" "--user" "0:0" "3f8840bc9de8406fecb88898a2f24ee11da1111ef96e08d4af112ad02b1e58d1" "/opt/rustwide/cargo-home/bin/cargo" "+1.100.0-beta.1" "test" "--frozen" "--no-run" "--message-format=json" "--release", kill_on_drop: false }`
[INFO] [stderr]    Compiling semver v1.0.26
[INFO] [stderr]    Compiling paste v1.0.15
[INFO] [stderr]    Compiling hex v0.4.3
[INFO] [stderr]    Compiling rustc_version v0.4.1
[INFO] [stderr]    Compiling fnv_rs v0.4.4
[INFO] [stderr]    Compiling mule-map v0.1.4 (/opt/rustwide/workdir)
[INFO] [stdout] error[E0433]: cannot find module or crate `test_utils` in this scope
[INFO] [stdout]     --> src/mule_map.rs:1150:17
[INFO] [stdout]      |
[INFO] [stdout] 1150 |         assert!(test_utils::catch_unwind_silent(BadRange::new).is_err());
[INFO] [stdout]      |                 ^^^^^^^^^^ use of unresolved module or unlinked crate `test_utils`
[INFO] [stdout]      |
[INFO] [stdout]      = help: if you wanted to use a crate named `test_utils`, use `cargo add test_utils` to add it to your `Cargo.toml`
[INFO] [stdout] 
[INFO] [stdout] 
[INFO] [stdout] error[E0433]: cannot find module or crate `test_utils` in this scope
[INFO] [stdout]     --> src/mule_map.rs:1151:17
[INFO] [stdout]      |
[INFO] [stdout] 1151 |         assert!(test_utils::catch_unwind_silent(BadRange2::new).is_err());
[INFO] [stdout]      |                 ^^^^^^^^^^ use of unresolved module or unlinked crate `test_utils`
[INFO] [stdout]      |
[INFO] [stdout]      = help: if you wanted to use a crate named `test_utils`, use `cargo add test_utils` to add it to your `Cargo.toml`
[INFO] [stdout] 
[INFO] [stdout] 
[INFO] [stdout] error[E0433]: cannot find module or crate `test_utils` in this scope
[INFO] [stdout]     --> src/mule_map.rs:1152:17
[INFO] [stdout]      |
[INFO] [stdout] 1152 |         assert!(test_utils::catch_unwind_silent(OkRange::new).is_ok());
[INFO] [stdout]      |                 ^^^^^^^^^^ use of unresolved module or unlinked crate `test_utils`
[INFO] [stdout]      |
[INFO] [stdout]      = help: if you wanted to use a crate named `test_utils`, use `cargo add test_utils` to add it to your `Cargo.toml`
[INFO] [stdout] 
[INFO] [stdout] 
[INFO] [stdout] error[E0433]: cannot find module or crate `test_utils` in this scope
[INFO] [stdout]     --> src/mule_map.rs:1153:17
[INFO] [stdout]      |
[INFO] [stdout] 1153 |         assert!(test_utils::catch_unwind_silent(OkRange2::new).is_ok());
[INFO] [stdout]      |                 ^^^^^^^^^^ use of unresolved module or unlinked crate `test_utils`
[INFO] [stdout]      |
[INFO] [stdout]      = help: if you wanted to use a crate named `test_utils`, use `cargo add test_utils` to add it to your `Cargo.toml`
[INFO] [stdout] 
[INFO] [stdout] 
[INFO] [stdout] error[E0433]: cannot find module or crate `test_utils` in this scope
[INFO] [stdout]     --> src/mule_map.rs:1154:17
[INFO] [stdout]      |
[INFO] [stdout] 1154 |         assert!(test_utils::catch_unwind_silent(ZeroSize::new).is_ok());
[INFO] [stdout]      |                 ^^^^^^^^^^ use of unresolved module or unlinked crate `test_utils`
[INFO] [stdout]      |
[INFO] [stdout]      = help: if you wanted to use a crate named `test_utils`, use `cargo add test_utils` to add it to your `Cargo.toml`
[INFO] [stdout] 
[INFO] [stdout] 
[INFO] [stdout] For more information about this error, try `rustc --explain E0433`.
[INFO] [stdout] 
[INFO] [stderr] error: could not compile `mule-map` (lib test) due to 5 previous errors
[INFO] running `Command { std: "docker" "inspect" "3f8840bc9de8406fecb88898a2f24ee11da1111ef96e08d4af112ad02b1e58d1", kill_on_drop: false }`
[INFO] running `Command { std: "docker" "rm" "-f" "3f8840bc9de8406fecb88898a2f24ee11da1111ef96e08d4af112ad02b1e58d1", kill_on_drop: false }`
[INFO] [stdout] 3f8840bc9de8406fecb88898a2f24ee11da1111ef96e08d4af112ad02b1e58d1
