[INFO] fetching crate mssql-browser 0.1.1...
[INFO] testing mssql-browser-0.1.1 against 1.99.0-beta.8+cargoflags=--release for beta-release-1.100-2
[INFO] extracting crate mssql-browser 0.1.1 into /workspace/builds/worker-1-tc1/source
[INFO] started tweaking crates.io crate mssql-browser 0.1.1
[INFO] removed 2 missing examples
[INFO] finished tweaking crates.io crate mssql-browser 0.1.1
[INFO] tweaked toml for crates.io crate mssql-browser 0.1.1 written to /workspace/builds/worker-1-tc1/source/Cargo.toml
[INFO] validating manifest of crates.io crate mssql-browser 0.1.1 on toolchain 1.99.0-beta.8
[INFO] running `Command { std: CARGO_HOME="/workspace/cargo-home" RUSTUP_HOME="/workspace/rustup-home" "/workspace/cargo-home/bin/cargo" "+1.99.0-beta.8" "metadata" "--manifest-path" "Cargo.toml" "--no-deps", kill_on_drop: false }`
[INFO] crate crates.io crate mssql-browser 0.1.1 already has a lockfile, it will not be regenerated
[INFO] running `Command { std: CARGO_HOME="/workspace/cargo-home" RUSTUP_HOME="/workspace/rustup-home" "/workspace/cargo-home/bin/cargo" "+1.99.0-beta.8" "fetch" "--manifest-path" "Cargo.toml", kill_on_drop: false }`
[INFO] [stderr]     Updating crates.io index
[INFO] [stderr]  Downloading crates ...
[INFO] [stderr]   Downloaded tokio-macros v0.2.5
[INFO] [stderr]   Downloaded unicode-xid v0.2.0
[INFO] [stderr]   Downloaded quote v1.0.3
[INFO] [stderr]   Downloaded proc-macro-hack v0.5.15
[INFO] [stderr]   Downloaded hermit-abi v0.1.10
[INFO] [stderr]   Downloaded proc-macro-nested v0.1.4
[INFO] [stderr]   Downloaded wasm-bindgen-futures v0.4.18
[INFO] [stderr]   Downloaded autocfg v1.0.0
[INFO] [stderr]   Downloaded cache-padded v1.1.1
[INFO] [stderr]   Downloaded futures-task v0.3.5
[INFO] [stderr]   Downloaded futures-macro v0.3.5
[INFO] [stderr]   Downloaded futures-io v0.3.5
[INFO] [stderr]   Downloaded wasm-bindgen-macro v0.2.68
[INFO] [stderr]   Downloaded wasm-bindgen-shared v0.2.68
[INFO] [stderr]   Downloaded event-listener v2.5.1
[INFO] [stderr]   Downloaded async-global-executor v1.3.0
[INFO] [stderr]   Downloaded fastrand v1.3.5
[INFO] [stderr]   Downloaded vec-arena v1.0.0
[INFO] [stderr]   Downloaded atomic-waker v1.0.0
[INFO] [stderr]   Downloaded concurrent-queue v1.2.2
[INFO] [stderr]   Downloaded async-executor v1.3.0
[INFO] [stderr]   Downloaded futures-core v0.3.5
[INFO] [stderr]   Downloaded async-trait v0.1.40
[INFO] [stderr]   Downloaded gloo-timers v0.2.1
[INFO] [stderr]   Downloaded waker-fn v1.1.0
[INFO] [stderr]   Downloaded parking v2.0.0
[INFO] [stderr]   Downloaded async-channel v1.4.2
[INFO] [stderr]   Downloaded async-mutex v1.4.0
[INFO] [stderr]   Downloaded nb-connect v1.0.1
[INFO] [stderr]   Downloaded net2 v0.2.33
[INFO] [stderr]   Downloaded miow v0.2.1
[INFO] [stderr]   Downloaded once_cell v1.4.1
[INFO] [stderr]   Downloaded futures-sink v0.3.5
[INFO] [stderr]   Downloaded futures-executor v0.3.5
[INFO] [stderr]   Downloaded wasm-bindgen-macro-support v0.2.68
[INFO] [stderr]   Downloaded polling v1.1.0
[INFO] [stderr]   Downloaded async-task v4.0.2
[INFO] [stderr]   Downloaded pin-project-lite v0.1.9
[INFO] [stderr]   Downloaded wasm-bindgen-backend v0.2.68
[INFO] [stderr]   Downloaded blocking v1.0.0
[INFO] [stderr]   Downloaded async-io v1.1.5
[INFO] [stderr]   Downloaded futures-channel v0.3.5
[INFO] [stderr]   Downloaded bytes v0.5.4
[INFO] [stderr]   Downloaded futures v0.3.5
[INFO] [stderr]   Downloaded futures-lite v1.8.0
[INFO] [stderr]   Downloaded wepoll-sys-stjepang v1.0.8
[INFO] [stderr]   Downloaded pin-project-internal v0.4.24
[INFO] [stderr]   Downloaded proc-macro2 v1.0.23
[INFO] [stderr]   Downloaded pin-project v0.4.24
[INFO] [stderr]   Downloaded js-sys v0.3.45
[INFO] [stderr]   Downloaded cc v1.0.60
[INFO] [stderr]   Downloaded futures-util v0.3.5
[INFO] [stderr]   Downloaded mio v0.6.21
[INFO] [stderr]   Downloaded syn v1.0.42
[INFO] [stderr]   Downloaded wasm-bindgen v0.2.68
[INFO] [stderr]   Downloaded async-std v1.6.5
[INFO] [stderr]   Downloaded tokio v0.2.16
[INFO] [stderr]   Downloaded libc v0.2.77
[INFO] [stderr]   Downloaded web-sys v0.3.45
[INFO] running `Command { std: "docker" "create" "-v" "/var/lib/crater-agent-workspace/builds/worker-1-tc1/source:/opt/rustwide/workdir:ro,Z" "-v" "/var/lib/crater-agent-workspace/builds/worker-1-tc1/target:/opt/rustwide/target:rw,Z" "-v" "/var/lib/crater-agent-workspace/cargo-home:/opt/rustwide/cargo-home:ro,Z" "-v" "/var/lib/crater-agent-workspace/rustup-home:/opt/rustwide/rustup-home:ro,Z" "-m" "1610612736" "--network" "none" "ghcr.io/rust-lang/crates-build-env/linux@sha256:77db811e55d90add9212f6832c23229e3de5f1c1f9905e8cb07319ea15df73ac" "sleep" "infinity", kill_on_drop: false }`
[INFO] [stdout] f58602d0424658716eddbbed22af79c82dbe903f9559c12bd07cb65f4992c9f1
[INFO] running `Command { std: "docker" "start" "f58602d0424658716eddbbed22af79c82dbe903f9559c12bd07cb65f4992c9f1", kill_on_drop: false }`
[INFO] running `Command { std: "docker" "inspect" "f58602d0424658716eddbbed22af79c82dbe903f9559c12bd07cb65f4992c9f1", kill_on_drop: false }`
[INFO] running `Command { std: "docker" "exec" "-e" "SOURCE_DIR=/opt/rustwide/workdir" "-e" "CARGO_HOME=/opt/rustwide/cargo-home" "-e" "RUSTUP_HOME=/opt/rustwide/rustup-home" "-e" "CARGO_TARGET_DIR=/opt/rustwide/target" "-w" "/opt/rustwide/workdir" "--user" "0:0" "f58602d0424658716eddbbed22af79c82dbe903f9559c12bd07cb65f4992c9f1" "/opt/rustwide/cargo-home/bin/cargo" "+1.99.0-beta.8" "metadata" "--no-deps" "--format-version=1", kill_on_drop: false }`
[INFO] running `Command { std: "docker" "inspect" "f58602d0424658716eddbbed22af79c82dbe903f9559c12bd07cb65f4992c9f1", kill_on_drop: false }`
[INFO] running `Command { std: "docker" "exec" "-e" "SOURCE_DIR=/opt/rustwide/workdir" "-e" "CARGO_HOME=/opt/rustwide/cargo-home" "-e" "RUSTUP_HOME=/opt/rustwide/rustup-home" "-e" "CARGO_TARGET_DIR=/opt/rustwide/target" "-e" "CARGO_INCREMENTAL=0" "-e" "RUST_BACKTRACE=full" "-e" "RUSTFLAGS=--cap-lints=warn" "-e" "RUSTDOCFLAGS=--cap-lints=warn" "-w" "/opt/rustwide/workdir" "--user" "0:0" "f58602d0424658716eddbbed22af79c82dbe903f9559c12bd07cb65f4992c9f1" "/opt/rustwide/cargo-home/bin/cargo" "+1.99.0-beta.8" "build" "--frozen" "--message-format=json" "--release", kill_on_drop: false }`
[INFO] [stderr]    Compiling proc-macro2 v1.0.23
[INFO] [stderr]    Compiling unicode-xid v0.2.0
[INFO] [stderr]    Compiling syn v1.0.42
[INFO] [stderr]    Compiling pin-project-internal v0.4.24
[INFO] [stderr]    Compiling memchr v2.3.3
[INFO] [stderr]    Compiling proc-macro-nested v0.1.4
[INFO] [stderr]    Compiling futures-sink v0.3.5
[INFO] [stderr]    Compiling futures-core v0.3.5
[INFO] [stderr]    Compiling once_cell v1.4.1
[INFO] [stderr]    Compiling proc-macro-hack v0.5.15
[INFO] [stderr]    Compiling futures-channel v0.3.5
[INFO] [stderr]    Compiling futures-task v0.3.5
[INFO] [stderr]    Compiling slab v0.4.2
[INFO] [stderr]    Compiling pin-utils v0.1.0
[INFO] [stderr]    Compiling futures-io v0.3.5
[INFO] [stderr]    Compiling quote v1.0.3
[INFO] [stderr]    Compiling futures-macro v0.3.5
[INFO] [stderr]    Compiling async-trait v0.1.40
[INFO] [stderr]    Compiling pin-project v0.4.24
[INFO] [stderr]    Compiling futures-util v0.3.5
[INFO] [stderr]    Compiling futures-executor v0.3.5
[INFO] [stderr]    Compiling futures v0.3.5
[INFO] [stderr]    Compiling mssql-browser v0.1.1 (/opt/rustwide/workdir)
[INFO] [stdout] warning: use of deprecated constant `std::usize::MAX`: replaced by the `MAX` associated constant on this type
[INFO] [stdout]    --> src/browse.rs:109:55
[INFO] [stdout]     |
[INFO] [stdout] 109 |                     self.current_offset = std::usize::MAX;
[INFO] [stdout]     |                                                       ^^^
[INFO] [stdout]     |
[INFO] [stdout]     = note: `#[warn(deprecated)]` on by default
[INFO] [stdout] 
[INFO] [stdout] 
[INFO] [stdout] warning: use of deprecated constant `std::usize::MAX`: replaced by the `MAX` associated constant on this type
[INFO] [stdout]    --> src/browse.rs:115:55
[INFO] [stdout]     |
[INFO] [stdout] 115 |                     self.current_offset = std::usize::MAX;
[INFO] [stdout]     |                                                       ^^^
[INFO] [stdout] 
[INFO] [stdout] 
[INFO] [stdout] warning: use of deprecated constant `std::usize::MAX`: replaced by the `MAX` associated constant on this type
[INFO] [stdout]    --> src/browse.rs:122:55
[INFO] [stdout]     |
[INFO] [stdout] 122 |                     self.current_offset = std::usize::MAX;
[INFO] [stdout]     |                                                       ^^^
[INFO] [stdout] 
[INFO] [stdout] 
[INFO] [stdout] warning: use of deprecated constant `std::usize::MAX`: replaced by the `MAX` associated constant on this type
[INFO] [stdout]    --> src/browse.rs:137:55
[INFO] [stdout]     |
[INFO] [stdout] 137 |                     self.current_offset = std::usize::MAX;
[INFO] [stdout]     |                                                       ^^^
[INFO] [stdout] 
[INFO] [stdout] 
[INFO] [stderr]     Finished `release` profile [optimized] target(s) in 13.54s
[INFO] running `Command { std: "docker" "inspect" "f58602d0424658716eddbbed22af79c82dbe903f9559c12bd07cb65f4992c9f1", kill_on_drop: false }`
[INFO] running `Command { std: "docker" "exec" "-e" "SOURCE_DIR=/opt/rustwide/workdir" "-e" "CARGO_HOME=/opt/rustwide/cargo-home" "-e" "RUSTUP_HOME=/opt/rustwide/rustup-home" "-e" "CARGO_TARGET_DIR=/opt/rustwide/target" "-e" "CARGO_INCREMENTAL=0" "-e" "RUST_BACKTRACE=full" "-e" "RUSTFLAGS=--cap-lints=warn" "-e" "RUSTDOCFLAGS=--cap-lints=warn" "-w" "/opt/rustwide/workdir" "--user" "0:0" "f58602d0424658716eddbbed22af79c82dbe903f9559c12bd07cb65f4992c9f1" "/opt/rustwide/cargo-home/bin/cargo" "+1.99.0-beta.8" "test" "--frozen" "--no-run" "--message-format=json" "--release", kill_on_drop: false }`
[INFO] [stderr]    Compiling tokio-macros v0.2.5
[INFO] [stderr]    Compiling proc-macro2 v1.0.23
[INFO] [stderr]    Compiling bytes v0.5.4
[INFO] [stderr]    Compiling unicode-xid v0.2.0
[INFO] [stderr]    Compiling pin-project-lite v0.1.9
[INFO] [stdout] warning: use of deprecated constant `std::usize::MAX`: replaced by the `MAX` associated constant on this type
[INFO] [stdout]    --> src/browse.rs:109:55
[INFO] [stdout]     |
[INFO] [stdout] 109 |                     self.current_offset = std::usize::MAX;
[INFO] [stdout]     |                                                       ^^^
[INFO] [stdout]     |
[INFO] [stdout]     = note: `#[warn(deprecated)]` on by default
[INFO] [stdout] 
[INFO] [stdout] 
[INFO] [stdout] warning: use of deprecated constant `std::usize::MAX`: replaced by the `MAX` associated constant on this type
[INFO] [stdout]    --> src/browse.rs:115:55
[INFO] [stdout]     |
[INFO] [stdout] 115 |                     self.current_offset = std::usize::MAX;
[INFO] [stdout]     |                                                       ^^^
[INFO] [stdout] 
[INFO] [stdout] 
[INFO] [stdout] warning: use of deprecated constant `std::usize::MAX`: replaced by the `MAX` associated constant on this type
[INFO] [stdout]    --> src/browse.rs:122:55
[INFO] [stdout]     |
[INFO] [stdout] 122 |                     self.current_offset = std::usize::MAX;
[INFO] [stdout]     |                                                       ^^^
[INFO] [stdout] 
[INFO] [stdout] 
[INFO] [stdout] warning: use of deprecated constant `std::usize::MAX`: replaced by the `MAX` associated constant on this type
[INFO] [stdout]    --> src/browse.rs:137:55
[INFO] [stdout]     |
[INFO] [stdout] 137 |                     self.current_offset = std::usize::MAX;
[INFO] [stdout]     |                                                       ^^^
[INFO] [stdout] 
[INFO] [stdout] 
[INFO] [stderr]    Compiling tokio v0.2.16
[INFO] [stderr]    Compiling mssql-browser v0.1.1 (/opt/rustwide/workdir)
[INFO] [stdout] error[E0433]: cannot find module or crate `async_std` in this scope
[INFO] [stdout]  --> examples/async-std/main.rs:1:5
[INFO] [stdout]   |
[INFO] [stdout] 1 | use async_std::future::timeout;
[INFO] [stdout]   |     ^^^^^^^^^ use of unresolved module or unlinked crate `async_std`
[INFO] [stdout]   |
[INFO] [stdout]   = help: if you wanted to use a crate named `async_std`, use `cargo add async_std` to add it to your `Cargo.toml`
[INFO] [stdout] 
[INFO] [stdout] 
[INFO] [stdout] error[E0433]: cannot find module or crate `async_std` in this scope
[INFO] [stdout]   --> examples/async-std/main.rs:10:5
[INFO] [stdout]    |
[INFO] [stdout] 10 |     async_std::task::block_on(async move {
[INFO] [stdout]    |     ^^^^^^^^^ use of unresolved module or unlinked crate `async_std`
[INFO] [stdout]    |
[INFO] [stdout]    = help: if you wanted to use a crate named `async_std`, use `cargo add async_std` to add it to your `Cargo.toml`
[INFO] [stdout] 
[INFO] [stdout] 
[INFO] [stdout] warning: use of deprecated constant `std::usize::MAX`: replaced by the `MAX` associated constant on this type
[INFO] [stdout]    --> src/browse.rs:109:55
[INFO] [stdout]     |
[INFO] [stdout] 109 |                     self.current_offset = std::usize::MAX;
[INFO] [stdout]     |                                                       ^^^
[INFO] [stdout]     |
[INFO] [stdout]     = note: `#[warn(deprecated)]` on by default
[INFO] [stdout] 
[INFO] [stdout] 
[INFO] [stdout] warning: use of deprecated constant `std::usize::MAX`: replaced by the `MAX` associated constant on this type
[INFO] [stdout]    --> src/browse.rs:115:55
[INFO] [stdout]     |
[INFO] [stdout] 115 |                     self.current_offset = std::usize::MAX;
[INFO] [stdout]     |                                                       ^^^
[INFO] [stdout] 
[INFO] [stdout] 
[INFO] [stdout] warning: use of deprecated constant `std::usize::MAX`: replaced by the `MAX` associated constant on this type
[INFO] [stdout]    --> src/browse.rs:122:55
[INFO] [stdout]     |
[INFO] [stdout] 122 |                     self.current_offset = std::usize::MAX;
[INFO] [stdout]     |                                                       ^^^
[INFO] [stdout] 
[INFO] [stdout] 
[INFO] [stdout] warning: use of deprecated constant `std::usize::MAX`: replaced by the `MAX` associated constant on this type
[INFO] [stdout]    --> src/browse.rs:137:55
[INFO] [stdout]     |
[INFO] [stdout] 137 |                     self.current_offset = std::usize::MAX;
[INFO] [stdout]     |                                                       ^^^
[INFO] [stdout] 
[INFO] [stdout] 
[INFO] [stdout] error[E0423]: cannot find function `browse` in crate `mssql_browser`
[INFO] [stdout]    --> examples/async-std/main.rs:23:51
[INFO] [stdout]     |
[INFO] [stdout]  23 |                 let mut iterator = mssql_browser::browse(multicast).await?;
[INFO] [stdout]     |                                                   ^^^^^^ not found in `mssql_browser`
[INFO] [stdout]     |
[INFO] [stdout]     = note: a module named `mssql_browser::browse` exists in another namespace
[INFO] [stdout] note: found an item that was configured out
[INFO] [stdout]    --> src/lib.rs:104:17
[INFO] [stdout]     |
[INFO] [stdout] 103 | #[cfg(any(feature = "tokio", feature = "async-std"))]
[INFO] [stdout]     |          ------------------------------------------ the item is gated here
[INFO] [stdout] 104 | pub use browse::browse;
[INFO] [stdout]     |                 ^^^^^^
[INFO] [stdout] 
[INFO] [stdout] 
[INFO] [stdout] error[E0423]: cannot find function `browse_host` in crate `mssql_browser`
[INFO] [stdout]    --> examples/async-std/main.rs:45:55
[INFO] [stdout]     |
[INFO] [stdout]  45 |                 match timeout(TIMEOUT, mssql_browser::browse_host(remote_addr)).await {
[INFO] [stdout]     |                                                       ^^^^^^^^^^^ not found in `mssql_browser`
[INFO] [stdout]     |
[INFO] [stdout]     = note: a module named `mssql_browser::browse_host` exists in another namespace
[INFO] [stdout] note: found an item that was configured out
[INFO] [stdout]    --> src/lib.rs:107:22
[INFO] [stdout]     |
[INFO] [stdout] 106 | #[cfg(any(feature = "tokio", feature = "async-std"))]
[INFO] [stdout]     |          ------------------------------------------ the item is gated here
[INFO] [stdout] 107 | pub use browse_host::browse_host;
[INFO] [stdout]     |                      ^^^^^^^^^^^
[INFO] [stdout] 
[INFO] [stdout] 
[INFO] [stdout] error[E0423]: cannot find function `browse_instance` in crate `mssql_browser`
[INFO] [stdout]    --> examples/async-std/main.rs:70:36
[INFO] [stdout]     |
[INFO] [stdout]  70 |                     mssql_browser::browse_instance(remote_addr, &instance_name),
[INFO] [stdout]     |                                    ^^^^^^^^^^^^^^^ not found in `mssql_browser`
[INFO] [stdout]     |
[INFO] [stdout]     = note: a module named `mssql_browser::browse_instance` exists in another namespace
[INFO] [stdout] note: found an item that was configured out
[INFO] [stdout]    --> src/lib.rs:110:26
[INFO] [stdout]     |
[INFO] [stdout] 109 | #[cfg(any(feature = "tokio", feature = "async-std"))]
[INFO] [stdout]     |          ------------------------------------------ the item is gated here
[INFO] [stdout] 110 | pub use browse_instance::browse_instance;
[INFO] [stdout]     |                          ^^^^^^^^^^^^^^^
[INFO] [stdout] 
[INFO] [stdout] 
[INFO] [stdout] error[E0423]: cannot find function `browse_instance_dac` in crate `mssql_browser`
[INFO] [stdout]    --> examples/async-std/main.rs:92:36
[INFO] [stdout]     |
[INFO] [stdout]  92 |                     mssql_browser::browse_instance_dac(remote_addr, &instance_name),
[INFO] [stdout]     |                                    ^^^^^^^^^^^^^^^^^^^ not found in `mssql_browser`
[INFO] [stdout]     |
[INFO] [stdout]     = note: a module named `mssql_browser::browse_instance_dac` exists in another namespace
[INFO] [stdout] note: found an item that was configured out
[INFO] [stdout]    --> src/lib.rs:112:30
[INFO] [stdout]     |
[INFO] [stdout] 111 | #[cfg(any(feature = "tokio", feature = "async-std"))]
[INFO] [stdout]     |          ------------------------------------------ the item is gated here
[INFO] [stdout] 112 | pub use browse_instance_dac::browse_instance_dac;
[INFO] [stdout]     |                              ^^^^^^^^^^^^^^^^^^^
[INFO] [stdout] 
[INFO] [stdout] 
[INFO] [stdout] error[E0603]: module `browse` is private
[INFO] [stdout]   --> examples/async-std/main.rs:23:51
[INFO] [stdout]    |
[INFO] [stdout] 23 |                 let mut iterator = mssql_browser::browse(multicast).await?;
[INFO] [stdout]    |                                                   ^^^^^^ private module
[INFO] [stdout]    |
[INFO] [stdout] note: the module `browse` is defined here
[INFO] [stdout]   --> src/lib.rs:92:1
[INFO] [stdout]    |
[INFO] [stdout] 92 | mod browse;
[INFO] [stdout]    | ^^^^^^^^^^
[INFO] [stdout] 
[INFO] [stdout] 
[INFO] [stdout] error[E0603]: module `browse_host` is private
[INFO] [stdout]   --> examples/async-std/main.rs:45:55
[INFO] [stdout]    |
[INFO] [stdout] 45 |                 match timeout(TIMEOUT, mssql_browser::browse_host(remote_addr)).await {
[INFO] [stdout]    |                                                       ^^^^^^^^^^^ private module
[INFO] [stdout]    |
[INFO] [stdout] note: the module `browse_host` is defined here
[INFO] [stdout]   --> src/lib.rs:93:1
[INFO] [stdout]    |
[INFO] [stdout] 93 | mod browse_host;
[INFO] [stdout]    | ^^^^^^^^^^^^^^^
[INFO] [stdout] 
[INFO] [stdout] 
[INFO] [stdout] error[E0423]: cannot find function `browse` in crate `mssql_browser`
[INFO] [stdout]    --> examples/tokio/main.rs:23:47
[INFO] [stdout]     |
[INFO] [stdout]  23 |             let mut iterator = mssql_browser::browse(multicast).await?;
[INFO] [stdout]     |                                               ^^^^^^ not found in `mssql_browser`
[INFO] [stdout]     |
[INFO] [stdout]     = note: a module named `mssql_browser::browse` exists in another namespace
[INFO] [stdout] note: found an item that was configured out
[INFO] [stdout]    --> src/lib.rs:104:17
[INFO] [stdout]     |
[INFO] [stdout] 103 | #[cfg(any(feature = "tokio", feature = "async-std"))]
[INFO] [stdout]     |          ------------------------------------------ the item is gated here
[INFO] [stdout] 104 | pub use browse::browse;
[INFO] [stdout]     |                 ^^^^^^
[INFO] [stdout] 
[INFO] [stdout] 
[INFO] [stdout] error[E0423]: cannot find function `browse_host` in crate `mssql_browser`
[INFO] [stdout]    --> examples/tokio/main.rs:45:51
[INFO] [stdout]     |
[INFO] [stdout]  45 |             match timeout(TIMEOUT, mssql_browser::browse_host(remote_addr)).await {
[INFO] [stdout]     |                                                   ^^^^^^^^^^^ not found in `mssql_browser`
[INFO] [stdout]     |
[INFO] [stdout]     = note: a module named `mssql_browser::browse_host` exists in another namespace
[INFO] [stdout] note: found an item that was configured out
[INFO] [stdout]    --> src/lib.rs:107:22
[INFO] [stdout]     |
[INFO] [stdout] 106 | #[cfg(any(feature = "tokio", feature = "async-std"))]
[INFO] [stdout]     |          ------------------------------------------ the item is gated here
[INFO] [stdout] 107 | pub use browse_host::browse_host;
[INFO] [stdout]     |                      ^^^^^^^^^^^
[INFO] [stdout] 
[INFO] [stdout] 
[INFO] [stdout] error[E0423]: cannot find function `browse_instance` in crate `mssql_browser`
[INFO] [stdout]    --> examples/tokio/main.rs:70:32
[INFO] [stdout]     |
[INFO] [stdout]  70 |                 mssql_browser::browse_instance(remote_addr, &instance_name),
[INFO] [stdout]     |                                ^^^^^^^^^^^^^^^ not found in `mssql_browser`
[INFO] [stdout]     |
[INFO] [stdout]     = note: a module named `mssql_browser::browse_instance` exists in another namespace
[INFO] [stdout] note: found an item that was configured out
[INFO] [stdout]    --> src/lib.rs:110:26
[INFO] [stdout]     |
[INFO] [stdout] 109 | #[cfg(any(feature = "tokio", feature = "async-std"))]
[INFO] [stdout]     |          ------------------------------------------ the item is gated here
[INFO] [stdout] 110 | pub use browse_instance::browse_instance;
[INFO] [stdout]     |                          ^^^^^^^^^^^^^^^
[INFO] [stdout] 
[INFO] [stdout] 
[INFO] [stdout] error[E0423]: cannot find function `browse_instance_dac` in crate `mssql_browser`
[INFO] [stdout]    --> examples/tokio/main.rs:92:32
[INFO] [stdout]     |
[INFO] [stdout]  92 |                 mssql_browser::browse_instance_dac(remote_addr, &instance_name),
[INFO] [stdout]     |                                ^^^^^^^^^^^^^^^^^^^ not found in `mssql_browser`
[INFO] [stdout]     |
[INFO] [stdout]     = note: a module named `mssql_browser::browse_instance_dac` exists in another namespace
[INFO] [stdout] note: found an item that was configured out
[INFO] [stdout]    --> src/lib.rs:112:30
[INFO] [stdout]     |
[INFO] [stdout] 111 | #[cfg(any(feature = "tokio", feature = "async-std"))]
[INFO] [stdout]     |          ------------------------------------------ the item is gated here
[INFO] [stdout] 112 | pub use browse_instance_dac::browse_instance_dac;
[INFO] [stdout]     |                              ^^^^^^^^^^^^^^^^^^^
[INFO] [stdout] 
[INFO] [stdout] 
[INFO] [stdout] error[E0603]: module `browse_instance` is private
[INFO] [stdout]   --> examples/async-std/main.rs:70:36
[INFO] [stdout]    |
[INFO] [stdout] 70 |                     mssql_browser::browse_instance(remote_addr, &instance_name),
[INFO] [stdout]    |                                    ^^^^^^^^^^^^^^^ private module
[INFO] [stdout]    |
[INFO] [stdout] note: the module `browse_instance` is defined here
[INFO] [stdout]   --> src/lib.rs:94:1
[INFO] [stdout]    |
[INFO] [stdout] 94 | mod browse_instance;
[INFO] [stdout]    | ^^^^^^^^^^^^^^^^^^^
[INFO] [stdout] 
[INFO] [stdout] 
[INFO] [stdout] error[E0603]: module `browse` is private
[INFO] [stdout]   --> examples/tokio/main.rs:23:47
[INFO] [stdout]    |
[INFO] [stdout] 23 |             let mut iterator = mssql_browser::browse(multicast).await?;
[INFO] [stdout]    |                                               ^^^^^^ private module
[INFO] [stdout]    |
[INFO] [stdout] note: the module `browse` is defined here
[INFO] [stdout]   --> src/lib.rs:92:1
[INFO] [stdout]    |
[INFO] [stdout] 92 | mod browse;
[INFO] [stdout]    | ^^^^^^^^^^
[INFO] [stdout] 
[INFO] [stdout] 
[INFO] [stdout] error[E0603]: module `browse_host` is private
[INFO] [stdout]   --> examples/tokio/main.rs:45:51
[INFO] [stdout]    |
[INFO] [stdout] 45 |             match timeout(TIMEOUT, mssql_browser::browse_host(remote_addr)).await {
[INFO] [stdout]    |                                                   ^^^^^^^^^^^ private module
[INFO] [stdout]    |
[INFO] [stdout] note: the module `browse_host` is defined here
[INFO] [stdout]   --> src/lib.rs:93:1
[INFO] [stdout]    |
[INFO] [stdout] 93 | mod browse_host;
[INFO] [stdout]    | ^^^^^^^^^^^^^^^
[INFO] [stdout] 
[INFO] [stdout] 
[INFO] [stdout] error[E0603]: module `browse_instance_dac` is private
[INFO] [stdout]   --> examples/async-std/main.rs:92:36
[INFO] [stdout]    |
[INFO] [stdout] 92 |                     mssql_browser::browse_instance_dac(remote_addr, &instance_name),
[INFO] [stdout]    |                                    ^^^^^^^^^^^^^^^^^^^ private module
[INFO] [stdout]    |
[INFO] [stdout] note: the module `browse_instance_dac` is defined here
[INFO] [stdout]   --> src/lib.rs:95:1
[INFO] [stdout]    |
[INFO] [stdout] 95 | mod browse_instance_dac;
[INFO] [stdout]    | ^^^^^^^^^^^^^^^^^^^^^^^
[INFO] [stdout] 
[INFO] [stdout] 
[INFO] [stdout] error[E0603]: module `browse_instance` is private
[INFO] [stdout]   --> examples/tokio/main.rs:70:32
[INFO] [stdout]    |
[INFO] [stdout] 70 |                 mssql_browser::browse_instance(remote_addr, &instance_name),
[INFO] [stdout]    |                                ^^^^^^^^^^^^^^^ private module
[INFO] [stdout]    |
[INFO] [stdout] note: the module `browse_instance` is defined here
[INFO] [stdout]   --> src/lib.rs:94:1
[INFO] [stdout]    |
[INFO] [stdout] 94 | mod browse_instance;
[INFO] [stdout]    | ^^^^^^^^^^^^^^^^^^^
[INFO] [stdout] 
[INFO] [stdout] 
[INFO] [stdout] error[E0603]: module `browse_instance_dac` is private
[INFO] [stdout]   --> examples/tokio/main.rs:92:32
[INFO] [stdout]    |
[INFO] [stdout] 92 |                 mssql_browser::browse_instance_dac(remote_addr, &instance_name),
[INFO] [stdout]    |                                ^^^^^^^^^^^^^^^^^^^ private module
[INFO] [stdout]    |
[INFO] [stdout] note: the module `browse_instance_dac` is defined here
[INFO] [stdout]   --> src/lib.rs:95:1
[INFO] [stdout]    |
[INFO] [stdout] 95 | mod browse_instance_dac;
[INFO] [stdout]    | ^^^^^^^^^^^^^^^^^^^^^^^
[INFO] [stdout] 
[INFO] [stdout] 
[INFO] [stdout] warning: method call on a diverging inference variable
[INFO] [stdout]   --> examples/async-std/main.rs:26:53
[INFO] [stdout]    |
[INFO] [stdout] 26 |                     match timeout(TIMEOUT, iterator.next()).await {
[INFO] [stdout]    |                                                     ^^^^
[INFO] [stdout]    |
[INFO] [stdout]    = help: consider providing a type annotation
[INFO] [stdout]    = warning: this was previously accepted by the compiler but is being phased out; it will become a hard error in a future release!
[INFO] [stdout]    = note: for more information, see issue #156047 <https://github.com/rust-lang/rust/issues/156047>
[INFO] [stdout]    = note: `#[warn(method_call_on_diverging_infer_var)]` (part of `#[warn(future_incompatible)]`) on by default
[INFO] [stdout] 
[INFO] [stdout] 
[INFO] [stdout] warning: method call on a diverging inference variable
[INFO] [stdout]   --> examples/tokio/main.rs:26:49
[INFO] [stdout]    |
[INFO] [stdout] 26 |                 match timeout(TIMEOUT, iterator.next()).await {
[INFO] [stdout]    |                                                 ^^^^
[INFO] [stdout]    |
[INFO] [stdout]    = help: consider providing a type annotation
[INFO] [stdout]    = warning: this was previously accepted by the compiler but is being phased out; it will become a hard error in a future release!
[INFO] [stdout]    = note: for more information, see issue #156047 <https://github.com/rust-lang/rust/issues/156047>
[INFO] [stdout]    = note: `#[warn(method_call_on_diverging_infer_var)]` (part of `#[warn(future_incompatible)]`) on by default
[INFO] [stdout] 
[INFO] [stdout] 
[INFO] [stdout] error[E0599]: no method named `next` found for type `!` in the current scope
[INFO] [stdout]   --> examples/tokio/main.rs:26:49
[INFO] [stdout]    |
[INFO] [stdout] 26 |                 match timeout(TIMEOUT, iterator.next()).await {
[INFO] [stdout]    |                                                 ^^^^
[INFO] [stdout]    |
[INFO] [stdout] help: there is a method `ne` with a similar name, but with different arguments
[INFO] [stdout]   --> /rustc/dfb0accb7f508ae8be965d8629557221c889dd98/library/core/src/cmp.rs:275:4
[INFO] [stdout] 
[INFO] [stdout] 
[INFO] [stdout] warning: method call on a diverging inference variable
[INFO] [stdout]   --> examples/tokio/main.rs:50:52
[INFO] [stdout]    |
[INFO] [stdout] 50 |                     while let Some(res) = iterator.next()? {
[INFO] [stdout]    |                                                    ^^^^
[INFO] [stdout]    |
[INFO] [stdout]    = help: consider providing a type annotation
[INFO] [stdout]    = warning: this was previously accepted by the compiler but is being phased out; it will become a hard error in a future release!
[INFO] [stdout]    = note: for more information, see issue #156047 <https://github.com/rust-lang/rust/issues/156047>
[INFO] [stdout] 
[INFO] [stdout] 
[INFO] [stdout] error[E0599]: no method named `next` found for type `!` in the current scope
[INFO] [stdout]   --> examples/async-std/main.rs:26:53
[INFO] [stdout]    |
[INFO] [stdout] 26 |                     match timeout(TIMEOUT, iterator.next()).await {
[INFO] [stdout]    |                                                     ^^^^
[INFO] [stdout]    |
[INFO] [stdout] help: there is a method `ne` with a similar name, but with different arguments
[INFO] [stdout]   --> /rustc/dfb0accb7f508ae8be965d8629557221c889dd98/library/core/src/cmp.rs:275:4
[INFO] [stdout] 
[INFO] [stdout] 
[INFO] [stdout] warning: method call on a diverging inference variable
[INFO] [stdout]   --> examples/async-std/main.rs:50:56
[INFO] [stdout]    |
[INFO] [stdout] 50 |                         while let Some(res) = iterator.next()? {
[INFO] [stdout]    |                                                        ^^^^
[INFO] [stdout]    |
[INFO] [stdout]    = help: consider providing a type annotation
[INFO] [stdout]    = warning: this was previously accepted by the compiler but is being phased out; it will become a hard error in a future release!
[INFO] [stdout]    = note: for more information, see issue #156047 <https://github.com/rust-lang/rust/issues/156047>
[INFO] [stdout] 
[INFO] [stdout] 
[INFO] [stdout] error[E0599]: no method named `next` found for type `!` in the current scope
[INFO] [stdout]   --> examples/tokio/main.rs:50:52
[INFO] [stdout]    |
[INFO] [stdout] 50 |                     while let Some(res) = iterator.next()? {
[INFO] [stdout]    |                                                    ^^^^
[INFO] [stdout]    |
[INFO] [stdout] help: there is a method `ne` with a similar name, but with different arguments
[INFO] [stdout]   --> /rustc/dfb0accb7f508ae8be965d8629557221c889dd98/library/core/src/cmp.rs:275:4
[INFO] [stdout] 
[INFO] [stdout] 
[INFO] [stdout] error[E0599]: no method named `next` found for type `!` in the current scope
[INFO] [stdout]   --> examples/async-std/main.rs:50:56
[INFO] [stdout]    |
[INFO] [stdout] 50 |                         while let Some(res) = iterator.next()? {
[INFO] [stdout]    |                                                        ^^^^
[INFO] [stdout]    |
[INFO] [stdout] help: there is a method `ne` with a similar name, but with different arguments
[INFO] [stdout]   --> /rustc/dfb0accb7f508ae8be965d8629557221c889dd98/library/core/src/cmp.rs:275:4
[INFO] [stdout] 
[INFO] [stdout] 
[INFO] [stdout] Some errors have detailed explanations: E0423, E0433, E0599, E0603.
[INFO] [stdout] 
[INFO] [stdout] For more information about an error, try `rustc --explain E0423`.
[INFO] [stdout] 
[INFO] [stdout] Some errors have detailed explanations: E0423, E0599, E0603.
[INFO] [stdout] 
[INFO] [stdout] For more information about an error, try `rustc --explain E0423`.
[INFO] [stdout] 
[INFO] [stderr] error: could not compile `mssql-browser` (example "async-std") due to 12 previous errors; 4 warnings emitted
[INFO] [stderr] warning: build failed, waiting for other jobs to finish...
[INFO] [stderr] error: could not compile `mssql-browser` (example "tokio") due to 10 previous errors; 4 warnings emitted
[INFO] running `Command { std: "docker" "inspect" "f58602d0424658716eddbbed22af79c82dbe903f9559c12bd07cb65f4992c9f1", kill_on_drop: false }`
[INFO] running `Command { std: "docker" "rm" "-f" "f58602d0424658716eddbbed22af79c82dbe903f9559c12bd07cb65f4992c9f1", kill_on_drop: false }`
[INFO] [stdout] f58602d0424658716eddbbed22af79c82dbe903f9559c12bd07cb65f4992c9f1
