[INFO] fetching crate msqlx-postgres 0.9.0-msqlx.2...
[INFO] testing msqlx-postgres-0.9.0-msqlx.2 against 1.99.0-beta.8+cargoflags=--release for beta-release-1.100-2
[INFO] extracting crate msqlx-postgres 0.9.0-msqlx.2 into /workspace/builds/worker-6-tc1/source
[INFO] started tweaking crates.io crate msqlx-postgres 0.9.0-msqlx.2
[INFO] finished tweaking crates.io crate msqlx-postgres 0.9.0-msqlx.2
[INFO] tweaked toml for crates.io crate msqlx-postgres 0.9.0-msqlx.2 written to /workspace/builds/worker-6-tc1/source/Cargo.toml
[INFO] validating manifest of crates.io crate msqlx-postgres 0.9.0-msqlx.2 on toolchain 1.99.0-beta.8
[INFO] running `Command { std: CARGO_HOME="/workspace/cargo-home" RUSTUP_HOME="/workspace/rustup-home" "/workspace/cargo-home/bin/cargo" "+1.99.0-beta.8" "metadata" "--manifest-path" "Cargo.toml" "--no-deps", kill_on_drop: false }`
[INFO] crate crates.io crate msqlx-postgres 0.9.0-msqlx.2 already has a lockfile, it will not be regenerated
[INFO] running `Command { std: CARGO_HOME="/workspace/cargo-home" RUSTUP_HOME="/workspace/rustup-home" "/workspace/cargo-home/bin/cargo" "+1.99.0-beta.8" "fetch" "--manifest-path" "Cargo.toml", kill_on_drop: false }`
[INFO] [stderr]     Blocking waiting for file lock on package cache
[INFO] [stderr]     Updating crates.io index
[INFO] [stderr]  Downloading crates ...
[INFO] [stderr]   Downloaded msqlx-core v0.9.0-msqlx.2
[INFO] [stderr]   Downloaded ipnetwork v0.21.1
[INFO] running `Command { std: "docker" "create" "-v" "/var/lib/crater-agent-workspace/builds/worker-6-tc1/source:/opt/rustwide/workdir:ro,Z" "-v" "/var/lib/crater-agent-workspace/builds/worker-6-tc1/target:/opt/rustwide/target:rw,Z" "-v" "/var/lib/crater-agent-workspace/cargo-home:/opt/rustwide/cargo-home:ro,Z" "-v" "/var/lib/crater-agent-workspace/rustup-home:/opt/rustwide/rustup-home:ro,Z" "-m" "1610612736" "--network" "none" "ghcr.io/rust-lang/crates-build-env/linux@sha256:77db811e55d90add9212f6832c23229e3de5f1c1f9905e8cb07319ea15df73ac" "sleep" "infinity", kill_on_drop: false }`
[INFO] [stdout] 580b21310bb6accdd2208aff53021e05554b02e682a648e3e4e2323aa9fe360d
[INFO] running `Command { std: "docker" "start" "580b21310bb6accdd2208aff53021e05554b02e682a648e3e4e2323aa9fe360d", kill_on_drop: false }`
[INFO] running `Command { std: "docker" "inspect" "580b21310bb6accdd2208aff53021e05554b02e682a648e3e4e2323aa9fe360d", kill_on_drop: false }`
[INFO] running `Command { std: "docker" "exec" "-e" "SOURCE_DIR=/opt/rustwide/workdir" "-e" "CARGO_HOME=/opt/rustwide/cargo-home" "-e" "RUSTUP_HOME=/opt/rustwide/rustup-home" "-e" "CARGO_TARGET_DIR=/opt/rustwide/target" "-w" "/opt/rustwide/workdir" "--user" "0:0" "580b21310bb6accdd2208aff53021e05554b02e682a648e3e4e2323aa9fe360d" "/opt/rustwide/cargo-home/bin/cargo" "+1.99.0-beta.8" "metadata" "--no-deps" "--format-version=1", kill_on_drop: false }`
[INFO] running `Command { std: "docker" "inspect" "580b21310bb6accdd2208aff53021e05554b02e682a648e3e4e2323aa9fe360d", kill_on_drop: false }`
[INFO] running `Command { std: "docker" "exec" "-e" "SOURCE_DIR=/opt/rustwide/workdir" "-e" "CARGO_HOME=/opt/rustwide/cargo-home" "-e" "RUSTUP_HOME=/opt/rustwide/rustup-home" "-e" "CARGO_TARGET_DIR=/opt/rustwide/target" "-e" "CARGO_INCREMENTAL=0" "-e" "RUST_BACKTRACE=full" "-e" "RUSTFLAGS=--cap-lints=warn" "-e" "RUSTDOCFLAGS=--cap-lints=warn" "-w" "/opt/rustwide/workdir" "--user" "0:0" "580b21310bb6accdd2208aff53021e05554b02e682a648e3e4e2323aa9fe360d" "/opt/rustwide/cargo-home/bin/cargo" "+1.99.0-beta.8" "build" "--frozen" "--message-format=json" "--release", kill_on_drop: false }`
[INFO] [stderr]    Compiling smallvec v1.15.1
[INFO] [stderr]    Compiling zerofrom v0.1.8
[INFO] [stderr]    Compiling hybrid-array v0.4.12
[INFO] [stderr]    Compiling futures-core v0.3.32
[INFO] [stderr]    Compiling thiserror v2.0.18
[INFO] [stderr]    Compiling concurrent-queue v2.5.0
[INFO] [stderr]    Compiling hashlink v0.11.0
[INFO] [stderr]    Compiling getrandom v0.4.2
[INFO] [stderr]    Compiling tracing v0.1.44
[INFO] [stderr]    Compiling either v1.16.0
[INFO] [stderr]    Compiling base64 v0.22.1
[INFO] [stderr]    Compiling atoi v2.0.0
[INFO] [stderr]    Compiling whoami v2.1.2
[INFO] [stderr]    Compiling stringprep v0.1.5
[INFO] [stderr]    Compiling futures-util v0.3.32
[INFO] [stderr]    Compiling futures-channel v0.3.32
[INFO] [stderr]    Compiling yoke v0.8.2
[INFO] [stderr]    Compiling parking_lot_core v0.9.12
[INFO] [stderr]    Compiling rand v0.10.1
[INFO] [stderr]    Compiling event-listener v5.4.1
[INFO] [stderr]    Compiling zerovec v0.11.6
[INFO] [stderr]    Compiling zerotrie v0.2.4
[INFO] [stderr]    Compiling parking_lot v0.12.5
[INFO] [stderr]    Compiling futures-intrusive v0.5.0
[INFO] [stderr]    Compiling block-buffer v0.12.0
[INFO] [stderr]    Compiling crypto-common v0.2.2
[INFO] [stderr]    Compiling tinystr v0.8.3
[INFO] [stderr]    Compiling potential_utf v0.1.5
[INFO] [stderr]    Compiling icu_collections v2.2.0
[INFO] [stderr]    Compiling icu_locale_core v2.2.0
[INFO] [stderr]    Compiling digest v0.11.3
[INFO] [stderr]    Compiling hmac v0.13.0
[INFO] [stderr]    Compiling md-5 v0.11.0
[INFO] [stderr]    Compiling sha2 v0.11.0
[INFO] [stderr]    Compiling hkdf v0.13.0
[INFO] [stderr]    Compiling icu_provider v2.2.0
[INFO] [stderr]    Compiling icu_normalizer v2.2.0
[INFO] [stderr]    Compiling icu_properties v2.2.0
[INFO] [stderr]    Compiling idna_adapter v1.2.2
[INFO] [stderr]    Compiling idna v1.1.0
[INFO] [stderr]    Compiling url v2.5.8
[INFO] [stderr]    Compiling msqlx-core v0.9.0-msqlx.2
[INFO] [stderr]    Compiling msqlx-postgres v0.9.0-msqlx.2 (/opt/rustwide/workdir)
[INFO] [stderr]     Finished `release` profile [optimized] target(s) in 34.09s
[INFO] running `Command { std: "docker" "inspect" "580b21310bb6accdd2208aff53021e05554b02e682a648e3e4e2323aa9fe360d", kill_on_drop: false }`
[INFO] running `Command { std: "docker" "exec" "-e" "SOURCE_DIR=/opt/rustwide/workdir" "-e" "CARGO_HOME=/opt/rustwide/cargo-home" "-e" "RUSTUP_HOME=/opt/rustwide/rustup-home" "-e" "CARGO_TARGET_DIR=/opt/rustwide/target" "-e" "CARGO_INCREMENTAL=0" "-e" "RUST_BACKTRACE=full" "-e" "RUSTFLAGS=--cap-lints=warn" "-e" "RUSTDOCFLAGS=--cap-lints=warn" "-w" "/opt/rustwide/workdir" "--user" "0:0" "580b21310bb6accdd2208aff53021e05554b02e682a648e3e4e2323aa9fe360d" "/opt/rustwide/cargo-home/bin/cargo" "+1.99.0-beta.8" "test" "--frozen" "--no-run" "--message-format=json" "--release", kill_on_drop: false }`
[INFO] [stderr]    Compiling msqlx-postgres v0.9.0-msqlx.2 (/opt/rustwide/workdir)
[INFO] [stdout] error[E0658]: use of unstable library feature `test`: `bench` is a part of custom test frameworks which are unstable
[INFO] [stdout]   --> src/message/backend_key_data.rs:43:3
[INFO] [stdout]    |
[INFO] [stdout] 43 | #[bench]
[INFO] [stdout]    |   ^^^^^
[INFO] [stdout]    |
[INFO] [stdout]    = note: see issue #50297 <https://github.com/rust-lang/rust/issues/50297> for more information
[INFO] [stdout] 
[INFO] [stdout] 
[INFO] [stdout] error[E0658]: use of unstable library feature `test`: `bench` is a part of custom test frameworks which are unstable
[INFO] [stdout]   --> src/message/command_complete.rs:63:3
[INFO] [stdout]    |
[INFO] [stdout] 63 | #[bench]
[INFO] [stdout]    |   ^^^^^
[INFO] [stdout]    |
[INFO] [stdout]    = note: see issue #50297 <https://github.com/rust-lang/rust/issues/50297> for more information
[INFO] [stdout] 
[INFO] [stdout] 
[INFO] [stdout] error[E0658]: use of unstable library feature `test`: `bench` is a part of custom test frameworks which are unstable
[INFO] [stdout]   --> src/message/command_complete.rs:73:3
[INFO] [stdout]    |
[INFO] [stdout] 73 | #[bench]
[INFO] [stdout]    |   ^^^^^
[INFO] [stdout]    |
[INFO] [stdout]    = note: see issue #50297 <https://github.com/rust-lang/rust/issues/50297> for more information
[INFO] [stdout] 
[INFO] [stdout] 
[INFO] [stdout] error[E0658]: use of unstable library feature `test`: `bench` is a part of custom test frameworks which are unstable
[INFO] [stdout]    --> src/message/data_row.rs:119:3
[INFO] [stdout]     |
[INFO] [stdout] 119 | #[bench]
[INFO] [stdout]     |   ^^^^^
[INFO] [stdout]     |
[INFO] [stdout]     = note: see issue #50297 <https://github.com/rust-lang/rust/issues/50297> for more information
[INFO] [stdout] 
[INFO] [stdout] 
[INFO] [stdout] error[E0658]: use of unstable library feature `test`: `bench` is a part of custom test frameworks which are unstable
[INFO] [stdout]    --> src/message/data_row.rs:131:3
[INFO] [stdout]     |
[INFO] [stdout] 131 | #[bench]
[INFO] [stdout]     |   ^^^^^
[INFO] [stdout]     |
[INFO] [stdout]     = note: see issue #50297 <https://github.com/rust-lang/rust/issues/50297> for more information
[INFO] [stdout] 
[INFO] [stdout] 
[INFO] [stdout] error[E0658]: use of unstable library feature `test`: `bench` is a part of custom test frameworks which are unstable
[INFO] [stdout]   --> src/message/parameter_description.rs:51:3
[INFO] [stdout]    |
[INFO] [stdout] 51 | #[bench]
[INFO] [stdout]    |   ^^^^^
[INFO] [stdout]    |
[INFO] [stdout]    = note: see issue #50297 <https://github.com/rust-lang/rust/issues/50297> for more information
[INFO] [stdout] 
[INFO] [stdout] 
[INFO] [stdout] error[E0658]: use of unstable library feature `test`: `bench` is a part of custom test frameworks which are unstable
[INFO] [stdout]   --> src/message/parameter_status.rs:45:3
[INFO] [stdout]    |
[INFO] [stdout] 45 | #[bench]
[INFO] [stdout]    |   ^^^^^
[INFO] [stdout]    |
[INFO] [stdout]    = note: see issue #50297 <https://github.com/rust-lang/rust/issues/50297> for more information
[INFO] [stdout] 
[INFO] [stdout] 
[INFO] [stdout] error[E0658]: use of unstable library feature `test`: `bench` is a part of custom test frameworks which are unstable
[INFO] [stdout]    --> src/message/password.rs:120:7
[INFO] [stdout]     |
[INFO] [stdout] 120 |     #[bench]
[INFO] [stdout]     |       ^^^^^
[INFO] [stdout]     |
[INFO] [stdout]     = note: see issue #50297 <https://github.com/rust-lang/rust/issues/50297> for more information
[INFO] [stdout] 
[INFO] [stdout] 
[INFO] [stdout] error[E0658]: use of unstable library feature `test`: `bench` is a part of custom test frameworks which are unstable
[INFO] [stdout]    --> src/message/password.rs:134:7
[INFO] [stdout]     |
[INFO] [stdout] 134 |     #[bench]
[INFO] [stdout]     |       ^^^^^
[INFO] [stdout]     |
[INFO] [stdout]     = note: see issue #50297 <https://github.com/rust-lang/rust/issues/50297> for more information
[INFO] [stdout] 
[INFO] [stdout] 
[INFO] [stdout] error[E0658]: use of unstable library feature `test`: `bench` is a part of custom test frameworks which are unstable
[INFO] [stdout]    --> src/message/response.rs:253:3
[INFO] [stdout]     |
[INFO] [stdout] 253 | #[bench]
[INFO] [stdout]     |   ^^^^^
[INFO] [stdout]     |
[INFO] [stdout]     = note: see issue #50297 <https://github.com/rust-lang/rust/issues/50297> for more information
[INFO] [stdout] 
[INFO] [stdout] 
[INFO] [stdout] error[E0658]: use of unstable library feature `test`: `bench` is a part of custom test frameworks which are unstable
[INFO] [stdout]    --> src/message/response.rs:265:3
[INFO] [stdout]     |
[INFO] [stdout] 265 | #[bench]
[INFO] [stdout]     |   ^^^^^
[INFO] [stdout]     |
[INFO] [stdout]     = note: see issue #50297 <https://github.com/rust-lang/rust/issues/50297> for more information
[INFO] [stdout] 
[INFO] [stdout] 
[INFO] [stdout] error[E0658]: use of unstable library feature `test`: `bench` is a part of custom test frameworks which are unstable
[INFO] [stdout]   --> src/message/startup.rs:80:3
[INFO] [stdout]    |
[INFO] [stdout] 80 | #[bench]
[INFO] [stdout]    |   ^^^^^
[INFO] [stdout]    |
[INFO] [stdout]    = note: see issue #50297 <https://github.com/rust-lang/rust/issues/50297> for more information
[INFO] [stdout] 
[INFO] [stdout] 
[INFO] [stdout] error[E0432]: unresolved import `test`
[INFO] [stdout]    --> src/message/password.rs:122:13
[INFO] [stdout]     |
[INFO] [stdout] 122 |         use test::black_box;
[INFO] [stdout]     |             ^^^^ use of unresolved module or unlinked crate `test`
[INFO] [stdout]     |
[INFO] [stdout]     = help: if you wanted to use a crate named `test`, use `cargo add test` to add it to your `Cargo.toml`
[INFO] [stdout] 
[INFO] [stdout] 
[INFO] [stdout] error[E0432]: unresolved import `test`
[INFO] [stdout]    --> src/message/password.rs:136:13
[INFO] [stdout]     |
[INFO] [stdout] 136 |         use test::black_box;
[INFO] [stdout]     |             ^^^^ use of unresolved module or unlinked crate `test`
[INFO] [stdout]     |
[INFO] [stdout]     = help: if you wanted to use a crate named `test`, use `cargo add test` to add it to your `Cargo.toml`
[INFO] [stdout] 
[INFO] [stdout] 
[INFO] [stdout] error[E0432]: unresolved import `test`
[INFO] [stdout]   --> src/message/startup.rs:82:9
[INFO] [stdout]    |
[INFO] [stdout] 82 |     use test::black_box;
[INFO] [stdout]    |         ^^^^ use of unresolved module or unlinked crate `test`
[INFO] [stdout]    |
[INFO] [stdout]    = help: if you wanted to use a crate named `test`, use `cargo add test` to add it to your `Cargo.toml`
[INFO] [stdout] 
[INFO] [stdout] 
[INFO] [stdout] error[E0433]: cannot find module or crate `test` in this scope
[INFO] [stdout]   --> src/message/backend_key_data.rs:48:37
[INFO] [stdout]    |
[INFO] [stdout] 48 |         BackendKeyData::decode_body(test::black_box(Bytes::from_static(DATA))).unwrap();
[INFO] [stdout]    |                                     ^^^^ use of unresolved module or unlinked crate `test`
[INFO] [stdout]    |
[INFO] [stdout]    = help: if you wanted to use a crate named `test`, use `cargo add test` to add it to your `Cargo.toml`
[INFO] [stdout] 
[INFO] [stdout] 
[INFO] [stdout] error[E0433]: cannot find module or crate `test` in this scope
[INFO] [stdout]   --> src/message/command_complete.rs:68:46
[INFO] [stdout]    |
[INFO] [stdout] 68 |         let _ = CommandComplete::decode_body(test::black_box(Bytes::from_static(DATA)));
[INFO] [stdout]    |                                              ^^^^ use of unresolved module or unlinked crate `test`
[INFO] [stdout]    |
[INFO] [stdout]    = help: if you wanted to use a crate named `test`, use `cargo add test` to add it to your `Cargo.toml`
[INFO] [stdout] 
[INFO] [stdout] 
[INFO] [stdout] error[E0433]: cannot find module or crate `test` in this scope
[INFO] [stdout]   --> src/message/command_complete.rs:80:21
[INFO] [stdout]    |
[INFO] [stdout] 80 |         let _rows = test::black_box(&data).rows_affected();
[INFO] [stdout]    |                     ^^^^ use of unresolved module or unlinked crate `test`
[INFO] [stdout]    |
[INFO] [stdout]    = help: if you wanted to use a crate named `test`, use `cargo add test` to add it to your `Cargo.toml`
[INFO] [stdout] 
[INFO] [stdout] 
[INFO] [stdout] error[E0433]: cannot find module or crate `test` in this scope
[INFO] [stdout]    --> src/message/data_row.rs:123:36
[INFO] [stdout]     |
[INFO] [stdout] 123 |     let row = DataRow::decode_body(test::black_box(Bytes::from_static(DATA))).unwrap();
[INFO] [stdout]     |                                    ^^^^ use of unresolved module or unlinked crate `test`
[INFO] [stdout]     |
[INFO] [stdout]     = help: if you wanted to use a crate named `test`, use `cargo add test` to add it to your `Cargo.toml`
[INFO] [stdout] 
[INFO] [stdout] 
[INFO] [stdout] error[E0433]: cannot find module or crate `test` in this scope
[INFO] [stdout]    --> src/message/data_row.rs:126:22
[INFO] [stdout]     |
[INFO] [stdout] 126 |         let _value = test::black_box(&row).get(3);
[INFO] [stdout]     |                      ^^^^ use of unresolved module or unlinked crate `test`
[INFO] [stdout]     |
[INFO] [stdout]     = help: if you wanted to use a crate named `test`, use `cargo add test` to add it to your `Cargo.toml`
[INFO] [stdout] 
[INFO] [stdout] 
[INFO] [stdout] error[E0433]: cannot find module or crate `test` in this scope
[INFO] [stdout]    --> src/message/data_row.rs:136:38
[INFO] [stdout]     |
[INFO] [stdout] 136 |         let _ = DataRow::decode_body(test::black_box(Bytes::from_static(DATA)));
[INFO] [stdout]     |                                      ^^^^ use of unresolved module or unlinked crate `test`
[INFO] [stdout]     |
[INFO] [stdout]     = help: if you wanted to use a crate named `test`, use `cargo add test` to add it to your `Cargo.toml`
[INFO] [stdout] 
[INFO] [stdout] 
[INFO] [stdout] error[E0433]: cannot find module or crate `test` in this scope
[INFO] [stdout]   --> src/message/parameter_description.rs:56:43
[INFO] [stdout]    |
[INFO] [stdout] 56 |         ParameterDescription::decode_body(test::black_box(Bytes::from_static(DATA))).unwrap();
[INFO] [stdout]    |                                           ^^^^ use of unresolved module or unlinked crate `test`
[INFO] [stdout]    |
[INFO] [stdout]    = help: if you wanted to use a crate named `test`, use `cargo add test` to add it to your `Cargo.toml`
[INFO] [stdout] 
[INFO] [stdout] 
[INFO] [stdout] error[E0433]: cannot find module or crate `test` in this scope
[INFO] [stdout]   --> src/message/parameter_status.rs:50:38
[INFO] [stdout]    |
[INFO] [stdout] 50 |         ParameterStatus::decode_body(test::black_box(Bytes::from_static(DATA))).unwrap();
[INFO] [stdout]    |                                      ^^^^ use of unresolved module or unlinked crate `test`
[INFO] [stdout]    |
[INFO] [stdout]    = help: if you wanted to use a crate named `test`, use `cargo add test` to add it to your `Cargo.toml`
[INFO] [stdout] 
[INFO] [stdout] 
[INFO] [stdout] error[E0433]: cannot find module or crate `test` in this scope
[INFO] [stdout]    --> src/message/response.rs:257:30
[INFO] [stdout]     |
[INFO] [stdout] 257 |     let res = Notice::decode(test::black_box(Bytes::from_static(DATA))).unwrap();
[INFO] [stdout]     |                              ^^^^ use of unresolved module or unlinked crate `test`
[INFO] [stdout]     |
[INFO] [stdout]     = help: if you wanted to use a crate named `test`, use `cargo add test` to add it to your `Cargo.toml`
[INFO] [stdout] 
[INFO] [stdout] 
[INFO] [stdout] error[E0433]: cannot find module or crate `test` in this scope
[INFO] [stdout]    --> src/message/response.rs:260:17
[INFO] [stdout]     |
[INFO] [stdout] 260 |         let _ = test::black_box(&res).message();
[INFO] [stdout]     |                 ^^^^ use of unresolved module or unlinked crate `test`
[INFO] [stdout]     |
[INFO] [stdout]     = help: if you wanted to use a crate named `test`, use `cargo add test` to add it to your `Cargo.toml`
[INFO] [stdout] 
[INFO] [stdout] 
[INFO] [stdout] error[E0433]: cannot find module or crate `test` in this scope
[INFO] [stdout]    --> src/message/response.rs:270:32
[INFO] [stdout]     |
[INFO] [stdout] 270 |         let _ = Notice::decode(test::black_box(Bytes::from_static(DATA)));
[INFO] [stdout]     |                                ^^^^ use of unresolved module or unlinked crate `test`
[INFO] [stdout]     |
[INFO] [stdout]     = help: if you wanted to use a crate named `test`, use `cargo add test` to add it to your `Cargo.toml`
[INFO] [stdout] 
[INFO] [stdout] 
[INFO] [stdout] error[E0433]: cannot find module or crate `test` in this scope
[INFO] [stdout]   --> src/message/backend_key_data.rs:44:42
[INFO] [stdout]    |
[INFO] [stdout] 44 | fn bench_decode_backend_key_data(b: &mut test::Bencher) {
[INFO] [stdout]    |                                          ^^^^ use of unresolved module or unlinked crate `test`
[INFO] [stdout]    |
[INFO] [stdout]    = help: if you wanted to use a crate named `test`, use `cargo add test` to add it to your `Cargo.toml`
[INFO] [stdout] 
[INFO] [stdout] 
[INFO] [stdout] error[E0433]: cannot find module or crate `test` in this scope
[INFO] [stdout]   --> src/message/startup.rs:81:33
[INFO] [stdout]    |
[INFO] [stdout] 81 | fn bench_encode_startup(b: &mut test::Bencher) {
[INFO] [stdout]    |                                 ^^^^ use of unresolved module or unlinked crate `test`
[INFO] [stdout]    |
[INFO] [stdout]    = help: if you wanted to use a crate named `test`, use `cargo add test` to add it to your `Cargo.toml`
[INFO] [stdout] 
[INFO] [stdout] 
[INFO] [stdout] error[E0433]: cannot find module or crate `test` in this scope
[INFO] [stdout]   --> src/message/command_complete.rs:64:42
[INFO] [stdout]    |
[INFO] [stdout] 64 | fn bench_decode_command_complete(b: &mut test::Bencher) {
[INFO] [stdout]    |                                          ^^^^ use of unresolved module or unlinked crate `test`
[INFO] [stdout]    |
[INFO] [stdout]    = help: if you wanted to use a crate named `test`, use `cargo add test` to add it to your `Cargo.toml`
[INFO] [stdout] 
[INFO] [stdout] 
[INFO] [stdout] error[E0433]: cannot find module or crate `test` in this scope
[INFO] [stdout]    --> src/message/password.rs:135:42
[INFO] [stdout]     |
[INFO] [stdout] 135 |     fn bench_encode_md5_password(b: &mut test::Bencher) {
[INFO] [stdout]     |                                          ^^^^ use of unresolved module or unlinked crate `test`
[INFO] [stdout]     |
[INFO] [stdout]     = help: if you wanted to use a crate named `test`, use `cargo add test` to add it to your `Cargo.toml`
[INFO] [stdout] 
[INFO] [stdout] 
[INFO] [stdout] error[E0433]: cannot find module or crate `test` in this scope
[INFO] [stdout]   --> src/message/command_complete.rs:74:56
[INFO] [stdout]    |
[INFO] [stdout] 74 | fn bench_decode_command_complete_rows_affected(b: &mut test::Bencher) {
[INFO] [stdout]    |                                                        ^^^^ use of unresolved module or unlinked crate `test`
[INFO] [stdout]    |
[INFO] [stdout]    = help: if you wanted to use a crate named `test`, use `cargo add test` to add it to your `Cargo.toml`
[INFO] [stdout] 
[INFO] [stdout] 
[INFO] [stdout] error[E0433]: cannot find module or crate `test` in this scope
[INFO] [stdout]    --> src/message/response.rs:266:40
[INFO] [stdout]     |
[INFO] [stdout] 266 | fn bench_decode_error_response(b: &mut test::Bencher) {
[INFO] [stdout]     |                                        ^^^^ use of unresolved module or unlinked crate `test`
[INFO] [stdout]     |
[INFO] [stdout]     = help: if you wanted to use a crate named `test`, use `cargo add test` to add it to your `Cargo.toml`
[INFO] [stdout] 
[INFO] [stdout] 
[INFO] [stdout] error[E0433]: cannot find module or crate `test` in this scope
[INFO] [stdout]    --> src/message/data_row.rs:120:31
[INFO] [stdout]     |
[INFO] [stdout] 120 | fn bench_data_row_get(b: &mut test::Bencher) {
[INFO] [stdout]     |                               ^^^^ use of unresolved module or unlinked crate `test`
[INFO] [stdout]     |
[INFO] [stdout]     = help: if you wanted to use a crate named `test`, use `cargo add test` to add it to your `Cargo.toml`
[INFO] [stdout] 
[INFO] [stdout] 
[INFO] [stdout] error[E0433]: cannot find module or crate `test` in this scope
[INFO] [stdout]   --> src/message/parameter_status.rs:46:42
[INFO] [stdout]    |
[INFO] [stdout] 46 | fn bench_decode_parameter_status(b: &mut test::Bencher) {
[INFO] [stdout]    |                                          ^^^^ use of unresolved module or unlinked crate `test`
[INFO] [stdout]    |
[INFO] [stdout]    = help: if you wanted to use a crate named `test`, use `cargo add test` to add it to your `Cargo.toml`
[INFO] [stdout] 
[INFO] [stdout] 
[INFO] [stdout] error[E0433]: cannot find module or crate `test` in this scope
[INFO] [stdout]    --> src/message/password.rs:121:44
[INFO] [stdout]     |
[INFO] [stdout] 121 |     fn bench_encode_clear_password(b: &mut test::Bencher) {
[INFO] [stdout]     |                                            ^^^^ use of unresolved module or unlinked crate `test`
[INFO] [stdout]     |
[INFO] [stdout]     = help: if you wanted to use a crate named `test`, use `cargo add test` to add it to your `Cargo.toml`
[INFO] [stdout] 
[INFO] [stdout] 
[INFO] [stdout] error[E0433]: cannot find module or crate `test` in this scope
[INFO] [stdout]    --> src/message/data_row.rs:132:34
[INFO] [stdout]     |
[INFO] [stdout] 132 | fn bench_decode_data_row(b: &mut test::Bencher) {
[INFO] [stdout]     |                                  ^^^^ use of unresolved module or unlinked crate `test`
[INFO] [stdout]     |
[INFO] [stdout]     = help: if you wanted to use a crate named `test`, use `cargo add test` to add it to your `Cargo.toml`
[INFO] [stdout] 
[INFO] [stdout] 
[INFO] [stdout] error[E0433]: cannot find module or crate `test` in this scope
[INFO] [stdout]    --> src/message/response.rs:254:45
[INFO] [stdout]     |
[INFO] [stdout] 254 | fn bench_error_response_get_message(b: &mut test::Bencher) {
[INFO] [stdout]     |                                             ^^^^ use of unresolved module or unlinked crate `test`
[INFO] [stdout]     |
[INFO] [stdout]     = help: if you wanted to use a crate named `test`, use `cargo add test` to add it to your `Cargo.toml`
[INFO] [stdout] 
[INFO] [stdout] 
[INFO] [stdout] error[E0433]: cannot find module or crate `test` in this scope
[INFO] [stdout]   --> src/message/parameter_description.rs:52:47
[INFO] [stdout]    |
[INFO] [stdout] 52 | fn bench_decode_parameter_description(b: &mut test::Bencher) {
[INFO] [stdout]    |                                               ^^^^ use of unresolved module or unlinked crate `test`
[INFO] [stdout]    |
[INFO] [stdout]    = help: if you wanted to use a crate named `test`, use `cargo add test` to add it to your `Cargo.toml`
[INFO] [stdout] 
[INFO] [stdout] 
[INFO] [stdout] Some errors have detailed explanations: E0432, E0433, E0658.
[INFO] [stdout] 
[INFO] [stdout] For more information about an error, try `rustc --explain E0432`.
[INFO] [stdout] 
[INFO] [stderr] error: could not compile `msqlx-postgres` (lib test) due to 38 previous errors
[INFO] running `Command { std: "docker" "inspect" "580b21310bb6accdd2208aff53021e05554b02e682a648e3e4e2323aa9fe360d", kill_on_drop: false }`
[INFO] running `Command { std: "docker" "rm" "-f" "580b21310bb6accdd2208aff53021e05554b02e682a648e3e4e2323aa9fe360d", kill_on_drop: false }`
[INFO] [stdout] 580b21310bb6accdd2208aff53021e05554b02e682a648e3e4e2323aa9fe360d
