[INFO] fetching crate mr_bundle 0.7.1...
[INFO] testing mr_bundle-0.7.1 against 1.100.0-beta.1+cargoflags=--release for beta-release-1.100-2
[INFO] extracting crate mr_bundle 0.7.1 into /workspace/builds/worker-1-tc2/source
[INFO] started tweaking crates.io crate mr_bundle 0.7.1
[INFO] removed 0 missing tests
[INFO] finished tweaking crates.io crate mr_bundle 0.7.1
[INFO] tweaked toml for crates.io crate mr_bundle 0.7.1 written to /workspace/builds/worker-1-tc2/source/Cargo.toml
[INFO] validating manifest of crates.io crate mr_bundle 0.7.1 on toolchain 1.100.0-beta.1
[INFO] running `Command { std: CARGO_HOME="/workspace/cargo-home" RUSTUP_HOME="/workspace/rustup-home" "/workspace/cargo-home/bin/cargo" "+1.100.0-beta.1" "metadata" "--manifest-path" "Cargo.toml" "--no-deps", kill_on_drop: false }`
[INFO] crate crates.io crate mr_bundle 0.7.1 already has a lockfile, it will not be regenerated
[INFO] running `Command { std: CARGO_HOME="/workspace/cargo-home" RUSTUP_HOME="/workspace/rustup-home" "/workspace/cargo-home/bin/cargo" "+1.100.0-beta.1" "fetch" "--manifest-path" "Cargo.toml", kill_on_drop: false }`
[INFO] running `Command { std: "docker" "create" "-v" "/var/lib/crater-agent-workspace/builds/worker-1-tc2/source:/opt/rustwide/workdir:ro,Z" "-v" "/var/lib/crater-agent-workspace/builds/worker-1-tc2/target:/opt/rustwide/target:rw,Z" "-v" "/var/lib/crater-agent-workspace/cargo-home:/opt/rustwide/cargo-home:ro,Z" "-v" "/var/lib/crater-agent-workspace/rustup-home:/opt/rustwide/rustup-home:ro,Z" "-m" "1610612736" "--network" "none" "ghcr.io/rust-lang/crates-build-env/linux@sha256:77db811e55d90add9212f6832c23229e3de5f1c1f9905e8cb07319ea15df73ac" "sleep" "infinity", kill_on_drop: false }`
[INFO] [stdout] 0d7ca7b57c6714e07585b17c64192bda59891e9205a2ed7e6de069c8a0f6cf9f
[INFO] running `Command { std: "docker" "start" "0d7ca7b57c6714e07585b17c64192bda59891e9205a2ed7e6de069c8a0f6cf9f", kill_on_drop: false }`
[INFO] running `Command { std: "docker" "inspect" "0d7ca7b57c6714e07585b17c64192bda59891e9205a2ed7e6de069c8a0f6cf9f", kill_on_drop: false }`
[INFO] running `Command { std: "docker" "exec" "-e" "SOURCE_DIR=/opt/rustwide/workdir" "-e" "CARGO_HOME=/opt/rustwide/cargo-home" "-e" "RUSTUP_HOME=/opt/rustwide/rustup-home" "-e" "CARGO_TARGET_DIR=/opt/rustwide/target" "-w" "/opt/rustwide/workdir" "--user" "0:0" "0d7ca7b57c6714e07585b17c64192bda59891e9205a2ed7e6de069c8a0f6cf9f" "/opt/rustwide/cargo-home/bin/cargo" "+1.100.0-beta.1" "metadata" "--no-deps" "--format-version=1", kill_on_drop: false }`
[INFO] running `Command { std: "docker" "inspect" "0d7ca7b57c6714e07585b17c64192bda59891e9205a2ed7e6de069c8a0f6cf9f", kill_on_drop: false }`
[INFO] running `Command { std: "docker" "exec" "-e" "SOURCE_DIR=/opt/rustwide/workdir" "-e" "CARGO_HOME=/opt/rustwide/cargo-home" "-e" "RUSTUP_HOME=/opt/rustwide/rustup-home" "-e" "CARGO_TARGET_DIR=/opt/rustwide/target" "-e" "CARGO_INCREMENTAL=0" "-e" "RUST_BACKTRACE=full" "-e" "RUSTFLAGS=--cap-lints=warn" "-e" "RUSTDOCFLAGS=--cap-lints=warn" "-w" "/opt/rustwide/workdir" "--user" "0:0" "0d7ca7b57c6714e07585b17c64192bda59891e9205a2ed7e6de069c8a0f6cf9f" "/opt/rustwide/cargo-home/bin/cargo" "+1.100.0-beta.1" "build" "--frozen" "--message-format=json" "--release", kill_on_drop: false }`
[INFO] [stderr]    Compiling libc v0.2.189
[INFO] [stderr]    Compiling cfg-if v1.0.4
[INFO] [stderr]    Compiling equivalent v1.0.2
[INFO] [stderr]    Compiling crc32fast v1.5.1
[INFO] [stderr]    Compiling memchr v2.8.3
[INFO] [stderr]    Compiling rustix v1.1.4
[INFO] [stderr]    Compiling httparse v1.10.1
[INFO] [stderr]    Compiling serde_core v1.0.228
[INFO] [stderr]    Compiling itoa v1.0.18
[INFO] [stderr]    Compiling foldhash v0.2.0
[INFO] [stderr]    Compiling bytes v1.12.1
[INFO] [stderr]    Compiling bitflags v2.13.1
[INFO] [stderr]    Compiling proc-macro2 v1.0.107
[INFO] [stderr]    Compiling allocator-api2 v0.2.21
[INFO] [stderr]    Compiling linux-raw-sys v0.12.1
[INFO] [stderr]    Compiling bumpalo v3.20.3
[INFO] [stderr]    Compiling base64 v0.23.1
[INFO] [stderr]    Compiling rle-decode-fast v1.0.3
[INFO] [stderr]    Compiling zlib-rs v0.6.7
[INFO] [stderr]    Compiling hashbrown v0.17.1
[INFO] [stderr]    Compiling simd-adler32 v0.3.10
[INFO] [stderr]    Compiling serde v1.0.228
[INFO] [stderr]    Compiling dary_heap v0.3.9
[INFO] [stderr]    Compiling zopfli v0.8.3
[INFO] [stderr]    Compiling utf8-zero v0.8.1
[INFO] [stderr]    Compiling typed-path v0.12.3
[INFO] [stderr]    Compiling find-msvc-tools v0.1.11
[INFO] [stderr]    Compiling adler32 v1.2.0
[INFO] [stderr]    Compiling percent-encoding v2.3.2
[INFO] [stderr]    Compiling cc v1.4.4
[INFO] [stderr]    Compiling hashbrown v0.16.1
[INFO] [stderr]    Compiling parking_lot_core v0.9.12
[INFO] [stderr]    Compiling pkg-config v0.3.34
[INFO] [stderr]    Compiling minisign-verify v0.2.5
[INFO] [stderr]    Compiling quote v1.0.47
[INFO] [stderr]    Compiling http v1.5.0
[INFO] [stderr]    Compiling syn v3.0.4
[INFO] [stderr]    Compiling syn v2.0.119
[INFO] [stderr]    Compiling no_std_io2 v0.9.4
[INFO] [stderr]    Compiling indexmap v2.14.1
[INFO] [stderr]    Compiling futures-sink v0.3.34
[INFO] [stderr]    Compiling vcpkg v0.2.15
[INFO] [stderr]    Compiling libflate_lz77 v2.3.0
[INFO] [stderr]    Compiling futures-core v0.3.34
[INFO] [stderr]    Compiling futures-channel v0.3.34
[INFO] [stderr]    Compiling libflate v2.3.1
[INFO] [stderr]    Compiling num-traits v0.2.19
[INFO] [stderr]    Compiling serde_json v1.0.151
[INFO] [stderr]    Compiling ref-cast v1.0.27
[INFO] [stderr]    Compiling smallvec v1.16.0
[INFO] [stderr]    Compiling futures-task v0.3.34
[INFO] [stderr]    Compiling scopeguard v1.2.0
[INFO] [stderr]    Compiling futures-io v0.3.34
[INFO] [stderr]    Compiling slab v0.4.12
[INFO] [stderr]    Compiling filetime v0.2.29
[INFO] [stderr]    Compiling lock_api v0.4.14
[INFO] [stderr]    Compiling errno v0.3.14
[INFO] [stderr]    Compiling ureq-proto v0.6.1
[INFO] [stderr]    Compiling signal-hook-registry v1.4.8
[INFO] [stderr]    Compiling mio v1.2.2
[INFO] [stderr]    Compiling rtoolbox v0.0.6
[INFO] [stderr]    Compiling socket2 v0.6.3
[INFO] [stderr]    Compiling thiserror v2.0.20
[INFO] [stderr]    Compiling adler2 v2.0.1
[INFO] [stderr]    Compiling ureq v3.4.0
[INFO] [stderr]    Compiling parking_lot v0.12.5
[INFO] [stderr]    Compiling dyn-clone v1.0.20
[INFO] [stderr]    Compiling zeroize v1.9.0
[INFO] [stderr]    Compiling miniz_oxide v0.9.1
[INFO] [stderr]    Compiling rpassword v7.5.4
[INFO] [stderr]    Compiling byteorder v1.5.0
[INFO] [stderr]    Compiling colored v3.1.1
[INFO] [stderr]    Compiling rmp v0.8.15
[INFO] [stderr]    Compiling dunce v1.0.5
[INFO] [stderr]    Compiling once_cell v1.21.4
[INFO] [stderr]    Compiling flate2 v1.1.10
[INFO] [stderr]    Compiling xattr v1.6.1
[INFO] [stderr]    Compiling tar v0.4.46
[INFO] [stderr]    Compiling serde_derive_internals v0.29.1
[INFO] [stderr]    Compiling zip v8.6.0
[INFO] [stderr]    Compiling serde_derive v1.0.228
[INFO] [stderr]    Compiling schemars_derive v0.9.0
[INFO] [stderr]    Compiling futures-macro v0.3.34
[INFO] [stderr]    Compiling ref-cast-impl v1.0.27
[INFO] [stderr]    Compiling tokio-macros v2.7.2
[INFO] [stderr]    Compiling thiserror-impl v2.0.20
[INFO] [stderr]    Compiling futures-util v0.3.34
[INFO] [stderr]    Compiling libsodium-sys-stable v1.24.0
[INFO] [stderr]    Compiling schemars v0.9.0
[INFO] [stderr]    Compiling rmp-serde v1.3.0
[INFO] [stderr]    Compiling tokio v1.53.1
[INFO] [stderr]    Compiling futures-executor v0.3.34
[INFO] [stderr]    Compiling futures v0.3.34
[INFO] [stderr]    Compiling sodoken v0.1.0
[INFO] [stderr]    Compiling holochain_util v0.7.1
[INFO] [stderr]    Compiling mr_bundle v0.7.1 (/opt/rustwide/workdir)
[INFO] [stderr]     Finished `release` profile [optimized] target(s) in 1m 34s
[INFO] running `Command { std: "docker" "inspect" "0d7ca7b57c6714e07585b17c64192bda59891e9205a2ed7e6de069c8a0f6cf9f", kill_on_drop: false }`
[INFO] running `Command { std: "docker" "exec" "-e" "SOURCE_DIR=/opt/rustwide/workdir" "-e" "CARGO_HOME=/opt/rustwide/cargo-home" "-e" "RUSTUP_HOME=/opt/rustwide/rustup-home" "-e" "CARGO_TARGET_DIR=/opt/rustwide/target" "-e" "CARGO_INCREMENTAL=0" "-e" "RUST_BACKTRACE=full" "-e" "RUSTFLAGS=--cap-lints=warn" "-e" "RUSTDOCFLAGS=--cap-lints=warn" "-w" "/opt/rustwide/workdir" "--user" "0:0" "0d7ca7b57c6714e07585b17c64192bda59891e9205a2ed7e6de069c8a0f6cf9f" "/opt/rustwide/cargo-home/bin/cargo" "+1.100.0-beta.1" "test" "--frozen" "--no-run" "--message-format=json" "--release", kill_on_drop: false }`
[INFO] [stderr]    Compiling getrandom v0.4.3
[INFO] [stderr]    Compiling rustix v1.1.4
[INFO] [stderr]    Compiling linux-raw-sys v0.12.1
[INFO] [stderr]    Compiling hashbrown v0.17.1
[INFO] [stderr]    Compiling bitflags v2.13.1
[INFO] [stderr]    Compiling equivalent v1.0.2
[INFO] [stderr]    Compiling fastrand v2.5.0
[INFO] [stderr]    Compiling libyaml-rs v0.3.0
[INFO] [stderr]    Compiling indexmap v2.14.1
[INFO] [stderr]    Compiling yaml_serde v0.10.7
[INFO] [stderr]    Compiling tempfile v3.27.0
[INFO] [stderr]    Compiling mr_bundle v0.7.1 (/opt/rustwide/workdir)
[INFO] [stdout] error[E0407]: method `file_name` is not a member of trait `Manifest`
[INFO] [stdout]    --> src/bundle.rs:239:13
[INFO] [stdout]     |
[INFO] [stdout] 239 | /             fn file_name() -> &'static str {
[INFO] [stdout] 240 | |                 "test.yaml"
[INFO] [stdout] 241 | |             }
[INFO] [stdout]     | |_____________^ not a member of trait `Manifest`
[INFO] [stdout] 
[INFO] [stdout] 
[INFO] [stdout] error[E0407]: method `bundle_extension` is not a member of trait `Manifest`
[INFO] [stdout]    --> src/bundle.rs:243:13
[INFO] [stdout]     |
[INFO] [stdout] 243 | /             fn bundle_extension() -> &'static str {
[INFO] [stdout] 244 | |                 "test"
[INFO] [stdout] 245 | |             }
[INFO] [stdout]     | |_____________^ not a member of trait `Manifest`
[INFO] [stdout] 
[INFO] [stdout] 
[INFO] [stdout] error[E0432]: unresolved imports `mr_bundle::resource_id_for_path`, `mr_bundle::FileSystemBundler`
[INFO] [stdout]    --> tests/integration.rs:2:5
[INFO] [stdout]     |
[INFO] [stdout]   2 |     resource_id_for_path, Bundle, FileSystemBundler, Manifest, ResourceBytes, ResourceIdentifier,
[INFO] [stdout]     |     ^^^^^^^^^^^^^^^^^^^^          ^^^^^^^^^^^^^^^^^ no `FileSystemBundler` in the root
[INFO] [stdout]     |     |
[INFO] [stdout]     |     no `resource_id_for_path` in the root
[INFO] [stdout]     |
[INFO] [stdout] note: found an item that was configured out
[INFO] [stdout]    --> src/lib.rs:150:14
[INFO] [stdout]     |
[INFO] [stdout] 149 | #[cfg(feature = "fs")]
[INFO] [stdout]     |       -------------- the item is gated behind the `fs` feature
[INFO] [stdout] 150 | pub use fs::{resource_id_for_path, FileSystemBundler};
[INFO] [stdout]     |              ^^^^^^^^^^^^^^^^^^^^
[INFO] [stdout] note: found an item that was configured out
[INFO] [stdout]    --> src/lib.rs:150:36
[INFO] [stdout]     |
[INFO] [stdout] 149 | #[cfg(feature = "fs")]
[INFO] [stdout]     |       -------------- the item is gated behind the `fs` feature
[INFO] [stdout] 150 | pub use fs::{resource_id_for_path, FileSystemBundler};
[INFO] [stdout]     |                                    ^^^^^^^^^^^^^^^^^
[INFO] [stdout] 
[INFO] [stdout] 
[INFO] [stdout] error[E0599]: no variant, associated function, or constant named `file_name` found for enum `TestManifest` in the current scope
[INFO] [stdout]   --> tests/integration.rs:96:55
[INFO] [stdout]    |
[INFO] [stdout] 10 | enum TestManifest {
[INFO] [stdout]    | ----------------- variant, associated function, or constant `file_name` not found for this enum
[INFO] [stdout] ...
[INFO] [stdout] 96 |     let manifest_path = dir.path().join(TestManifest::file_name());
[INFO] [stdout]    |                                                       ^^^^^^^^^ variant, associated function, or constant not found in `TestManifest`
[INFO] [stdout] 
[INFO] [stdout] 
[INFO] [stdout] error[E0599]: no variant, associated function, or constant named `bundle_extension` found for enum `TestManifest` in the current scope
[INFO] [stdout]    --> tests/integration.rs:104:55
[INFO] [stdout]     |
[INFO] [stdout]  10 | enum TestManifest {
[INFO] [stdout]     | ----------------- variant, associated function, or constant `bundle_extension` not found for this enum
[INFO] [stdout] ...
[INFO] [stdout] 104 |         .join(format!("test-bundle.{}", TestManifest::bundle_extension()));
[INFO] [stdout]     |                                                       ^^^^^^^^^^^^^^^^ variant, associated function, or constant not found in `TestManifest`
[INFO] [stdout] 
[INFO] [stdout] 
[INFO] [stdout] error[E0599]: no variant, associated function, or constant named `bundle_extension` found for enum `TestManifest` in the current scope
[INFO] [stdout]    --> tests/integration.rs:112:59
[INFO] [stdout]     |
[INFO] [stdout]  10 | enum TestManifest {
[INFO] [stdout]     | ----------------- variant, associated function, or constant `bundle_extension` not found for this enum
[INFO] [stdout] ...
[INFO] [stdout] 112 |             .join(format!("test-bundle.{}", TestManifest::bundle_extension())),
[INFO] [stdout]     |                                                           ^^^^^^^^^^^^^^^^ variant, associated function, or constant not found in `TestManifest`
[INFO] [stdout] 
[INFO] [stdout] 
[INFO] [stdout] error[E0599]: no variant, associated function, or constant named `file_name` found for enum `TestManifest` in the current scope
[INFO] [stdout]    --> tests/integration.rs:127:45
[INFO] [stdout]     |
[INFO] [stdout]  10 | enum TestManifest {
[INFO] [stdout]     | ----------------- variant, associated function, or constant `file_name` not found for this enum
[INFO] [stdout] ...
[INFO] [stdout] 127 |     assert!(unpacked_dir.join(TestManifest::file_name()).is_file());
[INFO] [stdout]     |                                             ^^^^^^^^^ variant, associated function, or constant not found in `TestManifest`
[INFO] [stdout] 
[INFO] [stdout] 
[INFO] [stdout] error[E0599]: no variant, associated function, or constant named `file_name` found for enum `TestManifest` in the current scope
[INFO] [stdout]    --> tests/integration.rs:131:57
[INFO] [stdout]     |
[INFO] [stdout]  10 | enum TestManifest {
[INFO] [stdout]     | ----------------- variant, associated function, or constant `file_name` not found for this enum
[INFO] [stdout] ...
[INFO] [stdout] 131 |     let manifest_path = unpacked_dir.join(TestManifest::file_name());
[INFO] [stdout]     |                                                         ^^^^^^^^^ variant, associated function, or constant not found in `TestManifest`
[INFO] [stdout] 
[INFO] [stdout] 
[INFO] [stdout] For more information about this error, try `rustc --explain E0407`.
[INFO] [stdout] 
[INFO] [stderr] error: could not compile `mr_bundle` (lib test) due to 2 previous errors
[INFO] [stderr] warning: build failed, waiting for other jobs to finish...
[INFO] [stdout] error[E0599]: no variant, associated function, or constant named `file_name` found for enum `TestManifest` in the current scope
[INFO] [stdout]    --> tests/integration.rs:163:55
[INFO] [stdout]     |
[INFO] [stdout]  10 | enum TestManifest {
[INFO] [stdout]     | ----------------- variant, associated function, or constant `file_name` not found for this enum
[INFO] [stdout] ...
[INFO] [stdout] 163 |     let manifest_path = dir.path().join(TestManifest::file_name());
[INFO] [stdout]     |                                                       ^^^^^^^^^ variant, associated function, or constant not found in `TestManifest`
[INFO] [stdout] 
[INFO] [stdout] 
[INFO] [stdout] error[E0599]: no variant, associated function, or constant named `bundle_extension` found for enum `TestManifest` in the current scope
[INFO] [stdout]    --> tests/integration.rs:171:55
[INFO] [stdout]     |
[INFO] [stdout]  10 | enum TestManifest {
[INFO] [stdout]     | ----------------- variant, associated function, or constant `bundle_extension` not found for this enum
[INFO] [stdout] ...
[INFO] [stdout] 171 |         .join(format!("test-bundle.{}", TestManifest::bundle_extension()));
[INFO] [stdout]     |                                                       ^^^^^^^^^^^^^^^^ variant, associated function, or constant not found in `TestManifest`
[INFO] [stdout] 
[INFO] [stdout] 
[INFO] [stdout] error[E0599]: no variant, associated function, or constant named `bundle_extension` found for enum `TestManifest` in the current scope
[INFO] [stdout]    --> tests/integration.rs:183:59
[INFO] [stdout]     |
[INFO] [stdout]  10 | enum TestManifest {
[INFO] [stdout]     | ----------------- variant, associated function, or constant `bundle_extension` not found for this enum
[INFO] [stdout] ...
[INFO] [stdout] 183 |             .join(format!("test-bundle.{}", TestManifest::bundle_extension())),
[INFO] [stdout]     |                                                           ^^^^^^^^^^^^^^^^ variant, associated function, or constant not found in `TestManifest`
[INFO] [stdout] 
[INFO] [stdout] 
[INFO] [stdout] Some errors have detailed explanations: E0432, E0599.
[INFO] [stdout] 
[INFO] [stdout] For more information about an error, try `rustc --explain E0432`.
[INFO] [stdout] 
[INFO] [stderr] error: could not compile `mr_bundle` (test "integration") due to 9 previous errors
[INFO] running `Command { std: "docker" "inspect" "0d7ca7b57c6714e07585b17c64192bda59891e9205a2ed7e6de069c8a0f6cf9f", kill_on_drop: false }`
[INFO] running `Command { std: "docker" "rm" "-f" "0d7ca7b57c6714e07585b17c64192bda59891e9205a2ed7e6de069c8a0f6cf9f", kill_on_drop: false }`
[INFO] [stdout] 0d7ca7b57c6714e07585b17c64192bda59891e9205a2ed7e6de069c8a0f6cf9f
