[INFO] fetching crate mquickjs-sys 0.2.0...
[INFO] testing mquickjs-sys-0.2.0 against 1.99.0-beta.8+cargoflags=--release for beta-release-1.100-2
[INFO] extracting crate mquickjs-sys 0.2.0 into /workspace/builds/worker-2-tc1/source
[INFO] started tweaking crates.io crate mquickjs-sys 0.2.0
[INFO] removed 0 missing tests
[INFO] finished tweaking crates.io crate mquickjs-sys 0.2.0
[INFO] tweaked toml for crates.io crate mquickjs-sys 0.2.0 written to /workspace/builds/worker-2-tc1/source/Cargo.toml
[INFO] validating manifest of crates.io crate mquickjs-sys 0.2.0 on toolchain 1.99.0-beta.8
[INFO] running `Command { std: CARGO_HOME="/workspace/cargo-home" RUSTUP_HOME="/workspace/rustup-home" "/workspace/cargo-home/bin/cargo" "+1.99.0-beta.8" "metadata" "--manifest-path" "Cargo.toml" "--no-deps", kill_on_drop: false }`
[INFO] crate crates.io crate mquickjs-sys 0.2.0 already has a lockfile, it will not be regenerated
[INFO] running `Command { std: CARGO_HOME="/workspace/cargo-home" RUSTUP_HOME="/workspace/rustup-home" "/workspace/cargo-home/bin/cargo" "+1.99.0-beta.8" "fetch" "--manifest-path" "Cargo.toml", kill_on_drop: false }`
[INFO] [stderr]  Downloading crates ...
[INFO] [stderr]   Downloaded bindgen v0.71.1
[INFO] running `Command { std: "docker" "create" "-v" "/var/lib/crater-agent-workspace/builds/worker-2-tc1/source:/opt/rustwide/workdir:ro,Z" "-v" "/var/lib/crater-agent-workspace/builds/worker-2-tc1/target:/opt/rustwide/target:rw,Z" "-v" "/var/lib/crater-agent-workspace/cargo-home:/opt/rustwide/cargo-home:ro,Z" "-v" "/var/lib/crater-agent-workspace/rustup-home:/opt/rustwide/rustup-home:ro,Z" "-m" "1610612736" "--network" "none" "ghcr.io/rust-lang/crates-build-env/linux@sha256:77db811e55d90add9212f6832c23229e3de5f1c1f9905e8cb07319ea15df73ac" "sleep" "infinity", kill_on_drop: false }`
[INFO] [stdout] fb4aa44fc16a56de06cf2ad21551a6467092337dcc83b2aa101edab4f670d828
[INFO] running `Command { std: "docker" "start" "fb4aa44fc16a56de06cf2ad21551a6467092337dcc83b2aa101edab4f670d828", kill_on_drop: false }`
[INFO] running `Command { std: "docker" "inspect" "fb4aa44fc16a56de06cf2ad21551a6467092337dcc83b2aa101edab4f670d828", kill_on_drop: false }`
[INFO] running `Command { std: "docker" "exec" "-e" "SOURCE_DIR=/opt/rustwide/workdir" "-e" "CARGO_HOME=/opt/rustwide/cargo-home" "-e" "RUSTUP_HOME=/opt/rustwide/rustup-home" "-e" "CARGO_TARGET_DIR=/opt/rustwide/target" "-w" "/opt/rustwide/workdir" "--user" "0:0" "fb4aa44fc16a56de06cf2ad21551a6467092337dcc83b2aa101edab4f670d828" "/opt/rustwide/cargo-home/bin/cargo" "+1.99.0-beta.8" "metadata" "--no-deps" "--format-version=1", kill_on_drop: false }`
[INFO] running `Command { std: "docker" "inspect" "fb4aa44fc16a56de06cf2ad21551a6467092337dcc83b2aa101edab4f670d828", kill_on_drop: false }`
[INFO] running `Command { std: "docker" "exec" "-e" "SOURCE_DIR=/opt/rustwide/workdir" "-e" "CARGO_HOME=/opt/rustwide/cargo-home" "-e" "RUSTUP_HOME=/opt/rustwide/rustup-home" "-e" "CARGO_TARGET_DIR=/opt/rustwide/target" "-e" "CARGO_INCREMENTAL=0" "-e" "RUST_BACKTRACE=full" "-e" "RUSTFLAGS=--cap-lints=warn" "-e" "RUSTDOCFLAGS=--cap-lints=warn" "-w" "/opt/rustwide/workdir" "--user" "0:0" "fb4aa44fc16a56de06cf2ad21551a6467092337dcc83b2aa101edab4f670d828" "/opt/rustwide/cargo-home/bin/cargo" "+1.99.0-beta.8" "build" "--frozen" "--message-format=json" "--release", kill_on_drop: false }`
[INFO] [stderr]    Compiling proc-macro2 v1.0.103
[INFO] [stderr]    Compiling glob v0.3.3
[INFO] [stderr]    Compiling quote v1.0.42
[INFO] [stderr]    Compiling unicode-ident v1.0.22
[INFO] [stderr]    Compiling prettyplease v0.2.37
[INFO] [stderr]    Compiling libc v0.2.178
[INFO] [stderr]    Compiling regex-syntax v0.8.8
[INFO] [stderr]    Compiling memchr v2.7.6
[INFO] [stderr]    Compiling either v1.15.0
[INFO] [stderr]    Compiling bindgen v0.71.1
[INFO] [stderr]    Compiling bitflags v2.10.0
[INFO] [stderr]    Compiling log v0.4.29
[INFO] [stderr]    Compiling rustc-hash v2.1.1
[INFO] [stderr]    Compiling libloading v0.8.9
[INFO] [stderr]    Compiling find-msvc-tools v0.1.5
[INFO] [stderr]    Compiling cc v1.2.50
[INFO] [stderr]    Compiling itertools v0.13.0
[INFO] [stderr]    Compiling clang-sys v1.8.1
[INFO] [stderr]    Compiling nom v7.1.3
[INFO] [stderr]    Compiling syn v2.0.111
[INFO] [stderr]    Compiling regex-automata v0.4.13
[INFO] [stderr]    Compiling cexpr v0.6.0
[INFO] [stderr]    Compiling regex v1.12.2
[INFO] [stderr]    Compiling mquickjs-sys v0.2.0 (/opt/rustwide/workdir)
[INFO] [stderr] error: failed to run custom build command for `mquickjs-sys v0.2.0 (/opt/rustwide/workdir)`
[INFO] [stderr] note: To improve backtraces for build dependencies, set the CARGO_PROFILE_RELEASE_BUILD_OVERRIDE_DEBUG=true environment variable to enable debug information generation.
[INFO] [stderr] 
[INFO] [stderr] Caused by:
[INFO] [stderr]   process didn't exit successfully: `/opt/rustwide/target/release/build/mquickjs-sys-6434ccc26ab902a5/build-script-build` (exit status: 101)
[INFO] [stderr]   --- stdout
[INFO] [stderr]   cargo:rerun-if-changed=/opt/rustwide/workdir/vendor/mquickjs/mquickjs.c
[INFO] [stderr]   cargo:rerun-if-changed=/opt/rustwide/workdir/vendor/mquickjs/cutils.c
[INFO] [stderr]   cargo:rerun-if-changed=/opt/rustwide/workdir/vendor/mquickjs/dtoa.c
[INFO] [stderr]   cargo:rerun-if-changed=/opt/rustwide/workdir/vendor/mquickjs/libm.c
[INFO] [stderr]   cargo:rerun-if-changed=/opt/rustwide/workdir/vendor/mquickjs/mquickjs.h
[INFO] [stderr]   cargo:rerun-if-changed=/opt/rustwide/workdir/vendor/mquickjs/mquickjs_priv.h
[INFO] [stderr]   cargo:rerun-if-changed=/opt/rustwide/workdir/vendor/mquickjs/mquickjs_build.h
[INFO] [stderr]   cargo:rerun-if-changed=/opt/rustwide/workdir/vendor/mquickjs/cutils.h
[INFO] [stderr]   cargo:rerun-if-changed=/opt/rustwide/workdir/vendor/mquickjs/libm.h
[INFO] [stderr]   cargo:rerun-if-changed=/opt/rustwide/workdir/vendor/mquickjs/mqjs_stdlib.c
[INFO] [stderr]   cargo:rerun-if-changed=/opt/rustwide/workdir/vendor/mquickjs/mquickjs_build.c
[INFO] [stderr]   cargo:rerun-if-changed=/opt/rustwide/workdir/src/stdlib_stubs.c
[INFO] [stderr]   cargo:rerun-if-changed=/opt/rustwide/workdir/wrapper.h
[INFO] [stderr]   cargo:rustc-env=MQUICKJS_SYS_OUT_DIR=/opt/rustwide/target/release/build/mquickjs-sys-d4226370488cba61/out
[INFO] [stderr]   cargo:rustc-env=MQUICKJS_SYS_C_SOURCES=/opt/rustwide/workdir/vendor/mquickjs/mquickjs.c;/opt/rustwide/workdir/vendor/mquickjs/cutils.c;/opt/rustwide/workdir/vendor/mquickjs/dtoa.c;/opt/rustwide/workdir/vendor/mquickjs/libm.c
[INFO] [stderr]   OPT_LEVEL = Some(3)
[INFO] [stderr]   TARGET = Some(x86_64-unknown-linux-gnu)
[INFO] [stderr]   OUT_DIR = Some(/opt/rustwide/target/release/build/mquickjs-sys-d4226370488cba61/out)
[INFO] [stderr]   CARGO_ENCODED_RUSTFLAGS = Some(--cap-lints=warn)
[INFO] [stderr]   cargo:rerun-if-env-changed=CC_x86_64-unknown-linux-gnu
[INFO] [stderr]   CC_x86_64-unknown-linux-gnu = None
[INFO] [stderr]   cargo:rerun-if-env-changed=CC_x86_64_unknown_linux_gnu
[INFO] [stderr]   CC_x86_64_unknown_linux_gnu = None
[INFO] [stderr]   cargo:rerun-if-env-changed=HOST_CC
[INFO] [stderr]   HOST_CC = None
[INFO] [stderr]   cargo:rerun-if-env-changed=CC
[INFO] [stderr]   CC = None
[INFO] [stderr]   cargo:rerun-if-env-changed=CC_ENABLE_DEBUG_OUTPUT
[INFO] [stderr]   RUSTC_WRAPPER = None
[INFO] [stderr]   cargo:rerun-if-env-changed=CRATE_CC_NO_DEFAULTS
[INFO] [stderr]   CRATE_CC_NO_DEFAULTS = None
[INFO] [stderr]   DEBUG = Some(false)
[INFO] [stderr]   CARGO_CFG_TARGET_FEATURE = Some(fxsr,sse,sse2)
[INFO] [stderr]   cargo:rerun-if-env-changed=CFLAGS
[INFO] [stderr]   CFLAGS = None
[INFO] [stderr]   cargo:rerun-if-env-changed=HOST_CFLAGS
[INFO] [stderr]   HOST_CFLAGS = None
[INFO] [stderr]   cargo:rerun-if-env-changed=CFLAGS_x86_64_unknown_linux_gnu
[INFO] [stderr]   CFLAGS_x86_64_unknown_linux_gnu = None
[INFO] [stderr]   cargo:rerun-if-env-changed=CFLAGS_x86_64-unknown-linux-gnu
[INFO] [stderr]   CFLAGS_x86_64-unknown-linux-gnu = None
[INFO] [stderr]   TARGET = Some(x86_64-unknown-linux-gnu)
[INFO] [stderr]   OUT_DIR = Some(/opt/rustwide/target/release/build/mquickjs-sys-d4226370488cba61/out)
[INFO] [stderr]   cargo:rerun-if-env-changed=CC_ENABLE_DEBUG_OUTPUT
[INFO] [stderr]   cargo:rerun-if-env-changed=CRATE_CC_NO_DEFAULTS
[INFO] [stderr]   CRATE_CC_NO_DEFAULTS = None
[INFO] [stderr]   CARGO_CFG_TARGET_FEATURE = Some(fxsr,sse,sse2)
[INFO] [stderr]   cargo:rerun-if-env-changed=CFLAGS
[INFO] [stderr]   CFLAGS = None
[INFO] [stderr]   cargo:rerun-if-env-changed=HOST_CFLAGS
[INFO] [stderr]   HOST_CFLAGS = None
[INFO] [stderr]   cargo:rerun-if-env-changed=CFLAGS_x86_64_unknown_linux_gnu
[INFO] [stderr]   CFLAGS_x86_64_unknown_linux_gnu = None
[INFO] [stderr]   cargo:rerun-if-env-changed=CFLAGS_x86_64-unknown-linux-gnu
[INFO] [stderr]   CFLAGS_x86_64-unknown-linux-gnu = None
[INFO] [stderr]   TARGET = Some(x86_64-unknown-linux-gnu)
[INFO] [stderr]   OUT_DIR = Some(/opt/rustwide/target/release/build/mquickjs-sys-d4226370488cba61/out)
[INFO] [stderr]   cargo:rerun-if-env-changed=CC_ENABLE_DEBUG_OUTPUT
[INFO] [stderr]   cargo:rerun-if-env-changed=CRATE_CC_NO_DEFAULTS
[INFO] [stderr]   CRATE_CC_NO_DEFAULTS = None
[INFO] [stderr]   CARGO_CFG_TARGET_FEATURE = Some(fxsr,sse,sse2)
[INFO] [stderr]   cargo:rerun-if-env-changed=CFLAGS
[INFO] [stderr]   CFLAGS = None
[INFO] [stderr]   cargo:rerun-if-env-changed=HOST_CFLAGS
[INFO] [stderr]   HOST_CFLAGS = None
[INFO] [stderr]   cargo:rerun-if-env-changed=CFLAGS_x86_64_unknown_linux_gnu
[INFO] [stderr]   CFLAGS_x86_64_unknown_linux_gnu = None
[INFO] [stderr]   cargo:rerun-if-env-changed=CFLAGS_x86_64-unknown-linux-gnu
[INFO] [stderr]   CFLAGS_x86_64-unknown-linux-gnu = None
[INFO] [stderr] 
[INFO] [stderr]   --- stderr
[INFO] [stderr]   /opt/rustwide/workdir/vendor/mquickjs/mquickjs_build.c: In function 'add_atom':
[INFO] [stderr]   /opt/rustwide/workdir/vendor/mquickjs/mquickjs_build.c:222:14: error: implicit declaration of function 'strdup'; did you mean 'strcmp'? [-Wimplicit-function-declaration]
[INFO] [stderr]     222 |     e->str = strdup(str);
[INFO] [stderr]         |              ^~~~~~
[INFO] [stderr]         |              strcmp
[INFO] [stderr]   /opt/rustwide/workdir/vendor/mquickjs/mquickjs_build.c:222:12: error: assignment to 'char *' from 'int' makes pointer from integer without a cast [-Wint-conversion]
[INFO] [stderr]     222 |     e->str = strdup(str);
[INFO] [stderr]         |            ^
[INFO] [stderr]   /opt/rustwide/workdir/vendor/mquickjs/mquickjs_build.c: In function 'add_cfunc':
[INFO] [stderr]   /opt/rustwide/workdir/vendor/mquickjs/mquickjs_build.c:248:13: error: assignment to 'char *' from 'int' makes pointer from integer without a cast [-Wint-conversion]
[INFO] [stderr]     248 |     e->name = strdup(name);
[INFO] [stderr]         |             ^
[INFO] [stderr]   /opt/rustwide/workdir/vendor/mquickjs/mquickjs_build.c:249:14: error: assignment to 'char *' from 'int' makes pointer from integer without a cast [-Wint-conversion]
[INFO] [stderr]     249 |     e->magic = strdup(magic);
[INFO] [stderr]         |              ^
[INFO] [stderr]   /opt/rustwide/workdir/vendor/mquickjs/mquickjs_build.c:251:20: error: assignment to 'char *' from 'int' makes pointer from integer without a cast [-Wint-conversion]
[INFO] [stderr]     251 |     e->cproto_name = strdup(cproto_name);
[INFO] [stderr]         |                    ^
[INFO] [stderr]   /opt/rustwide/workdir/vendor/mquickjs/mquickjs_build.c:252:19: error: assignment to 'char *' from 'int' makes pointer from integer without a cast [-Wint-conversion]
[INFO] [stderr]     252 |     e->cfunc_name = strdup(cfunc_name);
[INFO] [stderr]         |                   ^
[INFO] [stderr]   /opt/rustwide/workdir/vendor/mquickjs/mquickjs_build.c: In function 'define_class':
[INFO] [stderr]   /opt/rustwide/workdir/vendor/mquickjs/mquickjs_build.c:682:21: error: assignment to 'char *' from 'int' makes pointer from integer without a cast [-Wint-conversion]
[INFO] [stderr]     682 |         e->class_id = strdup(d->class_id);
[INFO] [stderr]         |                     ^
[INFO] [stderr]   /opt/rustwide/workdir/vendor/mquickjs/mquickjs_build.c:683:27: error: assignment to 'char *' from 'int' makes pointer from integer without a cast [-Wint-conversion]
[INFO] [stderr]     683 |         e->finalizer_name = strdup(d->finalizer_name);
[INFO] [stderr]         |                           ^
[INFO] [stderr] 
[INFO] [stderr]   thread 'main' (531) panicked at build.rs:44:9:
[INFO] [stderr]   mqjs_stdlib build failed with status exit status: 1
[INFO] [stderr]   stack backtrace:
[INFO] [stderr]      0:     0x634eaec32a91 - <<std[70759c8f55707aa4]::sys::backtrace::BacktraceLock>::print::DisplayBacktrace as core[df12db4294e9bfd3]::fmt::Display>::fmt
[INFO] [stderr]      1:     0x634eaec4ad6a - core[df12db4294e9bfd3]::fmt::write
[INFO] [stderr]      2:     0x634eaec38f1c - <std[70759c8f55707aa4]::sys::stdio::unix::Stderr as core[df12db4294e9bfd3]::io::write::Write>::write_fmt
[INFO] [stderr]      3:     0x634eaec0efd6 - std[70759c8f55707aa4]::panicking::default_hook::{closure#0}
[INFO] [stderr]      4:     0x634eaec2c241 - std[70759c8f55707aa4]::panicking::default_hook
[INFO] [stderr]      5:     0x634eaec2c56b - std[70759c8f55707aa4]::panicking::panic_with_hook
[INFO] [stderr]      6:     0x634eaec0f082 - std[70759c8f55707aa4]::panicking::panic_handler::{closure#0}
[INFO] [stderr]      7:     0x634eaec07ba9 - std[70759c8f55707aa4]::sys::backtrace::__rust_end_short_backtrace::<std[70759c8f55707aa4]::panicking::panic_handler::{closure#0}, !>
[INFO] [stderr]      8:     0x634eaec0f98d - __rustc[8fa7c3cbc660c2b3]::rust_begin_unwind
[INFO] [stderr]      9:     0x634eaec4b58c - core[df12db4294e9bfd3]::panicking::panic_fmt
[INFO] [stderr]     10:     0x634eae6b3be9 - build_script_build[75429190123cb5ac]::build_mqjs_stdlib
[INFO] [stderr]     11:     0x634eae6b51a5 - build_script_build[75429190123cb5ac]::main
[INFO] [stderr]     12:     0x634eae6b7bd3 - <fn() as core[df12db4294e9bfd3]::ops::function::FnOnce<()>>::call_once
[INFO] [stderr]     13:     0x634eae6b2f2e - std[70759c8f55707aa4]::sys::backtrace::__rust_begin_short_backtrace::<fn(), ()>
[INFO] [stderr]     14:     0x634eae6b3149 - std[70759c8f55707aa4]::rt::lang_start::<()>::{closure#0}
[INFO] [stderr]     15:     0x634eaec2b4f9 - std[70759c8f55707aa4]::rt::lang_start_internal
[INFO] [stderr]     16:     0x634eae6b2d61 - std[70759c8f55707aa4]::rt::lang_start::<()>
[INFO] [stderr]     17:     0x634eae6b7e45 - main
[INFO] [stderr]     18:     0x7866a6280601 - <unknown>
[INFO] [stderr]     19:     0x7866a6280718 - __libc_start_main
[INFO] [stderr]     20:     0x634eae6b1b95 - _start
[INFO] [stderr]     21:                0x0 - <unknown>
[INFO] running `Command { std: "docker" "inspect" "fb4aa44fc16a56de06cf2ad21551a6467092337dcc83b2aa101edab4f670d828", kill_on_drop: false }`
[INFO] running `Command { std: "docker" "rm" "-f" "fb4aa44fc16a56de06cf2ad21551a6467092337dcc83b2aa101edab4f670d828", kill_on_drop: false }`
[INFO] [stdout] fb4aa44fc16a56de06cf2ad21551a6467092337dcc83b2aa101edab4f670d828
