[INFO] fetching crate mqtt-client-cli 0.4.0...
[INFO] testing mqtt-client-cli-0.4.0 against 1.100.0-beta.1+cargoflags=--release for beta-release-1.100-2
[INFO] extracting crate mqtt-client-cli 0.4.0 into /workspace/builds/worker-3-tc2/source
[INFO] started tweaking crates.io crate mqtt-client-cli 0.4.0
[INFO] finished tweaking crates.io crate mqtt-client-cli 0.4.0
[INFO] tweaked toml for crates.io crate mqtt-client-cli 0.4.0 written to /workspace/builds/worker-3-tc2/source/Cargo.toml
[INFO] validating manifest of crates.io crate mqtt-client-cli 0.4.0 on toolchain 1.100.0-beta.1
[INFO] running `Command { std: CARGO_HOME="/workspace/cargo-home" RUSTUP_HOME="/workspace/rustup-home" "/workspace/cargo-home/bin/cargo" "+1.100.0-beta.1" "metadata" "--manifest-path" "Cargo.toml" "--no-deps", kill_on_drop: false }`
[INFO] crate crates.io crate mqtt-client-cli 0.4.0 already has a lockfile, it will not be regenerated
[INFO] running `Command { std: CARGO_HOME="/workspace/cargo-home" RUSTUP_HOME="/workspace/rustup-home" "/workspace/cargo-home/bin/cargo" "+1.100.0-beta.1" "fetch" "--manifest-path" "Cargo.toml", kill_on_drop: false }`
[INFO] running `Command { std: "docker" "create" "-v" "/var/lib/crater-agent-workspace/builds/worker-3-tc2/source:/opt/rustwide/workdir:ro,Z" "-v" "/var/lib/crater-agent-workspace/builds/worker-3-tc2/target:/opt/rustwide/target:rw,Z" "-v" "/var/lib/crater-agent-workspace/cargo-home:/opt/rustwide/cargo-home:ro,Z" "-v" "/var/lib/crater-agent-workspace/rustup-home:/opt/rustwide/rustup-home:ro,Z" "-m" "1610612736" "--network" "none" "ghcr.io/rust-lang/crates-build-env/linux@sha256:77db811e55d90add9212f6832c23229e3de5f1c1f9905e8cb07319ea15df73ac" "sleep" "infinity", kill_on_drop: false }`
[INFO] [stdout] 4d7943795304aab8ff72f169e0c91ac6841da4914834cba50d6a71231965ed5a
[INFO] running `Command { std: "docker" "start" "4d7943795304aab8ff72f169e0c91ac6841da4914834cba50d6a71231965ed5a", kill_on_drop: false }`
[INFO] running `Command { std: "docker" "inspect" "4d7943795304aab8ff72f169e0c91ac6841da4914834cba50d6a71231965ed5a", kill_on_drop: false }`
[INFO] running `Command { std: "docker" "exec" "-e" "SOURCE_DIR=/opt/rustwide/workdir" "-e" "CARGO_HOME=/opt/rustwide/cargo-home" "-e" "RUSTUP_HOME=/opt/rustwide/rustup-home" "-e" "CARGO_TARGET_DIR=/opt/rustwide/target" "-w" "/opt/rustwide/workdir" "--user" "0:0" "4d7943795304aab8ff72f169e0c91ac6841da4914834cba50d6a71231965ed5a" "/opt/rustwide/cargo-home/bin/cargo" "+1.100.0-beta.1" "metadata" "--no-deps" "--format-version=1", kill_on_drop: false }`
[INFO] running `Command { std: "docker" "inspect" "4d7943795304aab8ff72f169e0c91ac6841da4914834cba50d6a71231965ed5a", kill_on_drop: false }`
[INFO] running `Command { std: "docker" "exec" "-e" "SOURCE_DIR=/opt/rustwide/workdir" "-e" "CARGO_HOME=/opt/rustwide/cargo-home" "-e" "RUSTUP_HOME=/opt/rustwide/rustup-home" "-e" "CARGO_TARGET_DIR=/opt/rustwide/target" "-e" "CARGO_INCREMENTAL=0" "-e" "RUST_BACKTRACE=full" "-e" "RUSTFLAGS=--cap-lints=warn" "-e" "RUSTDOCFLAGS=--cap-lints=warn" "-w" "/opt/rustwide/workdir" "--user" "0:0" "4d7943795304aab8ff72f169e0c91ac6841da4914834cba50d6a71231965ed5a" "/opt/rustwide/cargo-home/bin/cargo" "+1.100.0-beta.1" "build" "--frozen" "--message-format=json" "--release", kill_on_drop: false }`
[INFO] [stderr]    Compiling proc-macro2 v1.0.93
[INFO] [stderr]    Compiling unicode-ident v1.0.14
[INFO] [stderr]    Compiling autocfg v1.4.0
[INFO] [stderr]    Compiling libc v0.2.169
[INFO] [stderr]    Compiling shlex v1.3.0
[INFO] [stderr]    Compiling futures-core v0.3.31
[INFO] [stderr]    Compiling pin-project-lite v0.2.16
[INFO] [stderr]    Compiling memchr v2.7.4
[INFO] [stderr]    Compiling futures-sink v0.3.31
[INFO] [stderr]    Compiling pin-utils v0.1.0
[INFO] [stderr]    Compiling itoa v1.0.14
[INFO] [stderr]    Compiling futures-task v0.3.31
[INFO] [stderr]    Compiling futures-io v0.3.31
[INFO] [stderr]    Compiling bytes v1.9.0
[INFO] [stderr]    Compiling parking_lot_core v0.9.10
[INFO] [stderr]    Compiling fnv v1.0.7
[INFO] [stderr]    Compiling scopeguard v1.2.0
[INFO] [stderr]    Compiling smallvec v1.13.2
[INFO] [stderr]    Compiling cfg-if v1.0.0
[INFO] [stderr]    Compiling vcpkg v0.2.15
[INFO] [stderr]    Compiling pkg-config v0.3.31
[INFO] [stderr]    Compiling futures-channel v0.3.31
[INFO] [stderr]    Compiling serde v1.0.217
[INFO] [stderr]    Compiling crossbeam-utils v0.8.21
[INFO] [stderr]    Compiling log v0.4.25
[INFO] [stderr]    Compiling cc v1.2.10
[INFO] [stderr]    Compiling httparse v1.9.5
[INFO] [stderr]    Compiling once_cell v1.20.2
[INFO] [stderr]    Compiling utf8parse v0.2.2
[INFO] [stderr]    Compiling rustversion v1.0.19
[INFO] [stderr]    Compiling tracing-core v0.1.33
[INFO] [stderr]    Compiling tower-service v0.3.3
[INFO] [stderr]    Compiling anstyle-parse v0.2.6
[INFO] [stderr]    Compiling anstyle v1.0.10
[INFO] [stderr]    Compiling thiserror v1.0.69
[INFO] [stderr]    Compiling sync_wrapper v1.0.2
[INFO] [stderr]    Compiling slab v0.4.9
[INFO] [stderr]    Compiling lock_api v0.4.12
[INFO] [stderr]    Compiling httpdate v1.0.3
[INFO] [stderr]    Compiling anstyle-query v1.1.2
[INFO] [stderr]    Compiling ryu v1.0.18
[INFO] [stderr]    Compiling percent-encoding v2.3.1
[INFO] [stderr]    Compiling colorchoice v1.0.3
[INFO] [stderr]    Compiling is_terminal_polyfill v1.70.1
[INFO] [stderr]    Compiling serde_json v1.0.137
[INFO] [stderr]    Compiling tower-layer v0.3.3
[INFO] [stderr]    Compiling anstream v0.6.18
[INFO] [stderr]    Compiling http v1.2.0
[INFO] [stderr]    Compiling mio v1.0.3
[INFO] [stderr]    Compiling socket2 v0.5.8
[INFO] [stderr]    Compiling signal-hook-registry v1.4.2
[INFO] [stderr]    Compiling form_urlencoded v1.2.1
[INFO] [stderr]    Compiling event-listener v2.5.3
[INFO] [stderr]    Compiling strsim v0.11.1
[INFO] [stderr]    Compiling tracing v0.1.41
[INFO] [stderr]    Compiling heck v0.5.0
[INFO] [stderr]    Compiling quote v1.0.38
[INFO] [stderr]    Compiling parking_lot v0.12.3
[INFO] [stderr]    Compiling clap_lex v0.7.4
[INFO] [stderr]    Compiling mime v0.3.17
[INFO] [stderr]    Compiling clap_builder v4.5.27
[INFO] [stderr]    Compiling futures-timer v3.0.3
[INFO] [stderr]    Compiling syn v2.0.96
[INFO] [stderr]    Compiling matchit v0.8.4
[INFO] [stderr]    Compiling colored v3.0.0
[INFO] [stderr]    Compiling cmake v0.1.52
[INFO] [stderr]    Compiling concurrent-queue v2.5.0
[INFO] [stderr]    Compiling crossbeam-channel v0.5.14
[INFO] [stderr]    Compiling async-channel v1.9.0
[INFO] [stderr]    Compiling openssl-sys v0.9.104
[INFO] [stderr]    Compiling libmimalloc-sys v0.1.39
[INFO] [stderr]    Compiling paho-mqtt-sys v0.10.1
[INFO] [stderr]    Compiling http-body v1.0.1
[INFO] [stderr] error: failed to run custom build command for `paho-mqtt-sys v0.10.1`
[INFO] [stderr] note: To improve backtraces for build dependencies, set the CARGO_PROFILE_RELEASE_BUILD_OVERRIDE_DEBUG=true environment variable to enable debug information generation.
[INFO] [stderr] 
[INFO] [stderr] Caused by:
[INFO] [stderr]   process didn't exit successfully: `/opt/rustwide/target/release/build/paho-mqtt-sys/878cd996ac1b459b/out/build_script_build` (exit status: 101)
[INFO] [stderr]   --- stdout
[INFO] [stderr]   debug:Running the bundled build for Paho C
[INFO] [stderr]   cargo:rerun-if-changed=build.rs
[INFO] [stderr]   CMAKE_TOOLCHAIN_FILE_x86_64-unknown-linux-gnu = None
[INFO] [stderr]   CMAKE_TOOLCHAIN_FILE_x86_64_unknown_linux_gnu = None
[INFO] [stderr]   HOST_CMAKE_TOOLCHAIN_FILE = None
[INFO] [stderr]   CMAKE_TOOLCHAIN_FILE = None
[INFO] [stderr]   CMAKE_GENERATOR_x86_64-unknown-linux-gnu = None
[INFO] [stderr]   CMAKE_GENERATOR_x86_64_unknown_linux_gnu = None
[INFO] [stderr]   HOST_CMAKE_GENERATOR = None
[INFO] [stderr]   CMAKE_GENERATOR = None
[INFO] [stderr]   CMAKE_PREFIX_PATH_x86_64-unknown-linux-gnu = None
[INFO] [stderr]   CMAKE_PREFIX_PATH_x86_64_unknown_linux_gnu = None
[INFO] [stderr]   HOST_CMAKE_PREFIX_PATH = None
[INFO] [stderr]   CMAKE_PREFIX_PATH = None
[INFO] [stderr]   CMAKE_x86_64-unknown-linux-gnu = None
[INFO] [stderr]   CMAKE_x86_64_unknown_linux_gnu = None
[INFO] [stderr]   HOST_CMAKE = None
[INFO] [stderr]   CMAKE = None
[INFO] [stderr]   running: cd "/opt/rustwide/target/release/build/paho-mqtt-sys/defe6154fdca482c/out/build" && CMAKE_PREFIX_PATH="" LC_ALL="C" "cmake" "/opt/rustwide/cargo-home/registry/src/index.crates.io-1949cf8c6b5b557f/paho-mqtt-sys-0.10.1/paho.mqtt.c/" "-DPAHO_BUILD_SHARED=off" "-DPAHO_BUILD_STATIC=on" "-DPAHO_ENABLE_TESTING=off" "-DPAHO_HIGH_PERFORMANCE=on" "-DPAHO_WITH_SSL=on" "-DPAHO_WITH_UNIX_SOCKETS=on" "-DOPENSSL_ROOT_DIR=/usr" "-DCMAKE_INSTALL_PREFIX=/opt/rustwide/target/release/build/paho-mqtt-sys/defe6154fdca482c/out" "-DCMAKE_C_FLAGS= -ffunction-sections -fdata-sections -fPIC -m64" "-DCMAKE_C_COMPILER=/usr/bin/cc" "-DCMAKE_CXX_FLAGS= -ffunction-sections -fdata-sections -fPIC -m64" "-DCMAKE_CXX_COMPILER=/usr/bin/c++" "-DCMAKE_ASM_FLAGS= -ffunction-sections -fdata-sections -fPIC -m64" "-DCMAKE_ASM_COMPILER=/usr/bin/cc" "-DCMAKE_BUILD_TYPE=Release"
[INFO] [stderr]   -- The C compiler identification is GNU 15.2.0
[INFO] [stderr]   -- Detecting C compiler ABI info
[INFO] [stderr]   -- Detecting C compiler ABI info - done
[INFO] [stderr]   -- Check for working C compiler: /usr/bin/cc - skipped
[INFO] [stderr]   -- Detecting C compile features
[INFO] [stderr]   -- Detecting C compile features - done
[INFO] [stderr]   -- CMake version: 4.2.3
[INFO] [stderr]   -- CMake system name: Linux
[INFO] [stderr]   -- Timestamp is 2026-10-18T11:51:11Z
[INFO] [stderr]   -- Found OpenSSL: /usr/lib/x86_64-linux-gnu/libcrypto.so (found version "3.5.5")
[INFO] [stderr]   -- Using OpenSSL with headers at /usr/include
[INFO] [stderr]   -- Configuring done (1.3s)
[INFO] [stderr]   -- Generating done (0.1s)
[INFO] [stderr]   -- Build files have been written to: /opt/rustwide/target/release/build/paho-mqtt-sys/defe6154fdca482c/out/build
[INFO] [stderr]   running: cd "/opt/rustwide/target/release/build/paho-mqtt-sys/defe6154fdca482c/out/build" && LC_ALL="C" MAKEFLAGS="-j --jobserver-fds=4,5 --jobserver-auth=4,5" "cmake" "--build" "/opt/rustwide/target/release/build/paho-mqtt-sys/defe6154fdca482c/out/build" "--target" "install" "--config" "Release"
[INFO] [stderr]   [  1%] Building C object src/CMakeFiles/common_ssl_obj_static.dir/MQTTTime.c.o
[INFO] [stderr]   [  3%] Building C object src/CMakeFiles/common_ssl_obj_static.dir/MQTTPacketOut.c.o
[INFO] [stderr]   [  5%] Building C object src/CMakeFiles/common_ssl_obj_static.dir/Messages.c.o
[INFO] [stderr]   [  7%] Building C object src/CMakeFiles/common_ssl_obj_static.dir/Log.c.o
[INFO] [stderr]   [  8%] Building C object src/CMakeFiles/common_ssl_obj_static.dir/MQTTPacket.c.o
[INFO] [stderr]   [ 10%] Building C object src/CMakeFiles/common_ssl_obj_static.dir/Clients.c.o
[INFO] [stderr]   [ 12%] Building C object src/CMakeFiles/common_ssl_obj_static.dir/MQTTProtocolClient.c.o
[INFO] [stderr]   [ 14%] Building C object src/CMakeFiles/common_ssl_obj_static.dir/Socket.c.o
[INFO] [stderr]   [ 16%] Building C object src/CMakeFiles/common_ssl_obj_static.dir/Tree.c.o
[INFO] [stderr]   [ 17%] Building C object src/CMakeFiles/common_ssl_obj_static.dir/utf-8.c.o
[INFO] [stderr]   [ 19%] Building C object src/CMakeFiles/common_ssl_obj_static.dir/MQTTPersistence.c.o
[INFO] [stderr]   [ 21%] Building C object src/CMakeFiles/common_obj_static.dir/MQTTTime.c.o
[INFO] [stderr]   [ 23%] Building C object src/CMakeFiles/common_obj_static.dir/MQTTProtocolClient.c.o
[INFO] [stderr]   [ 25%] Building C object src/CMakeFiles/common_obj_static.dir/utf-8.c.o
[INFO] [stderr]   [ 26%] Building C object src/CMakeFiles/common_obj_static.dir/MQTTPacket.c.o
[INFO] [stderr]   [ 28%] Building C object src/CMakeFiles/common_obj_static.dir/Clients.c.o
[INFO] [stderr] 
[INFO] [stderr]   --- stderr
[INFO] [stderr]   fatal: not a git repository (or any parent up to mount point /opt/rustwide)
[INFO] [stderr]   Stopping at filesystem boundary (GIT_DISCOVERY_ACROSS_FILESYSTEM not set).
[INFO] [stderr]   CMake Deprecation Warning at CMakeLists.txt:18 (cmake_minimum_required):
[INFO] [stderr]     Compatibility with CMake < 3.10 will be removed from a future version of
[INFO] [stderr]     CMake.
[INFO] [stderr] 
[INFO] [stderr]     Update the VERSION argument <min> value.  Or, use the <min>...<max> syntax
[INFO] [stderr]     to tell CMake that the project requires at least <min> but has been updated
[INFO] [stderr]     to work with policies introduced by <max> or earlier.
[INFO] [stderr] 
[INFO] [stderr] 
[INFO] [stderr]   CMake Warning:
[INFO] [stderr]     Manually-specified variables were not used by the project:
[INFO] [stderr] 
[INFO] [stderr]       CMAKE_ASM_COMPILER
[INFO] [stderr]       CMAKE_ASM_FLAGS
[INFO] [stderr]       CMAKE_CXX_COMPILER
[INFO] [stderr]       CMAKE_CXX_FLAGS
[INFO] [stderr] 
[INFO] [stderr] 
[INFO] [stderr]   In file included from /opt/rustwide/cargo-home/registry/src/index.crates.io-1949cf8c6b5b557f/paho-mqtt-sys-0.10.1/paho.mqtt.c/src/MQTTPacket.c:28:
[INFO] [stderr]   /opt/rustwide/cargo-home/registry/src/index.crates.io-1949cf8c6b5b557f/paho-mqtt-sys-0.10.1/paho.mqtt.c/src/MQTTPacket.h:31:22: error: 'bool' cannot be defined via 'typedef'
[INFO] [stderr]      31 | typedef unsigned int bool;
[INFO] [stderr]         |                      ^~~~
[INFO] [stderr]   /opt/rustwide/cargo-home/registry/src/index.crates.io-1949cf8c6b5b557f/paho-mqtt-sys-0.10.1/paho.mqtt.c/src/MQTTPacket.h:31:22: note: 'bool' is a keyword with '-std=c23' onwards
[INFO] [stderr]   /opt/rustwide/cargo-home/registry/src/index.crates.io-1949cf8c6b5b557f/paho-mqtt-sys-0.10.1/paho.mqtt.c/src/MQTTPacket.h:31:1: warning: useless type name in empty declaration
[INFO] [stderr]      31 | typedef unsigned int bool;
[INFO] [stderr]         | ^~~~~~~
[INFO] [stderr]   In file included from /opt/rustwide/cargo-home/registry/src/index.crates.io-1949cf8c6b5b557f/paho-mqtt-sys-0.10.1/paho.mqtt.c/src/MQTTProtocolClient.h:25,
[INFO] [stderr]                    from /opt/rustwide/cargo-home/registry/src/index.crates.io-1949cf8c6b5b557f/paho-mqtt-sys-0.10.1/paho.mqtt.c/src/MQTTProtocolClient.c:35:
[INFO] [stderr]   /opt/rustwide/cargo-home/registry/src/index.crates.io-1949cf8c6b5b557f/paho-mqtt-sys-0.10.1/paho.mqtt.c/src/MQTTPacket.h:31:22: error: 'bool' cannot be defined via 'typedef'
[INFO] [stderr]      31 | typedef unsigned int bool;
[INFO] [stderr]         |                      ^~~~
[INFO] [stderr]   /opt/rustwide/cargo-home/registry/src/index.crates.io-1949cf8c6b5b557f/paho-mqtt-sys-0.10.1/paho.mqtt.c/src/MQTTPacket.h:31:22: note: 'bool' is a keyword with '-std=c23' onwards
[INFO] [stderr]   /opt/rustwide/cargo-home/registry/src/index.crates.io-1949cf8c6b5b557f/paho-mqtt-sys-0.10.1/paho.mqtt.c/src/MQTTPacket.h:31:1: warning: useless type name in empty declaration
[INFO] [stderr]      31 | typedef unsigned int bool;
[INFO] [stderr]         | ^~~~~~~
[INFO] [stderr]   gmake[2]: *** [src/CMakeFiles/common_ssl_obj_static.dir/build.make:93: src/CMakeFiles/common_ssl_obj_static.dir/MQTTProtocolClient.c.o] Error 1
[INFO] [stderr]   gmake[2]: *** Waiting for unfinished jobs....
[INFO] [stderr]   In file included from /opt/rustwide/cargo-home/registry/src/index.crates.io-1949cf8c6b5b557f/paho-mqtt-sys-0.10.1/paho.mqtt.c/src/MQTTProtocolClient.h:25,
[INFO] [stderr]                    from /opt/rustwide/cargo-home/registry/src/index.crates.io-1949cf8c6b5b557f/paho-mqtt-sys-0.10.1/paho.mqtt.c/src/MQTTProtocolClient.c:35:
[INFO] [stderr]   /opt/rustwide/cargo-home/registry/src/index.crates.io-1949cf8c6b5b557f/paho-mqtt-sys-0.10.1/paho.mqtt.c/src/MQTTPacket.h:31:22: error: 'bool' cannot be defined via 'typedef'
[INFO] [stderr]      31 | typedef unsigned int bool;
[INFO] [stderr]         |                      ^~~~
[INFO] [stderr]   /opt/rustwide/cargo-home/registry/src/index.crates.io-1949cf8c6b5b557f/paho-mqtt-sys-0.10.1/paho.mqtt.c/src/MQTTPacket.h:31:22: note: 'bool' is a keyword with '-std=c23' onwards
[INFO] [stderr]   /opt/rustwide/cargo-home/registry/src/index.crates.io-1949cf8c6b5b557f/paho-mqtt-sys-0.10.1/paho.mqtt.c/src/MQTTPacket.h:31:1: warning: useless type name in empty declaration
[INFO] [stderr]      31 | typedef unsigned int bool;
[INFO] [stderr]         | ^~~~~~~
[INFO] [stderr]   gmake[2]: *** [src/CMakeFiles/common_obj_static.dir/build.make:93: src/CMakeFiles/common_obj_static.dir/MQTTProtocolClient.c.o] Error 1
[INFO] [stderr]   gmake[2]: *** Waiting for unfinished jobs....
[INFO] [stderr]   In file included from /opt/rustwide/cargo-home/registry/src/index.crates.io-1949cf8c6b5b557f/paho-mqtt-sys-0.10.1/paho.mqtt.c/src/Log.c:27:
[INFO] [stderr]   /opt/rustwide/cargo-home/registry/src/index.crates.io-1949cf8c6b5b557f/paho-mqtt-sys-0.10.1/paho.mqtt.c/src/MQTTPacket.h:31:22: error: 'bool' cannot be defined via 'typedef'
[INFO] [stderr]      31 | typedef unsigned int bool;
[INFO] [stderr]         |                      ^~~~
[INFO] [stderr]   /opt/rustwide/cargo-home/registry/src/index.crates.io-1949cf8c6b5b557f/paho-mqtt-sys-0.10.1/paho.mqtt.c/src/MQTTPacket.h:31:22: note: 'bool' is a keyword with '-std=c23' onwards
[INFO] [stderr]   /opt/rustwide/cargo-home/registry/src/index.crates.io-1949cf8c6b5b557f/paho-mqtt-sys-0.10.1/paho.mqtt.c/src/MQTTPacket.h:31:1: warning: useless type name in empty declaration
[INFO] [stderr]      31 | typedef unsigned int bool;
[INFO] [stderr]         | ^~~~~~~
[INFO] [stderr]   gmake[2]: *** [src/CMakeFiles/common_ssl_obj_static.dir/build.make:135: src/CMakeFiles/common_ssl_obj_static.dir/MQTTPacket.c.o] Error 1
[INFO] [stderr]   gmake[2]: *** [src/CMakeFiles/common_ssl_obj_static.dir/build.make:205: src/CMakeFiles/common_ssl_obj_static.dir/Log.c.o] Error 1
[INFO] [stderr]   In file included from /opt/rustwide/cargo-home/registry/src/index.crates.io-1949cf8c6b5b557f/paho-mqtt-sys-0.10.1/paho.mqtt.c/src/MQTTPacket.c:28:
[INFO] [stderr]   /opt/rustwide/cargo-home/registry/src/index.crates.io-1949cf8c6b5b557f/paho-mqtt-sys-0.10.1/paho.mqtt.c/src/MQTTPacket.h:31:22: error: 'bool' cannot be defined via 'typedef'
[INFO] [stderr]      31 | typedef unsigned int bool;
[INFO] [stderr]         |                      ^~~~
[INFO] [stderr]   /opt/rustwide/cargo-home/registry/src/index.crates.io-1949cf8c6b5b557f/paho-mqtt-sys-0.10.1/paho.mqtt.c/src/MQTTPacket.h:31:22: note: 'bool' is a keyword with '-std=c23' onwards
[INFO] [stderr]   /opt/rustwide/cargo-home/registry/src/index.crates.io-1949cf8c6b5b557f/paho-mqtt-sys-0.10.1/paho.mqtt.c/src/MQTTPacket.h:31:1: warning: useless type name in empty declaration
[INFO] [stderr]      31 | typedef unsigned int bool;
[INFO] [stderr]         | ^~~~~~~
[INFO] [stderr]   gmake[2]: *** [src/CMakeFiles/common_obj_static.dir/build.make:135: src/CMakeFiles/common_obj_static.dir/MQTTPacket.c.o] Error 1
[INFO] [stderr]   gmake[1]: *** [CMakeFiles/Makefile2:125: src/CMakeFiles/common_obj_static.dir/all] Error 2
[INFO] [stderr]   gmake[1]: *** Waiting for unfinished jobs....
[INFO] [stderr]   In file included from /opt/rustwide/cargo-home/registry/src/index.crates.io-1949cf8c6b5b557f/paho-mqtt-sys-0.10.1/paho.mqtt.c/src/MQTTPacketOut.h:23,
[INFO] [stderr]                    from /opt/rustwide/cargo-home/registry/src/index.crates.io-1949cf8c6b5b557f/paho-mqtt-sys-0.10.1/paho.mqtt.c/src/MQTTPacketOut.c:30:
[INFO] [stderr]   /opt/rustwide/cargo-home/registry/src/index.crates.io-1949cf8c6b5b557f/paho-mqtt-sys-0.10.1/paho.mqtt.c/src/MQTTPacket.h:31:22: error: 'bool' cannot be defined via 'typedef'
[INFO] [stderr]      31 | typedef unsigned int bool;
[INFO] [stderr]         |                      ^~~~
[INFO] [stderr]   /opt/rustwide/cargo-home/registry/src/index.crates.io-1949cf8c6b5b557f/paho-mqtt-sys-0.10.1/paho.mqtt.c/src/MQTTPacket.h:31:22: note: 'bool' is a keyword with '-std=c23' onwards
[INFO] [stderr]   /opt/rustwide/cargo-home/registry/src/index.crates.io-1949cf8c6b5b557f/paho-mqtt-sys-0.10.1/paho.mqtt.c/src/MQTTPacket.h:31:1: warning: useless type name in empty declaration
[INFO] [stderr]      31 | typedef unsigned int bool;
[INFO] [stderr]         | ^~~~~~~
[INFO] [stderr]   In file included from /opt/rustwide/cargo-home/registry/src/index.crates.io-1949cf8c6b5b557f/paho-mqtt-sys-0.10.1/paho.mqtt.c/src/MQTTProtocolClient.h:25,
[INFO] [stderr]                    from /opt/rustwide/cargo-home/registry/src/index.crates.io-1949cf8c6b5b557f/paho-mqtt-sys-0.10.1/paho.mqtt.c/src/MQTTPersistence.c:31:
[INFO] [stderr]   /opt/rustwide/cargo-home/registry/src/index.crates.io-1949cf8c6b5b557f/paho-mqtt-sys-0.10.1/paho.mqtt.c/src/MQTTPacket.h:31:22: error: 'bool' cannot be defined via 'typedef'
[INFO] [stderr]      31 | typedef unsigned int bool;
[INFO] [stderr]         |                      ^~~~
[INFO] [stderr]   /opt/rustwide/cargo-home/registry/src/index.crates.io-1949cf8c6b5b557f/paho-mqtt-sys-0.10.1/paho.mqtt.c/src/MQTTPacket.h:31:22: note: 'bool' is a keyword with '-std=c23' onwards
[INFO] [stderr]   /opt/rustwide/cargo-home/registry/src/index.crates.io-1949cf8c6b5b557f/paho-mqtt-sys-0.10.1/paho.mqtt.c/src/MQTTPacket.h:31:1: warning: useless type name in empty declaration
[INFO] [stderr]      31 | typedef unsigned int bool;
[INFO] [stderr]         | ^~~~~~~
[INFO] [stderr]   gmake[2]: *** [src/CMakeFiles/common_ssl_obj_static.dir/build.make:149: src/CMakeFiles/common_ssl_obj_static.dir/MQTTPacketOut.c.o] Error 1
[INFO] [stderr]   gmake[2]: *** [src/CMakeFiles/common_ssl_obj_static.dir/build.make:219: src/CMakeFiles/common_ssl_obj_static.dir/MQTTPersistence.c.o] Error 1
[INFO] [stderr]   gmake[1]: *** [CMakeFiles/Makefile2:221: src/CMakeFiles/common_ssl_obj_static.dir/all] Error 2
[INFO] [stderr]   gmake: *** [Makefile:156: all] Error 2
[INFO] [stderr] 
[INFO] [stderr]   thread 'main' (1003) panicked at /opt/rustwide/cargo-home/registry/src/index.crates.io-1949cf8c6b5b557f/cmake-0.1.52/src/lib.rs:1115:5:
[INFO] [stderr] 
[INFO] [stderr]   command did not execute successfully, got: exit status: 2
[INFO] [stderr] 
[INFO] [stderr]   build script failed, must exit now
[INFO] [stderr]   stack backtrace:
[INFO] [stderr]      0:     0x62c4bfb3e581 - <unknown>
[INFO] [stderr]      1:     0x62c4bfb5248a - <unknown>
[INFO] [stderr]      2:     0x62c4bfb43dac - <unknown>
[INFO] [stderr]      3:     0x62c4bfb1cfd6 - <unknown>
[INFO] [stderr]      4:     0x62c4bfb385d1 - <unknown>
[INFO] [stderr]      5:     0x62c4bfb3878b - <unknown>
[INFO] [stderr]      6:     0x62c4bfb1d082 - <unknown>
[INFO] [stderr]      7:     0x62c4bfb15cf9 - <unknown>
[INFO] [stderr]      8:     0x62c4bfb1d86d - <unknown>
[INFO] [stderr]      9:     0x62c4bfb52bfc - <unknown>
[INFO] [stderr]     10:     0x62c4bfab6ca7 - <unknown>
[INFO] [stderr]     11:     0x62c4bfab6933 - <unknown>
[INFO] [stderr]     12:     0x62c4bfabc87c - <unknown>
[INFO] [stderr]     13:     0x62c4bfaa8cad - <unknown>
[INFO] [stderr]     14:     0x62c4bfaa7df6 - <unknown>
[INFO] [stderr]     15:     0x62c4bfaaa6d3 - <unknown>
[INFO] [stderr]     16:     0x62c4bfaa7a06 - <unknown>
[INFO] [stderr]     17:     0x62c4bfaa7a19 - <unknown>
[INFO] [stderr]     18:     0x62c4bfb378d8 - <unknown>
[INFO] [stderr]     19:     0x62c4bfaa7581 - <unknown>
[INFO] [stderr]     20:     0x62c4bfaaa755 - <unknown>
[INFO] [stderr]     21:     0x7d022614c601 - <unknown>
[INFO] [stderr]     22:     0x7d022614c718 - __libc_start_main
[INFO] [stderr]     23:     0x62c4bfaa5e15 - <unknown>
[INFO] [stderr]     24:                0x0 - <unknown>
[INFO] [stderr] warning: build failed, waiting for other jobs to finish...
[INFO] running `Command { std: "docker" "inspect" "4d7943795304aab8ff72f169e0c91ac6841da4914834cba50d6a71231965ed5a", kill_on_drop: false }`
[INFO] running `Command { std: "docker" "rm" "-f" "4d7943795304aab8ff72f169e0c91ac6841da4914834cba50d6a71231965ed5a", kill_on_drop: false }`
[INFO] [stdout] 4d7943795304aab8ff72f169e0c91ac6841da4914834cba50d6a71231965ed5a
