[INFO] fetching crate mpr 0.4.2...
[INFO] testing mpr-0.4.2 against 1.99.0-beta.8+cargoflags=--release for beta-release-1.100-2
[INFO] extracting crate mpr 0.4.2 into /workspace/builds/worker-7-tc1/source
[INFO] started tweaking crates.io crate mpr 0.4.2
[INFO] finished tweaking crates.io crate mpr 0.4.2
[INFO] tweaked toml for crates.io crate mpr 0.4.2 written to /workspace/builds/worker-7-tc1/source/Cargo.toml
[INFO] validating manifest of crates.io crate mpr 0.4.2 on toolchain 1.99.0-beta.8
[INFO] running `Command { std: CARGO_HOME="/workspace/cargo-home" RUSTUP_HOME="/workspace/rustup-home" "/workspace/cargo-home/bin/cargo" "+1.99.0-beta.8" "metadata" "--manifest-path" "Cargo.toml" "--no-deps", kill_on_drop: false }`
[INFO] crate crates.io crate mpr 0.4.2 already has a lockfile, it will not be regenerated
[INFO] running `Command { std: CARGO_HOME="/workspace/cargo-home" RUSTUP_HOME="/workspace/rustup-home" "/workspace/cargo-home/bin/cargo" "+1.99.0-beta.8" "fetch" "--manifest-path" "Cargo.toml", kill_on_drop: false }`
[INFO] [stderr]     Updating crates.io index
[INFO] [stderr]  Downloading crates ...
[INFO] [stderr]   Downloaded fastrand v1.7.0
[INFO] [stderr]   Downloaded ryu v1.0.10
[INFO] [stderr]   Downloaded serde v1.0.139
[INFO] [stderr]   Downloaded scratch v1.0.1
[INFO] [stderr]   Downloaded redox_termios v0.1.2
[INFO] [stderr]   Downloaded numtoa v0.1.0
[INFO] [stderr]   Downloaded link-cplusplus v1.0.6
[INFO] [stderr]   Downloaded termsize v0.1.6
[INFO] [stderr]   Downloaded wasm-bindgen-futures v0.4.31
[INFO] [stderr]   Downloaded wasm-bindgen-macro v0.2.81
[INFO] [stderr]   Downloaded quit_macros v1.1.4
[INFO] [stderr]   Downloaded slab v0.4.6
[INFO] [stderr]   Downloaded futures-task v0.3.21
[INFO] [stderr]   Downloaded quit v1.1.4
[INFO] [stderr]   Downloaded edit v0.1.4
[INFO] [stderr]   Downloaded which v4.2.5
[INFO] [stderr]   Downloaded num_threads v0.1.6
[INFO] [stderr]   Downloaded line-wrap v0.1.1
[INFO] [stderr]   Downloaded clircle v0.3.0
[INFO] [stderr]   Downloaded either v1.7.0
[INFO] [stderr]   Downloaded wild v2.0.4
[INFO] [stderr]   Downloaded cxxbridge-flags v1.0.71
[INFO] [stderr]   Downloaded wasm-bindgen-shared v0.2.81
[INFO] [stderr]   Downloaded openssl-macros v0.1.0
[INFO] [stderr]   Downloaded futures-io v0.3.21
[INFO] [stderr]   Downloaded exitcode v1.1.2
[INFO] [stderr]   Downloaded redox_users v0.4.3
[INFO] [stderr]   Downloaded term_size v0.3.2
[INFO] [stderr]   Downloaded thiserror-impl v1.0.31
[INFO] [stderr]   Downloaded termion v1.5.6
[INFO] [stderr]   Downloaded jobserver v0.1.24
[INFO] [stderr]   Downloaded wasm-bindgen-backend v0.2.81
[INFO] [stderr]   Downloaded security-framework-sys v2.6.1
[INFO] [stderr]   Downloaded httparse v1.7.1
[INFO] [stderr]   Downloaded thiserror v1.0.31
[INFO] [stderr]   Downloaded os_str_bytes v6.1.0
[INFO] [stderr]   Downloaded semver v1.0.12
[INFO] [stderr]   Downloaded grep-cli v0.1.6
[INFO] [stderr]   Downloaded content_inspector v0.2.4
[INFO] [stderr]   Downloaded bytesize v1.1.0
[INFO] [stderr]   Downloaded bugreport v0.5.0
[INFO] [stderr]   Downloaded git-version v0.3.5
[INFO] [stderr]   Downloaded git-version-macro v0.3.5
[INFO] [stderr]   Downloaded rgb v0.8.33
[INFO] [stderr]   Downloaded wasm-bindgen-macro-support v0.2.81
[INFO] [stderr]   Downloaded futures-channel v0.3.21
[INFO] [stderr]   Downloaded glob v0.3.0
[INFO] [stderr]   Downloaded onig v6.3.2
[INFO] [stderr]   Downloaded globset v0.4.9
[INFO] [stderr]   Downloaded sys-info v0.9.1
[INFO] [stderr]   Downloaded ansi_colours v1.1.1
[INFO] [stderr]   Downloaded proc-macro2 v1.0.40
[INFO] [stderr]   Downloaded native-tls v0.2.10
[INFO] [stderr]   Downloaded ipnet v2.5.0
[INFO] [stderr]   Downloaded unicode-ident v1.0.1
[INFO] [stderr]   Downloaded rust-apt v0.3.0
[INFO] [stderr]   Downloaded schannel v0.1.20
[INFO] [stderr]   Downloaded plist v1.3.1
[INFO] [stderr]   Downloaded serde_yaml v0.8.25
[INFO] [stderr]   Downloaded bytemuck v1.10.0
[INFO] [stderr]   Downloaded serde_derive v1.0.139
[INFO] [stderr]   Downloaded cxxbridge-macro v1.0.71
[INFO] [stderr]   Downloaded openssl-sys v0.9.75
[INFO] [stderr]   Downloaded tracing-core v0.1.28
[INFO] [stderr]   Downloaded miniz_oxide v0.5.3
[INFO] [stderr]   Downloaded js-sys v0.3.58
[INFO] [stderr]   Downloaded tracing v0.1.35
[INFO] [stderr]   Downloaded flate2 v1.0.24
[INFO] [stderr]   Downloaded tokio-util v0.7.3
[INFO] [stderr]   Downloaded cxx-build v1.0.71
[INFO] [stderr]   Downloaded security-framework v2.6.1
[INFO] [stderr]   Downloaded http v0.2.8
[INFO] [stderr]   Downloaded hashbrown v0.12.2
[INFO] [stderr]   Downloaded futures-util v0.3.21
[INFO] [stderr]   Downloaded reqwest v0.11.11
[INFO] [stderr]   Downloaded wasm-bindgen v0.2.81
[INFO] [stderr]   Downloaded h2 v0.3.13
[INFO] [stderr]   Downloaded cxx v1.0.71
[INFO] [stderr]   Downloaded git2 v0.14.4
[INFO] [stderr]   Downloaded openssl v0.10.41
[INFO] [stderr]   Downloaded clap v3.2.8
[INFO] [stderr]   Downloaded tokio v1.19.2
[INFO] [stderr]   Downloaded web-sys v0.3.58
[INFO] [stderr]   Downloaded syntect v5.0.0
[INFO] [stderr]   Downloaded onig_sys v69.8.0
[INFO] [stderr]   Downloaded libgit2-sys v0.13.4+1.4.2
[INFO] [stderr]   Downloaded bat v0.21.0
[INFO] [stderr]   Downloaded libz-sys v1.1.8
[INFO] running `Command { std: "docker" "create" "-v" "/var/lib/crater-agent-workspace/builds/worker-7-tc1/source:/opt/rustwide/workdir:ro,Z" "-v" "/var/lib/crater-agent-workspace/builds/worker-7-tc1/target:/opt/rustwide/target:rw,Z" "-v" "/var/lib/crater-agent-workspace/cargo-home:/opt/rustwide/cargo-home:ro,Z" "-v" "/var/lib/crater-agent-workspace/rustup-home:/opt/rustwide/rustup-home:ro,Z" "-m" "1610612736" "--network" "none" "ghcr.io/rust-lang/crates-build-env/linux@sha256:77db811e55d90add9212f6832c23229e3de5f1c1f9905e8cb07319ea15df73ac" "sleep" "infinity", kill_on_drop: false }`
[INFO] [stdout] 8e929ead3e49c1d49c68789450b89b86f0e8318aeb2f3e4d1f3489aca7f24009
[INFO] running `Command { std: "docker" "start" "8e929ead3e49c1d49c68789450b89b86f0e8318aeb2f3e4d1f3489aca7f24009", kill_on_drop: false }`
[INFO] running `Command { std: "docker" "inspect" "8e929ead3e49c1d49c68789450b89b86f0e8318aeb2f3e4d1f3489aca7f24009", kill_on_drop: false }`
[INFO] running `Command { std: "docker" "exec" "-e" "SOURCE_DIR=/opt/rustwide/workdir" "-e" "CARGO_HOME=/opt/rustwide/cargo-home" "-e" "RUSTUP_HOME=/opt/rustwide/rustup-home" "-e" "CARGO_TARGET_DIR=/opt/rustwide/target" "-w" "/opt/rustwide/workdir" "--user" "0:0" "8e929ead3e49c1d49c68789450b89b86f0e8318aeb2f3e4d1f3489aca7f24009" "/opt/rustwide/cargo-home/bin/cargo" "+1.99.0-beta.8" "metadata" "--no-deps" "--format-version=1", kill_on_drop: false }`
[INFO] running `Command { std: "docker" "inspect" "8e929ead3e49c1d49c68789450b89b86f0e8318aeb2f3e4d1f3489aca7f24009", kill_on_drop: false }`
[INFO] running `Command { std: "docker" "exec" "-e" "SOURCE_DIR=/opt/rustwide/workdir" "-e" "CARGO_HOME=/opt/rustwide/cargo-home" "-e" "RUSTUP_HOME=/opt/rustwide/rustup-home" "-e" "CARGO_TARGET_DIR=/opt/rustwide/target" "-e" "CARGO_INCREMENTAL=0" "-e" "RUST_BACKTRACE=full" "-e" "RUSTFLAGS=--cap-lints=warn" "-e" "RUSTDOCFLAGS=--cap-lints=warn" "-w" "/opt/rustwide/workdir" "--user" "0:0" "8e929ead3e49c1d49c68789450b89b86f0e8318aeb2f3e4d1f3489aca7f24009" "/opt/rustwide/cargo-home/bin/cargo" "+1.99.0-beta.8" "build" "--frozen" "--message-format=json" "--release", kill_on_drop: false }`
[INFO] [stderr]    Compiling libc v0.2.126
[INFO] [stderr]    Compiling proc-macro2 v1.0.40
[INFO] [stderr]    Compiling unicode-ident v1.0.1
[INFO] [stderr]    Compiling quote v1.0.20
[INFO] [stderr]    Compiling syn v1.0.98
[INFO] [stderr]    Compiling pkg-config v0.3.25
[INFO] [stderr]    Compiling memchr v2.5.0
[INFO] [stderr]    Compiling log v0.4.17
[INFO] [stderr]    Compiling once_cell v1.13.0
[INFO] [stderr]    Compiling itoa v1.0.2
[INFO] [stderr]    Compiling serde_derive v1.0.139
[INFO] [stderr]    Compiling indexmap v1.9.1
[INFO] [stderr]    Compiling serde v1.0.139
[INFO] [stderr]    Compiling pin-project-lite v0.2.9
[INFO] [stderr]    Compiling unicode-width v0.1.9
[INFO] [stderr]    Compiling hashbrown v0.12.2
[INFO] [stderr]    Compiling futures-core v0.3.21
[INFO] [stderr]    Compiling bytes v1.1.0
[INFO] [stderr]    Compiling futures-task v0.3.21
[INFO] [stderr]    Compiling lazy_static v1.4.0
[INFO] [stderr]    Compiling jobserver v0.1.24
[INFO] [stderr]    Compiling tinyvec_macros v0.1.0
[INFO] [stderr]    Compiling mio v0.8.4
[INFO] [stderr]    Compiling num_cpus v1.13.1
[INFO] [stderr]    Compiling socket2 v0.4.4
[INFO] [stderr]    Compiling cc v1.0.73
[INFO] [stderr]    Compiling matches v0.1.9
[INFO] [stderr]    Compiling encoding_index_tests v0.1.4
[INFO] [stderr]    Compiling tokio v1.19.2
[INFO] [stderr]    Compiling tinyvec v1.6.0
[INFO] [stderr]    Compiling atty v0.2.14
[INFO] [stderr]    Compiling tracing-core v0.1.28
[INFO] [stderr]    Compiling percent-encoding v2.1.0
[INFO] [stderr]    Compiling openssl-sys v0.9.75
[INFO] [stderr]    Compiling libz-sys v1.1.8
[INFO] [stderr]    Compiling link-cplusplus v1.0.6
[INFO] [stderr]    Compiling proc-macro-hack v0.5.19
[INFO] [stderr]    Compiling regex-syntax v0.6.27
[INFO] [stderr]    Compiling openssl v0.10.41
[INFO] [stderr]    Compiling futures-util v0.3.21
[INFO] [stderr]    Compiling scratch v1.0.1
[INFO] [stderr]    Compiling ryu v1.0.10
[INFO] [stderr]    Compiling tracing v0.1.35
[INFO] [stderr]    Compiling unicode-normalization v0.1.21
[INFO] [stderr]    Compiling sys-info v0.9.1
[INFO] [stderr]    Compiling onig_sys v69.8.0
[INFO] [stderr]    Compiling form_urlencoded v1.0.1
[INFO] [stderr]    Compiling http v0.2.8
[INFO] [stderr]    Compiling aho-corasick v0.7.18
[INFO] [stderr]    Compiling cxxbridge-flags v1.0.71
[INFO] [stderr]    Compiling futures-channel v0.3.21
[INFO] [stderr]    Compiling unicode-bidi v0.3.8
[INFO] [stderr]    Compiling crc32fast v1.3.2
[INFO] [stderr]    Compiling httparse v1.7.1
[INFO] [stderr]    Compiling slab v0.4.6
[INFO] [stderr]    Compiling termcolor v1.1.3
[INFO] [stderr]    Compiling native-tls v0.2.10
[INFO] [stderr]    Compiling serde_json v1.0.82
[INFO] [stderr]    Compiling futures-io v0.3.21
[INFO] [stderr]    Compiling futures-sink v0.3.21
[INFO] [stderr]    Compiling codespan-reporting v0.11.1
[INFO] [stderr]    Compiling idna v0.2.3
[INFO] [stderr]    Compiling cxx v1.0.71
[INFO] [stderr]    Compiling regex v1.6.0
[INFO] [stderr]    Compiling openssl-macros v0.1.0
[INFO] [stderr]    Compiling tokio-util v0.7.3
[INFO] [stderr]    Compiling libgit2-sys v0.13.4+1.4.2
[INFO] [stderr]    Compiling textwrap v0.11.0
[INFO] [stderr]    Compiling num-traits v0.2.15
[INFO] [stderr]    Compiling base64 v0.13.0
[INFO] [stderr]    Compiling try-lock v0.2.3
[INFO] [stderr]    Compiling safemem v0.3.3
[INFO] [stderr]    Compiling regex-automata v0.1.10
[INFO] [stderr]    Compiling num_threads v0.1.6
[INFO] [stderr]    Compiling time v0.3.11
[INFO] [stderr]    Compiling bstr v0.2.17
[INFO] [stderr]    Compiling line-wrap v0.1.1
[INFO] [stderr]    Compiling clap v2.34.0
[INFO] [stderr]    Compiling miniz_oxide v0.5.3
[INFO] [stderr]    Compiling want v0.3.0
[INFO] [stderr]    Compiling cxx-build v1.0.71
[INFO] [stderr]    Compiling git-version-macro v0.3.5
[INFO] [stderr]    Compiling h2 v0.3.13
[INFO] [stderr]    Compiling thiserror-impl v1.0.31
[INFO] [stderr]    Compiling url v2.2.2
[INFO] [stderr]    Compiling http-body v0.4.5
[INFO] [stderr]    Compiling term_size v0.3.2
[INFO] [stderr]    Compiling num-integer v0.1.45
[INFO] [stderr]    Compiling semver v1.0.12
[INFO] [stderr]    Compiling encoding_rs v0.8.31
[INFO] [stderr]    Compiling xml-rs v0.8.4
[INFO] [stderr]    Compiling bugreport v0.5.0
[INFO] [stderr]    Compiling httpdate v1.0.2
[INFO] [stderr]    Compiling bytemuck v1.10.0
[INFO] [stderr]    Compiling tower-service v0.3.2
[INFO] [stderr]    Compiling rgb v0.8.33
[INFO] [stderr]    Compiling rust-apt v0.3.0
[INFO] [stderr]    Compiling bat v0.21.0
[INFO] [stderr]    Compiling flate2 v1.0.24
[INFO] [stderr]    Compiling thiserror v1.0.31
[INFO] [stderr]    Compiling bincode v1.3.3
[INFO] [stderr]    Compiling plist v1.3.1
[INFO] [stderr]    Compiling git-version v0.3.5
[INFO] [stderr]    Compiling tokio-native-tls v0.3.0
[INFO] [stderr]    Compiling globset v0.4.9
[INFO] [stderr]    Compiling walkdir v2.3.2
[INFO] [stderr]    Compiling hyper v0.14.20
[INFO] [stderr]    Compiling cxxbridge-macro v1.0.71
[INFO] [stderr]    Compiling encoding-index-singlebyte v1.20141219.5
[INFO] [stderr]    Compiling encoding-index-tradchinese v1.20141219.5
[INFO] [stderr]    Compiling encoding-index-japanese v1.20141219.5
[INFO] [stderr]    Compiling encoding-index-korean v1.20141219.5
[INFO] [stderr]    Compiling encoding-index-simpchinese v1.20141219.5
[INFO] [stderr]    Compiling dirs-sys-next v0.1.2
[INFO] [stderr]    Compiling terminal_size v0.1.17
[INFO] [stderr]    Compiling fastrand v1.7.0
[INFO] [stderr]    Compiling os_str_bytes v6.1.0
[INFO] [stderr]    Compiling remove_dir_all v0.5.3
[INFO] [stderr]    Compiling shell-escape v0.1.5
[INFO] [stderr]    Compiling std_prelude v0.2.12
[INFO] [stderr]    Compiling strsim v0.8.0
[INFO] [stderr]    Compiling ansi_term v0.12.1
[INFO] [stderr]    Compiling either v1.7.0
[INFO] [stderr]    Compiling which v4.2.5
[INFO] [stderr]    Compiling path_abs v0.5.1
[INFO] [stderr]    Compiling tempfile v3.3.0
[INFO] [stderr]    Compiling clap_lex v0.2.4
[INFO] [stderr]    Compiling encoding v0.2.33
[INFO] [stderr]    Compiling dirs-next v2.0.0
[INFO] [stderr]    Compiling console v0.15.0
[INFO] [stderr]    Compiling hyper-tls v0.5.0
[INFO] [stderr]    Compiling grep-cli v0.1.6
[INFO] [stderr]    Compiling ansi_colours v1.1.1
[INFO] [stderr]    Compiling serde_yaml v0.8.25
[INFO] [stderr]    Compiling serde_urlencoded v0.7.1
[INFO] [stderr]    Compiling clircle v0.3.0
[INFO] [stderr]    Compiling termsize v0.1.6
[INFO] [stderr]    Compiling time v0.1.44
[INFO] [stderr]    Compiling dirs-sys v0.3.7
[INFO] [stderr]    Compiling content_inspector v0.2.4
[INFO] [stderr]    Compiling quit_macros v1.1.4
[INFO] [stderr]    Compiling strsim v0.10.0
[INFO] [stderr]    Compiling shell-words v1.1.0
[INFO] [stderr]    Compiling wild v2.0.4
[INFO] [stderr]    Compiling bytesize v1.1.0
[INFO] [stderr]    Compiling ipnet v2.5.0
[INFO] [stderr]    Compiling textwrap v0.15.0
[INFO] [stderr]    Compiling mime v0.3.16
[INFO] [stderr]    Compiling reqwest v0.11.11
[INFO] [stderr]    Compiling clap v3.2.8
[INFO] [stderr]    Compiling quit v1.1.4
[INFO] [stderr]    Compiling chrono v0.4.19
[INFO] [stderr]    Compiling dirs v4.0.0
[INFO] [stderr]    Compiling edit v0.1.4
[INFO] [stderr]    Compiling exitcode v1.1.2
[INFO] [stderr] warning: rust-apt@0.3.0: In file included from /usr/include/apt-pkg/configuration.h:37,
[INFO] [stderr] warning: rust-apt@0.3.0:                  from /usr/include/apt-pkg/depcache.h:40,
[INFO] [stderr] warning: rust-apt@0.3.0:                  from /usr/include/apt-pkg/cachefile.h:21,
[INFO] [stderr] warning: rust-apt@0.3.0:                  from /opt/rustwide/target/release/build/rust-apt-e11d192d51775478/out/cxxbridge/crate/rust-apt/apt-pkg-c/apt-pkg.h:3,
[INFO] [stderr] warning: rust-apt@0.3.0:                  from /opt/rustwide/target/release/build/rust-apt-e11d192d51775478/out/cxxbridge/sources/rust-apt/src/raw.rs.cc:1:
[INFO] [stderr] warning: rust-apt@0.3.0: /usr/include/apt-pkg/macros.h:113:41: error: expected constructor, destructor, or type conversion before ';' token
[INFO] [stderr] warning: rust-apt@0.3.0:   113 | AptScopeWrapper(F) -> AptScopeWrapper<F>;
[INFO] [stderr] warning: rust-apt@0.3.0:       |                                         ^
[INFO] [stderr] warning: rust-apt@0.3.0: /usr/include/apt-pkg/configuration.h:93:55: error: 'string_view' in namespace 'std' does not name a type
[INFO] [stderr] warning: rust-apt@0.3.0:    93 |    inline void Set(const std::string &Name,const std::string_view &Value) {Set(Name.c_str(),Value);};
[INFO] [stderr] warning: rust-apt@0.3.0:       |                                                       ^~~~~~~~~~~
[INFO] [stderr] warning: rust-apt@0.3.0: /usr/include/apt-pkg/configuration.h:93:50: note: 'std::string_view' is only available from C++17 onwards
[INFO] [stderr] warning: rust-apt@0.3.0:    93 |    inline void Set(const std::string &Name,const std::string_view &Value) {Set(Name.c_str(),Value);};
[INFO] [stderr] warning: rust-apt@0.3.0:       |                                                  ^~~
[INFO] [stderr] warning: rust-apt@0.3.0: /usr/include/apt-pkg/configuration.h:94:44: error: 'string_view' in namespace 'std' does not name a type
[INFO] [stderr] warning: rust-apt@0.3.0:    94 |    void CndSet(const char *Name,const std::string_view &Value);
[INFO] [stderr] warning: rust-apt@0.3.0:       |                                            ^~~~~~~~~~~
[INFO] [stderr] warning: rust-apt@0.3.0: /usr/include/apt-pkg/configuration.h:94:39: note: 'std::string_view' is only available from C++17 onwards
[INFO] [stderr] warning: rust-apt@0.3.0:    94 |    void CndSet(const char *Name,const std::string_view &Value);
[INFO] [stderr] warning: rust-apt@0.3.0:       |                                       ^~~
[INFO] [stderr] warning: rust-apt@0.3.0: /usr/include/apt-pkg/configuration.h:96:41: error: 'string_view' in namespace 'std' does not name a type
[INFO] [stderr] warning: rust-apt@0.3.0:    96 |    void Set(const char *Name,const std::string_view &Value);
[INFO] [stderr] warning: rust-apt@0.3.0:       |                                         ^~~~~~~~~~~
[INFO] [stderr] warning: rust-apt@0.3.0: /usr/include/apt-pkg/configuration.h:96:36: note: 'std::string_view' is only available from C++17 onwards
[INFO] [stderr] warning: rust-apt@0.3.0:    96 |    void Set(const char *Name,const std::string_view &Value);
[INFO] [stderr] warning: rust-apt@0.3.0:       |                                    ^~~
[INFO] [stderr] warning: rust-apt@0.3.0: /usr/include/apt-pkg/configuration.h:97:9: error: 'void Configuration::Set(const char*, const int&)' cannot be overloaded with 'void Configuration::Set(const char*, const int&)'
[INFO] [stderr] warning: rust-apt@0.3.0:    97 |    void Set(const char *Name,const int &Value);
[INFO] [stderr] warning: rust-apt@0.3.0:       |         ^~~
[INFO] [stderr] warning: rust-apt@0.3.0: /usr/include/apt-pkg/configuration.h:96:9: note: previous declaration 'void Configuration::Set(const char*, const int&)'
[INFO] [stderr] warning: rust-apt@0.3.0:    96 |    void Set(const char *Name,const std::string_view &Value);
[INFO] [stderr] warning: rust-apt@0.3.0:       |         ^~~
[INFO] [stderr] warning: rust-apt@0.3.0: In file included from /usr/include/apt-pkg/depcache.h:42:
[INFO] [stderr] warning: rust-apt@0.3.0: /usr/include/apt-pkg/pkgcache.h:218:24: error: 'std::string_view' has not been declared
[INFO] [stderr] warning: rust-apt@0.3.0:   218 |    map_id_t sHash(std::string_view S) const APT_PURE;
[INFO] [stderr] warning: rust-apt@0.3.0:       |                        ^~~~~~~~~~~
[INFO] [stderr] warning: rust-apt@0.3.0: /usr/include/apt-pkg/pkgcache.h:218:24: note: 'std::string_view' is only available from C++17 onwards
[INFO] [stderr] warning: rust-apt@0.3.0: /usr/include/apt-pkg/pkgcache.h:245:30: error: 'std::string_view' has not been declared
[INFO] [stderr] warning: rust-apt@0.3.0:   245 |    inline map_id_t Hash(std::string_view S) const {return sHash(S);}
[INFO] [stderr] warning: rust-apt@0.3.0:       |                              ^~~~~~~~~~~
[INFO] [stderr] warning: rust-apt@0.3.0: /usr/include/apt-pkg/pkgcache.h:245:30: note: 'std::string_view' is only available from C++17 onwards
[INFO] [stderr] warning: rust-apt@0.3.0: /usr/include/apt-pkg/pkgcache.h:251:16: error: 'string_view' in namespace 'std' does not name a type
[INFO] [stderr] warning: rust-apt@0.3.0:   251 |    static std::string_view Priority_NoL10n(unsigned char Prio);
[INFO] [stderr] warning: rust-apt@0.3.0:       |                ^~~~~~~~~~~
[INFO] [stderr] warning: rust-apt@0.3.0: /usr/include/apt-pkg/pkgcache.h:251:11: note: 'std::string_view' is only available from C++17 onwards
[INFO] [stderr] warning: rust-apt@0.3.0:   251 |    static std::string_view Priority_NoL10n(unsigned char Prio);
[INFO] [stderr] warning: rust-apt@0.3.0:       |           ^~~
[INFO] [stderr] warning: rust-apt@0.3.0: /usr/include/apt-pkg/pkgcache.h:254:29: error: 'std::string_view' has not been declared
[INFO] [stderr] warning: rust-apt@0.3.0:   254 |    GrpIterator FindGrp(std::string_view Name);
[INFO] [stderr] warning: rust-apt@0.3.0:       |                             ^~~~~~~~~~~
[INFO] [stderr] warning: rust-apt@0.3.0: /usr/include/apt-pkg/pkgcache.h:254:29: note: 'std::string_view' is only available from C++17 onwards
[INFO] [stderr] warning: rust-apt@0.3.0: /usr/include/apt-pkg/pkgcache.h:255:29: error: 'std::string_view' has not been declared
[INFO] [stderr] warning: rust-apt@0.3.0:   255 |    PkgIterator FindPkg(std::string_view Name);
[INFO] [stderr] warning: rust-apt@0.3.0:       |                             ^~~~~~~~~~~
[INFO] [stderr] warning: rust-apt@0.3.0: /usr/include/apt-pkg/pkgcache.h:255:29: note: 'std::string_view' is only available from C++17 onwards
[INFO] [stderr] warning: rust-apt@0.3.0: /usr/include/apt-pkg/pkgcache.h:256:29: error: 'std::string_view' has not been declared
[INFO] [stderr] warning: rust-apt@0.3.0:   256 |    PkgIterator FindPkg(std::string_view Name, std::string_view Arch);
[INFO] [stderr] warning: rust-apt@0.3.0:       |                             ^~~~~~~~~~~
[INFO] [stderr] warning: rust-apt@0.3.0: /usr/include/apt-pkg/pkgcache.h:256:29: note: 'std::string_view' is only available from C++17 onwards
[INFO] [stderr] warning: rust-apt@0.3.0: /usr/include/apt-pkg/pkgcache.h:256:52: error: 'std::string_view' has not been declared
[INFO] [stderr] warning: rust-apt@0.3.0:   256 |    PkgIterator FindPkg(std::string_view Name, std::string_view Arch);
[INFO] [stderr] warning: rust-apt@0.3.0:       |                                                    ^~~~~~~~~~~
[INFO] [stderr] warning: rust-apt@0.3.0: /usr/include/apt-pkg/pkgcache.h:256:52: note: 'std::string_view' is only available from C++17 onwards
[INFO] [stderr] warning: rust-apt@0.3.0: /usr/include/apt-pkg/pkgcache.h:258:9: error: 'string_view' in namespace 'std' does not name a type
[INFO] [stderr] warning: rust-apt@0.3.0:   258 |    std::string_view ViewString(map_stringitem_t idx) const
[INFO] [stderr] warning: rust-apt@0.3.0:       |         ^~~~~~~~~~~
[INFO] [stderr] warning: rust-apt@0.3.0: /usr/include/apt-pkg/pkgcache.h:258:4: note: 'std::string_view' is only available from C++17 onwards
[INFO] [stderr] warning: rust-apt@0.3.0:   258 |    std::string_view ViewString(map_stringitem_t idx) const
[INFO] [stderr] warning: rust-apt@0.3.0:       |    ^~~
[INFO] [stderr] warning: rust-apt@0.3.0: /usr/include/apt-pkg/pkgcache.h:285:16: error: 'string_view' in namespace 'std' does not name a type
[INFO] [stderr] warning: rust-apt@0.3.0:   285 |    static std::string_view DepType_NoL10n(unsigned char Dep);
[INFO] [stderr] warning: rust-apt@0.3.0:       |                ^~~~~~~~~~~
[INFO] [stderr] warning: rust-apt@0.3.0: /usr/include/apt-pkg/pkgcache.h:285:11: note: 'std::string_view' is only available from C++17 onwards
[INFO] [stderr] warning: rust-apt@0.3.0:   285 |    static std::string_view DepType_NoL10n(unsigned char Dep);
[INFO] [stderr] warning: rust-apt@0.3.0:       |           ^~~
[INFO] [stderr] warning: rust-apt@0.3.0: In file included from /usr/include/apt-pkg/pkgcache.h:828:
[INFO] [stderr] warning: rust-apt@0.3.0: /usr/include/apt-pkg/cacheiterators.h:126:34: error: 'std::string_view' has not been declared
[INFO] [stderr] warning: rust-apt@0.3.0:   126 |         PkgIterator FindPkg(std::string_view Arch = {"any", 3}) const;
[INFO] [stderr] warning: rust-apt@0.3.0:       |                                  ^~~~~~~~~~~
[INFO] [stderr] warning: rust-apt@0.3.0: /usr/include/apt-pkg/cacheiterators.h:126:34: note: 'std::string_view' is only available from C++17 onwards
[INFO] [stderr] warning: rust-apt@0.3.0: /usr/include/apt-pkg/cacheiterators.h:126:62: error: could not convert '{"any", 3}' from '<brace-enclosed initializer list>' to 'int'
[INFO] [stderr] warning: rust-apt@0.3.0:   126 |         PkgIterator FindPkg(std::string_view Arch = {"any", 3}) const;
[INFO] [stderr] warning: rust-apt@0.3.0:       |                                                              ^
[INFO] [stderr] warning: rust-apt@0.3.0:       |                                                              |
[INFO] [stderr] warning: rust-apt@0.3.0:       |                                                              <brace-enclosed initializer list>
[INFO] [stderr] warning: rust-apt@0.3.0: /usr/include/apt-pkg/cacheiterators.h:265:60: error: 'std::string_view' has not been declared
[INFO] [stderr] warning: rust-apt@0.3.0:   265 |         DescIterator TranslatedDescriptionForLanguage(std::string_view lang) const;
[INFO] [stderr] warning: rust-apt@0.3.0:       |                                                            ^~~~~~~~~~~
[INFO] [stderr] warning: rust-apt@0.3.0: /usr/include/apt-pkg/cacheiterators.h:265:60: note: 'std::string_view' is only available from C++17 onwards
[INFO] [stderr] warning: rust-apt@0.3.0: /usr/include/apt-pkg/depcache.h:374:36: error: 'std::string_view' has not been declared
[INFO] [stderr] warning: rust-apt@0.3.0:   374 |    inline GrpIterator FindGrp(std::string_view Name) {return Cache->FindGrp(Name);};
[INFO] [stderr] warning: rust-apt@0.3.0:       |                                    ^~~~~~~~~~~
[INFO] [stderr] warning: rust-apt@0.3.0: /usr/include/apt-pkg/depcache.h:374:36: note: 'std::string_view' is only available from C++17 onwards
[INFO] [stderr] warning: rust-apt@0.3.0: /usr/include/apt-pkg/depcache.h:375:36: error: 'std::string_view' has not been declared
[INFO] [stderr] warning: rust-apt@0.3.0:   375 |    inline PkgIterator FindPkg(std::string_view Name) {return Cache->FindPkg(Name);};
[INFO] [stderr] warning: rust-apt@0.3.0:       |                                    ^~~~~~~~~~~
[INFO] [stderr] warning: rust-apt@0.3.0: /usr/include/apt-pkg/depcache.h:375:36: note: 'std::string_view' is only available from C++17 onwards
[INFO] [stderr] warning: rust-apt@0.3.0: /usr/include/apt-pkg/depcache.h:376:36: error: 'std::string_view' has not been declared
[INFO] [stderr] warning: rust-apt@0.3.0:   376 |    inline PkgIterator FindPkg(std::string_view Name, std::string_view Arch) {return Cache->FindPkg(Name, Arch);};
[INFO] [stderr] warning: rust-apt@0.3.0:       |                                    ^~~~~~~~~~~
[INFO] [stderr] warning: rust-apt@0.3.0: /usr/include/apt-pkg/depcache.h:376:36: note: 'std::string_view' is only available from C++17 onwards
[INFO] [stderr] warning: rust-apt@0.3.0: /usr/include/apt-pkg/depcache.h:376:59: error: 'std::string_view' has not been declared
[INFO] [stderr] warning: rust-apt@0.3.0:   376 |    inline PkgIterator FindPkg(std::string_view Name, std::string_view Arch) {return Cache->FindPkg(Name, Arch);};
[INFO] [stderr] warning: rust-apt@0.3.0:       |                                                           ^~~~~~~~~~~
[INFO] [stderr] warning: rust-apt@0.3.0: /usr/include/apt-pkg/depcache.h:376:59: note: 'std::string_view' is only available from C++17 onwards
[INFO] [stderr] warning: rust-apt@0.3.0: In file included from /usr/include/apt-pkg/pkgrecords.h:19,
[INFO] [stderr] warning: rust-apt@0.3.0:                  from /opt/rustwide/target/release/build/rust-apt-e11d192d51775478/out/cxxbridge/crate/rust-apt/apt-pkg-c/apt-pkg.h:4:
[INFO] [stderr] warning: rust-apt@0.3.0: /usr/include/apt-pkg/hashes.h:44:40: error: expected ')' before 'StringedHashString'
[INFO] [stderr] warning: rust-apt@0.3.0:    44 |    explicit HashString(std::string_view StringedHashString);  // init from str as "type:hash"
[INFO] [stderr] warning: rust-apt@0.3.0:       |                       ~                ^~~~~~~~~~~~~~~~~~~
[INFO] [stderr] warning: rust-apt@0.3.0:       |                                        )
[INFO] [stderr] warning: rust-apt@0.3.0: /usr/include/apt-pkg/hashes.h: In constructor 'HashStringList::HashStringList(const std::string&)':
[INFO] [stderr] warning: rust-apt@0.3.0: /usr/include/apt-pkg/hashes.h:171:40: error: no matching function for call to 'HashString::HashString(const std::string&)'
[INFO] [stderr] warning: rust-apt@0.3.0:   171 |          list.push_back(HashString(hash));
[INFO] [stderr] warning: rust-apt@0.3.0:       |                                        ^
[INFO] [stderr] warning: rust-apt@0.3.0: /usr/include/apt-pkg/hashes.h:171:40: note: there are 4 candidates
[INFO] [stderr] warning: rust-apt@0.3.0: /usr/include/apt-pkg/hashes.h:45:4: note: candidate 1: 'HashString::HashString()'
[INFO] [stderr] warning: rust-apt@0.3.0:    45 |    HashString();
[INFO] [stderr] warning: rust-apt@0.3.0:       |    ^~~~~~~~~~
[INFO] [stderr] warning: rust-apt@0.3.0: /usr/include/apt-pkg/hashes.h:45:4: note: candidate expects 0 arguments, 1 provided
[INFO] [stderr] warning: rust-apt@0.3.0: /usr/include/apt-pkg/hashes.h:43:4: note: candidate 2: 'HashString::HashString(std::string, std::string)'
[INFO] [stderr] warning: rust-apt@0.3.0:    43 |    HashString(std::string Type, std::string Hash);
[INFO] [stderr] warning: rust-apt@0.3.0:       |    ^~~~~~~~~~
[INFO] [stderr] warning: rust-apt@0.3.0: /usr/include/apt-pkg/hashes.h:43:4: note: candidate expects 2 arguments, 1 provided
[INFO] [stderr] warning: rust-apt@0.3.0: /usr/include/apt-pkg/hashes.h:32:18: note: candidate 3: 'HashString::HashString(const HashString&)'
[INFO] [stderr] warning: rust-apt@0.3.0:    32 | class APT_PUBLIC HashString
[INFO] [stderr] warning: rust-apt@0.3.0:       |                  ^~~~~~~~~~
[INFO] [stderr] warning: rust-apt@0.3.0: /usr/include/apt-pkg/hashes.h:32:18: note: no known conversion for argument 1 from 'const std::string' {aka 'const std::__cxx11::basic_string<char>'} to 'const HashString&'
[INFO] [stderr] warning: rust-apt@0.3.0: /usr/include/apt-pkg/hashes.h:32:18: note: candidate 4: 'HashString::HashString(HashString&&)'
[INFO] [stderr] warning: rust-apt@0.3.0: /usr/include/apt-pkg/hashes.h:32:18: note: no known conversion for argument 1 from 'const std::string' {aka 'const std::__cxx11::basic_string<char>'} to 'HashString&&'
[INFO] [stderr] warning: rust-apt@0.3.0: /usr/include/apt-pkg/hashes.h: In constructor 'HashStringList::HashStringList(const char*)':
[INFO] [stderr] warning: rust-apt@0.3.0: /usr/include/apt-pkg/hashes.h:175:40: error: no matching function for call to 'HashString::HashString(const char* const&)'
[INFO] [stderr] warning: rust-apt@0.3.0:   175 |          list.push_back(HashString(hash));
[INFO] [stderr] warning: rust-apt@0.3.0:       |                                        ^
[INFO] [stderr] warning: rust-apt@0.3.0: /usr/include/apt-pkg/hashes.h:175:40: note: there are 4 candidates
[INFO] [stderr] warning: rust-apt@0.3.0: /usr/include/apt-pkg/hashes.h:45:4: note: candidate 1: 'HashString::HashString()'
[INFO] [stderr] warning: rust-apt@0.3.0:    45 |    HashString();
[INFO] [stderr] warning: rust-apt@0.3.0:       |    ^~~~~~~~~~
[INFO] [stderr] warning: rust-apt@0.3.0: /usr/include/apt-pkg/hashes.h:45:4: note: candidate expects 0 arguments, 1 provided
[INFO] [stderr] warning: rust-apt@0.3.0: /usr/include/apt-pkg/hashes.h:43:4: note: candidate 2: 'HashString::HashString(std::string, std::string)'
[INFO] [stderr] warning: rust-apt@0.3.0:    43 |    HashString(std::string Type, std::string Hash);
[INFO] [stderr] warning: rust-apt@0.3.0:       |    ^~~~~~~~~~
[INFO] [stderr] warning: rust-apt@0.3.0: /usr/include/apt-pkg/hashes.h:43:4: note: candidate expects 2 arguments, 1 provided
[INFO] [stderr] warning: rust-apt@0.3.0: /usr/include/apt-pkg/hashes.h:32:18: note: candidate 3: 'HashString::HashString(const HashString&)'
[INFO] [stderr] warning: rust-apt@0.3.0:    32 | class APT_PUBLIC HashString
[INFO] [stderr] warning: rust-apt@0.3.0:       |                  ^~~~~~~~~~
[INFO] [stderr] warning: rust-apt@0.3.0: /usr/include/apt-pkg/hashes.h:32:18: note: no known conversion for argument 1 from 'const char* const' to 'const HashString&'
[INFO] [stderr] warning: rust-apt@0.3.0: /usr/include/apt-pkg/hashes.h:32:18: note: candidate 4: 'HashString::HashString(HashString&&)'
[INFO] [stderr] warning: rust-apt@0.3.0: /usr/include/apt-pkg/hashes.h:32:18: note: no known conversion for argument 1 from 'const char* const' to 'HashString&&'
[INFO] [stderr] warning: rust-apt@0.3.0: In file included from /usr/include/apt-pkg/hashes.h:15,
[INFO] [stderr] warning: rust-apt@0.3.0:                  from /usr/include/apt-pkg/acquire.h:68,
[INFO] [stderr] warning: rust-apt@0.3.0:                  from /usr/include/apt-pkg/acquire-item.h:22,
[INFO] [stderr] warning: rust-apt@0.3.0:                  from apt-pkg-c/apt-pkg.cc:1:
[INFO] [stderr] warning: rust-apt@0.3.0: /usr/include/apt-pkg/macros.h:113:41: error: expected constructor, destructor, or type conversion before ';' token
[INFO] [stderr] warning: rust-apt@0.3.0:   113 | AptScopeWrapper(F) -> AptScopeWrapper<F>;
[INFO] [stderr] warning: rust-apt@0.3.0:       |                                         ^
[INFO] [stderr] warning: rust-apt@0.3.0: /usr/include/apt-pkg/hashes.h:44:40: error: expected ')' before 'StringedHashString'
[INFO] [stderr] warning: rust-apt@0.3.0:    44 |    explicit HashString(std::string_view StringedHashString);  // init from str as "type:hash"
[INFO] [stderr] warning: rust-apt@0.3.0:       |                       ~                ^~~~~~~~~~~~~~~~~~~
[INFO] [stderr] warning: rust-apt@0.3.0:       |                                        )
[INFO] [stderr] warning: rust-apt@0.3.0: /usr/include/apt-pkg/hashes.h: In constructor 'HashStringList::HashStringList(const std::string&)':
[INFO] [stderr] warning: rust-apt@0.3.0: /usr/include/apt-pkg/hashes.h:171:40: error: no matching function for call to 'HashString::HashString(const std::string&)'
[INFO] [stderr] warning: rust-apt@0.3.0:   171 |          list.push_back(HashString(hash));
[INFO] [stderr] warning: rust-apt@0.3.0:       |                                        ^
[INFO] [stderr] warning: rust-apt@0.3.0: /usr/include/apt-pkg/hashes.h:171:40: note: there are 4 candidates
[INFO] [stderr] warning: rust-apt@0.3.0: /usr/include/apt-pkg/hashes.h:45:4: note: candidate 1: 'HashString::HashString()'
[INFO] [stderr] warning: rust-apt@0.3.0:    45 |    HashString();
[INFO] [stderr] warning: rust-apt@0.3.0:       |    ^~~~~~~~~~
[INFO] [stderr] warning: rust-apt@0.3.0: /usr/include/apt-pkg/hashes.h:45:4: note: candidate expects 0 arguments, 1 provided
[INFO] [stderr] warning: rust-apt@0.3.0: /usr/include/apt-pkg/hashes.h:43:4: note: candidate 2: 'HashString::HashString(std::string, std::string)'
[INFO] [stderr] warning: rust-apt@0.3.0:    43 |    HashString(std::string Type, std::string Hash);
[INFO] [stderr] warning: rust-apt@0.3.0:       |    ^~~~~~~~~~
[INFO] [stderr] warning: rust-apt@0.3.0: /usr/include/apt-pkg/hashes.h:43:4: note: candidate expects 2 arguments, 1 provided
[INFO] [stderr] warning: rust-apt@0.3.0: /usr/include/apt-pkg/hashes.h:32:18: note: candidate 3: 'HashString::HashString(const HashString&)'
[INFO] [stderr] warning: rust-apt@0.3.0:    32 | class APT_PUBLIC HashString
[INFO] [stderr] warning: rust-apt@0.3.0:       |                  ^~~~~~~~~~
[INFO] [stderr] warning: rust-apt@0.3.0: /usr/include/apt-pkg/hashes.h:32:18: note: no known conversion for argument 1 from 'const std::string' {aka 'const std::__cxx11::basic_string<char>'} to 'const HashString&'
[INFO] [stderr] warning: rust-apt@0.3.0: /usr/include/apt-pkg/hashes.h:32:18: note: candidate 4: 'HashString::HashString(HashString&&)'
[INFO] [stderr] warning: rust-apt@0.3.0: /usr/include/apt-pkg/hashes.h:32:18: note: no known conversion for argument 1 from 'const std::string' {aka 'const std::__cxx11::basic_string<char>'} to 'HashString&&'
[INFO] [stderr] warning: rust-apt@0.3.0: /usr/include/apt-pkg/hashes.h: In constructor 'HashStringList::HashStringList(const char*)':
[INFO] [stderr] warning: rust-apt@0.3.0: /usr/include/apt-pkg/hashes.h:175:40: error: no matching function for call to 'HashString::HashString(const char* const&)'
[INFO] [stderr] warning: rust-apt@0.3.0:   175 |          list.push_back(HashString(hash));
[INFO] [stderr] warning: rust-apt@0.3.0:       |                                        ^
[INFO] [stderr] warning: rust-apt@0.3.0: /usr/include/apt-pkg/hashes.h:175:40: note: there are 4 candidates
[INFO] [stderr] warning: rust-apt@0.3.0: /usr/include/apt-pkg/hashes.h:45:4: note: candidate 1: 'HashString::HashString()'
[INFO] [stderr] warning: rust-apt@0.3.0:    45 |    HashString();
[INFO] [stderr] warning: rust-apt@0.3.0:       |    ^~~~~~~~~~
[INFO] [stderr] warning: rust-apt@0.3.0: /usr/include/apt-pkg/hashes.h:45:4: note: candidate expects 0 arguments, 1 provided
[INFO] [stderr] warning: rust-apt@0.3.0: /usr/include/apt-pkg/hashes.h:43:4: note: candidate 2: 'HashString::HashString(std::string, std::string)'
[INFO] [stderr] warning: rust-apt@0.3.0:    43 |    HashString(std::string Type, std::string Hash);
[INFO] [stderr] warning: rust-apt@0.3.0:       |    ^~~~~~~~~~
[INFO] [stderr] warning: rust-apt@0.3.0: /usr/include/apt-pkg/hashes.h:43:4: note: candidate expects 2 arguments, 1 provided
[INFO] [stderr] warning: rust-apt@0.3.0: /usr/include/apt-pkg/hashes.h:32:18: note: candidate 3: 'HashString::HashString(const HashString&)'
[INFO] [stderr] warning: rust-apt@0.3.0:    32 | class APT_PUBLIC HashString
[INFO] [stderr] warning: rust-apt@0.3.0:       |                  ^~~~~~~~~~
[INFO] [stderr] warning: rust-apt@0.3.0: /usr/include/apt-pkg/hashes.h:32:18: note: no known conversion for argument 1 from 'const char* const' to 'const HashString&'
[INFO] [stderr] warning: rust-apt@0.3.0: /usr/include/apt-pkg/hashes.h:32:18: note: candidate 4: 'HashString::HashString(HashString&&)'
[INFO] [stderr] warning: rust-apt@0.3.0: /usr/include/apt-pkg/hashes.h:32:18: note: no known conversion for argument 1 from 'const char* const' to 'HashString&&'
[INFO] [stderr] warning: rust-apt@0.3.0: In file included from /usr/include/apt-pkg/indexfile.h:25,
[INFO] [stderr] warning: rust-apt@0.3.0:                  from /usr/include/apt-pkg/acquire-item.h:24:
[INFO] [stderr] warning: rust-apt@0.3.0: /usr/include/apt-pkg/pkgcache.h: At global scope:
[INFO] [stderr] warning: rust-apt@0.3.0: /usr/include/apt-pkg/pkgcache.h:218:24: error: 'std::string_view' has not been declared
[INFO] [stderr] warning: rust-apt@0.3.0:   218 |    map_id_t sHash(std::string_view S) const APT_PURE;
[INFO] [stderr] warning: rust-apt@0.3.0:       |                        ^~~~~~~~~~~
[INFO] [stderr] warning: rust-apt@0.3.0: /usr/include/apt-pkg/pkgcache.h:218:24: note: 'std::string_view' is only available from C++17 onwards
[INFO] [stderr] warning: rust-apt@0.3.0: /usr/include/apt-pkg/pkgcache.h:245:30: error: 'std::string_view' has not been declared
[INFO] [stderr] warning: rust-apt@0.3.0:   245 |    inline map_id_t Hash(std::string_view S) const {return sHash(S);}
[INFO] [stderr] warning: rust-apt@0.3.0:       |                              ^~~~~~~~~~~
[INFO] [stderr] warning: rust-apt@0.3.0: /usr/include/apt-pkg/pkgcache.h:245:30: note: 'std::string_view' is only available from C++17 onwards
[INFO] [stderr] warning: rust-apt@0.3.0: /usr/include/apt-pkg/pkgcache.h:251:16: error: 'string_view' in namespace 'std' does not name a type
[INFO] [stderr] warning: rust-apt@0.3.0:   251 |    static std::string_view Priority_NoL10n(unsigned char Prio);
[INFO] [stderr] warning: rust-apt@0.3.0:       |                ^~~~~~~~~~~
[INFO] [stderr] warning: rust-apt@0.3.0: /usr/include/apt-pkg/pkgcache.h:251:11: note: 'std::string_view' is only available from C++17 onwards
[INFO] [stderr] warning: rust-apt@0.3.0:   251 |    static std::string_view Priority_NoL10n(unsigned char Prio);
[INFO] [stderr] warning: rust-apt@0.3.0:       |           ^~~
[INFO] [stderr] warning: rust-apt@0.3.0: /usr/include/apt-pkg/pkgcache.h:254:29: error: 'std::string_view' has not been declared
[INFO] [stderr] warning: rust-apt@0.3.0:   254 |    GrpIterator FindGrp(std::string_view Name);
[INFO] [stderr] warning: rust-apt@0.3.0:       |                             ^~~~~~~~~~~
[INFO] [stderr] warning: rust-apt@0.3.0: /usr/include/apt-pkg/pkgcache.h:254:29: note: 'std::string_view' is only available from C++17 onwards
[INFO] [stderr] warning: rust-apt@0.3.0: /usr/include/apt-pkg/pkgcache.h:255:29: error: 'std::string_view' has not been declared
[INFO] [stderr] warning: rust-apt@0.3.0:   255 |    PkgIterator FindPkg(std::string_view Name);
[INFO] [stderr] warning: rust-apt@0.3.0:       |                             ^~~~~~~~~~~
[INFO] [stderr] warning: rust-apt@0.3.0: /usr/include/apt-pkg/pkgcache.h:255:29: note: 'std::string_view' is only available from C++17 onwards
[INFO] [stderr] warning: rust-apt@0.3.0: /usr/include/apt-pkg/pkgcache.h:256:29: error: 'std::string_view' has not been declared
[INFO] [stderr] warning: rust-apt@0.3.0:   256 |    PkgIterator FindPkg(std::string_view Name, std::string_view Arch);
[INFO] [stderr] warning: rust-apt@0.3.0:       |                             ^~~~~~~~~~~
[INFO] [stderr] warning: rust-apt@0.3.0: /usr/include/apt-pkg/pkgcache.h:256:29: note: 'std::string_view' is only available from C++17 onwards
[INFO] [stderr] warning: rust-apt@0.3.0: /usr/include/apt-pkg/pkgcache.h:256:52: error: 'std::string_view' has not been declared
[INFO] [stderr] warning: rust-apt@0.3.0:   256 |    PkgIterator FindPkg(std::string_view Name, std::string_view Arch);
[INFO] [stderr] warning: rust-apt@0.3.0:       |                                                    ^~~~~~~~~~~
[INFO] [stderr] warning: rust-apt@0.3.0: /usr/include/apt-pkg/pkgcache.h:256:52: note: 'std::string_view' is only available from C++17 onwards
[INFO] [stderr] warning: rust-apt@0.3.0: /usr/include/apt-pkg/pkgcache.h:258:9: error: 'string_view' in namespace 'std' does not name a type
[INFO] [stderr] warning: rust-apt@0.3.0:   258 |    std::string_view ViewString(map_stringitem_t idx) const
[INFO] [stderr] warning: rust-apt@0.3.0:       |         ^~~~~~~~~~~
[INFO] [stderr] warning: rust-apt@0.3.0: /usr/include/apt-pkg/pkgcache.h:258:4: note: 'std::string_view' is only available from C++17 onwards
[INFO] [stderr] warning: rust-apt@0.3.0:   258 |    std::string_view ViewString(map_stringitem_t idx) const
[INFO] [stderr] warning: rust-apt@0.3.0:       |    ^~~
[INFO] [stderr] warning: rust-apt@0.3.0: /usr/include/apt-pkg/pkgcache.h:285:16: error: 'string_view' in namespace 'std' does not name a type
[INFO] [stderr] warning: rust-apt@0.3.0:   285 |    static std::string_view DepType_NoL10n(unsigned char Dep);
[INFO] [stderr] warning: rust-apt@0.3.0:       |                ^~~~~~~~~~~
[INFO] [stderr] warning: rust-apt@0.3.0: /usr/include/apt-pkg/pkgcache.h:285:11: note: 'std::string_view' is only available from C++17 onwards
[INFO] [stderr] warning: rust-apt@0.3.0:   285 |    static std::string_view DepType_NoL10n(unsigned char Dep);
[INFO] [stderr] warning: rust-apt@0.3.0:       |           ^~~
[INFO] [stderr] warning: rust-apt@0.3.0: In file included from /usr/include/apt-pkg/pkgcache.h:828:
[INFO] [stderr] warning: rust-apt@0.3.0: /usr/include/apt-pkg/cacheiterators.h:126:34: error: 'std::string_view' has not been declared
[INFO] [stderr] warning: rust-apt@0.3.0:   126 |         PkgIterator FindPkg(std::string_view Arch = {"any", 3}) const;
[INFO] [stderr] warning: rust-apt@0.3.0:       |                                  ^~~~~~~~~~~
[INFO] [stderr] warning: rust-apt@0.3.0: /usr/include/apt-pkg/cacheiterators.h:126:34: note: 'std::string_view' is only available from C++17 onwards
[INFO] [stderr] warning: rust-apt@0.3.0: /usr/include/apt-pkg/cacheiterators.h:126:62: error: could not convert '{"any", 3}' from '<brace-enclosed initializer list>' to 'int'
[INFO] [stderr] warning: rust-apt@0.3.0:   126 |         PkgIterator FindPkg(std::string_view Arch = {"any", 3}) const;
[INFO] [stderr] warning: rust-apt@0.3.0:       |                                                              ^
[INFO] [stderr] warning: rust-apt@0.3.0:       |                                                              |
[INFO] [stderr] warning: rust-apt@0.3.0:       |                                                              <brace-enclosed initializer list>
[INFO] [stderr] warning: rust-apt@0.3.0: /usr/include/apt-pkg/cacheiterators.h:265:60: error: 'std::string_view' has not been declared
[INFO] [stderr] warning: rust-apt@0.3.0:   265 |         DescIterator TranslatedDescriptionForLanguage(std::string_view lang) const;
[INFO] [stderr] warning: rust-apt@0.3.0:       |                                                            ^~~~~~~~~~~
[INFO] [stderr] warning: rust-apt@0.3.0: /usr/include/apt-pkg/cacheiterators.h:265:60: note: 'std::string_view' is only available from C++17 onwards
[INFO] [stderr] warning: rust-apt@0.3.0: In file included from /usr/include/apt-pkg/algorithms.h:32,
[INFO] [stderr] warning: rust-apt@0.3.0:                  from apt-pkg-c/apt-pkg.cc:2:
[INFO] [stderr] warning: rust-apt@0.3.0: /usr/include/apt-pkg/cachefilter.h:153:73: error: 'string_view' is not a member of 'std'
[INFO] [stderr] warning: rust-apt@0.3.0:   153 | APT_PUBLIC std::unique_ptr<APT::CacheFilter::Matcher> ParsePattern(std::string_view pattern, pkgCacheFile *file);
[INFO] [stderr] warning: rust-apt@0.3.0:       |                                                                         ^~~~~~~~~~~
[INFO] [stderr] warning: rust-apt@0.3.0: /usr/include/apt-pkg/cachefilter.h:153:73: note: 'std::string_view' is only available from C++17 onwards
[INFO] [stderr] warning: rust-apt@0.3.0: /usr/include/apt-pkg/cachefilter.h:153:107: error: expected primary-expression before '*' token
[INFO] [stderr] warning: rust-apt@0.3.0:   153 | APT_PUBLIC std::unique_ptr<APT::CacheFilter::Matcher> ParsePattern(std::string_view pattern, pkgCacheFile *file);
[INFO] [stderr] warning: rust-apt@0.3.0:       |                                                                                                           ^
[INFO] [stderr] warning: rust-apt@0.3.0: /usr/include/apt-pkg/cachefilter.h:153:108: error: 'file' was not declared in this scope
[INFO] [stderr] warning: rust-apt@0.3.0:   153 | APT_PUBLIC std::unique_ptr<APT::CacheFilter::Matcher> ParsePattern(std::string_view pattern, pkgCacheFile *file);
[INFO] [stderr] warning: rust-apt@0.3.0:       |                                                                                                            ^~~~
[INFO] [stderr] warning: rust-apt@0.3.0: In file included from /usr/include/apt-pkg/depcache.h:40,
[INFO] [stderr] warning: rust-apt@0.3.0:                  from /usr/include/apt-pkg/algorithms.h:33:
[INFO] [stderr] warning: rust-apt@0.3.0: /usr/include/apt-pkg/configuration.h:93:55: error: 'string_view' in namespace 'std' does not name a type
[INFO] [stderr] warning: rust-apt@0.3.0:    93 |    inline void Set(const std::string &Name,const std::string_view &Value) {Set(Name.c_str(),Value);};
[INFO] [stderr] warning: rust-apt@0.3.0:       |                                                       ^~~~~~~~~~~
[INFO] [stderr] warning: rust-apt@0.3.0: /usr/include/apt-pkg/configuration.h:93:50: note: 'std::string_view' is only available from C++17 onwards
[INFO] [stderr] warning: rust-apt@0.3.0:    93 |    inline void Set(const std::string &Name,const std::string_view &Value) {Set(Name.c_str(),Value);};
[INFO] [stderr] warning: rust-apt@0.3.0:       |                                                  ^~~
[INFO] [stderr] warning: rust-apt@0.3.0: /usr/include/apt-pkg/configuration.h:94:44: error: 'string_view' in namespace 'std' does not name a type
[INFO] [stderr] warning: rust-apt@0.3.0:    94 |    void CndSet(const char *Name,const std::string_view &Value);
[INFO] [stderr] warning: rust-apt@0.3.0:       |                                            ^~~~~~~~~~~
[INFO] [stderr] warning: rust-apt@0.3.0: /usr/include/apt-pkg/configuration.h:94:39: note: 'std::string_view' is only available from C++17 onwards
[INFO] [stderr] warning: rust-apt@0.3.0:    94 |    void CndSet(const char *Name,const std::string_view &Value);
[INFO] [stderr] warning: rust-apt@0.3.0:       |                                       ^~~
[INFO] [stderr] warning: rust-apt@0.3.0: /usr/include/apt-pkg/configuration.h:96:41: error: 'string_view' in namespace 'std' does not name a type
[INFO] [stderr] warning: rust-apt@0.3.0:    96 |    void Set(const char *Name,const std::string_view &Value);
[INFO] [stderr] warning: rust-apt@0.3.0:       |                                         ^~~~~~~~~~~
[INFO] [stderr] warning: rust-apt@0.3.0: /usr/include/apt-pkg/configuration.h:96:36: note: 'std::string_view' is only available from C++17 onwards
[INFO] [stderr] warning: rust-apt@0.3.0:    96 |    void Set(const char *Name,const std::string_view &Value);
[INFO] [stderr] warning: rust-apt@0.3.0:       |                                    ^~~
[INFO] [stderr] warning: rust-apt@0.3.0: /usr/include/apt-pkg/configuration.h:97:9: error: 'void Configuration::Set(const char*, const int&)' cannot be overloaded with 'void Configuration::Set(const char*, const int&)'
[INFO] [stderr] warning: rust-apt@0.3.0:    97 |    void Set(const char *Name,const int &Value);
[INFO] [stderr] warning: rust-apt@0.3.0:       |         ^~~
[INFO] [stderr] warning: rust-apt@0.3.0: /usr/include/apt-pkg/configuration.h:96:9: note: previous declaration 'void Configuration::Set(const char*, const int&)'
[INFO] [stderr] warning: rust-apt@0.3.0:    96 |    void Set(const char *Name,const std::string_view &Value);
[INFO] [stderr] warning: rust-apt@0.3.0:       |         ^~~
[INFO] [stderr] warning: rust-apt@0.3.0: /usr/include/apt-pkg/depcache.h:374:36: error: 'std::string_view' has not been declared
[INFO] [stderr] warning: rust-apt@0.3.0:   374 |    inline GrpIterator FindGrp(std::string_view Name) {return Cache->FindGrp(Name);};
[INFO] [stderr] warning: rust-apt@0.3.0:       |                                    ^~~~~~~~~~~
[INFO] [stderr] warning: rust-apt@0.3.0: /usr/include/apt-pkg/depcache.h:374:36: note: 'std::string_view' is only available from C++17 onwards
[INFO] [stderr] warning: rust-apt@0.3.0: /usr/include/apt-pkg/depcache.h:375:36: error: 'std::string_view' has not been declared
[INFO] [stderr] warning: rust-apt@0.3.0:   375 |    inline PkgIterator FindPkg(std::string_view Name) {return Cache->FindPkg(Name);};
[INFO] [stderr] warning: rust-apt@0.3.0:       |                                    ^~~~~~~~~~~
[INFO] [stderr] warning: rust-apt@0.3.0: /usr/include/apt-pkg/depcache.h:375:36: note: 'std::string_view' is only available from C++17 onwards
[INFO] [stderr] warning: rust-apt@0.3.0: /usr/include/apt-pkg/depcache.h:376:36: error: 'std::string_view' has not been declared
[INFO] [stderr] warning: rust-apt@0.3.0:   376 |    inline PkgIterator FindPkg(std::string_view Name, std::string_view Arch) {return Cache->FindPkg(Name, Arch);};
[INFO] [stderr] warning: rust-apt@0.3.0:       |                                    ^~~~~~~~~~~
[INFO] [stderr] warning: rust-apt@0.3.0: /usr/include/apt-pkg/depcache.h:376:36: note: 'std::string_view' is only available from C++17 onwards
[INFO] [stderr] warning: rust-apt@0.3.0: /usr/include/apt-pkg/depcache.h:376:59: error: 'std::string_view' has not been declared
[INFO] [stderr] warning: rust-apt@0.3.0:   376 |    inline PkgIterator FindPkg(std::string_view Name, std::string_view Arch) {return Cache->FindPkg(Name, Arch);};
[INFO] [stderr] warning: rust-apt@0.3.0:       |                                                           ^~~~~~~~~~~
[INFO] [stderr] warning: rust-apt@0.3.0: /usr/include/apt-pkg/depcache.h:376:59: note: 'std::string_view' is only available from C++17 onwards
[INFO] [stderr] warning: rust-apt@0.3.0: In file included from apt-pkg-c/apt-pkg.cc:3:
[INFO] [stderr] warning: rust-apt@0.3.0: /usr/include/apt-pkg/fileutl.h:256:17: error: 'string_view' in namespace 'std' does not name a type
[INFO] [stderr] warning: rust-apt@0.3.0:   256 | APT_PUBLIC std::string_view flNotDir(std::string_view File);
[INFO] [stderr] warning: rust-apt@0.3.0:       |                 ^~~~~~~~~~~
[INFO] [stderr] warning: rust-apt@0.3.0: /usr/include/apt-pkg/fileutl.h:256:12: note: 'std::string_view' is only available from C++17 onwards
[INFO] [stderr] warning: rust-apt@0.3.0:   256 | APT_PUBLIC std::string_view flNotDir(std::string_view File);
[INFO] [stderr] warning: rust-apt@0.3.0:       |            ^~~
[INFO] [stderr] warning: rust-apt@0.3.0: /usr/include/apt-pkg/fileutl.h:259:17: error: 'string_view' in namespace 'std' does not name a type
[INFO] [stderr] warning: rust-apt@0.3.0:   259 | APT_PUBLIC std::string_view flExtension(std::string_view File);
[INFO] [stderr] warning: rust-apt@0.3.0:       |                 ^~~~~~~~~~~
[INFO] [stderr] warning: rust-apt@0.3.0: /usr/include/apt-pkg/fileutl.h:259:12: note: 'std::string_view' is only available from C++17 onwards
[INFO] [stderr] warning: rust-apt@0.3.0:   259 | APT_PUBLIC std::string_view flExtension(std::string_view File);
[INFO] [stderr] warning: rust-apt@0.3.0:       |            ^~~
[INFO] [stderr] warning: rust-apt@0.3.0: In file included from /usr/include/apt-pkg/version.h:22,
[INFO] [stderr] warning: rust-apt@0.3.0:                  from apt-pkg-c/apt-pkg.cc:8:
[INFO] [stderr] warning: rust-apt@0.3.0: /usr/include/apt-pkg/strutl.h:45:23: error: 'string_view' in namespace 'std' does not name a type
[INFO] [stderr] warning: rust-apt@0.3.0:    45 |       APT_PUBLIC std::string_view Strip(std::string_view s);
[INFO] [stderr] warning: rust-apt@0.3.0:       |                       ^~~~~~~~~~~
[INFO] [stderr] warning: rust-apt@0.3.0: /usr/include/apt-pkg/strutl.h:45:18: note: 'std::string_view' is only available from C++17 onwards
[INFO] [stderr] warning: rust-apt@0.3.0:    45 |       APT_PUBLIC std::string_view Strip(std::string_view s);
[INFO] [stderr] warning: rust-apt@0.3.0:       |                  ^~~
[INFO] [stderr] warning: rust-apt@0.3.0: /usr/include/apt-pkg/strutl.h:46:43: error: 'string_view' in namespace 'std' does not name a type
[INFO] [stderr] warning: rust-apt@0.3.0:    46 |       APT_PUBLIC bool Endswith(const std::string_view &s, const std::string_view &ending);
[INFO] [stderr] warning: rust-apt@0.3.0:       |                                           ^~~~~~~~~~~
[INFO] [stderr] warning: rust-apt@0.3.0: /usr/include/apt-pkg/strutl.h:46:38: note: 'std::string_view' is only available from C++17 onwards
[INFO] [stderr] warning: rust-apt@0.3.0:    46 |       APT_PUBLIC bool Endswith(const std::string_view &s, const std::string_view &ending);
[INFO] [stderr] warning: rust-apt@0.3.0:       |                                      ^~~
[INFO] [stderr] warning: rust-apt@0.3.0: /usr/include/apt-pkg/strutl.h:46:70: error: 'string_view' in namespace 'std' does not name a type
[INFO] [stderr] warning: rust-apt@0.3.0:    46 |       APT_PUBLIC bool Endswith(const std::string_view &s, const std::string_view &ending);
[INFO] [stderr] warning: rust-apt@0.3.0:       |                                                                      ^~~~~~~~~~~
[INFO] [stderr] warning: rust-apt@0.3.0: /usr/include/apt-pkg/strutl.h:46:65: note: 'std::string_view' is only available from C++17 onwards
[INFO] [stderr] warning: rust-apt@0.3.0:    46 |       APT_PUBLIC bool Endswith(const std::string_view &s, const std::string_view &ending);
[INFO] [stderr] warning: rust-apt@0.3.0:       |                                                                 ^~~
[INFO] [stderr] warning: rust-apt@0.3.0: /usr/include/apt-pkg/strutl.h:47:45: error: 'string_view' in namespace 'std' does not name a type
[INFO] [stderr] warning: rust-apt@0.3.0:    47 |       APT_PUBLIC bool Startswith(const std::string_view &s, const std::string_view &starting);
[INFO] [stderr] warning: rust-apt@0.3.0:       |                                             ^~~~~~~~~~~
[INFO] [stderr] warning: rust-apt@0.3.0: /usr/include/apt-pkg/strutl.h:47:40: note: 'std::string_view' is only available from C++17 onwards
[INFO] [stderr] warning: rust-apt@0.3.0:    47 |       APT_PUBLIC bool Startswith(const std::string_view &s, const std::string_view &starting);
[INFO] [stderr] warning: rust-apt@0.3.0:       |                                        ^~~
[INFO] [stderr] warning: rust-apt@0.3.0: /usr/include/apt-pkg/strutl.h:47:72: error: 'string_view' in namespace 'std' does not name a type
[INFO] [stderr] warning: rust-apt@0.3.0:    47 |       APT_PUBLIC bool Startswith(const std::string_view &s, const std::string_view &starting);
[INFO] [stderr] warning: rust-apt@0.3.0:       |                                                                        ^~~~~~~~~~~
[INFO] [stderr] warning: rust-apt@0.3.0: /usr/include/apt-pkg/strutl.h:47:67: note: 'std::string_view' is only available from C++17 onwards
[INFO] [stderr] warning: rust-apt@0.3.0:    47 |       APT_PUBLIC bool Startswith(const std::string_view &s, const std::string_view &starting);
[INFO] [stderr] warning: rust-apt@0.3.0:       |                                                                   ^~~
[INFO] [stderr] warning: rust-apt@0.3.0: /usr/include/apt-pkg/strutl.h:48:77: error: 'string_view' in namespace 'std' does not name a type
[INFO] [stderr] warning: rust-apt@0.3.0:    48 |       APT_PUBLIC std::string Join(std::vector<std::string> list, const std::string_view &sep);
[INFO] [stderr] warning: rust-apt@0.3.0:       |                                                                             ^~~~~~~~~~~
[INFO] [stderr] warning: rust-apt@0.3.0: /usr/include/apt-pkg/strutl.h:48:72: note: 'std::string_view' is only available from C++17 onwards
[INFO] [stderr] warning: rust-apt@0.3.0:    48 |       APT_PUBLIC std::string Join(std::vector<std::string> list, const std::string_view &sep);
[INFO] [stderr] warning: rust-apt@0.3.0:       |                                                                        ^~~
[INFO] [stderr] warning: rust-apt@0.3.0: /usr/include/apt-pkg/strutl.h:50:44: error: 'string_view' is not a member of 'std'
[INFO] [stderr] warning: rust-apt@0.3.0:    50 |       APT_PUBLIC size_t DisplayLength(std::string_view str);
[INFO] [stderr] warning: rust-apt@0.3.0:       |                                            ^~~~~~~~~~~
[INFO] [stderr] warning: rust-apt@0.3.0: /usr/include/apt-pkg/strutl.h:50:44: note: 'std::string_view' is only available from C++17 onwards
[INFO] [stderr] warning: rust-apt@0.3.0: /usr/include/apt-pkg/strutl.h:71:48: error: 'string_view' in namespace 'std' does not name a type
[INFO] [stderr] warning: rust-apt@0.3.0:    71 | APT_PUBLIC std::string Base64Decode(const std::string_view in);
[INFO] [stderr] warning: rust-apt@0.3.0:       |                                                ^~~~~~~~~~~
[INFO] [stderr] warning: rust-apt@0.3.0: /usr/include/apt-pkg/strutl.h:71:43: note: 'std::string_view' is only available from C++17 onwards
[INFO] [stderr] warning: rust-apt@0.3.0:    71 | APT_PUBLIC std::string Base64Decode(const std::string_view in);
[INFO] [stderr] warning: rust-apt@0.3.0:       |                                           ^~~
[INFO] [stderr] warning: rust-apt@0.3.0: /usr/include/apt-pkg/strutl.h:107:36: error: 'string_view' in namespace 'std' does not name a type
[INFO] [stderr] warning: rust-apt@0.3.0:   107 | APT_PUBLIC bool Hex2Num(const std::string_view Str,unsigned char *Num,unsigned int Length);
[INFO] [stderr] warning: rust-apt@0.3.0:       |                                    ^~~~~~~~~~~
[INFO] [stderr] warning: rust-apt@0.3.0: /usr/include/apt-pkg/strutl.h:107:31: note: 'std::string_view' is only available from C++17 onwards
[INFO] [stderr] warning: rust-apt@0.3.0:   107 | APT_PUBLIC bool Hex2Num(const std::string_view Str,unsigned char *Num,unsigned int Length);
[INFO] [stderr] warning: rust-apt@0.3.0:       |                               ^~~
[INFO] [stderr] warning: rust-apt@0.3.0: /usr/include/apt-pkg/strutl.h:113:58: error: 'string_view' is not a member of 'std'
[INFO] [stderr] warning: rust-apt@0.3.0:   113 | APT_PUBLIC std::vector<std::string> VectorizeString(std::string_view const &haystack, char const &split) APT_PURE;
[INFO] [stderr] warning: rust-apt@0.3.0:       |                                                          ^~~~~~~~~~~
[INFO] [stderr] warning: rust-apt@0.3.0: /usr/include/apt-pkg/strutl.h:113:58: note: 'std::string_view' is only available from C++17 onwards
[INFO] [stderr] warning: rust-apt@0.3.0: /usr/include/apt-pkg/strutl.h:113:87: error: expected primary-expression before 'char'
[INFO] [stderr] warning: rust-apt@0.3.0:   113 | APT_PUBLIC std::vector<std::string> VectorizeString(std::string_view const &haystack, char const &split) APT_PURE;
[INFO] [stderr] warning: rust-apt@0.3.0:       |                                                                                       ^~~~
[INFO] [stderr] warning: rust-apt@0.3.0: /usr/include/apt-pkg/strutl.h:113:106: error: attributes after parenthesized initializer ignored [-fpermissive]
[INFO] [stderr] warning: rust-apt@0.3.0:   113 | APT_PUBLIC std::vector<std::string> VectorizeString(std::string_view const &haystack, char const &split) APT_PURE;
[INFO] [stderr] warning: rust-apt@0.3.0:       |                                                                                                          ^~~~~~~~
[INFO] [stderr] warning: rust-apt@0.3.0: /usr/include/apt-pkg/strutl.h:129:54: error: 'string_view' is not a member of 'std'
[INFO] [stderr] warning: rust-apt@0.3.0:   129 | APT_PUBLIC std::vector<std::string> StringSplit(std::string_view const &input,
[INFO] [stderr] warning: rust-apt@0.3.0:       |                                                      ^~~~~~~~~~~
[INFO] [stderr] warning: rust-apt@0.3.0: /usr/include/apt-pkg/strutl.h:129:54: note: 'std::string_view' is only available from C++17 onwards
[INFO] [stderr] warning: rust-apt@0.3.0: /usr/include/apt-pkg/strutl.h:130:43: error: 'string_view' is not a member of 'std'
[INFO] [stderr] warning: rust-apt@0.3.0:   130 |                                      std::string_view const &sep,
[INFO] [stderr] warning: rust-apt@0.3.0:       |                                           ^~~~~~~~~~~
[INFO] [stderr] warning: rust-apt@0.3.0: /usr/include/apt-pkg/strutl.h:130:43: note: 'std::string_view' is only available from C++17 onwards
[INFO] [stderr] warning: rust-apt@0.3.0: /usr/include/apt-pkg/strutl.h:131:38: error: expected primary-expression before 'unsigned'
[INFO] [stderr] warning: rust-apt@0.3.0:   131 |                                      unsigned int maxsplit=std::numeric_limits<unsigned int>::max()) APT_PURE;
[INFO] [stderr] warning: rust-apt@0.3.0:       |                                      ^~~~~~~~
[INFO] [stderr] warning: rust-apt@0.3.0: /usr/include/apt-pkg/strutl.h:131:102: error: attributes after parenthesized initializer ignored [-fpermissive]
[INFO] [stderr] warning: rust-apt@0.3.0:   131 |                                      unsigned int maxsplit=std::numeric_limits<unsigned int>::max()) APT_PURE;
[INFO] [stderr] warning: rust-apt@0.3.0:       |                                                                                                      ^~~~~~~~
[INFO] [stderr] warning: rust-apt@0.3.0: /usr/include/apt-pkg/strutl.h:250:44: error: 'string_view' in namespace 'std' does not name a type
[INFO] [stderr] warning: rust-apt@0.3.0:   250 | APT_PUBLIC std::string SubstVar(const std::string_view &Str,const std::string_view &Subst,const std::string_view &Contents);
[INFO] [stderr] warning: rust-apt@0.3.0:       |                                            ^~~~~~~~~~~
[INFO] [stderr] warning: rust-apt@0.3.0: /usr/include/apt-pkg/strutl.h:250:39: note: 'std::string_view' is only available from C++17 onwards
[INFO] [stderr] warning: rust-apt@0.3.0:   250 | APT_PUBLIC std::string SubstVar(const std::string_view &Str,const std::string_view &Subst,const std::string_view &Contents);
[INFO] [stderr] warning: rust-apt@0.3.0:       |                                       ^~~
[INFO] [stderr] warning: rust-apt@0.3.0: /usr/include/apt-pkg/strutl.h:250:72: error: 'string_view' in namespace 'std' does not name a type
[INFO] [stderr] warning: rust-apt@0.3.0:   250 | APT_PUBLIC std::string SubstVar(const std::string_view &Str,const std::string_view &Subst,const std::string_view &Contents);
[INFO] [stderr] warning: rust-apt@0.3.0:       |                                                                        ^~~~~~~~~~~
[INFO] [stderr] warning: rust-apt@0.3.0: /usr/include/apt-pkg/strutl.h:250:67: note: 'std::string_view' is only available from C++17 onwards
[INFO] [stderr] warning: rust-apt@0.3.0:   250 | APT_PUBLIC std::string SubstVar(const std::string_view &Str,const std::string_view &Subst,const std::string_view &Contents);
[INFO] [stderr] warning: rust-apt@0.3.0:       |                                                                   ^~~
[INFO] [stderr] warning: rust-apt@0.3.0: /usr/include/apt-pkg/strutl.h:250:102: error: 'string_view' in namespace 'std' does not name a type
[INFO] [stderr] warning: rust-apt@0.3.0:   250 | APT_PUBLIC std::string SubstVar(const std::string_view &Str,const std::string_view &Subst,const std::string_view &Contents);
[INFO] [stderr] warning: rust-apt@0.3.0:       |                                                                                                      ^~~~~~~~~~~
[INFO] [stderr] warning: rust-apt@0.3.0: /usr/include/apt-pkg/strutl.h:250:97: note: 'std::string_view' is only available from C++17 onwards
[INFO] [stderr] warning: rust-apt@0.3.0:   250 | APT_PUBLIC std::string SubstVar(const std::string_view &Str,const std::string_view &Subst,const std::string_view &Contents);
[INFO] [stderr] warning: rust-apt@0.3.0:       |                                                                                                 ^~~
[INFO] [stderr] warning: rust-apt@0.3.0: /usr/include/apt-pkg/strutl.h:265:52: error: 'string_view' in namespace 'std' does not name a type
[INFO] [stderr] warning: rust-apt@0.3.0:   265 | static inline int StringViewCompareFast(const std::string_view & a, const std::string_view & b) {
[INFO] [stderr] warning: rust-apt@0.3.0:       |                                                    ^~~~~~~~~~~
[INFO] [stderr] warning: rust-apt@0.3.0: /usr/include/apt-pkg/strutl.h:265:47: note: 'std::string_view' is only available from C++17 onwards
[INFO] [stderr] warning: rust-apt@0.3.0:   265 | static inline int StringViewCompareFast(const std::string_view & a, const std::string_view & b) {
[INFO] [stderr] warning: rust-apt@0.3.0:       |                                               ^~~
[INFO] [stderr] warning: rust-apt@0.3.0: /usr/include/apt-pkg/strutl.h:265:80: error: 'string_view' in namespace 'std' does not name a type
[INFO] [stderr] warning: rust-apt@0.3.0:   265 | static inline int StringViewCompareFast(const std::string_view & a, const std::string_view & b) {
[INFO] [stderr] warning: rust-apt@0.3.0:       |                                                                                ^~~~~~~~~~~
[INFO] [stderr] warning: rust-apt@0.3.0: /usr/include/apt-pkg/strutl.h:265:75: note: 'std::string_view' is only available from C++17 onwards
[INFO] [stderr] warning: rust-apt@0.3.0:   265 | static inline int StringViewCompareFast(const std::string_view & a, const std::string_view & b) {
[INFO] [stderr] warning: rust-apt@0.3.0:       |                                                                           ^~~
[INFO] [stderr] warning: rust-apt@0.3.0: /usr/include/apt-pkg/strutl.h: In function 'int StringViewCompareFast(const int&, const int&)':
[INFO] [stderr] warning: rust-apt@0.3.0: /usr/include/apt-pkg/strutl.h:266:11: error: request for member 'size' in 'a', which is of non-class type 'const int'
[INFO] [stderr] warning: rust-apt@0.3.0:   266 |     if (a.size() != b.size())
[INFO] [stderr] warning: rust-apt@0.3.0:       |           ^~~~
[INFO] [stderr] warning: rust-apt@0.3.0: /usr/include/apt-pkg/strutl.h:266:23: error: request for member 'size' in 'b', which is of non-class type 'const int'
[INFO] [stderr] warning: rust-apt@0.3.0:   266 |     if (a.size() != b.size())
[INFO] [stderr] warning: rust-apt@0.3.0:       |                       ^~~~
[INFO] [stderr] warning: rust-apt@0.3.0: /usr/include/apt-pkg/strutl.h:267:18: error: request for member 'size' in 'a', which is of non-class type 'const int'
[INFO] [stderr] warning: rust-apt@0.3.0:   267 |         return a.size() - b.size();
[INFO] [stderr] warning: rust-apt@0.3.0:       |                  ^~~~
[INFO] [stderr] warning: rust-apt@0.3.0: /usr/include/apt-pkg/strutl.h:267:29: error: request for member 'size' in 'b', which is of non-class type 'const int'
[INFO] [stderr] warning: rust-apt@0.3.0:   267 |         return a.size() - b.size();
[INFO] [stderr] warning: rust-apt@0.3.0:       |                             ^~~~
[INFO] [stderr] warning: rust-apt@0.3.0: /usr/include/apt-pkg/strutl.h:269:14: error: request for member 'compare' in 'a', which is of non-class type 'const int'
[INFO] [stderr] warning: rust-apt@0.3.0:   269 |     return a.compare(b);
[INFO] [stderr] warning: rust-apt@0.3.0:       |              ^~~~~~~
[INFO] [stderr] warning: rust-apt@0.3.0: apt-pkg-c/apt-pkg.cc: In function 'rust::cxxbridge1::Vec<SourceFile> source_uris(const std::unique_ptr<pkgCacheFile>&)':
[INFO] [stderr] warning: rust-apt@0.3.0: apt-pkg-c/apt-pkg.cc:131:52: error: 'flNotDir' was not declared in this scope; did you mean 'flNotFile'?
[INFO] [stderr] warning: rust-apt@0.3.0:   131 |                 list.push_back(SourceFile{ I->URI, flNotDir(I->Owner->DestFile) });
[INFO] [stderr] warning: rust-apt@0.3.0:       |                                                    ^~~~~~~~
[INFO] [stderr] warning: rust-apt@0.3.0:       |                                                    flNotFile
[INFO] [stderr] warning: rust-apt@0.3.0: apt-pkg-c/apt-pkg.cc: In function 'PackagePtr pkg_cache_find_name(const std::unique_ptr<pkgCacheFile>&, rust::cxxbridge1::string)':
[INFO] [stderr] warning: rust-apt@0.3.0: apt-pkg-c/apt-pkg.cc:244:69: error: invalid conversion from 'const char*' to 'int' [-fpermissive]
[INFO] [stderr] warning: rust-apt@0.3.0:   244 |         return wrap_package(cache->GetPkgCache()->FindPkg(name.c_str()));
[INFO] [stderr] warning: rust-apt@0.3.0:       |                                                           ~~~~~~~~~~^~
[INFO] [stderr] warning: rust-apt@0.3.0:       |                                                                     |
[INFO] [stderr] warning: rust-apt@0.3.0:       |                                                                     const char*
[INFO] [stderr] warning: rust-apt@0.3.0: /usr/include/apt-pkg/pkgcache.h:255:41: note: initializing argument 1 of 'pkgCache::PkgIterator pkgCache::FindPkg(int)'
[INFO] [stderr] warning: rust-apt@0.3.0:   255 |    PkgIterator FindPkg(std::string_view Name);
[INFO] [stderr] warning: rust-apt@0.3.0:       |                        ~~~~~~~~~~~~~~~~~^~~~
[INFO] [stderr] warning: rust-apt@0.3.0: apt-pkg-c/apt-pkg.cc: In function 'PackagePtr pkg_cache_find_name_arch(const std::unique_ptr<pkgCacheFile>&, rust::cxxbridge1::string, rust::cxxbridge1::string)':
[INFO] [stderr] warning: rust-apt@0.3.0: apt-pkg-c/apt-pkg.cc:252:69: error: invalid conversion from 'const char*' to 'int' [-fpermissive]
[INFO] [stderr] warning: rust-apt@0.3.0:   252 |         return wrap_package(cache->GetPkgCache()->FindPkg(name.c_str(), arch.c_str()));
[INFO] [stderr] warning: rust-apt@0.3.0:       |                                                           ~~~~~~~~~~^~
[INFO] [stderr] warning: rust-apt@0.3.0:       |                                                                     |
[INFO] [stderr] warning: rust-apt@0.3.0:       |                                                                     const char*
[INFO] [stderr] warning: rust-apt@0.3.0: /usr/include/apt-pkg/pkgcache.h:256:41: note: initializing argument 1 of 'pkgCache::PkgIterator pkgCache::FindPkg(int, int)'
[INFO] [stderr] warning: rust-apt@0.3.0:   256 |    PkgIterator FindPkg(std::string_view Name, std::string_view Arch);
[INFO] [stderr] warning: rust-apt@0.3.0:       |                        ~~~~~~~~~~~~~~~~~^~~~
[INFO] [stderr] warning: rust-apt@0.3.0: apt-pkg-c/apt-pkg.cc:252:83: error: invalid conversion from 'const char*' to 'int' [-fpermissive]
[INFO] [stderr] warning: rust-apt@0.3.0:   252 |         return wrap_package(cache->GetPkgCache()->FindPkg(name.c_str(), arch.c_str()));
[INFO] [stderr] warning: rust-apt@0.3.0:       |                                                                         ~~~~~~~~~~^~
[INFO] [stderr] warning: rust-apt@0.3.0:       |                                                                                   |
[INFO] [stderr] warning: rust-apt@0.3.0:       |                                                                                   const char*
[INFO] [stderr] warning: rust-apt@0.3.0: /usr/include/apt-pkg/pkgcache.h:256:64: note: initializing argument 2 of 'pkgCache::PkgIterator pkgCache::FindPkg(int, int)'
[INFO] [stderr] warning: rust-apt@0.3.0:   256 |    PkgIterator FindPkg(std::string_view Name, std::string_view Arch);
[INFO] [stderr] warning: rust-apt@0.3.0:       |                                               ~~~~~~~~~~~~~~~~~^~~~
[INFO] [stderr] error: failed to run custom build command for `rust-apt v0.3.0`
[INFO] [stderr] note: To improve backtraces for build dependencies, set the CARGO_PROFILE_RELEASE_BUILD_OVERRIDE_DEBUG=true environment variable to enable debug information generation.
[INFO] [stderr] 
[INFO] [stderr] Caused by:
[INFO] [stderr]   process didn't exit successfully: `/opt/rustwide/target/release/build/rust-apt-b6757c421ac389fa/build-script-build` (exit status: 1)
[INFO] [stderr]   --- stdout
[INFO] [stderr]   cargo:CXXBRIDGE_PREFIX=rust-apt
[INFO] [stderr]   cargo:CXXBRIDGE_DIR0=/opt/rustwide/target/release/build/rust-apt-e11d192d51775478/out/cxxbridge/include
[INFO] [stderr]   cargo:CXXBRIDGE_DIR1=/opt/rustwide/target/release/build/rust-apt-e11d192d51775478/out/cxxbridge/crate
[INFO] [stderr]   TARGET = Some("x86_64-unknown-linux-gnu")
[INFO] [stderr]   OPT_LEVEL = Some("3")
[INFO] [stderr]   HOST = Some("x86_64-unknown-linux-gnu")
[INFO] [stderr]   CXX_x86_64-unknown-linux-gnu = None
[INFO] [stderr]   CXX_x86_64_unknown_linux_gnu = None
[INFO] [stderr]   HOST_CXX = None
[INFO] [stderr]   CXX = None
[INFO] [stderr]   CXXFLAGS_x86_64-unknown-linux-gnu = None
[INFO] [stderr]   CXXFLAGS_x86_64_unknown_linux_gnu = None
[INFO] [stderr]   HOST_CXXFLAGS = None
[INFO] [stderr]   CXXFLAGS = None
[INFO] [stderr]   CRATE_CC_NO_DEFAULTS = None
[INFO] [stderr]   DEBUG = Some("false")
[INFO] [stderr]   CARGO_CFG_TARGET_FEATURE = Some("fxsr,sse,sse2")
[INFO] [stderr]   CXX_x86_64-unknown-linux-gnu = None
[INFO] [stderr]   CXX_x86_64_unknown_linux_gnu = None
[INFO] [stderr]   HOST_CXX = None
[INFO] [stderr]   CXX = None
[INFO] [stderr]   CXXFLAGS_x86_64-unknown-linux-gnu = None
[INFO] [stderr]   CXXFLAGS_x86_64_unknown_linux_gnu = None
[INFO] [stderr]   HOST_CXXFLAGS = None
[INFO] [stderr]   CXXFLAGS = None
[INFO] [stderr]   CRATE_CC_NO_DEFAULTS = None
[INFO] [stderr]   CARGO_CFG_TARGET_FEATURE = Some("fxsr,sse,sse2")
[INFO] [stderr]   running: "c++" "-O3" "-ffunction-sections" "-fdata-sections" "-fPIC" "-m64" "-I" "/opt/rustwide/target/release/build/rust-apt-e11d192d51775478/out/cxxbridge/include" "-I" "/opt/rustwide/target/release/build/rust-apt-e11d192d51775478/out/cxxbridge/crate" "-Wall" "-Wextra" "-std=c++14" "-o" "/opt/rustwide/target/release/build/rust-apt-e11d192d51775478/out/cxxbridge/sources/rust-apt/src/raw.rs.o" "-c" "/opt/rustwide/target/release/build/rust-apt-e11d192d51775478/out/cxxbridge/sources/rust-apt/src/raw.rs.cc"
[INFO] [stderr]   cargo:warning=In file included from /usr/include/apt-pkg/configuration.h:37,
[INFO] [stderr]   cargo:warning=                 from /usr/include/apt-pkg/depcache.h:40,
[INFO] [stderr]   cargo:warning=                 from /usr/include/apt-pkg/cachefile.h:21,
[INFO] [stderr]   cargo:warning=                 from /opt/rustwide/target/release/build/rust-apt-e11d192d51775478/out/cxxbridge/crate/rust-apt/apt-pkg-c/apt-pkg.h:3,
[INFO] [stderr]   cargo:warning=                 from /opt/rustwide/target/release/build/rust-apt-e11d192d51775478/out/cxxbridge/sources/rust-apt/src/raw.rs.cc:1:
[INFO] [stderr]   cargo:warning=/usr/include/apt-pkg/macros.h:113:41: error: expected constructor, destructor, or type conversion before ';' token
[INFO] [stderr]   cargo:warning=  113 | AptScopeWrapper(F) -> AptScopeWrapper<F>;
[INFO] [stderr]   cargo:warning=      |                                         ^
[INFO] [stderr]   cargo:warning=/usr/include/apt-pkg/configuration.h:93:55: error: 'string_view' in namespace 'std' does not name a type
[INFO] [stderr]   cargo:warning=   93 |    inline void Set(const std::string &Name,const std::string_view &Value) {Set(Name.c_str(),Value);};
[INFO] [stderr]   cargo:warning=      |                                                       ^~~~~~~~~~~
[INFO] [stderr]   cargo:warning=/usr/include/apt-pkg/configuration.h:93:50: note: 'std::string_view' is only available from C++17 onwards
[INFO] [stderr]   cargo:warning=   93 |    inline void Set(const std::string &Name,const std::string_view &Value) {Set(Name.c_str(),Value);};
[INFO] [stderr]   cargo:warning=      |                                                  ^~~
[INFO] [stderr]   cargo:warning=/usr/include/apt-pkg/configuration.h:94:44: error: 'string_view' in namespace 'std' does not name a type
[INFO] [stderr]   cargo:warning=   94 |    void CndSet(const char *Name,const std::string_view &Value);
[INFO] [stderr]   cargo:warning=      |                                            ^~~~~~~~~~~
[INFO] [stderr]   cargo:warning=/usr/include/apt-pkg/configuration.h:94:39: note: 'std::string_view' is only available from C++17 onwards
[INFO] [stderr]   cargo:warning=   94 |    void CndSet(const char *Name,const std::string_view &Value);
[INFO] [stderr]   cargo:warning=      |                                       ^~~
[INFO] [stderr]   cargo:warning=/usr/include/apt-pkg/configuration.h:96:41: error: 'string_view' in namespace 'std' does not name a type
[INFO] [stderr]   cargo:warning=   96 |    void Set(const char *Name,const std::string_view &Value);
[INFO] [stderr]   cargo:warning=      |                                         ^~~~~~~~~~~
[INFO] [stderr]   cargo:warning=/usr/include/apt-pkg/configuration.h:96:36: note: 'std::string_view' is only available from C++17 onwards
[INFO] [stderr]   cargo:warning=   96 |    void Set(const char *Name,const std::string_view &Value);
[INFO] [stderr]   cargo:warning=      |                                    ^~~
[INFO] [stderr]   cargo:warning=/usr/include/apt-pkg/configuration.h:97:9: error: 'void Configuration::Set(const char*, const int&)' cannot be overloaded with 'void Configuration::Set(const char*, const int&)'
[INFO] [stderr]   cargo:warning=   97 |    void Set(const char *Name,const int &Value);
[INFO] [stderr]   cargo:warning=      |         ^~~
[INFO] [stderr]   cargo:warning=/usr/include/apt-pkg/configuration.h:96:9: note: previous declaration 'void Configuration::Set(const char*, const int&)'
[INFO] [stderr]   cargo:warning=   96 |    void Set(const char *Name,const std::string_view &Value);
[INFO] [stderr]   cargo:warning=      |         ^~~
[INFO] [stderr]   cargo:warning=In file included from /usr/include/apt-pkg/depcache.h:42:
[INFO] [stderr]   cargo:warning=/usr/include/apt-pkg/pkgcache.h:218:24: error: 'std::string_view' has not been declared
[INFO] [stderr]   cargo:warning=  218 |    map_id_t sHash(std::string_view S) const APT_PURE;
[INFO] [stderr]   cargo:warning=      |                        ^~~~~~~~~~~
[INFO] [stderr]   cargo:warning=/usr/include/apt-pkg/pkgcache.h:218:24: note: 'std::string_view' is only available from C++17 onwards
[INFO] [stderr]   cargo:warning=/usr/include/apt-pkg/pkgcache.h:245:30: error: 'std::string_view' has not been declared
[INFO] [stderr]   cargo:warning=  245 |    inline map_id_t Hash(std::string_view S) const {return sHash(S);}
[INFO] [stderr]   cargo:warning=      |                              ^~~~~~~~~~~
[INFO] [stderr]   cargo:warning=/usr/include/apt-pkg/pkgcache.h:245:30: note: 'std::string_view' is only available from C++17 onwards
[INFO] [stderr]   cargo:warning=/usr/include/apt-pkg/pkgcache.h:251:16: error: 'string_view' in namespace 'std' does not name a type
[INFO] [stderr]   cargo:warning=  251 |    static std::string_view Priority_NoL10n(unsigned char Prio);
[INFO] [stderr]   cargo:warning=      |                ^~~~~~~~~~~
[INFO] [stderr]   cargo:warning=/usr/include/apt-pkg/pkgcache.h:251:11: note: 'std::string_view' is only available from C++17 onwards
[INFO] [stderr]   cargo:warning=  251 |    static std::string_view Priority_NoL10n(unsigned char Prio);
[INFO] [stderr]   cargo:warning=      |           ^~~
[INFO] [stderr]   cargo:warning=/usr/include/apt-pkg/pkgcache.h:254:29: error: 'std::string_view' has not been declared
[INFO] [stderr]   cargo:warning=  254 |    GrpIterator FindGrp(std::string_view Name);
[INFO] [stderr]   cargo:warning=      |                             ^~~~~~~~~~~
[INFO] [stderr]   cargo:warning=/usr/include/apt-pkg/pkgcache.h:254:29: note: 'std::string_view' is only available from C++17 onwards
[INFO] [stderr]   cargo:warning=/usr/include/apt-pkg/pkgcache.h:255:29: error: 'std::string_view' has not been declared
[INFO] [stderr]   cargo:warning=  255 |    PkgIterator FindPkg(std::string_view Name);
[INFO] [stderr]   cargo:warning=      |                             ^~~~~~~~~~~
[INFO] [stderr]   cargo:warning=/usr/include/apt-pkg/pkgcache.h:255:29: note: 'std::string_view' is only available from C++17 onwards
[INFO] [stderr]   cargo:warning=/usr/include/apt-pkg/pkgcache.h:256:29: error: 'std::string_view' has not been declared
[INFO] [stderr]   cargo:warning=  256 |    PkgIterator FindPkg(std::string_view Name, std::string_view Arch);
[INFO] [stderr]   cargo:warning=      |                             ^~~~~~~~~~~
[INFO] [stderr]   cargo:warning=/usr/include/apt-pkg/pkgcache.h:256:29: note: 'std::string_view' is only available from C++17 onwards
[INFO] [stderr]   cargo:warning=/usr/include/apt-pkg/pkgcache.h:256:52: error: 'std::string_view' has not been declared
[INFO] [stderr]   cargo:warning=  256 |    PkgIterator FindPkg(std::string_view Name, std::string_view Arch);
[INFO] [stderr]   cargo:warning=      |                                                    ^~~~~~~~~~~
[INFO] [stderr]   cargo:warning=/usr/include/apt-pkg/pkgcache.h:256:52: note: 'std::string_view' is only available from C++17 onwards
[INFO] [stderr]   cargo:warning=/usr/include/apt-pkg/pkgcache.h:258:9: error: 'string_view' in namespace 'std' does not name a type
[INFO] [stderr]   cargo:warning=  258 |    std::string_view ViewString(map_stringitem_t idx) const
[INFO] [stderr]   cargo:warning=      |         ^~~~~~~~~~~
[INFO] [stderr]   cargo:warning=/usr/include/apt-pkg/pkgcache.h:258:4: note: 'std::string_view' is only available from C++17 onwards
[INFO] [stderr]   cargo:warning=  258 |    std::string_view ViewString(map_stringitem_t idx) const
[INFO] [stderr]   cargo:warning=      |    ^~~
[INFO] [stderr]   cargo:warning=/usr/include/apt-pkg/pkgcache.h:285:16: error: 'string_view' in namespace 'std' does not name a type
[INFO] [stderr]   cargo:warning=  285 |    static std::string_view DepType_NoL10n(unsigned char Dep);
[INFO] [stderr]   cargo:warning=      |                ^~~~~~~~~~~
[INFO] [stderr]   cargo:warning=/usr/include/apt-pkg/pkgcache.h:285:11: note: 'std::string_view' is only available from C++17 onwards
[INFO] [stderr]   cargo:warning=  285 |    static std::string_view DepType_NoL10n(unsigned char Dep);
[INFO] [stderr]   cargo:warning=      |           ^~~
[INFO] [stderr]   cargo:warning=In file included from /usr/include/apt-pkg/pkgcache.h:828:
[INFO] [stderr]   cargo:warning=/usr/include/apt-pkg/cacheiterators.h:126:34: error: 'std::string_view' has not been declared
[INFO] [stderr]   cargo:warning=  126 |         PkgIterator FindPkg(std::string_view Arch = {"any", 3}) const;
[INFO] [stderr]   cargo:warning=      |                                  ^~~~~~~~~~~
[INFO] [stderr]   cargo:warning=/usr/include/apt-pkg/cacheiterators.h:126:34: note: 'std::string_view' is only available from C++17 onwards
[INFO] [stderr]   cargo:warning=/usr/include/apt-pkg/cacheiterators.h:126:62: error: could not convert '{"any", 3}' from '<brace-enclosed initializer list>' to 'int'
[INFO] [stderr]   cargo:warning=  126 |         PkgIterator FindPkg(std::string_view Arch = {"any", 3}) const;
[INFO] [stderr]   cargo:warning=      |                                                              ^
[INFO] [stderr]   cargo:warning=      |                                                              |
[INFO] [stderr]   cargo:warning=      |                                                              <brace-enclosed initializer list>
[INFO] [stderr]   cargo:warning=/usr/include/apt-pkg/cacheiterators.h:265:60: error: 'std::string_view' has not been declared
[INFO] [stderr]   cargo:warning=  265 |         DescIterator TranslatedDescriptionForLanguage(std::string_view lang) const;
[INFO] [stderr]   cargo:warning=      |                                                            ^~~~~~~~~~~
[INFO] [stderr]   cargo:warning=/usr/include/apt-pkg/cacheiterators.h:265:60: note: 'std::string_view' is only available from C++17 onwards
[INFO] [stderr]   cargo:warning=/usr/include/apt-pkg/depcache.h:374:36: error: 'std::string_view' has not been declared
[INFO] [stderr]   cargo:warning=  374 |    inline GrpIterator FindGrp(std::string_view Name) {return Cache->FindGrp(Name);};
[INFO] [stderr]   cargo:warning=      |                                    ^~~~~~~~~~~
[INFO] [stderr]   cargo:warning=/usr/include/apt-pkg/depcache.h:374:36: note: 'std::string_view' is only available from C++17 onwards
[INFO] [stderr]   cargo:warning=/usr/include/apt-pkg/depcache.h:375:36: error: 'std::string_view' has not been declared
[INFO] [stderr]   cargo:warning=  375 |    inline PkgIterator FindPkg(std::string_view Name) {return Cache->FindPkg(Name);};
[INFO] [stderr]   cargo:warning=      |                                    ^~~~~~~~~~~
[INFO] [stderr]   cargo:warning=/usr/include/apt-pkg/depcache.h:375:36: note: 'std::string_view' is only available from C++17 onwards
[INFO] [stderr]   cargo:warning=/usr/include/apt-pkg/depcache.h:376:36: error: 'std::string_view' has not been declared
[INFO] [stderr]   cargo:warning=  376 |    inline PkgIterator FindPkg(std::string_view Name, std::string_view Arch) {return Cache->FindPkg(Name, Arch);};
[INFO] [stderr]   cargo:warning=      |                                    ^~~~~~~~~~~
[INFO] [stderr]   cargo:warning=/usr/include/apt-pkg/depcache.h:376:36: note: 'std::string_view' is only available from C++17 onwards
[INFO] [stderr]   cargo:warning=/usr/include/apt-pkg/depcache.h:376:59: error: 'std::string_view' has not been declared
[INFO] [stderr]   cargo:warning=  376 |    inline PkgIterator FindPkg(std::string_view Name, std::string_view Arch) {return Cache->FindPkg(Name, Arch);};
[INFO] [stderr]   cargo:warning=      |                                                           ^~~~~~~~~~~
[INFO] [stderr]   cargo:warning=/usr/include/apt-pkg/depcache.h:376:59: note: 'std::string_view' is only available from C++17 onwards
[INFO] [stderr]   cargo:warning=In file included from /usr/include/apt-pkg/pkgrecords.h:19,
[INFO] [stderr]   cargo:warning=                 from /opt/rustwide/target/release/build/rust-apt-e11d192d51775478/out/cxxbridge/crate/rust-apt/apt-pkg-c/apt-pkg.h:4:
[INFO] [stderr]   cargo:warning=/usr/include/apt-pkg/hashes.h:44:40: error: expected ')' before 'StringedHashString'
[INFO] [stderr]   cargo:warning=   44 |    explicit HashString(std::string_view StringedHashString);  // init from str as "type:hash"
[INFO] [stderr]   cargo:warning=      |                       ~                ^~~~~~~~~~~~~~~~~~~
[INFO] [stderr]   cargo:warning=      |                                        )
[INFO] [stderr]   cargo:warning=/usr/include/apt-pkg/hashes.h: In constructor 'HashStringList::HashStringList(const std::string&)':
[INFO] [stderr]   cargo:warning=/usr/include/apt-pkg/hashes.h:171:40: error: no matching function for call to 'HashString::HashString(const std::string&)'
[INFO] [stderr]   cargo:warning=  171 |          list.push_back(HashString(hash));
[INFO] [stderr]   cargo:warning=      |                                        ^
[INFO] [stderr]   cargo:warning=/usr/include/apt-pkg/hashes.h:171:40: note: there are 4 candidates
[INFO] [stderr]   cargo:warning=/usr/include/apt-pkg/hashes.h:45:4: note: candidate 1: 'HashString::HashString()'
[INFO] [stderr]   cargo:warning=   45 |    HashString();
[INFO] [stderr]   cargo:warning=      |    ^~~~~~~~~~
[INFO] [stderr]   cargo:warning=/usr/include/apt-pkg/hashes.h:45:4: note: candidate expects 0 arguments, 1 provided
[INFO] [stderr]   cargo:warning=/usr/include/apt-pkg/hashes.h:43:4: note: candidate 2: 'HashString::HashString(std::string, std::string)'
[INFO] [stderr]   cargo:warning=   43 |    HashString(std::string Type, std::string Hash);
[INFO] [stderr]   cargo:warning=      |    ^~~~~~~~~~
[INFO] [stderr]   cargo:warning=/usr/include/apt-pkg/hashes.h:43:4: note: candidate expects 2 arguments, 1 provided
[INFO] [stderr]   cargo:warning=/usr/include/apt-pkg/hashes.h:32:18: note: candidate 3: 'HashString::HashString(const HashString&)'
[INFO] [stderr]   cargo:warning=   32 | class APT_PUBLIC HashString
[INFO] [stderr]   cargo:warning=      |                  ^~~~~~~~~~
[INFO] [stderr]   cargo:warning=/usr/include/apt-pkg/hashes.h:32:18: note: no known conversion for argument 1 from 'const std::string' {aka 'const std::__cxx11::basic_string<char>'} to 'const HashString&'
[INFO] [stderr]   cargo:warning=/usr/include/apt-pkg/hashes.h:32:18: note: candidate 4: 'HashString::HashString(HashString&&)'
[INFO] [stderr]   cargo:warning=/usr/include/apt-pkg/hashes.h:32:18: note: no known conversion for argument 1 from 'const std::string' {aka 'const std::__cxx11::basic_string<char>'} to 'HashString&&'
[INFO] [stderr]   cargo:warning=/usr/include/apt-pkg/hashes.h: In constructor 'HashStringList::HashStringList(const char*)':
[INFO] [stderr]   cargo:warning=/usr/include/apt-pkg/hashes.h:175:40: error: no matching function for call to 'HashString::HashString(const char* const&)'
[INFO] [stderr]   cargo:warning=  175 |          list.push_back(HashString(hash));
[INFO] [stderr]   cargo:warning=      |                                        ^
[INFO] [stderr]   cargo:warning=/usr/include/apt-pkg/hashes.h:175:40: note: there are 4 candidates
[INFO] [stderr]   cargo:warning=/usr/include/apt-pkg/hashes.h:45:4: note: candidate 1: 'HashString::HashString()'
[INFO] [stderr]   cargo:warning=   45 |    HashString();
[INFO] [stderr]   cargo:warning=      |    ^~~~~~~~~~
[INFO] [stderr]   cargo:warning=/usr/include/apt-pkg/hashes.h:45:4: note: candidate expects 0 arguments, 1 provided
[INFO] [stderr]   cargo:warning=/usr/include/apt-pkg/hashes.h:43:4: note: candidate 2: 'HashString::HashString(std::string, std::string)'
[INFO] [stderr]   cargo:warning=   43 |    HashString(std::string Type, std::string Hash);
[INFO] [stderr]   cargo:warning=      |    ^~~~~~~~~~
[INFO] [stderr]   cargo:warning=/usr/include/apt-pkg/hashes.h:43:4: note: candidate expects 2 arguments, 1 provided
[INFO] [stderr]   cargo:warning=/usr/include/apt-pkg/hashes.h:32:18: note: candidate 3: 'HashString::HashString(const HashString&)'
[INFO] [stderr]   cargo:warning=   32 | class APT_PUBLIC HashString
[INFO] [stderr]   cargo:warning=      |                  ^~~~~~~~~~
[INFO] [stderr]   cargo:warning=/usr/include/apt-pkg/hashes.h:32:18: note: no known conversion for argument 1 from 'const char* const' to 'const HashString&'
[INFO] [stderr]   cargo:warning=/usr/include/apt-pkg/hashes.h:32:18: note: candidate 4: 'HashString::HashString(HashString&&)'
[INFO] [stderr]   cargo:warning=/usr/include/apt-pkg/hashes.h:32:18: note: no known conversion for argument 1 from 'const char* const' to 'HashString&&'
[INFO] [stderr]   exit status: 1
[INFO] [stderr]   running: "c++" "-O3" "-ffunction-sections" "-fdata-sections" "-fPIC" "-m64" "-I" "/opt/rustwide/target/release/build/rust-apt-e11d192d51775478/out/cxxbridge/include" "-I" "/opt/rustwide/target/release/build/rust-apt-e11d192d51775478/out/cxxbridge/crate" "-Wall" "-Wextra" "-std=c++14" "-o" "/opt/rustwide/target/release/build/rust-apt-e11d192d51775478/out/apt-pkg-c/apt-pkg.o" "-c" "apt-pkg-c/apt-pkg.cc"
[INFO] [stderr]   cargo:warning=In file included from /usr/include/apt-pkg/hashes.h:15,
[INFO] [stderr]   cargo:warning=                 from /usr/include/apt-pkg/acquire.h:68,
[INFO] [stderr]   cargo:warning=                 from /usr/include/apt-pkg/acquire-item.h:22,
[INFO] [stderr]   cargo:warning=                 from apt-pkg-c/apt-pkg.cc:1:
[INFO] [stderr]   cargo:warning=/usr/include/apt-pkg/macros.h:113:41: error: expected constructor, destructor, or type conversion before ';' token
[INFO] [stderr]   cargo:warning=  113 | AptScopeWrapper(F) -> AptScopeWrapper<F>;
[INFO] [stderr]   cargo:warning=      |                                         ^
[INFO] [stderr]   cargo:warning=/usr/include/apt-pkg/hashes.h:44:40: error: expected ')' before 'StringedHashString'
[INFO] [stderr]   cargo:warning=   44 |    explicit HashString(std::string_view StringedHashString);  // init from str as "type:hash"
[INFO] [stderr]   cargo:warning=      |                       ~                ^~~~~~~~~~~~~~~~~~~
[INFO] [stderr]   cargo:warning=      |                                        )
[INFO] [stderr]   cargo:warning=/usr/include/apt-pkg/hashes.h: In constructor 'HashStringList::HashStringList(const std::string&)':
[INFO] [stderr]   cargo:warning=/usr/include/apt-pkg/hashes.h:171:40: error: no matching function for call to 'HashString::HashString(const std::string&)'
[INFO] [stderr]   cargo:warning=  171 |          list.push_back(HashString(hash));
[INFO] [stderr]   cargo:warning=      |                                        ^
[INFO] [stderr]   cargo:warning=/usr/include/apt-pkg/hashes.h:171:40: note: there are 4 candidates
[INFO] [stderr]   cargo:warning=/usr/include/apt-pkg/hashes.h:45:4: note: candidate 1: 'HashString::HashString()'
[INFO] [stderr]   cargo:warning=   45 |    HashString();
[INFO] [stderr]   cargo:warning=      |    ^~~~~~~~~~
[INFO] [stderr]   cargo:warning=/usr/include/apt-pkg/hashes.h:45:4: note: candidate expects 0 arguments, 1 provided
[INFO] [stderr]   cargo:warning=/usr/include/apt-pkg/hashes.h:43:4: note: candidate 2: 'HashString::HashString(std::string, std::string)'
[INFO] [stderr]   cargo:warning=   43 |    HashString(std::string Type, std::string Hash);
[INFO] [stderr]   cargo:warning=      |    ^~~~~~~~~~
[INFO] [stderr]   cargo:warning=/usr/include/apt-pkg/hashes.h:43:4: note: candidate expects 2 arguments, 1 provided
[INFO] [stderr]   cargo:warning=/usr/include/apt-pkg/hashes.h:32:18: note: candidate 3: 'HashString::HashString(const HashString&)'
[INFO] [stderr]   cargo:warning=   32 | class APT_PUBLIC HashString
[INFO] [stderr]   cargo:warning=      |                  ^~~~~~~~~~
[INFO] [stderr]   cargo:warning=/usr/include/apt-pkg/hashes.h:32:18: note: no known conversion for argument 1 from 'const std::string' {aka 'const std::__cxx11::basic_string<char>'} to 'const HashString&'
[INFO] [stderr]   cargo:warning=/usr/include/apt-pkg/hashes.h:32:18: note: candidate 4: 'HashString::HashString(HashString&&)'
[INFO] [stderr]   cargo:warning=/usr/include/apt-pkg/hashes.h:32:18: note: no known conversion for argument 1 from 'const std::string' {aka 'const std::__cxx11::basic_string<char>'} to 'HashString&&'
[INFO] [stderr]   cargo:warning=/usr/include/apt-pkg/hashes.h: In constructor 'HashStringList::HashStringList(const char*)':
[INFO] [stderr]   cargo:warning=/usr/include/apt-pkg/hashes.h:175:40: error: no matching function for call to 'HashString::HashString(const char* const&)'
[INFO] [stderr]   cargo:warning=  175 |          list.push_back(HashString(hash));
[INFO] [stderr]   cargo:warning=      |                                        ^
[INFO] [stderr]   cargo:warning=/usr/include/apt-pkg/hashes.h:175:40: note: there are 4 candidates
[INFO] [stderr]   cargo:warning=/usr/include/apt-pkg/hashes.h:45:4: note: candidate 1: 'HashString::HashString()'
[INFO] [stderr]   cargo:warning=   45 |    HashString();
[INFO] [stderr]   cargo:warning=      |    ^~~~~~~~~~
[INFO] [stderr]   cargo:warning=/usr/include/apt-pkg/hashes.h:45:4: note: candidate expects 0 arguments, 1 provided
[INFO] [stderr]   cargo:warning=/usr/include/apt-pkg/hashes.h:43:4: note: candidate 2: 'HashString::HashString(std::string, std::string)'
[INFO] [stderr]   cargo:warning=   43 |    HashString(std::string Type, std::string Hash);
[INFO] [stderr]   cargo:warning=      |    ^~~~~~~~~~
[INFO] [stderr]   cargo:warning=/usr/include/apt-pkg/hashes.h:43:4: note: candidate expects 2 arguments, 1 provided
[INFO] [stderr]   cargo:warning=/usr/include/apt-pkg/hashes.h:32:18: note: candidate 3: 'HashString::HashString(const HashString&)'
[INFO] [stderr]   cargo:warning=   32 | class APT_PUBLIC HashString
[INFO] [stderr]   cargo:warning=      |                  ^~~~~~~~~~
[INFO] [stderr]   cargo:warning=/usr/include/apt-pkg/hashes.h:32:18: note: no known conversion for argument 1 from 'const char* const' to 'const HashString&'
[INFO] [stderr]   cargo:warning=/usr/include/apt-pkg/hashes.h:32:18: note: candidate 4: 'HashString::HashString(HashString&&)'
[INFO] [stderr]   cargo:warning=/usr/include/apt-pkg/hashes.h:32:18: note: no known conversion for argument 1 from 'const char* const' to 'HashString&&'
[INFO] [stderr]   cargo:warning=In file included from /usr/include/apt-pkg/indexfile.h:25,
[INFO] [stderr]   cargo:warning=                 from /usr/include/apt-pkg/acquire-item.h:24:
[INFO] [stderr]   cargo:warning=/usr/include/apt-pkg/pkgcache.h: At global scope:
[INFO] [stderr]   cargo:warning=/usr/include/apt-pkg/pkgcache.h:218:24: error: 'std::string_view' has not been declared
[INFO] [stderr]   cargo:warning=  218 |    map_id_t sHash(std::string_view S) const APT_PURE;
[INFO] [stderr]   cargo:warning=      |                        ^~~~~~~~~~~
[INFO] [stderr]   cargo:warning=/usr/include/apt-pkg/pkgcache.h:218:24: note: 'std::string_view' is only available from C++17 onwards
[INFO] [stderr]   cargo:warning=/usr/include/apt-pkg/pkgcache.h:245:30: error: 'std::string_view' has not been declared
[INFO] [stderr]   cargo:warning=  245 |    inline map_id_t Hash(std::string_view S) const {return sHash(S);}
[INFO] [stderr]   cargo:warning=      |                              ^~~~~~~~~~~
[INFO] [stderr]   cargo:warning=/usr/include/apt-pkg/pkgcache.h:245:30: note: 'std::string_view' is only available from C++17 onwards
[INFO] [stderr]   cargo:warning=/usr/include/apt-pkg/pkgcache.h:251:16: error: 'string_view' in namespace 'std' does not name a type
[INFO] [stderr]   cargo:warning=  251 |    static std::string_view Priority_NoL10n(unsigned char Prio);
[INFO] [stderr]   cargo:warning=      |                ^~~~~~~~~~~
[INFO] [stderr]   cargo:warning=/usr/include/apt-pkg/pkgcache.h:251:11: note: 'std::string_view' is only available from C++17 onwards
[INFO] [stderr]   cargo:warning=  251 |    static std::string_view Priority_NoL10n(unsigned char Prio);
[INFO] [stderr]   cargo:warning=      |           ^~~
[INFO] [stderr]   cargo:warning=/usr/include/apt-pkg/pkgcache.h:254:29: error: 'std::string_view' has not been declared
[INFO] [stderr]   cargo:warning=  254 |    GrpIterator FindGrp(std::string_view Name);
[INFO] [stderr]   cargo:warning=      |                             ^~~~~~~~~~~
[INFO] [stderr]   cargo:warning=/usr/include/apt-pkg/pkgcache.h:254:29: note: 'std::string_view' is only available from C++17 onwards
[INFO] [stderr]   cargo:warning=/usr/include/apt-pkg/pkgcache.h:255:29: error: 'std::string_view' has not been declared
[INFO] [stderr]   cargo:warning=  255 |    PkgIterator FindPkg(std::string_view Name);
[INFO] [stderr]   cargo:warning=      |                             ^~~~~~~~~~~
[INFO] [stderr]   cargo:warning=/usr/include/apt-pkg/pkgcache.h:255:29: note: 'std::string_view' is only available from C++17 onwards
[INFO] [stderr]   cargo:warning=/usr/include/apt-pkg/pkgcache.h:256:29: error: 'std::string_view' has not been declared
[INFO] [stderr]   cargo:warning=  256 |    PkgIterator FindPkg(std::string_view Name, std::string_view Arch);
[INFO] [stderr]   cargo:warning=      |                             ^~~~~~~~~~~
[INFO] [stderr]   cargo:warning=/usr/include/apt-pkg/pkgcache.h:256:29: note: 'std::string_view' is only available from C++17 onwards
[INFO] [stderr]   cargo:warning=/usr/include/apt-pkg/pkgcache.h:256:52: error: 'std::string_view' has not been declared
[INFO] [stderr]   cargo:warning=  256 |    PkgIterator FindPkg(std::string_view Name, std::string_view Arch);
[INFO] [stderr]   cargo:warning=      |                                                    ^~~~~~~~~~~
[INFO] [stderr]   cargo:warning=/usr/include/apt-pkg/pkgcache.h:256:52: note: 'std::string_view' is only available from C++17 onwards
[INFO] [stderr]   cargo:warning=/usr/include/apt-pkg/pkgcache.h:258:9: error: 'string_view' in namespace 'std' does not name a type
[INFO] [stderr]   cargo:warning=  258 |    std::string_view ViewString(map_stringitem_t idx) const
[INFO] [stderr]   cargo:warning=      |         ^~~~~~~~~~~
[INFO] [stderr]   cargo:warning=/usr/include/apt-pkg/pkgcache.h:258:4: note: 'std::string_view' is only available from C++17 onwards
[INFO] [stderr]   cargo:warning=  258 |    std::string_view ViewString(map_stringitem_t idx) const
[INFO] [stderr]   cargo:warning=      |    ^~~
[INFO] [stderr]   cargo:warning=/usr/include/apt-pkg/pkgcache.h:285:16: error: 'string_view' in namespace 'std' does not name a type
[INFO] [stderr]   cargo:warning=  285 |    static std::string_view DepType_NoL10n(unsigned char Dep);
[INFO] [stderr]   cargo:warning=      |                ^~~~~~~~~~~
[INFO] [stderr]   cargo:warning=/usr/include/apt-pkg/pkgcache.h:285:11: note: 'std::string_view' is only available from C++17 onwards
[INFO] [stderr]   cargo:warning=  285 |    static std::string_view DepType_NoL10n(unsigned char Dep);
[INFO] [stderr]   cargo:warning=      |           ^~~
[INFO] [stderr]   cargo:warning=In file included from /usr/include/apt-pkg/pkgcache.h:828:
[INFO] [stderr]   cargo:warning=/usr/include/apt-pkg/cacheiterators.h:126:34: error: 'std::string_view' has not been declared
[INFO] [stderr]   cargo:warning=  126 |         PkgIterator FindPkg(std::string_view Arch = {"any", 3}) const;
[INFO] [stderr]   cargo:warning=      |                                  ^~~~~~~~~~~
[INFO] [stderr]   cargo:warning=/usr/include/apt-pkg/cacheiterators.h:126:34: note: 'std::string_view' is only available from C++17 onwards
[INFO] [stderr]   cargo:warning=/usr/include/apt-pkg/cacheiterators.h:126:62: error: could not convert '{"any", 3}' from '<brace-enclosed initializer list>' to 'int'
[INFO] [stderr]   cargo:warning=  126 |         PkgIterator FindPkg(std::string_view Arch = {"any", 3}) const;
[INFO] [stderr]   cargo:warning=      |                                                              ^
[INFO] [stderr]   cargo:warning=      |                                                              |
[INFO] [stderr]   cargo:warning=      |                                                              <brace-enclosed initializer list>
[INFO] [stderr]   cargo:warning=/usr/include/apt-pkg/cacheiterators.h:265:60: error: 'std::string_view' has not been declared
[INFO] [stderr]   cargo:warning=  265 |         DescIterator TranslatedDescriptionForLanguage(std::string_view lang) const;
[INFO] [stderr]   cargo:warning=      |                                                            ^~~~~~~~~~~
[INFO] [stderr]   cargo:warning=/usr/include/apt-pkg/cacheiterators.h:265:60: note: 'std::string_view' is only available from C++17 onwards
[INFO] [stderr]   cargo:warning=In file included from /usr/include/apt-pkg/algorithms.h:32,
[INFO] [stderr]   cargo:warning=                 from apt-pkg-c/apt-pkg.cc:2:
[INFO] [stderr]   cargo:warning=/usr/include/apt-pkg/cachefilter.h:153:73: error: 'string_view' is not a member of 'std'
[INFO] [stderr]   cargo:warning=  153 | APT_PUBLIC std::unique_ptr<APT::CacheFilter::Matcher> ParsePattern(std::string_view pattern, pkgCacheFile *file);
[INFO] [stderr]   cargo:warning=      |                                                                         ^~~~~~~~~~~
[INFO] [stderr]   cargo:warning=/usr/include/apt-pkg/cachefilter.h:153:73: note: 'std::string_view' is only available from C++17 onwards
[INFO] [stderr]   cargo:warning=/usr/include/apt-pkg/cachefilter.h:153:107: error: expected primary-expression before '*' token
[INFO] [stderr]   cargo:warning=  153 | APT_PUBLIC std::unique_ptr<APT::CacheFilter::Matcher> ParsePattern(std::string_view pattern, pkgCacheFile *file);
[INFO] [stderr]   cargo:warning=      |                                                                                                           ^
[INFO] [stderr]   cargo:warning=/usr/include/apt-pkg/cachefilter.h:153:108: error: 'file' was not declared in this scope
[INFO] [stderr]   cargo:warning=  153 | APT_PUBLIC std::unique_ptr<APT::CacheFilter::Matcher> ParsePattern(std::string_view pattern, pkgCacheFile *file);
[INFO] [stderr]   cargo:warning=      |                                                                                                            ^~~~
[INFO] [stderr]   cargo:warning=In file included from /usr/include/apt-pkg/depcache.h:40,
[INFO] [stderr]   cargo:warning=                 from /usr/include/apt-pkg/algorithms.h:33:
[INFO] [stderr]   cargo:warning=/usr/include/apt-pkg/configuration.h:93:55: error: 'string_view' in namespace 'std' does not name a type
[INFO] [stderr]   cargo:warning=   93 |    inline void Set(const std::string &Name,const std::string_view &Value) {Set(Name.c_str(),Value);};
[INFO] [stderr]   cargo:warning=      |                                                       ^~~~~~~~~~~
[INFO] [stderr]   cargo:warning=/usr/include/apt-pkg/configuration.h:93:50: note: 'std::string_view' is only available from C++17 onwards
[INFO] [stderr]   cargo:warning=   93 |    inline void Set(const std::string &Name,const std::string_view &Value) {Set(Name.c_str(),Value);};
[INFO] [stderr]   cargo:warning=      |                                                  ^~~
[INFO] [stderr]   cargo:warning=/usr/include/apt-pkg/configuration.h:94:44: error: 'string_view' in namespace 'std' does not name a type
[INFO] [stderr]   cargo:warning=   94 |    void CndSet(const char *Name,const std::string_view &Value);
[INFO] [stderr]   cargo:warning=      |                                            ^~~~~~~~~~~
[INFO] [stderr]   cargo:warning=/usr/include/apt-pkg/configuration.h:94:39: note: 'std::string_view' is only available from C++17 onwards
[INFO] [stderr]   cargo:warning=   94 |    void CndSet(const char *Name,const std::string_view &Value);
[INFO] [stderr]   cargo:warning=      |                                       ^~~
[INFO] [stderr]   cargo:warning=/usr/include/apt-pkg/configuration.h:96:41: error: 'string_view' in namespace 'std' does not name a type
[INFO] [stderr]   cargo:warning=   96 |    void Set(const char *Name,const std::string_view &Value);
[INFO] [stderr]   cargo:warning=      |                                         ^~~~~~~~~~~
[INFO] [stderr]   cargo:warning=/usr/include/apt-pkg/configuration.h:96:36: note: 'std::string_view' is only available from C++17 onwards
[INFO] [stderr]   cargo:warning=   96 |    void Set(const char *Name,const std::string_view &Value);
[INFO] [stderr]   cargo:warning=      |                                    ^~~
[INFO] [stderr]   cargo:warning=/usr/include/apt-pkg/configuration.h:97:9: error: 'void Configuration::Set(const char*, const int&)' cannot be overloaded with 'void Configuration::Set(const char*, const int&)'
[INFO] [stderr]   cargo:warning=   97 |    void Set(const char *Name,const int &Value);
[INFO] [stderr]   cargo:warning=      |         ^~~
[INFO] [stderr]   cargo:warning=/usr/include/apt-pkg/configuration.h:96:9: note: previous declaration 'void Configuration::Set(const char*, const int&)'
[INFO] [stderr]   cargo:warning=   96 |    void Set(const char *Name,const std::string_view &Value);
[INFO] [stderr]   cargo:warning=      |         ^~~
[INFO] [stderr]   cargo:warning=/usr/include/apt-pkg/depcache.h:374:36: error: 'std::string_view' has not been declared
[INFO] [stderr]   cargo:warning=  374 |    inline GrpIterator FindGrp(std::string_view Name) {return Cache->FindGrp(Name);};
[INFO] [stderr]   cargo:warning=      |                                    ^~~~~~~~~~~
[INFO] [stderr]   cargo:warning=/usr/include/apt-pkg/depcache.h:374:36: note: 'std::string_view' is only available from C++17 onwards
[INFO] [stderr]   cargo:warning=/usr/include/apt-pkg/depcache.h:375:36: error: 'std::string_view' has not been declared
[INFO] [stderr]   cargo:warning=  375 |    inline PkgIterator FindPkg(std::string_view Name) {return Cache->FindPkg(Name);};
[INFO] [stderr]   cargo:warning=      |                                    ^~~~~~~~~~~
[INFO] [stderr]   cargo:warning=/usr/include/apt-pkg/depcache.h:375:36: note: 'std::string_view' is only available from C++17 onwards
[INFO] [stderr]   cargo:warning=/usr/include/apt-pkg/depcache.h:376:36: error: 'std::string_view' has not been declared
[INFO] [stderr]   cargo:warning=  376 |    inline PkgIterator FindPkg(std::string_view Name, std::string_view Arch) {return Cache->FindPkg(Name, Arch);};
[INFO] [stderr]   cargo:warning=      |                                    ^~~~~~~~~~~
[INFO] [stderr]   cargo:warning=/usr/include/apt-pkg/depcache.h:376:36: note: 'std::string_view' is only available from C++17 onwards
[INFO] [stderr]   cargo:warning=/usr/include/apt-pkg/depcache.h:376:59: error: 'std::string_view' has not been declared
[INFO] [stderr]   cargo:warning=  376 |    inline PkgIterator FindPkg(std::string_view Name, std::string_view Arch) {return Cache->FindPkg(Name, Arch);};
[INFO] [stderr]   cargo:warning=      |                                                           ^~~~~~~~~~~
[INFO] [stderr]   cargo:warning=/usr/include/apt-pkg/depcache.h:376:59: note: 'std::string_view' is only available from C++17 onwards
[INFO] [stderr]   cargo:warning=In file included from apt-pkg-c/apt-pkg.cc:3:
[INFO] [stderr]   cargo:warning=/usr/include/apt-pkg/fileutl.h:256:17: error: 'string_view' in namespace 'std' does not name a type
[INFO] [stderr]   cargo:warning=  256 | APT_PUBLIC std::string_view flNotDir(std::string_view File);
[INFO] [stderr]   cargo:warning=      |                 ^~~~~~~~~~~
[INFO] [stderr]   cargo:warning=/usr/include/apt-pkg/fileutl.h:256:12: note: 'std::string_view' is only available from C++17 onwards
[INFO] [stderr]   cargo:warning=  256 | APT_PUBLIC std::string_view flNotDir(std::string_view File);
[INFO] [stderr]   cargo:warning=      |            ^~~
[INFO] [stderr]   cargo:warning=/usr/include/apt-pkg/fileutl.h:259:17: error: 'string_view' in namespace 'std' does not name a type
[INFO] [stderr]   cargo:warning=  259 | APT_PUBLIC std::string_view flExtension(std::string_view File);
[INFO] [stderr]   cargo:warning=      |                 ^~~~~~~~~~~
[INFO] [stderr]   cargo:warning=/usr/include/apt-pkg/fileutl.h:259:12: note: 'std::string_view' is only available from C++17 onwards
[INFO] [stderr]   cargo:warning=  259 | APT_PUBLIC std::string_view flExtension(std::string_view File);
[INFO] [stderr]   cargo:warning=      |            ^~~
[INFO] [stderr]   cargo:warning=In file included from /usr/include/apt-pkg/version.h:22,
[INFO] [stderr]   cargo:warning=                 from apt-pkg-c/apt-pkg.cc:8:
[INFO] [stderr]   cargo:warning=/usr/include/apt-pkg/strutl.h:45:23: error: 'string_view' in namespace 'std' does not name a type
[INFO] [stderr]   cargo:warning=   45 |       APT_PUBLIC std::string_view Strip(std::string_view s);
[INFO] [stderr]   cargo:warning=      |                       ^~~~~~~~~~~
[INFO] [stderr]   cargo:warning=/usr/include/apt-pkg/strutl.h:45:18: note: 'std::string_view' is only available from C++17 onwards
[INFO] [stderr]   cargo:warning=   45 |       APT_PUBLIC std::string_view Strip(std::string_view s);
[INFO] [stderr]   cargo:warning=      |                  ^~~
[INFO] [stderr]   cargo:warning=/usr/include/apt-pkg/strutl.h:46:43: error: 'string_view' in namespace 'std' does not name a type
[INFO] [stderr]   cargo:warning=   46 |       APT_PUBLIC bool Endswith(const std::string_view &s, const std::string_view &ending);
[INFO] [stderr]   cargo:warning=      |                                           ^~~~~~~~~~~
[INFO] [stderr]   cargo:warning=/usr/include/apt-pkg/strutl.h:46:38: note: 'std::string_view' is only available from C++17 onwards
[INFO] [stderr]   cargo:warning=   46 |       APT_PUBLIC bool Endswith(const std::string_view &s, const std::string_view &ending);
[INFO] [stderr]   cargo:warning=      |                                      ^~~
[INFO] [stderr]   cargo:warning=/usr/include/apt-pkg/strutl.h:46:70: error: 'string_view' in namespace 'std' does not name a type
[INFO] [stderr]   cargo:warning=   46 |       APT_PUBLIC bool Endswith(const std::string_view &s, const std::string_view &ending);
[INFO] [stderr]   cargo:warning=      |                                                                      ^~~~~~~~~~~
[INFO] [stderr]   cargo:warning=/usr/include/apt-pkg/strutl.h:46:65: note: 'std::string_view' is only available from C++17 onwards
[INFO] [stderr]   cargo:warning=   46 |       APT_PUBLIC bool Endswith(const std::string_view &s, const std::string_view &ending);
[INFO] [stderr]   cargo:warning=      |                                                                 ^~~
[INFO] [stderr]   cargo:warning=/usr/include/apt-pkg/strutl.h:47:45: error: 'string_view' in namespace 'std' does not name a type
[INFO] [stderr]   cargo:warning=   47 |       APT_PUBLIC bool Startswith(const std::string_view &s, const std::string_view &starting);
[INFO] [stderr]   cargo:warning=      |                                             ^~~~~~~~~~~
[INFO] [stderr]   cargo:warning=/usr/include/apt-pkg/strutl.h:47:40: note: 'std::string_view' is only available from C++17 onwards
[INFO] [stderr]   cargo:warning=   47 |       APT_PUBLIC bool Startswith(const std::string_view &s, const std::string_view &starting);
[INFO] [stderr]   cargo:warning=      |                                        ^~~
[INFO] [stderr]   cargo:warning=/usr/include/apt-pkg/strutl.h:47:72: error: 'string_view' in namespace 'std' does not name a type
[INFO] [stderr]   cargo:warning=   47 |       APT_PUBLIC bool Startswith(const std::string_view &s, const std::string_view &starting);
[INFO] [stderr]   cargo:warning=      |                                                                        ^~~~~~~~~~~
[INFO] [stderr]   cargo:warning=/usr/include/apt-pkg/strutl.h:47:67: note: 'std::string_view' is only available from C++17 onwards
[INFO] [stderr]   cargo:warning=   47 |       APT_PUBLIC bool Startswith(const std::string_view &s, const std::string_view &starting);
[INFO] [stderr]   cargo:warning=      |                                                                   ^~~
[INFO] [stderr]   cargo:warning=/usr/include/apt-pkg/strutl.h:48:77: error: 'string_view' in namespace 'std' does not name a type
[INFO] [stderr]   cargo:warning=   48 |       APT_PUBLIC std::string Join(std::vector<std::string> list, const std::string_view &sep);
[INFO] [stderr]   cargo:warning=      |                                                                             ^~~~~~~~~~~
[INFO] [stderr]   cargo:warning=/usr/include/apt-pkg/strutl.h:48:72: note: 'std::string_view' is only available from C++17 onwards
[INFO] [stderr]   cargo:warning=   48 |       APT_PUBLIC std::string Join(std::vector<std::string> list, const std::string_view &sep);
[INFO] [stderr]   cargo:warning=      |                                                                        ^~~
[INFO] [stderr]   cargo:warning=/usr/include/apt-pkg/strutl.h:50:44: error: 'string_view' is not a member of 'std'
[INFO] [stderr]   cargo:warning=   50 |       APT_PUBLIC size_t DisplayLength(std::string_view str);
[INFO] [stderr]   cargo:warning=      |                                            ^~~~~~~~~~~
[INFO] [stderr]   cargo:warning=/usr/include/apt-pkg/strutl.h:50:44: note: 'std::string_view' is only available from C++17 onwards
[INFO] [stderr]   cargo:warning=/usr/include/apt-pkg/strutl.h:71:48: error: 'string_view' in namespace 'std' does not name a type
[INFO] [stderr]   cargo:warning=   71 | APT_PUBLIC std::string Base64Decode(const std::string_view in);
[INFO] [stderr]   cargo:warning=      |                                                ^~~~~~~~~~~
[INFO] [stderr]   cargo:warning=/usr/include/apt-pkg/strutl.h:71:43: note: 'std::string_view' is only available from C++17 onwards
[INFO] [stderr]   cargo:warning=   71 | APT_PUBLIC std::string Base64Decode(const std::string_view in);
[INFO] [stderr]   cargo:warning=      |                                           ^~~
[INFO] [stderr]   cargo:warning=/usr/include/apt-pkg/strutl.h:107:36: error: 'string_view' in namespace 'std' does not name a type
[INFO] [stderr]   cargo:warning=  107 | APT_PUBLIC bool Hex2Num(const std::string_view Str,unsigned char *Num,unsigned int Length);
[INFO] [stderr]   cargo:warning=      |                                    ^~~~~~~~~~~
[INFO] [stderr]   cargo:warning=/usr/include/apt-pkg/strutl.h:107:31: note: 'std::string_view' is only available from C++17 onwards
[INFO] [stderr]   cargo:warning=  107 | APT_PUBLIC bool Hex2Num(const std::string_view Str,unsigned char *Num,unsigned int Length);
[INFO] [stderr]   cargo:warning=      |                               ^~~
[INFO] [stderr]   cargo:warning=/usr/include/apt-pkg/strutl.h:113:58: error: 'string_view' is not a member of 'std'
[INFO] [stderr]   cargo:warning=  113 | APT_PUBLIC std::vector<std::string> VectorizeString(std::string_view const &haystack, char const &split) APT_PURE;
[INFO] [stderr]   cargo:warning=      |                                                          ^~~~~~~~~~~
[INFO] [stderr]   cargo:warning=/usr/include/apt-pkg/strutl.h:113:58: note: 'std::string_view' is only available from C++17 onwards
[INFO] [stderr]   cargo:warning=/usr/include/apt-pkg/strutl.h:113:87: error: expected primary-expression before 'char'
[INFO] [stderr]   cargo:warning=  113 | APT_PUBLIC std::vector<std::string> VectorizeString(std::string_view const &haystack, char const &split) APT_PURE;
[INFO] [stderr]   cargo:warning=      |                                                                                       ^~~~
[INFO] [stderr]   cargo:warning=/usr/include/apt-pkg/strutl.h:113:106: error: attributes after parenthesized initializer ignored [-fpermissive]
[INFO] [stderr]   cargo:warning=  113 | APT_PUBLIC std::vector<std::string> VectorizeString(std::string_view const &haystack, char const &split) APT_PURE;
[INFO] [stderr]   cargo:warning=      |                                                                                                          ^~~~~~~~
[INFO] [stderr]   cargo:warning=/usr/include/apt-pkg/strutl.h:129:54: error: 'string_view' is not a member of 'std'
[INFO] [stderr]   cargo:warning=  129 | APT_PUBLIC std::vector<std::string> StringSplit(std::string_view const &input,
[INFO] [stderr]   cargo:warning=      |                                                      ^~~~~~~~~~~
[INFO] [stderr]   cargo:warning=/usr/include/apt-pkg/strutl.h:129:54: note: 'std::string_view' is only available from C++17 onwards
[INFO] [stderr]   cargo:warning=/usr/include/apt-pkg/strutl.h:130:43: error: 'string_view' is not a member of 'std'
[INFO] [stderr]   cargo:warning=  130 |                                      std::string_view const &sep,
[INFO] [stderr]   cargo:warning=      |                                           ^~~~~~~~~~~
[INFO] [stderr]   cargo:warning=/usr/include/apt-pkg/strutl.h:130:43: note: 'std::string_view' is only available from C++17 onwards
[INFO] [stderr]   cargo:warning=/usr/include/apt-pkg/strutl.h:131:38: error: expected primary-expression before 'unsigned'
[INFO] [stderr]   cargo:warning=  131 |                                      unsigned int maxsplit=std::numeric_limits<unsigned int>::max()) APT_PURE;
[INFO] [stderr]   cargo:warning=      |                                      ^~~~~~~~
[INFO] [stderr]   cargo:warning=/usr/include/apt-pkg/strutl.h:131:102: error: attributes after parenthesized initializer ignored [-fpermissive]
[INFO] [stderr]   cargo:warning=  131 |                                      unsigned int maxsplit=std::numeric_limits<unsigned int>::max()) APT_PURE;
[INFO] [stderr]   cargo:warning=      |                                                                                                      ^~~~~~~~
[INFO] [stderr]   cargo:warning=/usr/include/apt-pkg/strutl.h:250:44: error: 'string_view' in namespace 'std' does not name a type
[INFO] [stderr]   cargo:warning=  250 | APT_PUBLIC std::string SubstVar(const std::string_view &Str,const std::string_view &Subst,const std::string_view &Contents);
[INFO] [stderr]   cargo:warning=      |                                            ^~~~~~~~~~~
[INFO] [stderr]   cargo:warning=/usr/include/apt-pkg/strutl.h:250:39: note: 'std::string_view' is only available from C++17 onwards
[INFO] [stderr]   cargo:warning=  250 | APT_PUBLIC std::string SubstVar(const std::string_view &Str,const std::string_view &Subst,const std::string_view &Contents);
[INFO] [stderr]   cargo:warning=      |                                       ^~~
[INFO] [stderr]   cargo:warning=/usr/include/apt-pkg/strutl.h:250:72: error: 'string_view' in namespace 'std' does not name a type
[INFO] [stderr]   cargo:warning=  250 | APT_PUBLIC std::string SubstVar(const std::string_view &Str,const std::string_view &Subst,const std::string_view &Contents);
[INFO] [stderr]   cargo:warning=      |                                                                        ^~~~~~~~~~~
[INFO] [stderr]   cargo:warning=/usr/include/apt-pkg/strutl.h:250:67: note: 'std::string_view' is only available from C++17 onwards
[INFO] [stderr]   cargo:warning=  250 | APT_PUBLIC std::string SubstVar(const std::string_view &Str,const std::string_view &Subst,const std::string_view &Contents);
[INFO] [stderr]   cargo:warning=      |                                                                   ^~~
[INFO] [stderr]   cargo:warning=/usr/include/apt-pkg/strutl.h:250:102: error: 'string_view' in namespace 'std' does not name a type
[INFO] [stderr]   cargo:warning=  250 | APT_PUBLIC std::string SubstVar(const std::string_view &Str,const std::string_view &Subst,const std::string_view &Contents);
[INFO] [stderr]   cargo:warning=      |                                                                                                      ^~~~~~~~~~~
[INFO] [stderr]   cargo:warning=/usr/include/apt-pkg/strutl.h:250:97: note: 'std::string_view' is only available from C++17 onwards
[INFO] [stderr]   cargo:warning=  250 | APT_PUBLIC std::string SubstVar(const std::string_view &Str,const std::string_view &Subst,const std::string_view &Contents);
[INFO] [stderr]   cargo:warning=      |                                                                                                 ^~~
[INFO] [stderr]   cargo:warning=/usr/include/apt-pkg/strutl.h:265:52: error: 'string_view' in namespace 'std' does not name a type
[INFO] [stderr]   cargo:warning=  265 | static inline int StringViewCompareFast(const std::string_view & a, const std::string_view & b) {
[INFO] [stderr]   cargo:warning=      |                                                    ^~~~~~~~~~~
[INFO] [stderr]   cargo:warning=/usr/include/apt-pkg/strutl.h:265:47: note: 'std::string_view' is only available from C++17 onwards
[INFO] [stderr]   cargo:warning=  265 | static inline int StringViewCompareFast(const std::string_view & a, const std::string_view & b) {
[INFO] [stderr]   cargo:warning=      |                                               ^~~
[INFO] [stderr]   cargo:warning=/usr/include/apt-pkg/strutl.h:265:80: error: 'string_view' in namespace 'std' does not name a type
[INFO] [stderr]   cargo:warning=  265 | static inline int StringViewCompareFast(const std::string_view & a, const std::string_view & b) {
[INFO] [stderr]   cargo:warning=      |                                                                                ^~~~~~~~~~~
[INFO] [stderr]   cargo:warning=/usr/include/apt-pkg/strutl.h:265:75: note: 'std::string_view' is only available from C++17 onwards
[INFO] [stderr]   cargo:warning=  265 | static inline int StringViewCompareFast(const std::string_view & a, const std::string_view & b) {
[INFO] [stderr]   cargo:warning=      |                                                                           ^~~
[INFO] [stderr]   cargo:warning=/usr/include/apt-pkg/strutl.h: In function 'int StringViewCompareFast(const int&, const int&)':
[INFO] [stderr]   cargo:warning=/usr/include/apt-pkg/strutl.h:266:11: error: request for member 'size' in 'a', which is of non-class type 'const int'
[INFO] [stderr]   cargo:warning=  266 |     if (a.size() != b.size())
[INFO] [stderr]   cargo:warning=      |           ^~~~
[INFO] [stderr]   cargo:warning=/usr/include/apt-pkg/strutl.h:266:23: error: request for member 'size' in 'b', which is of non-class type 'const int'
[INFO] [stderr]   cargo:warning=  266 |     if (a.size() != b.size())
[INFO] [stderr]   cargo:warning=      |                       ^~~~
[INFO] [stderr]   cargo:warning=/usr/include/apt-pkg/strutl.h:267:18: error: request for member 'size' in 'a', which is of non-class type 'const int'
[INFO] [stderr]   cargo:warning=  267 |         return a.size() - b.size();
[INFO] [stderr]   cargo:warning=      |                  ^~~~
[INFO] [stderr]   cargo:warning=/usr/include/apt-pkg/strutl.h:267:29: error: request for member 'size' in 'b', which is of non-class type 'const int'
[INFO] [stderr]   cargo:warning=  267 |         return a.size() - b.size();
[INFO] [stderr]   cargo:warning=      |                             ^~~~
[INFO] [stderr]   cargo:warning=/usr/include/apt-pkg/strutl.h:269:14: error: request for member 'compare' in 'a', which is of non-class type 'const int'
[INFO] [stderr]   cargo:warning=  269 |     return a.compare(b);
[INFO] [stderr]   cargo:warning=      |              ^~~~~~~
[INFO] [stderr]   cargo:warning=apt-pkg-c/apt-pkg.cc: In function 'rust::cxxbridge1::Vec<SourceFile> source_uris(const std::unique_ptr<pkgCacheFile>&)':
[INFO] [stderr]   cargo:warning=apt-pkg-c/apt-pkg.cc:131:52: error: 'flNotDir' was not declared in this scope; did you mean 'flNotFile'?
[INFO] [stderr]   cargo:warning=  131 |                 list.push_back(SourceFile{ I->URI, flNotDir(I->Owner->DestFile) });
[INFO] [stderr]   cargo:warning=      |                                                    ^~~~~~~~
[INFO] [stderr]   cargo:warning=      |                                                    flNotFile
[INFO] [stderr]   cargo:warning=apt-pkg-c/apt-pkg.cc: In function 'PackagePtr pkg_cache_find_name(const std::unique_ptr<pkgCacheFile>&, rust::cxxbridge1::string)':
[INFO] [stderr]   cargo:warning=apt-pkg-c/apt-pkg.cc:244:69: error: invalid conversion from 'const char*' to 'int' [-fpermissive]
[INFO] [stderr]   cargo:warning=  244 |         return wrap_package(cache->GetPkgCache()->FindPkg(name.c_str()));
[INFO] [stderr]   cargo:warning=      |                                                           ~~~~~~~~~~^~
[INFO] [stderr]   cargo:warning=      |                                                                     |
[INFO] [stderr]   cargo:warning=      |                                                                     const char*
[INFO] [stderr]   cargo:warning=/usr/include/apt-pkg/pkgcache.h:255:41: note: initializing argument 1 of 'pkgCache::PkgIterator pkgCache::FindPkg(int)'
[INFO] [stderr]   cargo:warning=  255 |    PkgIterator FindPkg(std::string_view Name);
[INFO] [stderr]   cargo:warning=      |                        ~~~~~~~~~~~~~~~~~^~~~
[INFO] [stderr]   cargo:warning=apt-pkg-c/apt-pkg.cc: In function 'PackagePtr pkg_cache_find_name_arch(const std::unique_ptr<pkgCacheFile>&, rust::cxxbridge1::string, rust::cxxbridge1::string)':
[INFO] [stderr]   cargo:warning=apt-pkg-c/apt-pkg.cc:252:69: error: invalid conversion from 'const char*' to 'int' [-fpermissive]
[INFO] [stderr]   cargo:warning=  252 |         return wrap_package(cache->GetPkgCache()->FindPkg(name.c_str(), arch.c_str()));
[INFO] [stderr]   cargo:warning=      |                                                           ~~~~~~~~~~^~
[INFO] [stderr]   cargo:warning=      |                                                                     |
[INFO] [stderr]   cargo:warning=      |                                                                     const char*
[INFO] [stderr]   cargo:warning=/usr/include/apt-pkg/pkgcache.h:256:41: note: initializing argument 1 of 'pkgCache::PkgIterator pkgCache::FindPkg(int, int)'
[INFO] [stderr]   cargo:warning=  256 |    PkgIterator FindPkg(std::string_view Name, std::string_view Arch);
[INFO] [stderr]   cargo:warning=      |                        ~~~~~~~~~~~~~~~~~^~~~
[INFO] [stderr]   cargo:warning=apt-pkg-c/apt-pkg.cc:252:83: error: invalid conversion from 'const char*' to 'int' [-fpermissive]
[INFO] [stderr]   cargo:warning=  252 |         return wrap_package(cache->GetPkgCache()->FindPkg(name.c_str(), arch.c_str()));
[INFO] [stderr]   cargo:warning=      |                                                                         ~~~~~~~~~~^~
[INFO] [stderr]   cargo:warning=      |                                                                                   |
[INFO] [stderr]   cargo:warning=      |                                                                                   const char*
[INFO] [stderr]   cargo:warning=/usr/include/apt-pkg/pkgcache.h:256:64: note: initializing argument 2 of 'pkgCache::PkgIterator pkgCache::FindPkg(int, int)'
[INFO] [stderr]   cargo:warning=  256 |    PkgIterator FindPkg(std::string_view Name, std::string_view Arch);
[INFO] [stderr]   cargo:warning=      |                                               ~~~~~~~~~~~~~~~~~^~~~
[INFO] [stderr]   exit status: 1
[INFO] [stderr] 
[INFO] [stderr]   --- stderr
[INFO] [stderr] 
[INFO] [stderr]   CXX include path:
[INFO] [stderr]     /opt/rustwide/target/release/build/rust-apt-e11d192d51775478/out/cxxbridge/include
[INFO] [stderr]     /opt/rustwide/target/release/build/rust-apt-e11d192d51775478/out/cxxbridge/crate
[INFO] [stderr] 
[INFO] [stderr] 
[INFO] [stderr]   error occurred: Command "c++" "-O3" "-ffunction-sections" "-fdata-sections" "-fPIC" "-m64" "-I" "/opt/rustwide/target/release/build/rust-apt-e11d192d51775478/out/cxxbridge/include" "-I" "/opt/rustwide/target/release/build/rust-apt-e11d192d51775478/out/cxxbridge/crate" "-Wall" "-Wextra" "-std=c++14" "-o" "/opt/rustwide/target/release/build/rust-apt-e11d192d51775478/out/cxxbridge/sources/rust-apt/src/raw.rs.o" "-c" "/opt/rustwide/target/release/build/rust-apt-e11d192d51775478/out/cxxbridge/sources/rust-apt/src/raw.rs.cc" with args "c++" did not execute successfully (status code exit status: 1).
[INFO] [stderr] 
[INFO] [stderr] 
[INFO] [stderr] warning: build failed, waiting for other jobs to finish...
[INFO] [stderr] warning: onig_sys@69.8.0: oniguruma/src/regparse.c: In function 'onig_st_init_strend_table_with_size':
[INFO] [stderr] warning: onig_sys@69.8.0: oniguruma/src/regparse.c:588:5: error: initialization of 'int (*)(void)' from incompatible pointer type 'int (*)(st_str_end_key *, st_str_end_key *)' [-Wincompatible-pointer-types]
[INFO] [stderr] warning: onig_sys@69.8.0:   588 |     str_end_cmp,
[INFO] [stderr] warning: onig_sys@69.8.0:       |     ^~~~~~~~~~~
[INFO] [stderr] warning: onig_sys@69.8.0: oniguruma/src/regparse.c:588:5: note: (near initialization for 'hashType.compare')
[INFO] [stderr] warning: onig_sys@69.8.0: oniguruma/src/regparse.c:550:1: note: 'str_end_cmp' declared here
[INFO] [stderr] warning: onig_sys@69.8.0:   550 | str_end_cmp(st_str_end_key* x, st_str_end_key* y)
[INFO] [stderr] warning: onig_sys@69.8.0:       | ^~~~~~~~~~~
[INFO] [stderr] warning: onig_sys@69.8.0: oniguruma/src/regparse.c:589:5: error: initialization of 'int (*)(void)' from incompatible pointer type 'int (*)(st_str_end_key *)' [-Wincompatible-pointer-types]
[INFO] [stderr] warning: onig_sys@69.8.0:   589 |     str_end_hash,
[INFO] [stderr] warning: onig_sys@69.8.0:       |     ^~~~~~~~~~~~
[INFO] [stderr] warning: onig_sys@69.8.0: oniguruma/src/regparse.c:589:5: note: (near initialization for 'hashType.hash')
[INFO] [stderr] warning: onig_sys@69.8.0: oniguruma/src/regparse.c:571:1: note: 'str_end_hash' declared here
[INFO] [stderr] warning: onig_sys@69.8.0:   571 | str_end_hash(st_str_end_key* x)
[INFO] [stderr] warning: onig_sys@69.8.0:       | ^~~~~~~~~~~~
[INFO] [stderr] warning: onig_sys@69.8.0: oniguruma/src/regparse.c: In function 'onig_st_init_callout_name_table_with_size':
[INFO] [stderr] warning: onig_sys@69.8.0: oniguruma/src/regparse.c:678:5: error: initialization of 'int (*)(void)' from incompatible pointer type 'int (*)(st_callout_name_key *, st_callout_name_key *)' [-Wincompatible-pointer-types]
[INFO] [stderr] warning: onig_sys@69.8.0:   678 |     callout_name_table_cmp,
[INFO] [stderr] warning: onig_sys@69.8.0:       |     ^~~~~~~~~~~~~~~~~~~~~~
[INFO] [stderr] warning: onig_sys@69.8.0: oniguruma/src/regparse.c:678:5: note: (near initialization for 'hashType.compare')
[INFO] [stderr] warning: onig_sys@69.8.0: oniguruma/src/regparse.c:637:1: note: 'callout_name_table_cmp' declared here
[INFO] [stderr] warning: onig_sys@69.8.0:   637 | callout_name_table_cmp(st_callout_name_key* x, st_callout_name_key* y)
[INFO] [stderr] warning: onig_sys@69.8.0:       | ^~~~~~~~~~~~~~~~~~~~~~
[INFO] [stderr] warning: onig_sys@69.8.0: oniguruma/src/regparse.c:679:5: error: initialization of 'int (*)(void)' from incompatible pointer type 'int (*)(st_callout_name_key *)' [-Wincompatible-pointer-types]
[INFO] [stderr] warning: onig_sys@69.8.0:   679 |     callout_name_table_hash,
[INFO] [stderr] warning: onig_sys@69.8.0:       |     ^~~~~~~~~~~~~~~~~~~~~~~
[INFO] [stderr] warning: onig_sys@69.8.0: oniguruma/src/regparse.c:679:5: note: (near initialization for 'hashType.hash')
[INFO] [stderr] warning: onig_sys@69.8.0: oniguruma/src/regparse.c:660:1: note: 'callout_name_table_hash' declared here
[INFO] [stderr] warning: onig_sys@69.8.0:   660 | callout_name_table_hash(st_callout_name_key* x)
[INFO] [stderr] warning: onig_sys@69.8.0:       | ^~~~~~~~~~~~~~~~~~~~~~~
[INFO] [stderr] warning: onig_sys@69.8.0: oniguruma/src/regparse.c: In function 'names_clear':
[INFO] [stderr] warning: onig_sys@69.8.0: oniguruma/src/regparse.c:804:24: error: passing argument 2 of 'onig_st_foreach' from incompatible pointer type [-Wincompatible-pointer-types]
[INFO] [stderr] warning: onig_sys@69.8.0:   804 |     onig_st_foreach(t, i_free_name_entry, 0);
[INFO] [stderr] warning: onig_sys@69.8.0:       |                        ^~~~~~~~~~~~~~~~~
[INFO] [stderr] warning: onig_sys@69.8.0:       |                        |
[INFO] [stderr] warning: onig_sys@69.8.0:       |                        int (*)(OnigUChar *, NameEntry *, void *) {aka int (*)(unsigned char *, NameEntry *, void *)}
[INFO] [stderr] warning: onig_sys@69.8.0: In file included from oniguruma/src/regparse.c:37:
[INFO] [stderr] warning: onig_sys@69.8.0: oniguruma/src/st.h:55:31: note: expected 'int (*)(void)' but argument is of type 'int (*)(OnigUChar *, NameEntry *, void *)' {aka 'int (*)(unsigned char *, NameEntry *, void *)'}
[INFO] [stderr] warning: onig_sys@69.8.0:    55 | int st_foreach _((st_table *, int (*)(ANYARGS), st_data_t));
[INFO] [stderr] warning: onig_sys@69.8.0:       |                               ^~~~~~~~~~~~~~~~
[INFO] [stderr] warning: onig_sys@69.8.0: oniguruma/src/st.h:35:18: note: in definition of macro '_'
[INFO] [stderr] warning: onig_sys@69.8.0:    35 | # define _(args) args
[INFO] [stderr] warning: onig_sys@69.8.0:       |                  ^~~~
[INFO] [stderr] warning: onig_sys@69.8.0: oniguruma/src/regparse.c:789:1: note: 'i_free_name_entry' declared here
[INFO] [stderr] warning: onig_sys@69.8.0:   789 | i_free_name_entry(UChar* key, NameEntry* e, void* arg ARG_UNUSED)
[INFO] [stderr] warning: onig_sys@69.8.0:       | ^~~~~~~~~~~~~~~~~
[INFO] [stderr] warning: onig_sys@69.8.0: oniguruma/src/regparse.c: In function 'onig_foreach_name':
[INFO] [stderr] warning: onig_sys@69.8.0: oniguruma/src/regparse.c:873:24: error: passing argument 2 of 'onig_st_foreach' from incompatible pointer type [-Wincompatible-pointer-types]
[INFO] [stderr] warning: onig_sys@69.8.0:   873 |     onig_st_foreach(t, i_names, (HashDataType )&narg);
[INFO] [stderr] warning: onig_sys@69.8.0:       |                        ^~~~~~~
[INFO] [stderr] warning: onig_sys@69.8.0:       |                        |
[INFO] [stderr] warning: onig_sys@69.8.0:       |                        int (*)(OnigUChar *, NameEntry *, INamesArg *) {aka int (*)(unsigned char *, NameEntry *, INamesArg *)}
[INFO] [stderr] warning: onig_sys@69.8.0: oniguruma/src/st.h:55:31: note: expected 'int (*)(void)' but argument is of type 'int (*)(OnigUChar *, NameEntry *, INamesArg *)' {aka 'int (*)(unsigned char *, NameEntry *, INamesArg *)'}
[INFO] [stderr] warning: onig_sys@69.8.0:    55 | int st_foreach _((st_table *, int (*)(ANYARGS), st_data_t));
[INFO] [stderr] warning: onig_sys@69.8.0:       |                               ^~~~~~~~~~~~~~~~
[INFO] [stderr] warning: onig_sys@69.8.0: oniguruma/src/st.h:35:18: note: in definition of macro '_'
[INFO] [stderr] warning: onig_sys@69.8.0:    35 | # define _(args) args
[INFO] [stderr] warning: onig_sys@69.8.0:       |                  ^~~~
[INFO] [stderr] warning: onig_sys@69.8.0: oniguruma/src/regparse.c:846:1: note: 'i_names' declared here
[INFO] [stderr] warning: onig_sys@69.8.0:   846 | i_names(UChar* key ARG_UNUSED, NameEntry* e, INamesArg* arg)
[INFO] [stderr] warning: onig_sys@69.8.0:       | ^~~~~~~
[INFO] [stderr] warning: onig_sys@69.8.0: oniguruma/src/regparse.c: In function 'onig_renumber_name_table':
[INFO] [stderr] warning: onig_sys@69.8.0: oniguruma/src/regparse.c:901:24: error: passing argument 2 of 'onig_st_foreach' from incompatible pointer type [-Wincompatible-pointer-types]
[INFO] [stderr] warning: onig_sys@69.8.0:   901 |     onig_st_foreach(t, i_renumber_name, (HashDataType )map);
[INFO] [stderr] warning: onig_sys@69.8.0:       |                        ^~~~~~~~~~~~~~~
[INFO] [stderr] warning: onig_sys@69.8.0:       |                        |
[INFO] [stderr] warning: onig_sys@69.8.0:       |                        int (*)(OnigUChar *, NameEntry *, GroupNumMap *) {aka int (*)(unsigned char *, NameEntry *, GroupNumMap *)}
[INFO] [stderr] warning: onig_sys@69.8.0: oniguruma/src/st.h:55:31: note: expected 'int (*)(void)' but argument is of type 'int (*)(OnigUChar *, NameEntry *, GroupNumMap *)' {aka 'int (*)(unsigned char *, NameEntry *, GroupNumMap *)'}
[INFO] [stderr] warning: onig_sys@69.8.0:    55 | int st_foreach _((st_table *, int (*)(ANYARGS), st_data_t));
[INFO] [stderr] warning: onig_sys@69.8.0:       |                               ^~~~~~~~~~~~~~~~
[INFO] [stderr] warning: onig_sys@69.8.0: oniguruma/src/st.h:35:18: note: in definition of macro '_'
[INFO] [stderr] warning: onig_sys@69.8.0:    35 | # define _(args) args
[INFO] [stderr] warning: onig_sys@69.8.0:       |                  ^~~~
[INFO] [stderr] warning: onig_sys@69.8.0: oniguruma/src/regparse.c:879:1: note: 'i_renumber_name' declared here
[INFO] [stderr] warning: onig_sys@69.8.0:   879 | i_renumber_name(UChar* key ARG_UNUSED, NameEntry* e, GroupNumMap* map)
[INFO] [stderr] warning: onig_sys@69.8.0:       | ^~~~~~~~~~~~~~~
[INFO] [stderr] warning: onig_sys@69.8.0: oniguruma/src/regparse.c: In function 'callout_name_table_clear':
[INFO] [stderr] warning: onig_sys@69.8.0: oniguruma/src/regparse.c:1386:24: error: passing argument 2 of 'onig_st_foreach' from incompatible pointer type [-Wincompatible-pointer-types]
[INFO] [stderr] warning: onig_sys@69.8.0:  1386 |     onig_st_foreach(t, i_free_callout_name_entry, 0);
[INFO] [stderr] warning: onig_sys@69.8.0:       |                        ^~~~~~~~~~~~~~~~~~~~~~~~~
[INFO] [stderr] warning: onig_sys@69.8.0:       |                        |
[INFO] [stderr] warning: onig_sys@69.8.0:       |                        int (*)(st_callout_name_key *, CalloutNameEntry *, void *)
[INFO] [stderr] warning: onig_sys@69.8.0: oniguruma/src/st.h:55:31: note: expected 'int (*)(void)' but argument is of type 'int (*)(st_callout_name_key *, CalloutNameEntry *, void *)'
[INFO] [stderr] warning: onig_sys@69.8.0:    55 | int st_foreach _((st_table *, int (*)(ANYARGS), st_data_t));
[INFO] [stderr] warning: onig_sys@69.8.0:       |                               ^~~~~~~~~~~~~~~~
[INFO] [stderr] warning: onig_sys@69.8.0: oniguruma/src/st.h:35:18: note: in definition of macro '_'
[INFO] [stderr] warning: onig_sys@69.8.0:    35 | # define _(args) args
[INFO] [stderr] warning: onig_sys@69.8.0:       |                  ^~~~
[INFO] [stderr] warning: onig_sys@69.8.0: oniguruma/src/regparse.c:1370:1: note: 'i_free_callout_name_entry' declared here
[INFO] [stderr] warning: onig_sys@69.8.0:  1370 | i_free_callout_name_entry(st_callout_name_key* key, CalloutNameEntry* e,
[INFO] [stderr] warning: onig_sys@69.8.0:       | ^~~~~~~~~~~~~~~~~~~~~~~~~
[INFO] [stderr] warning: onig_sys@69.8.0: oniguruma/src/regparse.c: In function 'setup_ext_callout_list_values':
[INFO] [stderr] warning: onig_sys@69.8.0: oniguruma/src/regparse.c:1884:56: error: passing argument 2 of 'onig_st_foreach' from incompatible pointer type [-Wincompatible-pointer-types]
[INFO] [stderr] warning: onig_sys@69.8.0:  1884 |     onig_st_foreach((CalloutTagTable *)ext->tag_table, i_callout_callout_list_set,
[INFO] [stderr] warning: onig_sys@69.8.0:       |                                                        ^~~~~~~~~~~~~~~~~~~~~~~~~~
[INFO] [stderr] warning: onig_sys@69.8.0:       |                                                        |
[INFO] [stderr] warning: onig_sys@69.8.0:       |                                                        int (*)(OnigUChar *, CalloutTagVal,  void *) {aka int (*)(unsigned char *, long int,  void *)}
[INFO] [stderr] warning: onig_sys@69.8.0: oniguruma/src/st.h:55:31: note: expected 'int (*)(void)' but argument is of type 'int (*)(OnigUChar *, CalloutTagVal,  void *)' {aka 'int (*)(unsigned char *, long int,  void *)'}
[INFO] [stderr] warning: onig_sys@69.8.0:    55 | int st_foreach _((st_table *, int (*)(ANYARGS), st_data_t));
[INFO] [stderr] warning: onig_sys@69.8.0:       |                               ^~~~~~~~~~~~~~~~
[INFO] [stderr] warning: onig_sys@69.8.0: oniguruma/src/st.h:35:18: note: in definition of macro '_'
[INFO] [stderr] warning: onig_sys@69.8.0:    35 | # define _(args) args
[INFO] [stderr] warning: onig_sys@69.8.0:       |                  ^~~~
[INFO] [stderr] warning: onig_sys@69.8.0: oniguruma/src/regparse.c:1866:1: note: 'i_callout_callout_list_set' declared here
[INFO] [stderr] warning: onig_sys@69.8.0:  1866 | i_callout_callout_list_set(UChar* key, CalloutTagVal e, void* arg)
[INFO] [stderr] warning: onig_sys@69.8.0:       | ^~~~~~~~~~~~~~~~~~~~~~~~~~
[INFO] [stderr] warning: onig_sys@69.8.0: oniguruma/src/regparse.c: In function 'callout_tag_table_clear':
[INFO] [stderr] warning: onig_sys@69.8.0: oniguruma/src/regparse.c:1932:24: error: passing argument 2 of 'onig_st_foreach' from incompatible pointer type [-Wincompatible-pointer-types]
[INFO] [stderr] warning: onig_sys@69.8.0:  1932 |     onig_st_foreach(t, i_free_callout_tag_entry, 0);
[INFO] [stderr] warning: onig_sys@69.8.0:       |                        ^~~~~~~~~~~~~~~~~~~~~~~~
[INFO] [stderr] warning: onig_sys@69.8.0:       |                        |
[INFO] [stderr] warning: onig_sys@69.8.0:       |                        int (*)(OnigUChar *, CalloutTagVal,  void *) {aka int (*)(unsigned char *, long int,  void *)}
[INFO] [stderr] warning: onig_sys@69.8.0: oniguruma/src/st.h:55:31: note: expected 'int (*)(void)' but argument is of type 'int (*)(OnigUChar *, CalloutTagVal,  void *)' {aka 'int (*)(unsigned char *, long int,  void *)'}
[INFO] [stderr] warning: onig_sys@69.8.0:    55 | int st_foreach _((st_table *, int (*)(ANYARGS), st_data_t));
[INFO] [stderr] warning: onig_sys@69.8.0:       |                               ^~~~~~~~~~~~~~~~
[INFO] [stderr] warning: onig_sys@69.8.0: oniguruma/src/st.h:35:18: note: in definition of macro '_'
[INFO] [stderr] warning: onig_sys@69.8.0:    35 | # define _(args) args
[INFO] [stderr] warning: onig_sys@69.8.0:       |                  ^~~~
[INFO] [stderr] warning: onig_sys@69.8.0: oniguruma/src/regparse.c:1922:1: note: 'i_free_callout_tag_entry' declared here
[INFO] [stderr] warning: onig_sys@69.8.0:  1922 | i_free_callout_tag_entry(UChar* key, CalloutTagVal e, void* arg ARG_UNUSED)
[INFO] [stderr] warning: onig_sys@69.8.0:       | ^~~~~~~~~~~~~~~~~~~~~~~~
[INFO] [stderr] error: failed to run custom build command for `onig_sys v69.8.0`
[INFO] [stderr] note: To improve backtraces for build dependencies, set the CARGO_PROFILE_RELEASE_BUILD_OVERRIDE_DEBUG=true environment variable to enable debug information generation.
[INFO] [stderr] 
[INFO] [stderr] Caused by:
[INFO] [stderr]   process didn't exit successfully: `/opt/rustwide/target/release/build/onig_sys-338f98df1f3daceb/build-script-build` (exit status: 1)
[INFO] [stderr]   --- stdout
[INFO] [stderr]   cargo:rerun-if-env-changed=RUSTONIG_DYNAMIC_LIBONIG
[INFO] [stderr]   cargo:rerun-if-env-changed=RUSTONIG_STATIC_LIBONIG
[INFO] [stderr]   cargo:rerun-if-env-changed=RUSTONIG_SYSTEM_LIBONIG
[INFO] [stderr]   TARGET = Some("x86_64-unknown-linux-gnu")
[INFO] [stderr]   OPT_LEVEL = Some("3")
[INFO] [stderr]   HOST = Some("x86_64-unknown-linux-gnu")
[INFO] [stderr]   CC_x86_64-unknown-linux-gnu = None
[INFO] [stderr]   CC_x86_64_unknown_linux_gnu = None
[INFO] [stderr]   HOST_CC = None
[INFO] [stderr]   CC = None
[INFO] [stderr]   CFLAGS_x86_64-unknown-linux-gnu = None
[INFO] [stderr]   CFLAGS_x86_64_unknown_linux_gnu = None
[INFO] [stderr]   HOST_CFLAGS = None
[INFO] [stderr]   CFLAGS = None
[INFO] [stderr]   CRATE_CC_NO_DEFAULTS = None
[INFO] [stderr]   DEBUG = Some("false")
[INFO] [stderr]   CARGO_CFG_TARGET_FEATURE = Some("fxsr,sse,sse2")
[INFO] [stderr]   running: "cc" "-O3" "-ffunction-sections" "-fdata-sections" "-fPIC" "-m64" "-I" "/opt/rustwide/target/release/build/onig_sys-436b06be949650cb/out" "-I" "oniguruma/src" "-DHAVE_UNISTD_H=1" "-DHAVE_SYS_TYPES_H=1" "-DHAVE_SYS_TIME_H=1" "-o" "/opt/rustwide/target/release/build/onig_sys-436b06be949650cb/out/oniguruma/src/regexec.o" "-c" "oniguruma/src/regexec.c"
[INFO] [stderr]   exit status: 0
[INFO] [stderr]   running: "cc" "-O3" "-ffunction-sections" "-fdata-sections" "-fPIC" "-m64" "-I" "/opt/rustwide/target/release/build/onig_sys-436b06be949650cb/out" "-I" "oniguruma/src" "-DHAVE_UNISTD_H=1" "-DHAVE_SYS_TYPES_H=1" "-DHAVE_SYS_TIME_H=1" "-o" "/opt/rustwide/target/release/build/onig_sys-436b06be949650cb/out/oniguruma/src/regerror.o" "-c" "oniguruma/src/regerror.c"
[INFO] [stderr]   exit status: 0
[INFO] [stderr]   running: "cc" "-O3" "-ffunction-sections" "-fdata-sections" "-fPIC" "-m64" "-I" "/opt/rustwide/target/release/build/onig_sys-436b06be949650cb/out" "-I" "oniguruma/src" "-DHAVE_UNISTD_H=1" "-DHAVE_SYS_TYPES_H=1" "-DHAVE_SYS_TIME_H=1" "-o" "/opt/rustwide/target/release/build/onig_sys-436b06be949650cb/out/oniguruma/src/regparse.o" "-c" "oniguruma/src/regparse.c"
[INFO] [stderr]   cargo:warning=oniguruma/src/regparse.c: In function 'onig_st_init_strend_table_with_size':
[INFO] [stderr]   cargo:warning=oniguruma/src/regparse.c:588:5: error: initialization of 'int (*)(void)' from incompatible pointer type 'int (*)(st_str_end_key *, st_str_end_key *)' [-Wincompatible-pointer-types]
[INFO] [stderr]   cargo:warning=  588 |     str_end_cmp,
[INFO] [stderr]   cargo:warning=      |     ^~~~~~~~~~~
[INFO] [stderr]   cargo:warning=oniguruma/src/regparse.c:588:5: note: (near initialization for 'hashType.compare')
[INFO] [stderr]   cargo:warning=oniguruma/src/regparse.c:550:1: note: 'str_end_cmp' declared here
[INFO] [stderr]   cargo:warning=  550 | str_end_cmp(st_str_end_key* x, st_str_end_key* y)
[INFO] [stderr]   cargo:warning=      | ^~~~~~~~~~~
[INFO] [stderr]   cargo:warning=oniguruma/src/regparse.c:589:5: error: initialization of 'int (*)(void)' from incompatible pointer type 'int (*)(st_str_end_key *)' [-Wincompatible-pointer-types]
[INFO] [stderr]   cargo:warning=  589 |     str_end_hash,
[INFO] [stderr]   cargo:warning=      |     ^~~~~~~~~~~~
[INFO] [stderr]   cargo:warning=oniguruma/src/regparse.c:589:5: note: (near initialization for 'hashType.hash')
[INFO] [stderr]   cargo:warning=oniguruma/src/regparse.c:571:1: note: 'str_end_hash' declared here
[INFO] [stderr]   cargo:warning=  571 | str_end_hash(st_str_end_key* x)
[INFO] [stderr]   cargo:warning=      | ^~~~~~~~~~~~
[INFO] [stderr]   cargo:warning=oniguruma/src/regparse.c: In function 'onig_st_init_callout_name_table_with_size':
[INFO] [stderr]   cargo:warning=oniguruma/src/regparse.c:678:5: error: initialization of 'int (*)(void)' from incompatible pointer type 'int (*)(st_callout_name_key *, st_callout_name_key *)' [-Wincompatible-pointer-types]
[INFO] [stderr]   cargo:warning=  678 |     callout_name_table_cmp,
[INFO] [stderr]   cargo:warning=      |     ^~~~~~~~~~~~~~~~~~~~~~
[INFO] [stderr]   cargo:warning=oniguruma/src/regparse.c:678:5: note: (near initialization for 'hashType.compare')
[INFO] [stderr]   cargo:warning=oniguruma/src/regparse.c:637:1: note: 'callout_name_table_cmp' declared here
[INFO] [stderr]   cargo:warning=  637 | callout_name_table_cmp(st_callout_name_key* x, st_callout_name_key* y)
[INFO] [stderr]   cargo:warning=      | ^~~~~~~~~~~~~~~~~~~~~~
[INFO] [stderr]   cargo:warning=oniguruma/src/regparse.c:679:5: error: initialization of 'int (*)(void)' from incompatible pointer type 'int (*)(st_callout_name_key *)' [-Wincompatible-pointer-types]
[INFO] [stderr]   cargo:warning=  679 |     callout_name_table_hash,
[INFO] [stderr]   cargo:warning=      |     ^~~~~~~~~~~~~~~~~~~~~~~
[INFO] [stderr]   cargo:warning=oniguruma/src/regparse.c:679:5: note: (near initialization for 'hashType.hash')
[INFO] [stderr]   cargo:warning=oniguruma/src/regparse.c:660:1: note: 'callout_name_table_hash' declared here
[INFO] [stderr]   cargo:warning=  660 | callout_name_table_hash(st_callout_name_key* x)
[INFO] [stderr]   cargo:warning=      | ^~~~~~~~~~~~~~~~~~~~~~~
[INFO] [stderr]   cargo:warning=oniguruma/src/regparse.c: In function 'names_clear':
[INFO] [stderr]   cargo:warning=oniguruma/src/regparse.c:804:24: error: passing argument 2 of 'onig_st_foreach' from incompatible pointer type [-Wincompatible-pointer-types]
[INFO] [stderr]   cargo:warning=  804 |     onig_st_foreach(t, i_free_name_entry, 0);
[INFO] [stderr]   cargo:warning=      |                        ^~~~~~~~~~~~~~~~~
[INFO] [stderr]   cargo:warning=      |                        |
[INFO] [stderr]   cargo:warning=      |                        int (*)(OnigUChar *, NameEntry *, void *) {aka int (*)(unsigned char *, NameEntry *, void *)}
[INFO] [stderr]   cargo:warning=In file included from oniguruma/src/regparse.c:37:
[INFO] [stderr]   cargo:warning=oniguruma/src/st.h:55:31: note: expected 'int (*)(void)' but argument is of type 'int (*)(OnigUChar *, NameEntry *, void *)' {aka 'int (*)(unsigned char *, NameEntry *, void *)'}
[INFO] [stderr]   cargo:warning=   55 | int st_foreach _((st_table *, int (*)(ANYARGS), st_data_t));
[INFO] [stderr]   cargo:warning=      |                               ^~~~~~~~~~~~~~~~
[INFO] [stderr]   cargo:warning=oniguruma/src/st.h:35:18: note: in definition of macro '_'
[INFO] [stderr]   cargo:warning=   35 | # define _(args) args
[INFO] [stderr]   cargo:warning=      |                  ^~~~
[INFO] [stderr]   cargo:warning=oniguruma/src/regparse.c:789:1: note: 'i_free_name_entry' declared here
[INFO] [stderr]   cargo:warning=  789 | i_free_name_entry(UChar* key, NameEntry* e, void* arg ARG_UNUSED)
[INFO] [stderr]   cargo:warning=      | ^~~~~~~~~~~~~~~~~
[INFO] [stderr]   cargo:warning=oniguruma/src/regparse.c: In function 'onig_foreach_name':
[INFO] [stderr]   cargo:warning=oniguruma/src/regparse.c:873:24: error: passing argument 2 of 'onig_st_foreach' from incompatible pointer type [-Wincompatible-pointer-types]
[INFO] [stderr]   cargo:warning=  873 |     onig_st_foreach(t, i_names, (HashDataType )&narg);
[INFO] [stderr]   cargo:warning=      |                        ^~~~~~~
[INFO] [stderr]   cargo:warning=      |                        |
[INFO] [stderr]   cargo:warning=      |                        int (*)(OnigUChar *, NameEntry *, INamesArg *) {aka int (*)(unsigned char *, NameEntry *, INamesArg *)}
[INFO] [stderr]   cargo:warning=oniguruma/src/st.h:55:31: note: expected 'int (*)(void)' but argument is of type 'int (*)(OnigUChar *, NameEntry *, INamesArg *)' {aka 'int (*)(unsigned char *, NameEntry *, INamesArg *)'}
[INFO] [stderr]   cargo:warning=   55 | int st_foreach _((st_table *, int (*)(ANYARGS), st_data_t));
[INFO] [stderr]   cargo:warning=      |                               ^~~~~~~~~~~~~~~~
[INFO] [stderr]   cargo:warning=oniguruma/src/st.h:35:18: note: in definition of macro '_'
[INFO] [stderr]   cargo:warning=   35 | # define _(args) args
[INFO] [stderr]   cargo:warning=      |                  ^~~~
[INFO] [stderr]   cargo:warning=oniguruma/src/regparse.c:846:1: note: 'i_names' declared here
[INFO] [stderr]   cargo:warning=  846 | i_names(UChar* key ARG_UNUSED, NameEntry* e, INamesArg* arg)
[INFO] [stderr]   cargo:warning=      | ^~~~~~~
[INFO] [stderr]   cargo:warning=oniguruma/src/regparse.c: In function 'onig_renumber_name_table':
[INFO] [stderr]   cargo:warning=oniguruma/src/regparse.c:901:24: error: passing argument 2 of 'onig_st_foreach' from incompatible pointer type [-Wincompatible-pointer-types]
[INFO] [stderr]   cargo:warning=  901 |     onig_st_foreach(t, i_renumber_name, (HashDataType )map);
[INFO] [stderr]   cargo:warning=      |                        ^~~~~~~~~~~~~~~
[INFO] [stderr]   cargo:warning=      |                        |
[INFO] [stderr]   cargo:warning=      |                        int (*)(OnigUChar *, NameEntry *, GroupNumMap *) {aka int (*)(unsigned char *, NameEntry *, GroupNumMap *)}
[INFO] [stderr]   cargo:warning=oniguruma/src/st.h:55:31: note: expected 'int (*)(void)' but argument is of type 'int (*)(OnigUChar *, NameEntry *, GroupNumMap *)' {aka 'int (*)(unsigned char *, NameEntry *, GroupNumMap *)'}
[INFO] [stderr]   cargo:warning=   55 | int st_foreach _((st_table *, int (*)(ANYARGS), st_data_t));
[INFO] [stderr]   cargo:warning=      |                               ^~~~~~~~~~~~~~~~
[INFO] [stderr]   cargo:warning=oniguruma/src/st.h:35:18: note: in definition of macro '_'
[INFO] [stderr]   cargo:warning=   35 | # define _(args) args
[INFO] [stderr]   cargo:warning=      |                  ^~~~
[INFO] [stderr]   cargo:warning=oniguruma/src/regparse.c:879:1: note: 'i_renumber_name' declared here
[INFO] [stderr]   cargo:warning=  879 | i_renumber_name(UChar* key ARG_UNUSED, NameEntry* e, GroupNumMap* map)
[INFO] [stderr]   cargo:warning=      | ^~~~~~~~~~~~~~~
[INFO] [stderr]   cargo:warning=oniguruma/src/regparse.c: In function 'callout_name_table_clear':
[INFO] [stderr]   cargo:warning=oniguruma/src/regparse.c:1386:24: error: passing argument 2 of 'onig_st_foreach' from incompatible pointer type [-Wincompatible-pointer-types]
[INFO] [stderr]   cargo:warning= 1386 |     onig_st_foreach(t, i_free_callout_name_entry, 0);
[INFO] [stderr]   cargo:warning=      |                        ^~~~~~~~~~~~~~~~~~~~~~~~~
[INFO] [stderr]   cargo:warning=      |                        |
[INFO] [stderr]   cargo:warning=      |                        int (*)(st_callout_name_key *, CalloutNameEntry *, void *)
[INFO] [stderr]   cargo:warning=oniguruma/src/st.h:55:31: note: expected 'int (*)(void)' but argument is of type 'int (*)(st_callout_name_key *, CalloutNameEntry *, void *)'
[INFO] [stderr]   cargo:warning=   55 | int st_foreach _((st_table *, int (*)(ANYARGS), st_data_t));
[INFO] [stderr]   cargo:warning=      |                               ^~~~~~~~~~~~~~~~
[INFO] [stderr]   cargo:warning=oniguruma/src/st.h:35:18: note: in definition of macro '_'
[INFO] [stderr]   cargo:warning=   35 | # define _(args) args
[INFO] [stderr]   cargo:warning=      |                  ^~~~
[INFO] [stderr]   cargo:warning=oniguruma/src/regparse.c:1370:1: note: 'i_free_callout_name_entry' declared here
[INFO] [stderr]   cargo:warning= 1370 | i_free_callout_name_entry(st_callout_name_key* key, CalloutNameEntry* e,
[INFO] [stderr]   cargo:warning=      | ^~~~~~~~~~~~~~~~~~~~~~~~~
[INFO] [stderr]   cargo:warning=oniguruma/src/regparse.c: In function 'setup_ext_callout_list_values':
[INFO] [stderr]   cargo:warning=oniguruma/src/regparse.c:1884:56: error: passing argument 2 of 'onig_st_foreach' from incompatible pointer type [-Wincompatible-pointer-types]
[INFO] [stderr]   cargo:warning= 1884 |     onig_st_foreach((CalloutTagTable *)ext->tag_table, i_callout_callout_list_set,
[INFO] [stderr]   cargo:warning=      |                                                        ^~~~~~~~~~~~~~~~~~~~~~~~~~
[INFO] [stderr]   cargo:warning=      |                                                        |
[INFO] [stderr]   cargo:warning=      |                                                        int (*)(OnigUChar *, CalloutTagVal,  void *) {aka int (*)(unsigned char *, long int,  void *)}
[INFO] [stderr]   cargo:warning=oniguruma/src/st.h:55:31: note: expected 'int (*)(void)' but argument is of type 'int (*)(OnigUChar *, CalloutTagVal,  void *)' {aka 'int (*)(unsigned char *, long int,  void *)'}
[INFO] [stderr]   cargo:warning=   55 | int st_foreach _((st_table *, int (*)(ANYARGS), st_data_t));
[INFO] [stderr]   cargo:warning=      |                               ^~~~~~~~~~~~~~~~
[INFO] [stderr]   cargo:warning=oniguruma/src/st.h:35:18: note: in definition of macro '_'
[INFO] [stderr]   cargo:warning=   35 | # define _(args) args
[INFO] [stderr]   cargo:warning=      |                  ^~~~
[INFO] [stderr]   cargo:warning=oniguruma/src/regparse.c:1866:1: note: 'i_callout_callout_list_set' declared here
[INFO] [stderr]   cargo:warning= 1866 | i_callout_callout_list_set(UChar* key, CalloutTagVal e, void* arg)
[INFO] [stderr]   cargo:warning=      | ^~~~~~~~~~~~~~~~~~~~~~~~~~
[INFO] [stderr]   cargo:warning=oniguruma/src/regparse.c: In function 'callout_tag_table_clear':
[INFO] [stderr]   cargo:warning=oniguruma/src/regparse.c:1932:24: error: passing argument 2 of 'onig_st_foreach' from incompatible pointer type [-Wincompatible-pointer-types]
[INFO] [stderr]   cargo:warning= 1932 |     onig_st_foreach(t, i_free_callout_tag_entry, 0);
[INFO] [stderr]   cargo:warning=      |                        ^~~~~~~~~~~~~~~~~~~~~~~~
[INFO] [stderr]   cargo:warning=      |                        |
[INFO] [stderr]   cargo:warning=      |                        int (*)(OnigUChar *, CalloutTagVal,  void *) {aka int (*)(unsigned char *, long int,  void *)}
[INFO] [stderr]   cargo:warning=oniguruma/src/st.h:55:31: note: expected 'int (*)(void)' but argument is of type 'int (*)(OnigUChar *, CalloutTagVal,  void *)' {aka 'int (*)(unsigned char *, long int,  void *)'}
[INFO] [stderr]   cargo:warning=   55 | int st_foreach _((st_table *, int (*)(ANYARGS), st_data_t));
[INFO] [stderr]   cargo:warning=      |                               ^~~~~~~~~~~~~~~~
[INFO] [stderr]   cargo:warning=oniguruma/src/st.h:35:18: note: in definition of macro '_'
[INFO] [stderr]   cargo:warning=   35 | # define _(args) args
[INFO] [stderr]   cargo:warning=      |                  ^~~~
[INFO] [stderr]   cargo:warning=oniguruma/src/regparse.c:1922:1: note: 'i_free_callout_tag_entry' declared here
[INFO] [stderr]   cargo:warning= 1922 | i_free_callout_tag_entry(UChar* key, CalloutTagVal e, void* arg ARG_UNUSED)
[INFO] [stderr]   cargo:warning=      | ^~~~~~~~~~~~~~~~~~~~~~~~
[INFO] [stderr]   exit status: 1
[INFO] [stderr]   running: "cc" "-O3" "-ffunction-sections" "-fdata-sections" "-fPIC" "-m64" "-I" "/opt/rustwide/target/release/build/onig_sys-436b06be949650cb/out" "-I" "oniguruma/src" "-DHAVE_UNISTD_H=1" "-DHAVE_SYS_TYPES_H=1" "-DHAVE_SYS_TIME_H=1" "-o" "/opt/rustwide/target/release/build/onig_sys-436b06be949650cb/out/oniguruma/src/regext.o" "-c" "oniguruma/src/regext.c"
[INFO] [stderr]   exit status: 0
[INFO] [stderr] 
[INFO] [stderr]   --- stderr
[INFO] [stderr] 
[INFO] [stderr] 
[INFO] [stderr]   error occurred: Command "cc" "-O3" "-ffunction-sections" "-fdata-sections" "-fPIC" "-m64" "-I" "/opt/rustwide/target/release/build/onig_sys-436b06be949650cb/out" "-I" "oniguruma/src" "-DHAVE_UNISTD_H=1" "-DHAVE_SYS_TYPES_H=1" "-DHAVE_SYS_TIME_H=1" "-o" "/opt/rustwide/target/release/build/onig_sys-436b06be949650cb/out/oniguruma/src/regparse.o" "-c" "oniguruma/src/regparse.c" with args "cc" did not execute successfully (status code exit status: 1).
[INFO] [stderr] 
[INFO] [stderr] 
[INFO] running `Command { std: "docker" "inspect" "8e929ead3e49c1d49c68789450b89b86f0e8318aeb2f3e4d1f3489aca7f24009", kill_on_drop: false }`
[INFO] running `Command { std: "docker" "rm" "-f" "8e929ead3e49c1d49c68789450b89b86f0e8318aeb2f3e4d1f3489aca7f24009", kill_on_drop: false }`
[INFO] [stdout] 8e929ead3e49c1d49c68789450b89b86f0e8318aeb2f3e4d1f3489aca7f24009
