[INFO] fetching crate mpl-core-candy-guard 0.2.1...
[INFO] testing mpl-core-candy-guard-0.2.1 against 1.100.0-beta.1+cargoflags=--release for beta-release-1.100-2
[INFO] extracting crate mpl-core-candy-guard 0.2.1 into /workspace/builds/worker-6-tc2/source
[INFO] started tweaking crates.io crate mpl-core-candy-guard 0.2.1
[INFO] finished tweaking crates.io crate mpl-core-candy-guard 0.2.1
[INFO] tweaked toml for crates.io crate mpl-core-candy-guard 0.2.1 written to /workspace/builds/worker-6-tc2/source/Cargo.toml
[INFO] validating manifest of crates.io crate mpl-core-candy-guard 0.2.1 on toolchain 1.100.0-beta.1
[INFO] running `Command { std: CARGO_HOME="/workspace/cargo-home" RUSTUP_HOME="/workspace/rustup-home" "/workspace/cargo-home/bin/cargo" "+1.100.0-beta.1" "metadata" "--manifest-path" "Cargo.toml" "--no-deps", kill_on_drop: false }`
[INFO] running `Command { std: CARGO_HOME="/workspace/cargo-home" RUSTUP_HOME="/workspace/rustup-home" "/workspace/cargo-home/bin/cargo" "+1.100.0-beta.1" "generate-lockfile" "--manifest-path" "Cargo.toml", kill_on_drop: false }`
[INFO] [stderr]     Updating crates.io index
[INFO] [stderr]     Blocking waiting for file lock on package cache
[INFO] [stderr]      Locking 336 packages to highest compatible versions
[INFO] [stderr]       Adding anchor-lang v0.28.0 (available: v1.2.1)
[INFO] [stderr]       Adding array-bytes v1.4.1 (available: v1.6.0)
[INFO] [stderr]       Adding generic-array v0.14.7 (available: v0.14.9)
[INFO] [stderr]       Adding mpl-core v0.4.4 (available: v0.12.1)
[INFO] [stderr]       Adding mpl-token-metadata v3.2.3 (available: v5.1.1)
[INFO] [stderr]       Adding solana-frozen-abi v1.16.25 (available: v1.18.26)
[INFO] [stderr]       Adding solana-frozen-abi-macro v1.16.25 (available: v1.18.26)
[INFO] [stderr]       Adding solana-gateway v0.4.0 (available: v0.6.0)
[INFO] [stderr]       Adding solana-logger v1.16.25 (available: v1.18.26)
[INFO] [stderr]       Adding solana-program v1.16.25 (available: v1.18.26)
[INFO] [stderr]       Adding solana-sdk v1.16.25 (available: v1.18.26)
[INFO] [stderr]       Adding solana-sdk-macro v1.16.25 (available: v1.18.26)
[INFO] [stderr]       Adding solana-zk-token-sdk v1.16.25 (available: v1.18.26)
[INFO] [stderr]       Adding spl-associated-token-account v2.2.0 (available: v2.3.0)
[INFO] [stderr]       Adding spl-memo v4.0.3 (available: v4.0.4)
[INFO] [stderr]       Adding spl-token v4.0.2 (available: v4.0.3)
[INFO] [stderr]       Adding spl-token-2022 v0.9.0 (available: v11.1.0)
[INFO] [stderr]       Adding subtle v2.4.1 (available: v2.6.1)
[INFO] [stderr]       Adding zeroize v1.3.0 (available: v1.9.1)
[INFO] running `Command { std: CARGO_HOME="/workspace/cargo-home" RUSTUP_HOME="/workspace/rustup-home" "/workspace/cargo-home/bin/cargo" "+1.100.0-beta.1" "fetch" "--manifest-path" "Cargo.toml", kill_on_drop: false }`
[INFO] running `Command { std: "docker" "create" "-v" "/var/lib/crater-agent-workspace/builds/worker-6-tc2/source:/opt/rustwide/workdir:ro,Z" "-v" "/var/lib/crater-agent-workspace/builds/worker-6-tc2/target:/opt/rustwide/target:rw,Z" "-v" "/var/lib/crater-agent-workspace/cargo-home:/opt/rustwide/cargo-home:ro,Z" "-v" "/var/lib/crater-agent-workspace/rustup-home:/opt/rustwide/rustup-home:ro,Z" "-m" "1610612736" "--network" "none" "ghcr.io/rust-lang/crates-build-env/linux@sha256:77db811e55d90add9212f6832c23229e3de5f1c1f9905e8cb07319ea15df73ac" "sleep" "infinity", kill_on_drop: false }`
[INFO] [stdout] e4597fc1427f782fded44c81b41c18f402c10b953dda694676d9713415cac2b8
[INFO] running `Command { std: "docker" "start" "e4597fc1427f782fded44c81b41c18f402c10b953dda694676d9713415cac2b8", kill_on_drop: false }`
[INFO] running `Command { std: "docker" "inspect" "e4597fc1427f782fded44c81b41c18f402c10b953dda694676d9713415cac2b8", kill_on_drop: false }`
[INFO] running `Command { std: "docker" "exec" "-e" "SOURCE_DIR=/opt/rustwide/workdir" "-e" "CARGO_HOME=/opt/rustwide/cargo-home" "-e" "RUSTUP_HOME=/opt/rustwide/rustup-home" "-e" "CARGO_TARGET_DIR=/opt/rustwide/target" "-w" "/opt/rustwide/workdir" "--user" "0:0" "e4597fc1427f782fded44c81b41c18f402c10b953dda694676d9713415cac2b8" "/opt/rustwide/cargo-home/bin/cargo" "+1.100.0-beta.1" "metadata" "--no-deps" "--format-version=1", kill_on_drop: false }`
[INFO] running `Command { std: "docker" "inspect" "e4597fc1427f782fded44c81b41c18f402c10b953dda694676d9713415cac2b8", kill_on_drop: false }`
[INFO] running `Command { std: "docker" "exec" "-e" "SOURCE_DIR=/opt/rustwide/workdir" "-e" "CARGO_HOME=/opt/rustwide/cargo-home" "-e" "RUSTUP_HOME=/opt/rustwide/rustup-home" "-e" "CARGO_TARGET_DIR=/opt/rustwide/target" "-e" "CARGO_INCREMENTAL=0" "-e" "RUST_BACKTRACE=full" "-e" "RUSTFLAGS=--cap-lints=warn" "-e" "RUSTDOCFLAGS=--cap-lints=warn" "-w" "/opt/rustwide/workdir" "--user" "0:0" "e4597fc1427f782fded44c81b41c18f402c10b953dda694676d9713415cac2b8" "/opt/rustwide/cargo-home/bin/cargo" "+1.100.0-beta.1" "build" "--frozen" "--message-format=json" "--release", kill_on_drop: false }`
[INFO] [stderr]    Compiling syn v3.0.9
[INFO] [stderr]    Compiling equivalent v1.0.3
[INFO] [stderr]    Compiling toml_datetime v1.1.2+spec-1.1.0
[INFO] [stderr]    Compiling toml_parser v1.1.5+spec-1.1.0
[INFO] [stderr]    Compiling cfg_aliases v0.2.2
[INFO] [stderr]    Compiling five8_core v0.1.2
[INFO] [stderr]    Compiling solana-sanitize v2.2.1
[INFO] [stderr]    Compiling solana-atomic-u64 v2.2.1
[INFO] [stderr]    Compiling borsh v1.8.1
[INFO] [stderr]    Compiling curve25519-dalek v4.1.3
[INFO] [stderr]    Compiling indexmap v2.14.2
[INFO] [stderr]    Compiling five8 v0.2.1
[INFO] [stderr]    Compiling curve25519-dalek-derive v0.1.1
[INFO] [stderr]    Compiling five8_const v0.1.4
[INFO] [stderr]    Compiling solana-decode-error v2.3.0
[INFO] [stderr]    Compiling rand_chacha v0.3.1
[INFO] [stderr]    Compiling solana-sdk-macro v2.2.1
[INFO] [stderr]    Compiling solana-msg v2.2.1
[INFO] [stderr]    Compiling num-derive v0.4.2
[INFO] [stderr]    Compiling toml_datetime v0.6.11
[INFO] [stderr]    Compiling rand v0.8.8
[INFO] [stderr]    Compiling solana-program-memory v2.3.1
[INFO] [stderr]    Compiling thiserror v2.0.21
[INFO] [stderr]    Compiling solana-big-mod-exp v2.2.1
[INFO] [stderr]    Compiling bs58 v0.5.1
[INFO] [stderr]    Compiling solana-native-token v2.3.0
[INFO] [stderr]    Compiling solana-program-option v2.2.1
[INFO] [stderr]    Compiling mpl-core-candy-guard-derive v0.2.1
[INFO] [stderr]    Compiling toml_edit v0.25.17+spec-1.1.0
[INFO] [stderr]    Compiling toml_edit v0.19.15
[INFO] [stderr]    Compiling ark-std v0.4.0
[INFO] [stderr]    Compiling proc-macro-crate v3.5.0
[INFO] [stderr]    Compiling num_enum_derive v0.7.6
[INFO] [stderr]    Compiling num_enum v0.7.6
[INFO] [stderr]    Compiling proc-macro-crate v1.3.1
[INFO] [stderr]    Compiling num_enum_derive v0.6.1
[INFO] [stderr]    Compiling num_enum v0.6.1
[INFO] [stderr]    Compiling wasm-bindgen-macro-support v0.2.129
[INFO] [stderr]    Compiling serde_derive v1.0.229
[INFO] [stderr]    Compiling bytemuck_derive v1.12.1
[INFO] [stderr]    Compiling borsh-derive v1.8.1
[INFO] [stderr]    Compiling thiserror-impl v2.0.21
[INFO] [stderr]    Compiling bytemuck v1.25.2
[INFO] [stderr]    Compiling serde v1.0.229
[INFO] [stderr]    Compiling toml v0.5.11
[INFO] [stderr]    Compiling generic-array v0.14.7
[INFO] [stderr]    Compiling bincode v1.3.3
[INFO] [stderr]    Compiling solana-hash v2.3.0
[INFO] [stderr]    Compiling bv v0.11.1
[INFO] [stderr]    Compiling im v15.1.0
[INFO] [stderr]    Compiling serde_with v2.3.3
[INFO] [stderr]    Compiling digest v0.9.0
[INFO] [stderr]    Compiling crypto-common v0.1.7
[INFO] [stderr]    Compiling libsecp256k1-core v0.2.2
[INFO] [stderr]    Compiling block-buffer v0.10.4
[INFO] [stderr]    Compiling digest v0.10.7
[INFO] [stderr]    Compiling proc-macro-crate v0.1.5
[INFO] [stderr]    Compiling block-buffer v0.9.0
[INFO] [stderr]    Compiling crypto-mac v0.8.0
[INFO] [stderr]    Compiling sha2 v0.9.9
[INFO] [stderr]    Compiling hmac v0.8.1
[INFO] [stderr]    Compiling sha2 v0.10.9
[INFO] [stderr]    Compiling borsh-derive v0.10.4
[INFO] [stderr]    Compiling sha3 v0.10.9
[INFO] [stderr]    Compiling libsecp256k1-gen-ecmult v0.2.1
[INFO] [stderr]    Compiling libsecp256k1-gen-genmult v0.2.1
[INFO] [stderr]    Compiling borsh v0.10.4
[INFO] [stderr]    Compiling hmac-drbg v0.3.0
[INFO] [stderr]    Compiling libsecp256k1 v0.6.0
[INFO] [stderr]    Compiling solana-sha256-hasher v2.3.0
[INFO] [stderr]    Compiling ark-serialize v0.4.2
[INFO] [stderr]    Compiling ark-ff v0.4.2
[INFO] [stderr]    Compiling solana-pubkey v2.4.0
[INFO] [stderr]    Compiling solana-instruction v2.3.3
[INFO] [stderr]    Compiling solana-sdk-ids v2.2.1
[INFO] [stderr]    Compiling curve25519-dalek v3.2.1
[INFO] [stderr]    Compiling solana-sysvar-id v2.2.1
[INFO] [stderr]    Compiling borsh-derive v0.9.3
[INFO] [stderr]    Compiling pbkdf2 v0.4.0
[INFO] [stderr]    Compiling wasm-bindgen-macro v0.2.129
[INFO] [stderr]    Compiling borsh v0.9.3
[INFO] [stderr]    Compiling wasm-bindgen v0.2.129
[INFO] [stderr]    Compiling tiny-bip39 v0.8.2
[INFO] [stderr]    Compiling solana-frozen-abi v1.16.25
[INFO] [stderr]    Compiling solana-program-error v2.2.2
[INFO] [stderr]    Compiling solana-system-interface v1.0.0
[INFO] [stderr]    Compiling solana-account-info v2.3.0
[INFO] [stderr]    Compiling solana-clock v2.2.3
[INFO] [stderr]    Compiling cipher v0.3.0
[INFO] [stderr]    Compiling ed25519-dalek v1.0.1
[INFO] [stderr]    Compiling hmac v0.12.1
[INFO] [stderr]    Compiling universal-hash v0.4.1
[INFO] [stderr]    Compiling polyval v0.5.3
[INFO] [stderr]    Compiling ed25519-dalek-bip32 v0.2.0
[INFO] [stderr]    Compiling ctr v0.8.0
[INFO] [stderr]    Compiling aes v0.7.5
[INFO] [stderr]    Compiling pbkdf2 v0.11.0
[INFO] [stderr]    Compiling aead v0.4.3
[INFO] [stderr]    Compiling solana-slot-hashes v2.2.1
[INFO] [stderr]    Compiling solana-rent v2.2.1
[INFO] [stderr]    Compiling solana-serialize-utils v2.2.1
[INFO] [stderr]    Compiling spl-program-error-derive v0.3.2
[INFO] [stderr]    Compiling anchor-syn v0.28.0
[INFO] [stderr]    Compiling spl-discriminator-syn v0.1.2
[INFO] [stderr]    Compiling aes-gcm-siv v0.10.3
[INFO] [stderr]    Compiling sha3 v0.9.1
[INFO] [stderr]    Compiling solana-short-vec v2.2.1
[INFO] [stderr]    Compiling solana-fee-calculator v2.2.1
[INFO] [stderr]    Compiling spl-discriminator-derive v0.1.2
[INFO] [stderr]    Compiling solana-cpi v2.2.1
[INFO] [stderr]    Compiling solana-transaction-error v2.2.1
[INFO] [stderr]    Compiling solana-bincode v2.2.1
[INFO] [stderr]    Compiling solana-message v2.4.0
[INFO] [stderr]    Compiling solana-stake-interface v1.2.1
[INFO] [stderr]    Compiling solana-nonce v2.2.1
[INFO] [stderr]    Compiling solana-address-lookup-table-interface v2.2.2
[INFO] [stderr]    Compiling solana-instructions-sysvar v2.2.2
[INFO] [stderr]    Compiling solana-account v2.2.1
[INFO] [stderr]    Compiling solana-program-entrypoint v2.3.0
[INFO] [stderr]    Compiling solana-epoch-rewards v2.2.1
[INFO] [stderr]    Compiling solana-epoch-schedule v2.2.1
[INFO] [stderr]    Compiling solana-slot-history v2.2.1
[INFO] [stderr]    Compiling solana-last-restart-slot v2.2.1
[INFO] [stderr]    Compiling solana-keccak-hasher v2.2.1
[INFO] [stderr]    Compiling solana-serde-varint v2.2.2
[INFO] [stderr]    Compiling solana-vote-interface v2.2.6
[INFO] [stderr]    Compiling solana-example-mocks v2.2.1
[INFO] [stderr]    Compiling solana-feature-gate-interface v2.2.2
[INFO] [stderr]    Compiling solana-sysvar v2.3.0
[INFO] [stderr]    Compiling solana-secp256k1-recover v2.2.1
[INFO] [stderr]    Compiling solana-loader-v3-interface v5.0.0
[INFO] [stderr]    Compiling solana-loader-v4-interface v2.2.1
[INFO] [stderr]    Compiling solana-program-pack v2.2.1
[INFO] [stderr]    Compiling solana-loader-v2-interface v2.2.1
[INFO] [stderr]    Compiling solana-stable-layout v2.2.1
[INFO] [stderr]    Compiling solana-borsh v2.2.1
[INFO] [stderr]    Compiling solana-blake3-hasher v2.2.1
[INFO] [stderr]    Compiling anchor-attribute-account v0.28.0
[INFO] [stderr]    Compiling anchor-derive-accounts v0.28.0
[INFO] [stderr]    Compiling anchor-attribute-error v0.28.0
[INFO] [stderr]    Compiling anchor-attribute-program v0.28.0
[INFO] [stderr]    Compiling ark-poly v0.4.2
[INFO] [stderr]    Compiling anchor-attribute-access-control v0.28.0
[INFO] [stderr]    Compiling anchor-attribute-event v0.28.0
[INFO] [stderr]    Compiling anchor-attribute-constant v0.28.0
[INFO] [stderr]    Compiling solana-program v2.3.0
[INFO] [stderr]    Compiling ark-ec v0.4.2
[INFO] [stderr]    Compiling spl-memo v4.0.3
[INFO] [stderr]    Compiling spl-token v4.0.2
[INFO] [stderr]    Compiling ark-bn254 v0.4.0
[INFO] [stderr]    Compiling solana-program v1.16.25
[INFO] [stderr]    Compiling solana-sdk v1.16.25
[INFO] [stderr]    Compiling spl-program-error v0.3.0
[INFO] [stderr]    Compiling spl-discriminator v0.1.0
[INFO] [stderr]    Compiling mpl-core v0.4.4
[INFO] [stderr]    Compiling mpl-token-metadata v3.2.3
[INFO] [stderr]    Compiling anchor-lang v0.28.0
[INFO] [stderr]    Compiling mpl-utils v0.3.6
[INFO] [stderr]    Compiling solana-gateway v0.4.0
[INFO] [stderr]    Compiling solana-zk-token-sdk v1.16.25
[INFO] [stderr]    Compiling spl-pod v0.1.0
[INFO] [stderr]    Compiling spl-type-length-value v0.3.0
[INFO] [stderr]    Compiling spl-tlv-account-resolution v0.4.0
[INFO] [stderr]    Compiling spl-token-metadata-interface v0.2.0
[INFO] [stderr]    Compiling spl-transfer-hook-interface v0.3.0
[INFO] [stderr]    Compiling spl-token-2022 v0.9.0
[INFO] [stdout] error[E0277]: can't compare `solana_program::pubkey::Pubkey` with `__Pubkey`
[INFO] [stdout]   --> /opt/rustwide/cargo-home/registry/src/index.crates.io-1949cf8c6b5b557f/spl-token-2022-0.9.0/src/extension/memo_transfer/mod.rs:42:20
[INFO] [stdout]    |
[INFO] [stdout] 42 |         program_id == &spl_memo::id() || program_id == &spl_memo::v1::id()
[INFO] [stdout]    |                    ^^ no implementation for `solana_program::pubkey::Pubkey == __Pubkey`
[INFO] [stdout]    |
[INFO] [stdout] help: the trait `PartialEq<__Pubkey>` is not implemented for `solana_program::pubkey::Pubkey`
[INFO] [stdout]       but trait `PartialEq<solana_program::pubkey::Pubkey>` is implemented for it
[INFO] [stdout]   --> /opt/rustwide/cargo-home/registry/src/index.crates.io-1949cf8c6b5b557f/solana-program-1.16.25/src/pubkey.rs:81:5
[INFO] [stdout]    |
[INFO] [stdout] 81 |     PartialEq,
[INFO] [stdout]    |     ^^^^^^^^^
[INFO] [stdout]    = help: for that trait implementation, expected `solana_program::pubkey::Pubkey`, found `__Pubkey`
[INFO] [stdout]    = note: there are multiple different versions of crate `solana_program` in the dependency graph
[INFO] [stdout]    = help: you can use `cargo tree` to explore your dependency tree
[INFO] [stdout]    = note: required for `&solana_program::pubkey::Pubkey` to implement `PartialEq<&__Pubkey>`
[INFO] [stdout] 
[INFO] [stdout] 
[INFO] [stdout] error[E0277]: can't compare `solana_program::pubkey::Pubkey` with `__Pubkey`
[INFO] [stdout]   --> /opt/rustwide/cargo-home/registry/src/index.crates.io-1949cf8c6b5b557f/spl-token-2022-0.9.0/src/extension/memo_transfer/mod.rs:42:53
[INFO] [stdout]    |
[INFO] [stdout] 42 |         program_id == &spl_memo::id() || program_id == &spl_memo::v1::id()
[INFO] [stdout]    |                                                     ^^ no implementation for `solana_program::pubkey::Pubkey == __Pubkey`
[INFO] [stdout]    |
[INFO] [stdout] help: the trait `PartialEq<__Pubkey>` is not implemented for `solana_program::pubkey::Pubkey`
[INFO] [stdout]       but trait `PartialEq<solana_program::pubkey::Pubkey>` is implemented for it
[INFO] [stdout]   --> /opt/rustwide/cargo-home/registry/src/index.crates.io-1949cf8c6b5b557f/solana-program-1.16.25/src/pubkey.rs:81:5
[INFO] [stdout]    |
[INFO] [stdout] 81 |     PartialEq,
[INFO] [stdout]    |     ^^^^^^^^^
[INFO] [stdout]    = help: for that trait implementation, expected `solana_program::pubkey::Pubkey`, found `__Pubkey`
[INFO] [stdout]    = note: there are multiple different versions of crate `solana_program` in the dependency graph
[INFO] [stdout]    = help: you can use `cargo tree` to explore your dependency tree
[INFO] [stdout]    = note: required for `&solana_program::pubkey::Pubkey` to implement `PartialEq<&__Pubkey>`
[INFO] [stdout] 
[INFO] [stdout] 
[INFO] [stdout] error[E0599]: no associated function or constant named `get_packed_len` found for struct `spl_token::state::Account` in the current scope
[INFO] [stdout]    --> /opt/rustwide/cargo-home/registry/src/index.crates.io-1949cf8c6b5b557f/spl-token-2022-0.9.0/src/state.rs:306:57
[INFO] [stdout]     |
[INFO] [stdout] 306 |                         .get(spl_token::state::Account::get_packed_len())
[INFO] [stdout]     |                                                         ^^^^^^^^^^^^^^ associated function or constant not found in `spl_token::state::Account`
[INFO] [stdout]     |
[INFO] [stdout]     = help: items from traits can only be used if the trait is in scope
[INFO] [stdout] help: trait `Pack` which provides `get_packed_len` is implemented but not in scope; perhaps you want to import it
[INFO] [stdout]     |
[INFO] [stdout]   3 + use spl_memo::solana_program::solana_program_pack::Pack;
[INFO] [stdout]     |
[INFO] [stdout] 
[INFO] [stdout] 
[INFO] [stdout] error[E0277]: can't compare `solana_program::pubkey::Pubkey` with `__Pubkey`
[INFO] [stdout]    --> /opt/rustwide/cargo-home/registry/src/index.crates.io-1949cf8c6b5b557f/spl-token-2022-0.9.0/src/lib.rs:106:62
[INFO] [stdout]     |
[INFO] [stdout] 106 |     if spl_token_program_id != &id() && spl_token_program_id != &spl_token::id() {
[INFO] [stdout]     |                                                              ^^ no implementation for `solana_program::pubkey::Pubkey == __Pubkey`
[INFO] [stdout]     |
[INFO] [stdout] help: the trait `PartialEq<__Pubkey>` is not implemented for `solana_program::pubkey::Pubkey`
[INFO] [stdout]       but trait `PartialEq<solana_program::pubkey::Pubkey>` is implemented for it
[INFO] [stdout]    --> /opt/rustwide/cargo-home/registry/src/index.crates.io-1949cf8c6b5b557f/solana-program-1.16.25/src/pubkey.rs:81:5
[INFO] [stdout]     |
[INFO] [stdout]  81 |     PartialEq,
[INFO] [stdout]     |     ^^^^^^^^^
[INFO] [stdout]     = help: for that trait implementation, expected `solana_program::pubkey::Pubkey`, found `__Pubkey`
[INFO] [stdout]     = note: there are multiple different versions of crate `solana_program` in the dependency graph
[INFO] [stdout]     = help: you can use `cargo tree` to explore your dependency tree
[INFO] [stdout]     = note: required for `&solana_program::pubkey::Pubkey` to implement `PartialEq<&__Pubkey>`
[INFO] [stdout] 
[INFO] [stdout] 
[INFO] [stdout] Some errors have detailed explanations: E0277, E0599.
[INFO] [stdout] 
[INFO] [stdout] For more information about an error, try `rustc --explain E0277`.
[INFO] [stdout] 
[INFO] [stderr] error: could not compile `spl-token-2022` (lib) due to 4 previous errors
[INFO] running `Command { std: "docker" "inspect" "e4597fc1427f782fded44c81b41c18f402c10b953dda694676d9713415cac2b8", kill_on_drop: false }`
[INFO] running `Command { std: "docker" "rm" "-f" "e4597fc1427f782fded44c81b41c18f402c10b953dda694676d9713415cac2b8", kill_on_drop: false }`
[INFO] [stdout] e4597fc1427f782fded44c81b41c18f402c10b953dda694676d9713415cac2b8
