[INFO] fetching crate mozjs_icu_normalizer 153.4.0...
[INFO] testing mozjs_icu_normalizer-153.4.0 against 1.99.0-beta.8+cargoflags=--release for beta-release-1.100-2
[INFO] extracting crate mozjs_icu_normalizer 153.4.0 into /workspace/builds/worker-7-tc1/source
[INFO] started tweaking crates.io crate mozjs_icu_normalizer 153.4.0
[INFO] removed 0 missing tests
[INFO] finished tweaking crates.io crate mozjs_icu_normalizer 153.4.0
[INFO] tweaked toml for crates.io crate mozjs_icu_normalizer 153.4.0 written to /workspace/builds/worker-7-tc1/source/Cargo.toml
[INFO] validating manifest of crates.io crate mozjs_icu_normalizer 153.4.0 on toolchain 1.99.0-beta.8
[INFO] running `Command { std: CARGO_HOME="/workspace/cargo-home" RUSTUP_HOME="/workspace/rustup-home" "/workspace/cargo-home/bin/cargo" "+1.99.0-beta.8" "metadata" "--manifest-path" "Cargo.toml" "--no-deps", kill_on_drop: false }`
[INFO] crate crates.io crate mozjs_icu_normalizer 153.4.0 already has a lockfile, it will not be regenerated
[INFO] running `Command { std: CARGO_HOME="/workspace/cargo-home" RUSTUP_HOME="/workspace/rustup-home" "/workspace/cargo-home/bin/cargo" "+1.99.0-beta.8" "fetch" "--manifest-path" "Cargo.toml", kill_on_drop: false }`
[INFO] [stderr]     Updating crates.io index
[INFO] [stderr]  Downloading crates ...
[INFO] [stderr]   Downloaded databake v0.2.1
[INFO] [stderr]   Downloaded databake-derive v0.2.2
[INFO] [stderr]   Downloaded mozjs_icu_collections v153.4.0
[INFO] [stderr]   Downloaded mozjs_utf8_iter v153.4.0
[INFO] [stderr]   Downloaded icu_casemap v2.1.1
[INFO] [stderr]   Downloaded detone v1.0.1
[INFO] [stderr]   Downloaded mozjs_utf16_iter v153.4.0
[INFO] [stderr]   Downloaded harfbuzz-traits v0.6.0
[INFO] [stderr]   Downloaded arraystring v0.3.0
[INFO] [stderr]   Downloaded mozjs_icu_normalizer_data v153.4.0
[INFO] [stderr]   Downloaded zerocopy-derive v0.8.61
[INFO] [stderr]   Downloaded zerocopy v0.8.61
[INFO] running `Command { std: "docker" "create" "-v" "/var/lib/crater-agent-workspace/builds/worker-7-tc1/source:/opt/rustwide/workdir:ro,Z" "-v" "/var/lib/crater-agent-workspace/builds/worker-7-tc1/target:/opt/rustwide/target:rw,Z" "-v" "/var/lib/crater-agent-workspace/cargo-home:/opt/rustwide/cargo-home:ro,Z" "-v" "/var/lib/crater-agent-workspace/rustup-home:/opt/rustwide/rustup-home:ro,Z" "-m" "1610612736" "--network" "none" "ghcr.io/rust-lang/crates-build-env/linux@sha256:77db811e55d90add9212f6832c23229e3de5f1c1f9905e8cb07319ea15df73ac" "sleep" "infinity", kill_on_drop: false }`
[INFO] [stdout] 7434cf11127f3591eb8ea2b93c12a01f49635343b24259c3a097b4c4ff051d39
[INFO] running `Command { std: "docker" "start" "7434cf11127f3591eb8ea2b93c12a01f49635343b24259c3a097b4c4ff051d39", kill_on_drop: false }`
[INFO] running `Command { std: "docker" "inspect" "7434cf11127f3591eb8ea2b93c12a01f49635343b24259c3a097b4c4ff051d39", kill_on_drop: false }`
[INFO] running `Command { std: "docker" "exec" "-e" "SOURCE_DIR=/opt/rustwide/workdir" "-e" "CARGO_HOME=/opt/rustwide/cargo-home" "-e" "RUSTUP_HOME=/opt/rustwide/rustup-home" "-e" "CARGO_TARGET_DIR=/opt/rustwide/target" "-w" "/opt/rustwide/workdir" "--user" "0:0" "7434cf11127f3591eb8ea2b93c12a01f49635343b24259c3a097b4c4ff051d39" "/opt/rustwide/cargo-home/bin/cargo" "+1.99.0-beta.8" "metadata" "--no-deps" "--format-version=1", kill_on_drop: false }`
[INFO] running `Command { std: "docker" "inspect" "7434cf11127f3591eb8ea2b93c12a01f49635343b24259c3a097b4c4ff051d39", kill_on_drop: false }`
[INFO] running `Command { std: "docker" "exec" "-e" "SOURCE_DIR=/opt/rustwide/workdir" "-e" "CARGO_HOME=/opt/rustwide/cargo-home" "-e" "RUSTUP_HOME=/opt/rustwide/rustup-home" "-e" "CARGO_TARGET_DIR=/opt/rustwide/target" "-e" "CARGO_INCREMENTAL=0" "-e" "RUST_BACKTRACE=full" "-e" "RUSTFLAGS=--cap-lints=warn" "-e" "RUSTDOCFLAGS=--cap-lints=warn" "-w" "/opt/rustwide/workdir" "--user" "0:0" "7434cf11127f3591eb8ea2b93c12a01f49635343b24259c3a097b4c4ff051d39" "/opt/rustwide/cargo-home/bin/cargo" "+1.99.0-beta.8" "build" "--frozen" "--message-format=json" "--release", kill_on_drop: false }`
[INFO] [stderr]    Compiling unicode-ident v1.0.26
[INFO] [stderr]    Compiling stable_deref_trait v1.2.1
[INFO] [stderr]    Compiling writeable v0.6.4
[INFO] [stderr]    Compiling litemap v0.8.3
[INFO] [stderr]    Compiling mozjs_icu_normalizer_data v153.4.0
[INFO] [stderr]    Compiling smallvec v1.16.2
[INFO] [stderr]    Compiling proc-macro2 v1.0.107
[INFO] [stderr]    Compiling quote v1.0.47
[INFO] [stderr]    Compiling syn v3.0.6
[INFO] [stderr]    Compiling synstructure v0.14.0
[INFO] [stderr]    Compiling zerovec-derive v0.11.6
[INFO] [stderr]    Compiling displaydoc v0.2.7
[INFO] [stderr]    Compiling zerofrom-derive v0.1.8
[INFO] [stderr]    Compiling yoke-derive v0.8.4
[INFO] [stderr]    Compiling zerofrom v0.1.8
[INFO] [stderr]    Compiling yoke v0.8.3
[INFO] [stderr]    Compiling zerotrie v0.2.5
[INFO] [stderr]    Compiling zerovec v0.11.8
[INFO] [stderr]    Compiling tinystr v0.8.4
[INFO] [stderr]    Compiling potential_utf v0.1.6
[INFO] [stderr]    Compiling icu_collections v2.1.1
[INFO] [stderr]    Compiling icu_locale_core v2.3.0
[INFO] [stderr]    Compiling icu_provider v2.3.1
[INFO] [stderr]    Compiling icu_properties v2.1.2
[INFO] [stderr]    Compiling icu_casemap v2.1.1
[INFO] [stderr]    Compiling mozjs_icu_collections v153.4.0
[INFO] [stderr]    Compiling mozjs_utf16_iter v153.4.0
[INFO] [stderr]    Compiling mozjs_utf8_iter v153.4.0
[INFO] [stderr]    Compiling mozjs_icu_normalizer v153.4.0 (/opt/rustwide/workdir)
[INFO] [stderr]     Finished `release` profile [optimized] target(s) in 20.73s
[INFO] running `Command { std: "docker" "inspect" "7434cf11127f3591eb8ea2b93c12a01f49635343b24259c3a097b4c4ff051d39", kill_on_drop: false }`
[INFO] running `Command { std: "docker" "exec" "-e" "SOURCE_DIR=/opt/rustwide/workdir" "-e" "CARGO_HOME=/opt/rustwide/cargo-home" "-e" "RUSTUP_HOME=/opt/rustwide/rustup-home" "-e" "CARGO_TARGET_DIR=/opt/rustwide/target" "-e" "CARGO_INCREMENTAL=0" "-e" "RUST_BACKTRACE=full" "-e" "RUSTFLAGS=--cap-lints=warn" "-e" "RUSTDOCFLAGS=--cap-lints=warn" "-w" "/opt/rustwide/workdir" "--user" "0:0" "7434cf11127f3591eb8ea2b93c12a01f49635343b24259c3a097b4c4ff051d39" "/opt/rustwide/cargo-home/bin/cargo" "+1.99.0-beta.8" "test" "--frozen" "--no-run" "--message-format=json" "--release", kill_on_drop: false }`
[INFO] [stderr]    Compiling crossbeam-utils v0.8.23
[INFO] [stderr]    Compiling syn v2.0.119
[INFO] [stderr]    Compiling zerocopy v0.8.61
[INFO] [stderr]    Compiling crossbeam-deque v0.8.8
[INFO] [stderr]    Compiling serde_derive v1.0.229
[INFO] [stderr]    Compiling libc v0.2.190
[INFO] [stderr]    Compiling clap_lex v1.1.1
[INFO] [stderr]    Compiling arrayvec v0.7.8
[INFO] [stderr]    Compiling criterion-plot v0.5.0
[INFO] [stderr]    Compiling plotters v0.3.7
[INFO] [stderr]    Compiling atoi v2.0.0
[INFO] [stderr]    Compiling arraystring v0.3.0
[INFO] [stderr]    Compiling detone v1.0.1
[INFO] [stderr]    Compiling write16 v1.0.0
[INFO] [stderr]    Compiling mozjs_icu_normalizer v153.4.0 (/opt/rustwide/workdir)
[INFO] [stderr]    Compiling clap_builder v4.6.7
[INFO] [stderr]    Compiling crossbeam-epoch v0.9.21
[INFO] [stderr]    Compiling rayon-core v1.13.0
[INFO] [stderr]    Compiling is-terminal v0.4.17
[INFO] [stderr]    Compiling rayon v1.12.0
[INFO] [stderr]    Compiling serde v1.0.229
[INFO] [stderr]    Compiling clap v4.6.7
[INFO] [stderr]    Compiling tinytemplate v1.2.1
[INFO] [stderr]    Compiling zerocopy-derive v0.8.61
[INFO] [stderr]    Compiling half v2.7.1
[INFO] [stderr]    Compiling ciborium-ll v0.2.2
[INFO] [stderr]    Compiling ciborium v0.2.2
[INFO] [stderr]    Compiling criterion v0.5.1
[INFO] [stdout] error[E0433]: cannot find module or crate `icu_properties` in this scope
[INFO] [stdout]    --> tests/tests.rs:807:5
[INFO] [stdout]     |
[INFO] [stdout] 807 | use icu_properties::props::CanonicalCombiningClass;
[INFO] [stdout]     |     ^^^^^^^^^^^^^^ use of unresolved module or unlinked crate `icu_properties`
[INFO] [stdout]     |
[INFO] [stdout]     = help: if you wanted to use a crate named `icu_properties`, use `cargo add icu_properties` to add it to your `Cargo.toml`
[INFO] [stdout] 
[INFO] [stdout] 
[INFO] [stdout] error[E0433]: cannot find module or crate `icu_properties` in this scope
[INFO] [stdout]     --> tests/tests.rs:1650:13
[INFO] [stdout]      |
[INFO] [stdout] 1650 |             icu_properties::CodePointMapData::<CanonicalCombiningClass>::new().get32(u)
[INFO] [stdout]      |             ^^^^^^^^^^^^^^ use of unresolved module or unlinked crate `icu_properties`
[INFO] [stdout]      |
[INFO] [stdout]      = help: if you wanted to use a crate named `icu_properties`, use `cargo add icu_properties` to add it to your `Cargo.toml`
[INFO] [stdout] 
[INFO] [stdout] 
[INFO] [stdout] error[E0433]: cannot find module or crate `icu_properties` in this scope
[INFO] [stdout]     --> tests/tests.rs:1663:13
[INFO] [stdout]      |
[INFO] [stdout] 1663 |             icu_properties::CodePointMapData::<CanonicalCombiningClass>::new().get32(u)
[INFO] [stdout]      |             ^^^^^^^^^^^^^^ use of unresolved module or unlinked crate `icu_properties`
[INFO] [stdout]      |
[INFO] [stdout]      = help: if you wanted to use a crate named `icu_properties`, use `cargo add icu_properties` to add it to your `Cargo.toml`
[INFO] [stdout] 
[INFO] [stdout] 
[INFO] [stdout] error[E0599]: no method named `get32` found for struct `CanonicalCombiningClassMapBorrowed<'a>` in the current scope
[INFO] [stdout]     --> tests/tests.rs:1649:17
[INFO] [stdout]      |
[INFO] [stdout] 1649 |             map.get32(u),
[INFO] [stdout]      |                 ^^^^^
[INFO] [stdout]      |
[INFO] [stdout] help: there is a method `get32_u8` with a similar name
[INFO] [stdout]      |
[INFO] [stdout] 1649 |             map.get32_u8(u),
[INFO] [stdout]      |                      +++
[INFO] [stdout] 
[INFO] [stdout] 
[INFO] [stdout] error[E0599]: no method named `get32` found for struct `CanonicalCombiningClassMapBorrowed<'a>` in the current scope
[INFO] [stdout]     --> tests/tests.rs:1662:17
[INFO] [stdout]      |
[INFO] [stdout] 1662 |             map.get32(u),
[INFO] [stdout]      |                 ^^^^^
[INFO] [stdout]      |
[INFO] [stdout] help: there is a method `get32_u8` with a similar name
[INFO] [stdout]      |
[INFO] [stdout] 1662 |             map.get32_u8(u),
[INFO] [stdout]      |                      +++
[INFO] [stdout] 
[INFO] [stdout] 
[INFO] [stdout] Some errors have detailed explanations: E0433, E0599.
[INFO] [stdout] 
[INFO] [stdout] For more information about an error, try `rustc --explain E0433`.
[INFO] [stdout] 
[INFO] [stderr] error: could not compile `mozjs_icu_normalizer` (test "tests") due to 5 previous errors
[INFO] [stderr] warning: build failed, waiting for other jobs to finish...
[INFO] running `Command { std: "docker" "inspect" "7434cf11127f3591eb8ea2b93c12a01f49635343b24259c3a097b4c4ff051d39", kill_on_drop: false }`
[INFO] running `Command { std: "docker" "rm" "-f" "7434cf11127f3591eb8ea2b93c12a01f49635343b24259c3a097b4c4ff051d39", kill_on_drop: false }`
[INFO] [stdout] 7434cf11127f3591eb8ea2b93c12a01f49635343b24259c3a097b4c4ff051d39
