[INFO] fetching crate mount-ctrl 1.0.0...
[INFO] testing mount-ctrl-1.0.0 against 1.99.0-beta.8+cargoflags=--release for beta-release-1.100-2
[INFO] extracting crate mount-ctrl 1.0.0 into /workspace/builds/worker-2-tc1/source
[INFO] started tweaking crates.io crate mount-ctrl 1.0.0
[INFO] finished tweaking crates.io crate mount-ctrl 1.0.0
[INFO] tweaked toml for crates.io crate mount-ctrl 1.0.0 written to /workspace/builds/worker-2-tc1/source/Cargo.toml
[INFO] validating manifest of crates.io crate mount-ctrl 1.0.0 on toolchain 1.99.0-beta.8
[INFO] running `Command { std: CARGO_HOME="/workspace/cargo-home" RUSTUP_HOME="/workspace/rustup-home" "/workspace/cargo-home/bin/cargo" "+1.99.0-beta.8" "metadata" "--manifest-path" "Cargo.toml" "--no-deps", kill_on_drop: false }`
[INFO] running `Command { std: CARGO_HOME="/workspace/cargo-home" RUSTUP_HOME="/workspace/rustup-home" "/workspace/cargo-home/bin/cargo" "+1.99.0-beta.8" "generate-lockfile" "--manifest-path" "Cargo.toml", kill_on_drop: false }`
[INFO] [stderr]     Updating crates.io index
[INFO] [stderr]      Locking 19 packages to highest compatible versions
[INFO] [stderr]       Adding simulink-binder v0.1.1 (available: v2.0.0)
[INFO] [stderr]       Adding thiserror v1.0.69 (available: v2.0.21)
[INFO] running `Command { std: CARGO_HOME="/workspace/cargo-home" RUSTUP_HOME="/workspace/rustup-home" "/workspace/cargo-home/bin/cargo" "+1.99.0-beta.8" "fetch" "--manifest-path" "Cargo.toml", kill_on_drop: false }`
[INFO] [stderr]  Downloading crates ...
[INFO] [stderr]   Downloaded mount-ctrl_sampling1000-damping002 v0.1.0
[INFO] [stderr]   Downloaded simulink-binder v0.1.1
[INFO] [stderr]   Downloaded mount-ctrl_sampling8000-damping0005 v0.1.0
[INFO] running `Command { std: "docker" "create" "-v" "/var/lib/crater-agent-workspace/builds/worker-2-tc1/source:/opt/rustwide/workdir:ro,Z" "-v" "/var/lib/crater-agent-workspace/builds/worker-2-tc1/target:/opt/rustwide/target:rw,Z" "-v" "/var/lib/crater-agent-workspace/cargo-home:/opt/rustwide/cargo-home:ro,Z" "-v" "/var/lib/crater-agent-workspace/rustup-home:/opt/rustwide/rustup-home:ro,Z" "-m" "1610612736" "--network" "none" "ghcr.io/rust-lang/crates-build-env/linux@sha256:77db811e55d90add9212f6832c23229e3de5f1c1f9905e8cb07319ea15df73ac" "sleep" "infinity", kill_on_drop: false }`
[INFO] [stdout] 41297a236cb04db4f050cb5092546a2623c45d7f52493bd9f57044bd8e53093f
[INFO] running `Command { std: "docker" "start" "41297a236cb04db4f050cb5092546a2623c45d7f52493bd9f57044bd8e53093f", kill_on_drop: false }`
[INFO] running `Command { std: "docker" "inspect" "41297a236cb04db4f050cb5092546a2623c45d7f52493bd9f57044bd8e53093f", kill_on_drop: false }`
[INFO] running `Command { std: "docker" "exec" "-e" "SOURCE_DIR=/opt/rustwide/workdir" "-e" "CARGO_HOME=/opt/rustwide/cargo-home" "-e" "RUSTUP_HOME=/opt/rustwide/rustup-home" "-e" "CARGO_TARGET_DIR=/opt/rustwide/target" "-w" "/opt/rustwide/workdir" "--user" "0:0" "41297a236cb04db4f050cb5092546a2623c45d7f52493bd9f57044bd8e53093f" "/opt/rustwide/cargo-home/bin/cargo" "+1.99.0-beta.8" "metadata" "--no-deps" "--format-version=1", kill_on_drop: false }`
[INFO] running `Command { std: "docker" "inspect" "41297a236cb04db4f050cb5092546a2623c45d7f52493bd9f57044bd8e53093f", kill_on_drop: false }`
[INFO] running `Command { std: "docker" "exec" "-e" "SOURCE_DIR=/opt/rustwide/workdir" "-e" "CARGO_HOME=/opt/rustwide/cargo-home" "-e" "RUSTUP_HOME=/opt/rustwide/rustup-home" "-e" "CARGO_TARGET_DIR=/opt/rustwide/target" "-e" "CARGO_INCREMENTAL=0" "-e" "RUST_BACKTRACE=full" "-e" "RUSTFLAGS=--cap-lints=warn" "-e" "RUSTDOCFLAGS=--cap-lints=warn" "-w" "/opt/rustwide/workdir" "--user" "0:0" "41297a236cb04db4f050cb5092546a2623c45d7f52493bd9f57044bd8e53093f" "/opt/rustwide/cargo-home/bin/cargo" "+1.99.0-beta.8" "build" "--frozen" "--message-format=json" "--release", kill_on_drop: false }`
[INFO] [stderr]    Compiling simulink-binder v0.1.1
[INFO] [stderr]    Compiling mount-ctrl v1.0.0 (/opt/rustwide/workdir)
[INFO] [stdout] error[E0433]: cannot find module or crate `drives` in this scope
[INFO] [stdout]   --> src/lib.rs:16:16
[INFO] [stdout]    |
[INFO] [stdout] 16 |         if let drives::U::Mountcmd(val) = &mut self.mount_cmd {
[INFO] [stdout]    |                ^^^^^^ use of unresolved module or unlinked crate `drives`
[INFO] [stdout]    |
[INFO] [stdout]    = help: if you wanted to use a crate named `drives`, use `cargo add drives` to add it to your `Cargo.toml`
[INFO] [stdout] 
[INFO] [stdout] 
[INFO] [stdout] error[E0433]: cannot find module or crate `drives` in this scope
[INFO] [stdout]   --> src/lib.rs:24:16
[INFO] [stdout]    |
[INFO] [stdout] 24 |         if let drives::U::Mountpos(val) = &mut self.mount_pos {
[INFO] [stdout]    |                ^^^^^^ use of unresolved module or unlinked crate `drives`
[INFO] [stdout]    |
[INFO] [stdout]    = help: if you wanted to use a crate named `drives`, use `cargo add drives` to add it to your `Cargo.toml`
[INFO] [stdout] 
[INFO] [stdout] 
[INFO] [stdout] error[E0433]: cannot find module or crate `drives` in this scope
[INFO] [stdout]   --> src/lib.rs:32:13
[INFO] [stdout]    |
[INFO] [stdout] 32 |         let drives::Y::MountT(val) = &self.mount_t;
[INFO] [stdout]    |             ^^^^^^ use of unresolved module or unlinked crate `drives`
[INFO] [stdout]    |
[INFO] [stdout]    = help: if you wanted to use a crate named `drives`, use `cargo add drives` to add it to your `Cargo.toml`
[INFO] [stdout] 
[INFO] [stdout] 
[INFO] [stdout] error[E0433]: cannot find module or crate `drives` in this scope
[INFO] [stdout]   --> src/lib.rs:14:30
[INFO] [stdout]    |
[INFO] [stdout] 14 | impl<'a> DriveController for drives::Controller<'a> {
[INFO] [stdout]    |                              ^^^^^^ use of unresolved module or unlinked crate `drives`
[INFO] [stdout]    |
[INFO] [stdout]    = help: if you wanted to use a crate named `drives`, use `cargo add drives` to add it to your `Cargo.toml`
[INFO] [stdout] 
[INFO] [stdout] 
[INFO] [stdout] For more information about this error, try `rustc --explain E0433`.
[INFO] [stdout] 
[INFO] [stderr] error: could not compile `mount-ctrl` (lib) due to 4 previous errors
[INFO] running `Command { std: "docker" "inspect" "41297a236cb04db4f050cb5092546a2623c45d7f52493bd9f57044bd8e53093f", kill_on_drop: false }`
[INFO] running `Command { std: "docker" "rm" "-f" "41297a236cb04db4f050cb5092546a2623c45d7f52493bd9f57044bd8e53093f", kill_on_drop: false }`
[INFO] [stdout] 41297a236cb04db4f050cb5092546a2623c45d7f52493bd9f57044bd8e53093f
