[INFO] fetching crate motosan-finance-fmp 0.7.5...
[INFO] testing motosan-finance-fmp-0.7.5 against 1.99.0-beta.8+cargoflags=--release for beta-release-1.100-2
[INFO] extracting crate motosan-finance-fmp 0.7.5 into /workspace/builds/worker-4-tc1/source
[INFO] started tweaking crates.io crate motosan-finance-fmp 0.7.5
[INFO] removed 0 missing tests
[INFO] finished tweaking crates.io crate motosan-finance-fmp 0.7.5
[INFO] tweaked toml for crates.io crate motosan-finance-fmp 0.7.5 written to /workspace/builds/worker-4-tc1/source/Cargo.toml
[INFO] validating manifest of crates.io crate motosan-finance-fmp 0.7.5 on toolchain 1.99.0-beta.8
[INFO] running `Command { std: CARGO_HOME="/workspace/cargo-home" RUSTUP_HOME="/workspace/rustup-home" "/workspace/cargo-home/bin/cargo" "+1.99.0-beta.8" "metadata" "--manifest-path" "Cargo.toml" "--no-deps", kill_on_drop: false }`
[INFO] crate crates.io crate motosan-finance-fmp 0.7.5 already has a lockfile, it will not be regenerated
[INFO] running `Command { std: CARGO_HOME="/workspace/cargo-home" RUSTUP_HOME="/workspace/rustup-home" "/workspace/cargo-home/bin/cargo" "+1.99.0-beta.8" "fetch" "--manifest-path" "Cargo.toml", kill_on_drop: false }`
[INFO] [stderr]     Updating crates.io index
[INFO] [stderr]  Downloading crates ...
[INFO] [stderr]   Downloaded zerovec-derive v0.11.3
[INFO] [stderr]   Downloaded zerofrom-derive v0.1.7
[INFO] [stderr]   Downloaded wiremock v0.6.5
[INFO] [stderr]   Downloaded icu_properties v2.2.0
[INFO] [stderr]   Downloaded zerovec v0.11.6
[INFO] [stderr]   Downloaded num_cpus v1.17.0
[INFO] [stderr]   Downloaded wasm-bindgen-shared v0.2.122
[INFO] [stderr]   Downloaded ptr_meta_derive v0.1.4
[INFO] [stderr]   Downloaded yoke-derive v0.8.2
[INFO] [stderr]   Downloaded deadpool-runtime v0.1.4
[INFO] [stderr]   Downloaded assert-json-diff v2.0.2
[INFO] [stderr]   Downloaded wasm-bindgen-macro v0.2.122
[INFO] [stderr]   Downloaded rend v0.4.2
[INFO] [stderr]   Downloaded bytecheck v0.6.12
[INFO] [stderr]   Downloaded ptr_meta v0.1.4
[INFO] [stderr]   Downloaded bytecheck_derive v0.6.12
[INFO] [stderr]   Downloaded proc-macro-crate v3.5.0
[INFO] [stderr]   Downloaded wasm-bindgen-futures v0.4.72
[INFO] [stderr]   Downloaded tinystr v0.8.3
[INFO] [stderr]   Downloaded potential_utf v0.1.5
[INFO] [stderr]   Downloaded rkyv_derive v0.7.46
[INFO] [stderr]   Downloaded borsh-derive v1.6.1
[INFO] [stderr]   Downloaded toml_datetime v1.1.1+spec-1.1.0
[INFO] [stderr]   Downloaded rustc-hash v2.1.2
[INFO] [stderr]   Downloaded hyper-rustls v0.27.9
[INFO] [stderr]   Downloaded motosan-finance-core v0.7.4
[INFO] [stderr]   Downloaded displaydoc v0.2.6
[INFO] [stderr]   Downloaded writeable v0.6.3
[INFO] [stderr]   Downloaded litemap v0.8.2
[INFO] [stderr]   Downloaded bitflags v2.11.1
[INFO] [stderr]   Downloaded ipnet v2.12.0
[INFO] [stderr]   Downloaded seahash v4.1.0
[INFO] [stderr]   Downloaded toml_parser v1.1.2+spec-1.1.0
[INFO] [stderr]   Downloaded rustls-pki-types v1.14.1
[INFO] [stderr]   Downloaded mockito v1.7.2
[INFO] [stderr]   Downloaded yoke v0.8.2
[INFO] [stderr]   Downloaded log v0.4.30
[INFO] [stderr]   Downloaded deadpool v0.12.3
[INFO] [stderr]   Downloaded tinyvec v1.11.0
[INFO] [stderr]   Downloaded ahash v0.7.8
[INFO] [stderr]   Downloaded toml_edit v0.25.12+spec-1.1.0
[INFO] [stderr]   Downloaded similar v2.7.0
[INFO] [stderr]   Downloaded icu_provider v2.2.0
[INFO] [stderr]   Downloaded icu_locale_core v2.2.0
[INFO] [stderr]   Downloaded icu_normalizer v2.2.0
[INFO] [stderr]   Downloaded icu_normalizer_data v2.2.0
[INFO] [stderr]   Downloaded wasm-bindgen v0.2.122
[INFO] [stderr]   Downloaded zerocopy-derive v0.8.50
[INFO] [stderr]   Downloaded zerotrie v0.2.4
[INFO] [stderr]   Downloaded icu_collections v2.2.0
[INFO] [stderr]   Downloaded wasm-bindgen-macro-support v0.2.122
[INFO] [stderr]   Downloaded borsh v1.6.1
[INFO] [stderr]   Downloaded rustls-webpki v0.103.13
[INFO] [stderr]   Downloaded http v1.4.1
[INFO] [stderr]   Downloaded rkyv v0.7.46
[INFO] [stderr]   Downloaded js-sys v0.3.99
[INFO] [stderr]   Downloaded rust_decimal v1.42.0
[INFO] [stderr]   Downloaded icu_properties_data v2.2.0
[INFO] [stderr]   Downloaded hyper v1.10.1
[INFO] [stderr]   Downloaded h2 v0.4.14
[INFO] [stderr]   Downloaded winnow v1.0.3
[INFO] [stderr]   Downloaded webpki-roots v1.0.7
[INFO] [stderr]   Downloaded zerocopy v0.8.50
[INFO] [stderr]   Downloaded quinn-proto v0.11.14
[INFO] [stderr]   Downloaded rustls v0.23.40
[INFO] [stderr]   Downloaded web-sys v0.3.99
[INFO] running `Command { std: "docker" "create" "-v" "/var/lib/crater-agent-workspace/builds/worker-4-tc1/source:/opt/rustwide/workdir:ro,Z" "-v" "/var/lib/crater-agent-workspace/builds/worker-4-tc1/target:/opt/rustwide/target:rw,Z" "-v" "/var/lib/crater-agent-workspace/cargo-home:/opt/rustwide/cargo-home:ro,Z" "-v" "/var/lib/crater-agent-workspace/rustup-home:/opt/rustwide/rustup-home:ro,Z" "-m" "1610612736" "--network" "none" "ghcr.io/rust-lang/crates-build-env/linux@sha256:77db811e55d90add9212f6832c23229e3de5f1c1f9905e8cb07319ea15df73ac" "sleep" "infinity", kill_on_drop: false }`
[INFO] [stdout] d4571ff6e665bcf0627067fb3fd100208774eba864853078da0bc358de2b48f2
[INFO] running `Command { std: "docker" "start" "d4571ff6e665bcf0627067fb3fd100208774eba864853078da0bc358de2b48f2", kill_on_drop: false }`
[INFO] running `Command { std: "docker" "inspect" "d4571ff6e665bcf0627067fb3fd100208774eba864853078da0bc358de2b48f2", kill_on_drop: false }`
[INFO] running `Command { std: "docker" "exec" "-e" "SOURCE_DIR=/opt/rustwide/workdir" "-e" "CARGO_HOME=/opt/rustwide/cargo-home" "-e" "RUSTUP_HOME=/opt/rustwide/rustup-home" "-e" "CARGO_TARGET_DIR=/opt/rustwide/target" "-w" "/opt/rustwide/workdir" "--user" "0:0" "d4571ff6e665bcf0627067fb3fd100208774eba864853078da0bc358de2b48f2" "/opt/rustwide/cargo-home/bin/cargo" "+1.99.0-beta.8" "metadata" "--no-deps" "--format-version=1", kill_on_drop: false }`
[INFO] running `Command { std: "docker" "inspect" "d4571ff6e665bcf0627067fb3fd100208774eba864853078da0bc358de2b48f2", kill_on_drop: false }`
[INFO] running `Command { std: "docker" "exec" "-e" "SOURCE_DIR=/opt/rustwide/workdir" "-e" "CARGO_HOME=/opt/rustwide/cargo-home" "-e" "RUSTUP_HOME=/opt/rustwide/rustup-home" "-e" "CARGO_TARGET_DIR=/opt/rustwide/target" "-e" "CARGO_INCREMENTAL=0" "-e" "RUST_BACKTRACE=full" "-e" "RUSTFLAGS=--cap-lints=warn" "-e" "RUSTDOCFLAGS=--cap-lints=warn" "-w" "/opt/rustwide/workdir" "--user" "0:0" "d4571ff6e665bcf0627067fb3fd100208774eba864853078da0bc358de2b48f2" "/opt/rustwide/cargo-home/bin/cargo" "+1.99.0-beta.8" "build" "--frozen" "--message-format=json" "--release", kill_on_drop: false }`
[INFO] [stderr]    Compiling quote v1.0.45
[INFO] [stderr]    Compiling libc v0.2.186
[INFO] [stderr]    Compiling bytes v1.11.1
[INFO] [stderr]    Compiling find-msvc-tools v0.1.9
[INFO] [stderr]    Compiling futures-core v0.3.32
[INFO] [stderr]    Compiling smallvec v1.15.1
[INFO] [stderr]    Compiling litemap v0.8.2
[INFO] [stderr]    Compiling writeable v0.6.3
[INFO] [stderr]    Compiling icu_normalizer_data v2.2.0
[INFO] [stderr]    Compiling icu_properties_data v2.2.0
[INFO] [stderr]    Compiling zeroize v1.8.2
[INFO] [stderr]    Compiling untrusted v0.9.0
[INFO] [stderr]    Compiling slab v0.4.12
[INFO] [stderr]    Compiling futures-task v0.3.32
[INFO] [stderr]    Compiling try-lock v0.2.5
[INFO] [stderr]    Compiling rustls v0.23.40
[INFO] [stderr]    Compiling tower-service v0.3.3
[INFO] [stderr]    Compiling futures-channel v0.3.32
[INFO] [stderr]    Compiling want v0.3.1
[INFO] [stderr]    Compiling num-traits v0.2.19
[INFO] [stderr]    Compiling rustls-pki-types v1.14.1
[INFO] [stderr]    Compiling atomic-waker v1.1.2
[INFO] [stderr]    Compiling sync_wrapper v1.0.2
[INFO] [stderr]    Compiling ipnet v2.12.0
[INFO] [stderr]    Compiling tower-layer v0.3.3
[INFO] [stderr]    Compiling futures-util v0.3.32
[INFO] [stderr]    Compiling serde_json v1.0.150
[INFO] [stderr]    Compiling memchr v2.8.1
[INFO] [stderr]    Compiling rust_decimal v1.42.0
[INFO] [stderr]    Compiling bitflags v2.11.1
[INFO] [stderr]    Compiling iana-time-zone v0.1.65
[INFO] [stderr]    Compiling cc v1.2.63
[INFO] [stderr]    Compiling log v0.4.30
[INFO] [stderr]    Compiling arrayvec v0.7.6
[INFO] [stderr]    Compiling syn v2.0.117
[INFO] [stderr]    Compiling webpki-roots v1.0.7
[INFO] [stderr]    Compiling http v1.4.1
[INFO] [stderr]    Compiling mio v1.2.1
[INFO] [stderr]    Compiling socket2 v0.6.4
[INFO] [stderr]    Compiling getrandom v0.2.17
[INFO] [stderr]    Compiling http-body v1.0.1
[INFO] [stderr]    Compiling ring v0.17.14
[INFO] [stderr]    Compiling http-body-util v0.1.3
[INFO] [stderr]    Compiling synstructure v0.13.2
[INFO] [stderr]    Compiling zerovec-derive v0.11.3
[INFO] [stderr]    Compiling displaydoc v0.2.6
[INFO] [stderr]    Compiling tokio-macros v2.7.0
[INFO] [stderr]    Compiling serde_derive v1.0.228
[INFO] [stderr]    Compiling tracing-attributes v0.1.31
[INFO] [stderr]    Compiling thiserror-impl v2.0.18
[INFO] [stderr]    Compiling async-trait v0.1.89
[INFO] [stderr]    Compiling zerofrom-derive v0.1.7
[INFO] [stderr]    Compiling yoke-derive v0.8.2
[INFO] [stderr]    Compiling tokio v1.52.3
[INFO] [stderr]    Compiling thiserror v2.0.18
[INFO] [stderr]    Compiling zerofrom v0.1.8
[INFO] [stderr]    Compiling tracing v0.1.44
[INFO] [stderr]    Compiling yoke v0.8.2
[INFO] [stderr]    Compiling zerovec v0.11.6
[INFO] [stderr]    Compiling zerotrie v0.2.4
[INFO] [stderr]    Compiling tinystr v0.8.3
[INFO] [stderr]    Compiling potential_utf v0.1.5
[INFO] [stderr]    Compiling icu_collections v2.2.0
[INFO] [stderr]    Compiling icu_locale_core v2.2.0
[INFO] [stderr]    Compiling serde v1.0.228
[INFO] [stderr]    Compiling icu_provider v2.2.0
[INFO] [stderr]    Compiling icu_properties v2.2.0
[INFO] [stderr]    Compiling icu_normalizer v2.2.0
[INFO] [stderr]    Compiling serde_urlencoded v0.7.1
[INFO] [stderr]    Compiling chrono v0.4.44
[INFO] [stderr]    Compiling idna_adapter v1.2.2
[INFO] [stderr]    Compiling idna v1.1.0
[INFO] [stderr]    Compiling url v2.5.8
[INFO] [stderr]    Compiling hyper v1.10.1
[INFO] [stderr]    Compiling tower v0.5.3
[INFO] [stderr]    Compiling tower-http v0.6.11
[INFO] [stderr]    Compiling hyper-util v0.1.20
[INFO] [stderr]    Compiling rustls-webpki v0.103.13
[INFO] [stderr]    Compiling tokio-rustls v0.26.4
[INFO] [stderr]    Compiling hyper-rustls v0.27.9
[INFO] [stderr]    Compiling reqwest v0.12.28
[INFO] [stderr]    Compiling motosan-finance-core v0.7.4
[INFO] [stderr]    Compiling motosan-finance-fmp v0.7.5 (/opt/rustwide/workdir)
[INFO] [stderr]     Finished `release` profile [optimized] target(s) in 1m 24s
[INFO] running `Command { std: "docker" "inspect" "d4571ff6e665bcf0627067fb3fd100208774eba864853078da0bc358de2b48f2", kill_on_drop: false }`
[INFO] running `Command { std: "docker" "exec" "-e" "SOURCE_DIR=/opt/rustwide/workdir" "-e" "CARGO_HOME=/opt/rustwide/cargo-home" "-e" "RUSTUP_HOME=/opt/rustwide/rustup-home" "-e" "CARGO_TARGET_DIR=/opt/rustwide/target" "-e" "CARGO_INCREMENTAL=0" "-e" "RUST_BACKTRACE=full" "-e" "RUSTFLAGS=--cap-lints=warn" "-e" "RUSTDOCFLAGS=--cap-lints=warn" "-w" "/opt/rustwide/workdir" "--user" "0:0" "d4571ff6e665bcf0627067fb3fd100208774eba864853078da0bc358de2b48f2" "/opt/rustwide/cargo-home/bin/cargo" "+1.99.0-beta.8" "test" "--frozen" "--no-run" "--message-format=json" "--release", kill_on_drop: false }`
[INFO] [stderr]    Compiling memchr v2.8.1
[INFO] [stderr]    Compiling futures-sink v0.3.32
[INFO] [stderr]    Compiling futures-macro v0.3.32
[INFO] [stderr]    Compiling futures-io v0.3.32
[INFO] [stderr]    Compiling futures-task v0.3.32
[INFO] [stderr]    Compiling parking_lot_core v0.9.12
[INFO] [stderr]    Compiling indexmap v2.14.0
[INFO] [stderr]    Compiling getrandom v0.3.4
[INFO] [stderr]    Compiling zerocopy v0.8.50
[INFO] [stderr]    Compiling regex-syntax v0.8.10
[INFO] [stderr]    Compiling num_cpus v1.17.0
[INFO] [stderr]    Compiling deadpool-runtime v0.1.4
[INFO] [stderr]    Compiling similar v2.7.0
[INFO] [stderr]    Compiling colored v3.1.1
[INFO] [stderr]    Compiling futures-channel v0.3.32
[INFO] [stderr]    Compiling parking_lot v0.12.5
[INFO] [stderr]    Compiling rand_core v0.9.5
[INFO] [stderr]    Compiling tokio v1.52.3
[INFO] [stderr]    Compiling futures-util v0.3.32
[INFO] [stderr]    Compiling serde_json v1.0.150
[INFO] [stderr]    Compiling aho-corasick v1.1.4
[INFO] [stderr]    Compiling assert-json-diff v2.0.2
[INFO] [stderr]    Compiling regex-automata v0.4.14
[INFO] [stderr]    Compiling futures-executor v0.3.32
[INFO] [stderr]    Compiling futures v0.3.32
[INFO] [stderr]    Compiling ppv-lite86 v0.2.21
[INFO] [stderr]    Compiling rand_chacha v0.9.0
[INFO] [stderr]    Compiling rand v0.9.4
[INFO] [stderr]    Compiling regex v1.12.3
[INFO] [stderr]    Compiling tokio-util v0.7.18
[INFO] [stderr]    Compiling tower v0.5.3
[INFO] [stderr]    Compiling tokio-rustls v0.26.4
[INFO] [stderr]    Compiling deadpool v0.12.3
[INFO] [stderr]    Compiling h2 v0.4.14
[INFO] [stderr]    Compiling tower-http v0.6.11
[INFO] [stderr]    Compiling hyper v1.10.1
[INFO] [stderr]    Compiling hyper-util v0.1.20
[INFO] [stderr]    Compiling hyper-rustls v0.27.9
[INFO] [stderr]    Compiling mockito v1.7.2
[INFO] [stderr]    Compiling wiremock v0.6.5
[INFO] [stderr]    Compiling reqwest v0.12.28
[INFO] [stderr]    Compiling motosan-finance-core v0.7.4
[INFO] [stderr]    Compiling motosan-finance-fmp v0.7.5 (/opt/rustwide/workdir)
[INFO] [stdout] error[E0433]: cannot find module or crate `golden_testkit` in this scope
[INFO] [stdout]   --> src/golden_tests.rs:33:9
[INFO] [stdout]    |
[INFO] [stdout] 33 |         golden_testkit::assert_or_regen(
[INFO] [stdout]    |         ^^^^^^^^^^^^^^ use of unresolved module or unlinked crate `golden_testkit`
[INFO] [stdout]    |
[INFO] [stdout]    = help: if you wanted to use a crate named `golden_testkit`, use `cargo add golden_testkit` to add it to your `Cargo.toml`
[INFO] [stdout] 
[INFO] [stdout] 
[INFO] [stdout] error[E0433]: cannot find module or crate `golden_testkit` in this scope
[INFO] [stdout]   --> src/golden_tests.rs:52:9
[INFO] [stdout]    |
[INFO] [stdout] 52 |         golden_testkit::assert_or_regen(
[INFO] [stdout]    |         ^^^^^^^^^^^^^^ use of unresolved module or unlinked crate `golden_testkit`
[INFO] [stdout]    |
[INFO] [stdout]    = help: if you wanted to use a crate named `golden_testkit`, use `cargo add golden_testkit` to add it to your `Cargo.toml`
[INFO] [stdout] 
[INFO] [stdout] 
[INFO] [stdout] error[E0433]: cannot find module or crate `golden_testkit` in this scope
[INFO] [stdout]   --> src/golden_tests.rs:70:9
[INFO] [stdout]    |
[INFO] [stdout] 70 |         golden_testkit::assert_or_regen(
[INFO] [stdout]    |         ^^^^^^^^^^^^^^ use of unresolved module or unlinked crate `golden_testkit`
[INFO] [stdout]    |
[INFO] [stdout]    = help: if you wanted to use a crate named `golden_testkit`, use `cargo add golden_testkit` to add it to your `Cargo.toml`
[INFO] [stdout] 
[INFO] [stdout] 
[INFO] [stdout] error[E0433]: cannot find module or crate `golden_testkit` in this scope
[INFO] [stdout]   --> src/golden_tests.rs:89:9
[INFO] [stdout]    |
[INFO] [stdout] 89 |         golden_testkit::assert_or_regen(
[INFO] [stdout]    |         ^^^^^^^^^^^^^^ use of unresolved module or unlinked crate `golden_testkit`
[INFO] [stdout]    |
[INFO] [stdout]    = help: if you wanted to use a crate named `golden_testkit`, use `cargo add golden_testkit` to add it to your `Cargo.toml`
[INFO] [stdout] 
[INFO] [stdout] 
[INFO] [stdout] error[E0433]: cannot find module or crate `golden_testkit` in this scope
[INFO] [stdout]    --> src/golden_tests.rs:114:9
[INFO] [stdout]     |
[INFO] [stdout] 114 |         golden_testkit::assert_or_regen(
[INFO] [stdout]     |         ^^^^^^^^^^^^^^ use of unresolved module or unlinked crate `golden_testkit`
[INFO] [stdout]     |
[INFO] [stdout]     = help: if you wanted to use a crate named `golden_testkit`, use `cargo add golden_testkit` to add it to your `Cargo.toml`
[INFO] [stdout] 
[INFO] [stdout] 
[INFO] [stdout] error[E0433]: cannot find module or crate `golden_testkit` in this scope
[INFO] [stdout]    --> src/golden_tests.rs:132:9
[INFO] [stdout]     |
[INFO] [stdout] 132 |         golden_testkit::assert_or_regen(
[INFO] [stdout]     |         ^^^^^^^^^^^^^^ use of unresolved module or unlinked crate `golden_testkit`
[INFO] [stdout]     |
[INFO] [stdout]     = help: if you wanted to use a crate named `golden_testkit`, use `cargo add golden_testkit` to add it to your `Cargo.toml`
[INFO] [stdout] 
[INFO] [stdout] 
[INFO] [stdout] error[E0433]: cannot find module or crate `golden_testkit` in this scope
[INFO] [stdout]    --> src/golden_tests.rs:151:9
[INFO] [stdout]     |
[INFO] [stdout] 151 |         golden_testkit::assert_or_regen(
[INFO] [stdout]     |         ^^^^^^^^^^^^^^ use of unresolved module or unlinked crate `golden_testkit`
[INFO] [stdout]     |
[INFO] [stdout]     = help: if you wanted to use a crate named `golden_testkit`, use `cargo add golden_testkit` to add it to your `Cargo.toml`
[INFO] [stdout] 
[INFO] [stdout] 
[INFO] [stdout] error[E0433]: cannot find module or crate `golden_testkit` in this scope
[INFO] [stdout]    --> src/golden_tests.rs:170:9
[INFO] [stdout]     |
[INFO] [stdout] 170 |         golden_testkit::assert_or_regen(
[INFO] [stdout]     |         ^^^^^^^^^^^^^^ use of unresolved module or unlinked crate `golden_testkit`
[INFO] [stdout]     |
[INFO] [stdout]     = help: if you wanted to use a crate named `golden_testkit`, use `cargo add golden_testkit` to add it to your `Cargo.toml`
[INFO] [stdout] 
[INFO] [stdout] 
[INFO] [stdout] error[E0433]: cannot find module or crate `golden_testkit` in this scope
[INFO] [stdout]    --> src/golden_tests.rs:189:9
[INFO] [stdout]     |
[INFO] [stdout] 189 |         golden_testkit::assert_or_regen(
[INFO] [stdout]     |         ^^^^^^^^^^^^^^ use of unresolved module or unlinked crate `golden_testkit`
[INFO] [stdout]     |
[INFO] [stdout]     = help: if you wanted to use a crate named `golden_testkit`, use `cargo add golden_testkit` to add it to your `Cargo.toml`
[INFO] [stdout] 
[INFO] [stdout] 
[INFO] [stdout] error[E0433]: cannot find module or crate `golden_testkit` in this scope
[INFO] [stdout]    --> src/golden_tests.rs:208:9
[INFO] [stdout]     |
[INFO] [stdout] 208 |         golden_testkit::assert_or_regen(
[INFO] [stdout]     |         ^^^^^^^^^^^^^^ use of unresolved module or unlinked crate `golden_testkit`
[INFO] [stdout]     |
[INFO] [stdout]     = help: if you wanted to use a crate named `golden_testkit`, use `cargo add golden_testkit` to add it to your `Cargo.toml`
[INFO] [stdout] 
[INFO] [stdout] 
[INFO] [stdout] error[E0433]: cannot find module or crate `golden_testkit` in this scope
[INFO] [stdout]    --> src/golden_tests.rs:226:9
[INFO] [stdout]     |
[INFO] [stdout] 226 |         golden_testkit::assert_or_regen(
[INFO] [stdout]     |         ^^^^^^^^^^^^^^ use of unresolved module or unlinked crate `golden_testkit`
[INFO] [stdout]     |
[INFO] [stdout]     = help: if you wanted to use a crate named `golden_testkit`, use `cargo add golden_testkit` to add it to your `Cargo.toml`
[INFO] [stdout] 
[INFO] [stdout] 
[INFO] [stdout] error[E0433]: cannot find module or crate `golden_testkit` in this scope
[INFO] [stdout]    --> src/golden_tests.rs:244:9
[INFO] [stdout]     |
[INFO] [stdout] 244 |         golden_testkit::assert_or_regen(
[INFO] [stdout]     |         ^^^^^^^^^^^^^^ use of unresolved module or unlinked crate `golden_testkit`
[INFO] [stdout]     |
[INFO] [stdout]     = help: if you wanted to use a crate named `golden_testkit`, use `cargo add golden_testkit` to add it to your `Cargo.toml`
[INFO] [stdout] 
[INFO] [stdout] 
[INFO] [stdout] error[E0433]: cannot find module or crate `golden_testkit` in this scope
[INFO] [stdout]    --> src/golden_tests.rs:263:9
[INFO] [stdout]     |
[INFO] [stdout] 263 |         golden_testkit::assert_or_regen(
[INFO] [stdout]     |         ^^^^^^^^^^^^^^ use of unresolved module or unlinked crate `golden_testkit`
[INFO] [stdout]     |
[INFO] [stdout]     = help: if you wanted to use a crate named `golden_testkit`, use `cargo add golden_testkit` to add it to your `Cargo.toml`
[INFO] [stdout] 
[INFO] [stdout] 
[INFO] [stdout] error[E0433]: cannot find module or crate `golden_testkit` in this scope
[INFO] [stdout]    --> src/golden_tests.rs:282:9
[INFO] [stdout]     |
[INFO] [stdout] 282 |         golden_testkit::assert_or_regen(
[INFO] [stdout]     |         ^^^^^^^^^^^^^^ use of unresolved module or unlinked crate `golden_testkit`
[INFO] [stdout]     |
[INFO] [stdout]     = help: if you wanted to use a crate named `golden_testkit`, use `cargo add golden_testkit` to add it to your `Cargo.toml`
[INFO] [stdout] 
[INFO] [stdout] 
[INFO] [stdout] error[E0433]: cannot find module or crate `golden_testkit` in this scope
[INFO] [stdout]    --> src/golden_tests.rs:298:9
[INFO] [stdout]     |
[INFO] [stdout] 298 |         golden_testkit::assert_or_regen(
[INFO] [stdout]     |         ^^^^^^^^^^^^^^ use of unresolved module or unlinked crate `golden_testkit`
[INFO] [stdout]     |
[INFO] [stdout]     = help: if you wanted to use a crate named `golden_testkit`, use `cargo add golden_testkit` to add it to your `Cargo.toml`
[INFO] [stdout] 
[INFO] [stdout] 
[INFO] [stdout] error[E0433]: cannot find module or crate `golden_testkit` in this scope
[INFO] [stdout]    --> src/golden_tests.rs:313:9
[INFO] [stdout]     |
[INFO] [stdout] 313 |         golden_testkit::assert_or_regen(
[INFO] [stdout]     |         ^^^^^^^^^^^^^^ use of unresolved module or unlinked crate `golden_testkit`
[INFO] [stdout]     |
[INFO] [stdout]     = help: if you wanted to use a crate named `golden_testkit`, use `cargo add golden_testkit` to add it to your `Cargo.toml`
[INFO] [stdout] 
[INFO] [stdout] 
[INFO] [stdout] error[E0433]: cannot find module or crate `golden_testkit` in this scope
[INFO] [stdout]    --> src/golden_tests.rs:328:9
[INFO] [stdout]     |
[INFO] [stdout] 328 |         golden_testkit::assert_or_regen(
[INFO] [stdout]     |         ^^^^^^^^^^^^^^ use of unresolved module or unlinked crate `golden_testkit`
[INFO] [stdout]     |
[INFO] [stdout]     = help: if you wanted to use a crate named `golden_testkit`, use `cargo add golden_testkit` to add it to your `Cargo.toml`
[INFO] [stdout] 
[INFO] [stdout] 
[INFO] [stdout] For more information about this error, try `rustc --explain E0433`.
[INFO] [stdout] 
[INFO] [stderr] error: could not compile `motosan-finance-fmp` (lib test) due to 17 previous errors
[INFO] [stderr] warning: build failed, waiting for other jobs to finish...
[INFO] running `Command { std: "docker" "inspect" "d4571ff6e665bcf0627067fb3fd100208774eba864853078da0bc358de2b48f2", kill_on_drop: false }`
[INFO] running `Command { std: "docker" "rm" "-f" "d4571ff6e665bcf0627067fb3fd100208774eba864853078da0bc358de2b48f2", kill_on_drop: false }`
[INFO] [stdout] d4571ff6e665bcf0627067fb3fd100208774eba864853078da0bc358de2b48f2
