[INFO] fetching crate motosan-finance-finmind 0.7.4...
[INFO] testing motosan-finance-finmind-0.7.4 against 1.100.0-beta.1+cargoflags=--release for beta-release-1.100-2
[INFO] extracting crate motosan-finance-finmind 0.7.4 into /workspace/builds/worker-0-tc2/source
[INFO] started tweaking crates.io crate motosan-finance-finmind 0.7.4
[INFO] finished tweaking crates.io crate motosan-finance-finmind 0.7.4
[INFO] tweaked toml for crates.io crate motosan-finance-finmind 0.7.4 written to /workspace/builds/worker-0-tc2/source/Cargo.toml
[INFO] validating manifest of crates.io crate motosan-finance-finmind 0.7.4 on toolchain 1.100.0-beta.1
[INFO] running `Command { std: CARGO_HOME="/workspace/cargo-home" RUSTUP_HOME="/workspace/rustup-home" "/workspace/cargo-home/bin/cargo" "+1.100.0-beta.1" "metadata" "--manifest-path" "Cargo.toml" "--no-deps", kill_on_drop: false }`
[INFO] crate crates.io crate motosan-finance-finmind 0.7.4 already has a lockfile, it will not be regenerated
[INFO] running `Command { std: CARGO_HOME="/workspace/cargo-home" RUSTUP_HOME="/workspace/rustup-home" "/workspace/cargo-home/bin/cargo" "+1.100.0-beta.1" "fetch" "--manifest-path" "Cargo.toml", kill_on_drop: false }`
[INFO] [stderr] warning: `package.homepage` is redundant with `package.repository`
[INFO] [stderr]   --> Cargo.toml:61:12
[INFO] [stderr]    |
[INFO] [stderr] 61 | homepage = "https://github.com/motosan-dev/motosan-finance"
[INFO] [stderr]    |            ^^^^^^^^^^^^^^^^^^^^^^^^^^^^^^^^^^^^^^^^^^^^^^^^
[INFO] [stderr] ...
[INFO] [stderr] 66 | repository = "https://github.com/motosan-dev/motosan-finance"
[INFO] [stderr]    |              ------------------------------------------------
[INFO] [stderr]    |
[INFO] [stderr]    = note: `cargo::redundant_homepage` is set to `warn` by default
[INFO] [stderr] help: consider removing `package.homepage`
[INFO] [stderr] warning: `motosan-finance-finmind` (manifest) generated 1 warning
[INFO] running `Command { std: "docker" "create" "-v" "/var/lib/crater-agent-workspace/builds/worker-0-tc2/source:/opt/rustwide/workdir:ro,Z" "-v" "/var/lib/crater-agent-workspace/builds/worker-0-tc2/target:/opt/rustwide/target:rw,Z" "-v" "/var/lib/crater-agent-workspace/cargo-home:/opt/rustwide/cargo-home:ro,Z" "-v" "/var/lib/crater-agent-workspace/rustup-home:/opt/rustwide/rustup-home:ro,Z" "-m" "1610612736" "--network" "none" "ghcr.io/rust-lang/crates-build-env/linux@sha256:77db811e55d90add9212f6832c23229e3de5f1c1f9905e8cb07319ea15df73ac" "sleep" "infinity", kill_on_drop: false }`
[INFO] [stdout] cb1ab663ba6eefac19dbd0baffb265c92bd09b6ee1a0d7e38bc0a6b0050e4ed4
[INFO] running `Command { std: "docker" "start" "cb1ab663ba6eefac19dbd0baffb265c92bd09b6ee1a0d7e38bc0a6b0050e4ed4", kill_on_drop: false }`
[INFO] running `Command { std: "docker" "inspect" "cb1ab663ba6eefac19dbd0baffb265c92bd09b6ee1a0d7e38bc0a6b0050e4ed4", kill_on_drop: false }`
[INFO] running `Command { std: "docker" "exec" "-e" "SOURCE_DIR=/opt/rustwide/workdir" "-e" "CARGO_HOME=/opt/rustwide/cargo-home" "-e" "RUSTUP_HOME=/opt/rustwide/rustup-home" "-e" "CARGO_TARGET_DIR=/opt/rustwide/target" "-w" "/opt/rustwide/workdir" "--user" "0:0" "cb1ab663ba6eefac19dbd0baffb265c92bd09b6ee1a0d7e38bc0a6b0050e4ed4" "/opt/rustwide/cargo-home/bin/cargo" "+1.100.0-beta.1" "metadata" "--no-deps" "--format-version=1", kill_on_drop: false }`
[INFO] running `Command { std: "docker" "inspect" "cb1ab663ba6eefac19dbd0baffb265c92bd09b6ee1a0d7e38bc0a6b0050e4ed4", kill_on_drop: false }`
[INFO] running `Command { std: "docker" "exec" "-e" "SOURCE_DIR=/opt/rustwide/workdir" "-e" "CARGO_HOME=/opt/rustwide/cargo-home" "-e" "RUSTUP_HOME=/opt/rustwide/rustup-home" "-e" "CARGO_TARGET_DIR=/opt/rustwide/target" "-e" "CARGO_INCREMENTAL=0" "-e" "RUST_BACKTRACE=full" "-e" "RUSTFLAGS=--cap-lints=warn" "-e" "RUSTDOCFLAGS=--cap-lints=warn" "-w" "/opt/rustwide/workdir" "--user" "0:0" "cb1ab663ba6eefac19dbd0baffb265c92bd09b6ee1a0d7e38bc0a6b0050e4ed4" "/opt/rustwide/cargo-home/bin/cargo" "+1.100.0-beta.1" "build" "--frozen" "--message-format=json" "--release", kill_on_drop: false }`
[INFO] [stderr] warning: `package.homepage` is redundant with `package.repository`
[INFO] [stderr]   --> Cargo.toml:61:12
[INFO] [stderr]    |
[INFO] [stderr] 61 | homepage = "https://github.com/motosan-dev/motosan-finance"
[INFO] [stderr]    |            ^^^^^^^^^^^^^^^^^^^^^^^^^^^^^^^^^^^^^^^^^^^^^^^^
[INFO] [stderr] ...
[INFO] [stderr] 66 | repository = "https://github.com/motosan-dev/motosan-finance"
[INFO] [stderr]    |              ------------------------------------------------
[INFO] [stderr]    |
[INFO] [stderr]    = note: `cargo::redundant_homepage` is set to `warn` by default
[INFO] [stderr] help: consider removing `package.homepage`
[INFO] [stderr] warning: `motosan-finance-finmind` (manifest) generated 1 warning
[INFO] [stderr]    Compiling displaydoc v0.2.6
[INFO] [stderr]    Compiling cc v1.2.63
[INFO] [stderr]    Compiling zerofrom v0.1.8
[INFO] [stderr]    Compiling futures-util v0.3.32
[INFO] [stderr]    Compiling rustls v0.23.40
[INFO] [stderr]    Compiling tokio v1.52.3
[INFO] [stderr]    Compiling serde v1.0.228
[INFO] [stderr]    Compiling num-traits v0.2.19
[INFO] [stderr]    Compiling futures-channel v0.3.32
[INFO] [stderr]    Compiling portable-atomic v1.13.1
[INFO] [stderr]    Compiling rust_decimal v1.42.0
[INFO] [stderr]    Compiling serde_json v1.0.150
[INFO] [stderr]    Compiling thiserror v2.0.18
[INFO] [stderr]    Compiling spinning_top v0.3.0
[INFO] [stderr]    Compiling futures-timer v3.0.4
[INFO] [stderr]    Compiling web-time v1.1.0
[INFO] [stderr]    Compiling yoke v0.8.2
[INFO] [stderr]    Compiling nonzero_ext v0.3.0
[INFO] [stderr]    Compiling zerovec v0.11.6
[INFO] [stderr]    Compiling serde_urlencoded v0.7.1
[INFO] [stderr]    Compiling zerotrie v0.2.4
[INFO] [stderr]    Compiling tinystr v0.8.3
[INFO] [stderr]    Compiling potential_utf v0.1.5
[INFO] [stderr]    Compiling icu_collections v2.2.0
[INFO] [stderr]    Compiling chrono v0.4.44
[INFO] [stderr]    Compiling icu_locale_core v2.2.0
[INFO] [stderr]    Compiling ring v0.17.14
[INFO] [stderr]    Compiling icu_provider v2.2.0
[INFO] [stderr]    Compiling icu_properties v2.2.0
[INFO] [stderr]    Compiling icu_normalizer v2.2.0
[INFO] [stderr]    Compiling governor v0.10.4
[INFO] [stderr]    Compiling idna_adapter v1.2.2
[INFO] [stderr]    Compiling idna v1.1.0
[INFO] [stderr]    Compiling url v2.5.8
[INFO] [stderr]    Compiling hyper v1.10.1
[INFO] [stderr]    Compiling tower v0.5.3
[INFO] [stderr]    Compiling tower-http v0.6.11
[INFO] [stderr]    Compiling hyper-util v0.1.20
[INFO] [stderr]    Compiling rustls-webpki v0.103.13
[INFO] [stderr]    Compiling tokio-rustls v0.26.4
[INFO] [stderr]    Compiling hyper-rustls v0.27.9
[INFO] [stderr]    Compiling reqwest v0.12.28
[INFO] [stderr]    Compiling motosan-finance-core v0.7.4
[INFO] [stderr]    Compiling motosan-finance-finmind v0.7.4 (/opt/rustwide/workdir)
[INFO] [stderr]     Finished `release` profile [optimized] target(s) in 1m 08s
[INFO] running `Command { std: "docker" "inspect" "cb1ab663ba6eefac19dbd0baffb265c92bd09b6ee1a0d7e38bc0a6b0050e4ed4", kill_on_drop: false }`
[INFO] running `Command { std: "docker" "exec" "-e" "SOURCE_DIR=/opt/rustwide/workdir" "-e" "CARGO_HOME=/opt/rustwide/cargo-home" "-e" "RUSTUP_HOME=/opt/rustwide/rustup-home" "-e" "CARGO_TARGET_DIR=/opt/rustwide/target" "-e" "CARGO_INCREMENTAL=0" "-e" "RUST_BACKTRACE=full" "-e" "RUSTFLAGS=--cap-lints=warn" "-e" "RUSTDOCFLAGS=--cap-lints=warn" "-w" "/opt/rustwide/workdir" "--user" "0:0" "cb1ab663ba6eefac19dbd0baffb265c92bd09b6ee1a0d7e38bc0a6b0050e4ed4" "/opt/rustwide/cargo-home/bin/cargo" "+1.100.0-beta.1" "test" "--frozen" "--no-run" "--message-format=json" "--release", kill_on_drop: false }`
[INFO] [stderr] warning: `package.homepage` is redundant with `package.repository`
[INFO] [stderr]   --> Cargo.toml:61:12
[INFO] [stderr]    |
[INFO] [stderr] 61 | homepage = "https://github.com/motosan-dev/motosan-finance"
[INFO] [stderr]    |            ^^^^^^^^^^^^^^^^^^^^^^^^^^^^^^^^^^^^^^^^^^^^^^^^
[INFO] [stderr] ...
[INFO] [stderr] 66 | repository = "https://github.com/motosan-dev/motosan-finance"
[INFO] [stderr]    |              ------------------------------------------------
[INFO] [stderr]    |
[INFO] [stderr]    = note: `cargo::redundant_homepage` is set to `warn` by default
[INFO] [stderr] help: consider removing `package.homepage`
[INFO] [stderr] warning: `motosan-finance-finmind` (manifest) generated 1 warning
[INFO] [stderr]    Compiling futures-util v0.3.32
[INFO] [stderr]    Compiling indexmap v2.14.0
[INFO] [stderr]    Compiling tokio v1.52.3
[INFO] [stderr]    Compiling zerocopy v0.8.50
[INFO] [stderr]    Compiling aho-corasick v1.1.4
[INFO] [stderr]    Compiling assert-json-diff v2.0.2
[INFO] [stderr]    Compiling similar v2.7.0
[INFO] [stderr]    Compiling regex-automata v0.4.14
[INFO] [stderr]    Compiling governor v0.10.4
[INFO] [stderr]    Compiling tokio-util v0.7.18
[INFO] [stderr]    Compiling tower v0.5.3
[INFO] [stderr]    Compiling tokio-rustls v0.26.4
[INFO] [stderr]    Compiling ppv-lite86 v0.2.21
[INFO] [stderr]    Compiling tower-http v0.6.11
[INFO] [stderr]    Compiling h2 v0.4.14
[INFO] [stderr]    Compiling regex v1.12.3
[INFO] [stderr]    Compiling rand_chacha v0.9.0
[INFO] [stderr]    Compiling rand v0.9.4
[INFO] [stderr]    Compiling hyper v1.10.1
[INFO] [stderr]    Compiling hyper-util v0.1.20
[INFO] [stderr]    Compiling hyper-rustls v0.27.9
[INFO] [stderr]    Compiling mockito v1.7.2
[INFO] [stderr]    Compiling reqwest v0.12.28
[INFO] [stderr]    Compiling motosan-finance-core v0.7.4
[INFO] [stderr]    Compiling motosan-finance-finmind v0.7.4 (/opt/rustwide/workdir)
[INFO] [stdout] error[E0433]: cannot find module or crate `golden_testkit` in this scope
[INFO] [stdout]    --> src/golden_tests.rs:120:9
[INFO] [stdout]     |
[INFO] [stdout] 120 |         golden_testkit::assert_or_regen(
[INFO] [stdout]     |         ^^^^^^^^^^^^^^ use of unresolved module or unlinked crate `golden_testkit`
[INFO] [stdout]     |
[INFO] [stdout]     = help: if you wanted to use a crate named `golden_testkit`, use `cargo add golden_testkit` to add it to your `Cargo.toml`
[INFO] [stdout] 
[INFO] [stdout] 
[INFO] [stdout] error[E0433]: cannot find module or crate `golden_testkit` in this scope
[INFO] [stdout]    --> src/golden_tests.rs:138:9
[INFO] [stdout]     |
[INFO] [stdout] 138 |         golden_testkit::assert_or_regen(
[INFO] [stdout]     |         ^^^^^^^^^^^^^^ use of unresolved module or unlinked crate `golden_testkit`
[INFO] [stdout]     |
[INFO] [stdout]     = help: if you wanted to use a crate named `golden_testkit`, use `cargo add golden_testkit` to add it to your `Cargo.toml`
[INFO] [stdout] 
[INFO] [stdout] 
[INFO] [stdout] error[E0433]: cannot find module or crate `golden_testkit` in this scope
[INFO] [stdout]    --> src/golden_tests.rs:167:9
[INFO] [stdout]     |
[INFO] [stdout] 167 |         golden_testkit::assert_or_regen(
[INFO] [stdout]     |         ^^^^^^^^^^^^^^ use of unresolved module or unlinked crate `golden_testkit`
[INFO] [stdout]     |
[INFO] [stdout]     = help: if you wanted to use a crate named `golden_testkit`, use `cargo add golden_testkit` to add it to your `Cargo.toml`
[INFO] [stdout] 
[INFO] [stdout] 
[INFO] [stdout] error[E0433]: cannot find module or crate `golden_testkit` in this scope
[INFO] [stdout]    --> src/golden_tests.rs:196:9
[INFO] [stdout]     |
[INFO] [stdout] 196 |         golden_testkit::assert_or_regen(
[INFO] [stdout]     |         ^^^^^^^^^^^^^^ use of unresolved module or unlinked crate `golden_testkit`
[INFO] [stdout]     |
[INFO] [stdout]     = help: if you wanted to use a crate named `golden_testkit`, use `cargo add golden_testkit` to add it to your `Cargo.toml`
[INFO] [stdout] 
[INFO] [stdout] 
[INFO] [stdout] error[E0433]: cannot find module or crate `golden_testkit` in this scope
[INFO] [stdout]    --> src/golden_tests.rs:214:9
[INFO] [stdout]     |
[INFO] [stdout] 214 |         golden_testkit::assert_or_regen(
[INFO] [stdout]     |         ^^^^^^^^^^^^^^ use of unresolved module or unlinked crate `golden_testkit`
[INFO] [stdout]     |
[INFO] [stdout]     = help: if you wanted to use a crate named `golden_testkit`, use `cargo add golden_testkit` to add it to your `Cargo.toml`
[INFO] [stdout] 
[INFO] [stdout] 
[INFO] [stdout] error[E0433]: cannot find module or crate `golden_testkit` in this scope
[INFO] [stdout]    --> src/golden_tests.rs:241:9
[INFO] [stdout]     |
[INFO] [stdout] 241 |         golden_testkit::assert_or_regen(
[INFO] [stdout]     |         ^^^^^^^^^^^^^^ use of unresolved module or unlinked crate `golden_testkit`
[INFO] [stdout]     |
[INFO] [stdout]     = help: if you wanted to use a crate named `golden_testkit`, use `cargo add golden_testkit` to add it to your `Cargo.toml`
[INFO] [stdout] 
[INFO] [stdout] 
[INFO] [stdout] error[E0433]: cannot find module or crate `golden_testkit` in this scope
[INFO] [stdout]    --> src/golden_tests.rs:264:9
[INFO] [stdout]     |
[INFO] [stdout] 264 |         golden_testkit::assert_or_regen(
[INFO] [stdout]     |         ^^^^^^^^^^^^^^ use of unresolved module or unlinked crate `golden_testkit`
[INFO] [stdout]     |
[INFO] [stdout]     = help: if you wanted to use a crate named `golden_testkit`, use `cargo add golden_testkit` to add it to your `Cargo.toml`
[INFO] [stdout] 
[INFO] [stdout] 
[INFO] [stdout] error[E0433]: cannot find module or crate `golden_testkit` in this scope
[INFO] [stdout]    --> src/golden_tests.rs:284:9
[INFO] [stdout]     |
[INFO] [stdout] 284 |         golden_testkit::assert_or_regen(
[INFO] [stdout]     |         ^^^^^^^^^^^^^^ use of unresolved module or unlinked crate `golden_testkit`
[INFO] [stdout]     |
[INFO] [stdout]     = help: if you wanted to use a crate named `golden_testkit`, use `cargo add golden_testkit` to add it to your `Cargo.toml`
[INFO] [stdout] 
[INFO] [stdout] 
[INFO] [stdout] error[E0433]: cannot find module or crate `golden_testkit` in this scope
[INFO] [stdout]    --> src/golden_tests.rs:303:9
[INFO] [stdout]     |
[INFO] [stdout] 303 |         golden_testkit::assert_or_regen(
[INFO] [stdout]     |         ^^^^^^^^^^^^^^ use of unresolved module or unlinked crate `golden_testkit`
[INFO] [stdout]     |
[INFO] [stdout]     = help: if you wanted to use a crate named `golden_testkit`, use `cargo add golden_testkit` to add it to your `Cargo.toml`
[INFO] [stdout] 
[INFO] [stdout] 
[INFO] [stdout] error[E0433]: cannot find module or crate `golden_testkit` in this scope
[INFO] [stdout]    --> src/golden_tests.rs:323:9
[INFO] [stdout]     |
[INFO] [stdout] 323 |         golden_testkit::assert_or_regen(
[INFO] [stdout]     |         ^^^^^^^^^^^^^^ use of unresolved module or unlinked crate `golden_testkit`
[INFO] [stdout]     |
[INFO] [stdout]     = help: if you wanted to use a crate named `golden_testkit`, use `cargo add golden_testkit` to add it to your `Cargo.toml`
[INFO] [stdout] 
[INFO] [stdout] 
[INFO] [stdout] error[E0433]: cannot find module or crate `golden_testkit` in this scope
[INFO] [stdout]    --> src/golden_tests.rs:343:9
[INFO] [stdout]     |
[INFO] [stdout] 343 |         golden_testkit::assert_or_regen(
[INFO] [stdout]     |         ^^^^^^^^^^^^^^ use of unresolved module or unlinked crate `golden_testkit`
[INFO] [stdout]     |
[INFO] [stdout]     = help: if you wanted to use a crate named `golden_testkit`, use `cargo add golden_testkit` to add it to your `Cargo.toml`
[INFO] [stdout] 
[INFO] [stdout] 
[INFO] [stdout] error[E0433]: cannot find module or crate `golden_testkit` in this scope
[INFO] [stdout]    --> src/golden_tests.rs:362:9
[INFO] [stdout]     |
[INFO] [stdout] 362 |         golden_testkit::assert_or_regen(
[INFO] [stdout]     |         ^^^^^^^^^^^^^^ use of unresolved module or unlinked crate `golden_testkit`
[INFO] [stdout]     |
[INFO] [stdout]     = help: if you wanted to use a crate named `golden_testkit`, use `cargo add golden_testkit` to add it to your `Cargo.toml`
[INFO] [stdout] 
[INFO] [stdout] 
[INFO] [stdout] error[E0433]: cannot find module or crate `golden_testkit` in this scope
[INFO] [stdout]    --> src/golden_tests.rs:382:9
[INFO] [stdout]     |
[INFO] [stdout] 382 |         golden_testkit::assert_or_regen(
[INFO] [stdout]     |         ^^^^^^^^^^^^^^ use of unresolved module or unlinked crate `golden_testkit`
[INFO] [stdout]     |
[INFO] [stdout]     = help: if you wanted to use a crate named `golden_testkit`, use `cargo add golden_testkit` to add it to your `Cargo.toml`
[INFO] [stdout] 
[INFO] [stdout] 
[INFO] [stdout] error[E0433]: cannot find module or crate `golden_testkit` in this scope
[INFO] [stdout]    --> src/golden_tests.rs:403:9
[INFO] [stdout]     |
[INFO] [stdout] 403 |         golden_testkit::assert_or_regen(
[INFO] [stdout]     |         ^^^^^^^^^^^^^^ use of unresolved module or unlinked crate `golden_testkit`
[INFO] [stdout]     |
[INFO] [stdout]     = help: if you wanted to use a crate named `golden_testkit`, use `cargo add golden_testkit` to add it to your `Cargo.toml`
[INFO] [stdout] 
[INFO] [stdout] 
[INFO] [stdout] error[E0433]: cannot find module or crate `golden_testkit` in this scope
[INFO] [stdout]    --> src/golden_tests.rs:427:9
[INFO] [stdout]     |
[INFO] [stdout] 427 |         golden_testkit::assert_or_regen(
[INFO] [stdout]     |         ^^^^^^^^^^^^^^ use of unresolved module or unlinked crate `golden_testkit`
[INFO] [stdout]     |
[INFO] [stdout]     = help: if you wanted to use a crate named `golden_testkit`, use `cargo add golden_testkit` to add it to your `Cargo.toml`
[INFO] [stdout] 
[INFO] [stdout] 
[INFO] [stdout] error[E0433]: cannot find module or crate `golden_testkit` in this scope
[INFO] [stdout]    --> src/golden_tests.rs:447:9
[INFO] [stdout]     |
[INFO] [stdout] 447 |         golden_testkit::assert_or_regen(
[INFO] [stdout]     |         ^^^^^^^^^^^^^^ use of unresolved module or unlinked crate `golden_testkit`
[INFO] [stdout]     |
[INFO] [stdout]     = help: if you wanted to use a crate named `golden_testkit`, use `cargo add golden_testkit` to add it to your `Cargo.toml`
[INFO] [stdout] 
[INFO] [stdout] 
[INFO] [stdout] error[E0433]: cannot find module or crate `golden_testkit` in this scope
[INFO] [stdout]    --> src/golden_tests.rs:467:9
[INFO] [stdout]     |
[INFO] [stdout] 467 |         golden_testkit::assert_or_regen(
[INFO] [stdout]     |         ^^^^^^^^^^^^^^ use of unresolved module or unlinked crate `golden_testkit`
[INFO] [stdout]     |
[INFO] [stdout]     = help: if you wanted to use a crate named `golden_testkit`, use `cargo add golden_testkit` to add it to your `Cargo.toml`
[INFO] [stdout] 
[INFO] [stdout] 
[INFO] [stdout] error[E0433]: cannot find module or crate `golden_testkit` in this scope
[INFO] [stdout]    --> src/golden_tests.rs:487:9
[INFO] [stdout]     |
[INFO] [stdout] 487 |         golden_testkit::assert_or_regen(
[INFO] [stdout]     |         ^^^^^^^^^^^^^^ use of unresolved module or unlinked crate `golden_testkit`
[INFO] [stdout]     |
[INFO] [stdout]     = help: if you wanted to use a crate named `golden_testkit`, use `cargo add golden_testkit` to add it to your `Cargo.toml`
[INFO] [stdout] 
[INFO] [stdout] 
[INFO] [stdout] error[E0433]: cannot find module or crate `golden_testkit` in this scope
[INFO] [stdout]    --> src/golden_tests.rs:510:9
[INFO] [stdout]     |
[INFO] [stdout] 510 |         golden_testkit::assert_or_regen(
[INFO] [stdout]     |         ^^^^^^^^^^^^^^ use of unresolved module or unlinked crate `golden_testkit`
[INFO] [stdout]     |
[INFO] [stdout]     = help: if you wanted to use a crate named `golden_testkit`, use `cargo add golden_testkit` to add it to your `Cargo.toml`
[INFO] [stdout] 
[INFO] [stdout] 
[INFO] [stdout] error[E0433]: cannot find module or crate `golden_testkit` in this scope
[INFO] [stdout]    --> src/golden_tests.rs:533:9
[INFO] [stdout]     |
[INFO] [stdout] 533 |         golden_testkit::assert_or_regen(
[INFO] [stdout]     |         ^^^^^^^^^^^^^^ use of unresolved module or unlinked crate `golden_testkit`
[INFO] [stdout]     |
[INFO] [stdout]     = help: if you wanted to use a crate named `golden_testkit`, use `cargo add golden_testkit` to add it to your `Cargo.toml`
[INFO] [stdout] 
[INFO] [stdout] 
[INFO] [stdout] error[E0433]: cannot find module or crate `golden_testkit` in this scope
[INFO] [stdout]    --> src/golden_tests.rs:553:9
[INFO] [stdout]     |
[INFO] [stdout] 553 |         golden_testkit::assert_or_regen(
[INFO] [stdout]     |         ^^^^^^^^^^^^^^ use of unresolved module or unlinked crate `golden_testkit`
[INFO] [stdout]     |
[INFO] [stdout]     = help: if you wanted to use a crate named `golden_testkit`, use `cargo add golden_testkit` to add it to your `Cargo.toml`
[INFO] [stdout] 
[INFO] [stdout] 
[INFO] [stdout] error[E0433]: cannot find module or crate `golden_testkit` in this scope
[INFO] [stdout]    --> src/golden_tests.rs:573:9
[INFO] [stdout]     |
[INFO] [stdout] 573 |         golden_testkit::assert_or_regen(
[INFO] [stdout]     |         ^^^^^^^^^^^^^^ use of unresolved module or unlinked crate `golden_testkit`
[INFO] [stdout]     |
[INFO] [stdout]     = help: if you wanted to use a crate named `golden_testkit`, use `cargo add golden_testkit` to add it to your `Cargo.toml`
[INFO] [stdout] 
[INFO] [stdout] 
[INFO] [stdout] error[E0433]: cannot find module or crate `golden_testkit` in this scope
[INFO] [stdout]    --> src/golden_tests.rs:596:9
[INFO] [stdout]     |
[INFO] [stdout] 596 |         golden_testkit::assert_or_regen(
[INFO] [stdout]     |         ^^^^^^^^^^^^^^ use of unresolved module or unlinked crate `golden_testkit`
[INFO] [stdout]     |
[INFO] [stdout]     = help: if you wanted to use a crate named `golden_testkit`, use `cargo add golden_testkit` to add it to your `Cargo.toml`
[INFO] [stdout] 
[INFO] [stdout] 
[INFO] [stdout] error[E0433]: cannot find module or crate `golden_testkit` in this scope
[INFO] [stdout]    --> src/golden_tests.rs:619:9
[INFO] [stdout]     |
[INFO] [stdout] 619 |         golden_testkit::assert_or_regen(
[INFO] [stdout]     |         ^^^^^^^^^^^^^^ use of unresolved module or unlinked crate `golden_testkit`
[INFO] [stdout]     |
[INFO] [stdout]     = help: if you wanted to use a crate named `golden_testkit`, use `cargo add golden_testkit` to add it to your `Cargo.toml`
[INFO] [stdout] 
[INFO] [stdout] 
[INFO] [stdout] error[E0433]: cannot find module or crate `golden_testkit` in this scope
[INFO] [stdout]    --> src/golden_tests.rs:642:9
[INFO] [stdout]     |
[INFO] [stdout] 642 |         golden_testkit::assert_or_regen(
[INFO] [stdout]     |         ^^^^^^^^^^^^^^ use of unresolved module or unlinked crate `golden_testkit`
[INFO] [stdout]     |
[INFO] [stdout]     = help: if you wanted to use a crate named `golden_testkit`, use `cargo add golden_testkit` to add it to your `Cargo.toml`
[INFO] [stdout] 
[INFO] [stdout] 
[INFO] [stdout] error[E0433]: cannot find module or crate `golden_testkit` in this scope
[INFO] [stdout]    --> src/golden_tests.rs:665:9
[INFO] [stdout]     |
[INFO] [stdout] 665 |         golden_testkit::assert_or_regen(
[INFO] [stdout]     |         ^^^^^^^^^^^^^^ use of unresolved module or unlinked crate `golden_testkit`
[INFO] [stdout]     |
[INFO] [stdout]     = help: if you wanted to use a crate named `golden_testkit`, use `cargo add golden_testkit` to add it to your `Cargo.toml`
[INFO] [stdout] 
[INFO] [stdout] 
[INFO] [stdout] error[E0433]: cannot find module or crate `golden_testkit` in this scope
[INFO] [stdout]    --> src/golden_tests.rs:685:9
[INFO] [stdout]     |
[INFO] [stdout] 685 |         golden_testkit::assert_or_regen(
[INFO] [stdout]     |         ^^^^^^^^^^^^^^ use of unresolved module or unlinked crate `golden_testkit`
[INFO] [stdout]     |
[INFO] [stdout]     = help: if you wanted to use a crate named `golden_testkit`, use `cargo add golden_testkit` to add it to your `Cargo.toml`
[INFO] [stdout] 
[INFO] [stdout] 
[INFO] [stdout] error[E0433]: cannot find module or crate `golden_testkit` in this scope
[INFO] [stdout]    --> src/golden_tests.rs:705:9
[INFO] [stdout]     |
[INFO] [stdout] 705 |         golden_testkit::assert_or_regen(
[INFO] [stdout]     |         ^^^^^^^^^^^^^^ use of unresolved module or unlinked crate `golden_testkit`
[INFO] [stdout]     |
[INFO] [stdout]     = help: if you wanted to use a crate named `golden_testkit`, use `cargo add golden_testkit` to add it to your `Cargo.toml`
[INFO] [stdout] 
[INFO] [stdout] 
[INFO] [stdout] error[E0433]: cannot find module or crate `golden_testkit` in this scope
[INFO] [stdout]    --> src/golden_tests.rs:728:9
[INFO] [stdout]     |
[INFO] [stdout] 728 |         golden_testkit::assert_or_regen(
[INFO] [stdout]     |         ^^^^^^^^^^^^^^ use of unresolved module or unlinked crate `golden_testkit`
[INFO] [stdout]     |
[INFO] [stdout]     = help: if you wanted to use a crate named `golden_testkit`, use `cargo add golden_testkit` to add it to your `Cargo.toml`
[INFO] [stdout] 
[INFO] [stdout] 
[INFO] [stdout] error[E0433]: cannot find module or crate `golden_testkit` in this scope
[INFO] [stdout]    --> src/golden_tests.rs:751:9
[INFO] [stdout]     |
[INFO] [stdout] 751 |         golden_testkit::assert_or_regen(
[INFO] [stdout]     |         ^^^^^^^^^^^^^^ use of unresolved module or unlinked crate `golden_testkit`
[INFO] [stdout]     |
[INFO] [stdout]     = help: if you wanted to use a crate named `golden_testkit`, use `cargo add golden_testkit` to add it to your `Cargo.toml`
[INFO] [stdout] 
[INFO] [stdout] 
[INFO] [stdout] error[E0433]: cannot find module or crate `golden_testkit` in this scope
[INFO] [stdout]    --> src/golden_tests.rs:771:9
[INFO] [stdout]     |
[INFO] [stdout] 771 |         golden_testkit::assert_or_regen(
[INFO] [stdout]     |         ^^^^^^^^^^^^^^ use of unresolved module or unlinked crate `golden_testkit`
[INFO] [stdout]     |
[INFO] [stdout]     = help: if you wanted to use a crate named `golden_testkit`, use `cargo add golden_testkit` to add it to your `Cargo.toml`
[INFO] [stdout] 
[INFO] [stdout] 
[INFO] [stdout] error[E0433]: cannot find module or crate `golden_testkit` in this scope
[INFO] [stdout]    --> src/golden_tests.rs:791:9
[INFO] [stdout]     |
[INFO] [stdout] 791 |         golden_testkit::assert_or_regen(
[INFO] [stdout]     |         ^^^^^^^^^^^^^^ use of unresolved module or unlinked crate `golden_testkit`
[INFO] [stdout]     |
[INFO] [stdout]     = help: if you wanted to use a crate named `golden_testkit`, use `cargo add golden_testkit` to add it to your `Cargo.toml`
[INFO] [stdout] 
[INFO] [stdout] 
[INFO] [stdout] error[E0433]: cannot find module or crate `golden_testkit` in this scope
[INFO] [stdout]    --> src/golden_tests.rs:815:9
[INFO] [stdout]     |
[INFO] [stdout] 815 |         golden_testkit::assert_or_regen(
[INFO] [stdout]     |         ^^^^^^^^^^^^^^ use of unresolved module or unlinked crate `golden_testkit`
[INFO] [stdout]     |
[INFO] [stdout]     = help: if you wanted to use a crate named `golden_testkit`, use `cargo add golden_testkit` to add it to your `Cargo.toml`
[INFO] [stdout] 
[INFO] [stdout] 
[INFO] [stdout] error[E0433]: cannot find module or crate `golden_testkit` in this scope
[INFO] [stdout]    --> src/golden_tests.rs:835:9
[INFO] [stdout]     |
[INFO] [stdout] 835 |         golden_testkit::assert_or_regen(
[INFO] [stdout]     |         ^^^^^^^^^^^^^^ use of unresolved module or unlinked crate `golden_testkit`
[INFO] [stdout]     |
[INFO] [stdout]     = help: if you wanted to use a crate named `golden_testkit`, use `cargo add golden_testkit` to add it to your `Cargo.toml`
[INFO] [stdout] 
[INFO] [stdout] 
[INFO] [stdout] error[E0433]: cannot find module or crate `golden_testkit` in this scope
[INFO] [stdout]    --> src/golden_tests.rs:855:9
[INFO] [stdout]     |
[INFO] [stdout] 855 |         golden_testkit::assert_or_regen(
[INFO] [stdout]     |         ^^^^^^^^^^^^^^ use of unresolved module or unlinked crate `golden_testkit`
[INFO] [stdout]     |
[INFO] [stdout]     = help: if you wanted to use a crate named `golden_testkit`, use `cargo add golden_testkit` to add it to your `Cargo.toml`
[INFO] [stdout] 
[INFO] [stdout] 
[INFO] [stdout] error[E0433]: cannot find module or crate `golden_testkit` in this scope
[INFO] [stdout]    --> src/golden_tests.rs:878:9
[INFO] [stdout]     |
[INFO] [stdout] 878 |         golden_testkit::assert_or_regen(
[INFO] [stdout]     |         ^^^^^^^^^^^^^^ use of unresolved module or unlinked crate `golden_testkit`
[INFO] [stdout]     |
[INFO] [stdout]     = help: if you wanted to use a crate named `golden_testkit`, use `cargo add golden_testkit` to add it to your `Cargo.toml`
[INFO] [stdout] 
[INFO] [stdout] 
[INFO] [stdout] error[E0433]: cannot find module or crate `golden_testkit` in this scope
[INFO] [stdout]    --> src/golden_tests.rs:901:9
[INFO] [stdout]     |
[INFO] [stdout] 901 |         golden_testkit::assert_or_regen(
[INFO] [stdout]     |         ^^^^^^^^^^^^^^ use of unresolved module or unlinked crate `golden_testkit`
[INFO] [stdout]     |
[INFO] [stdout]     = help: if you wanted to use a crate named `golden_testkit`, use `cargo add golden_testkit` to add it to your `Cargo.toml`
[INFO] [stdout] 
[INFO] [stdout] 
[INFO] [stdout] error[E0433]: cannot find module or crate `golden_testkit` in this scope
[INFO] [stdout]    --> src/golden_tests.rs:921:9
[INFO] [stdout]     |
[INFO] [stdout] 921 |         golden_testkit::assert_or_regen(
[INFO] [stdout]     |         ^^^^^^^^^^^^^^ use of unresolved module or unlinked crate `golden_testkit`
[INFO] [stdout]     |
[INFO] [stdout]     = help: if you wanted to use a crate named `golden_testkit`, use `cargo add golden_testkit` to add it to your `Cargo.toml`
[INFO] [stdout] 
[INFO] [stdout] 
[INFO] [stdout] error[E0433]: cannot find module or crate `golden_testkit` in this scope
[INFO] [stdout]    --> src/golden_tests.rs:941:9
[INFO] [stdout]     |
[INFO] [stdout] 941 |         golden_testkit::assert_or_regen(
[INFO] [stdout]     |         ^^^^^^^^^^^^^^ use of unresolved module or unlinked crate `golden_testkit`
[INFO] [stdout]     |
[INFO] [stdout]     = help: if you wanted to use a crate named `golden_testkit`, use `cargo add golden_testkit` to add it to your `Cargo.toml`
[INFO] [stdout] 
[INFO] [stdout] 
[INFO] [stdout] error[E0433]: cannot find module or crate `golden_testkit` in this scope
[INFO] [stdout]    --> src/golden_tests.rs:964:9
[INFO] [stdout]     |
[INFO] [stdout] 964 |         golden_testkit::assert_or_regen(
[INFO] [stdout]     |         ^^^^^^^^^^^^^^ use of unresolved module or unlinked crate `golden_testkit`
[INFO] [stdout]     |
[INFO] [stdout]     = help: if you wanted to use a crate named `golden_testkit`, use `cargo add golden_testkit` to add it to your `Cargo.toml`
[INFO] [stdout] 
[INFO] [stdout] 
[INFO] [stdout] error[E0433]: cannot find module or crate `golden_testkit` in this scope
[INFO] [stdout]    --> src/golden_tests.rs:987:9
[INFO] [stdout]     |
[INFO] [stdout] 987 |         golden_testkit::assert_or_regen(
[INFO] [stdout]     |         ^^^^^^^^^^^^^^ use of unresolved module or unlinked crate `golden_testkit`
[INFO] [stdout]     |
[INFO] [stdout]     = help: if you wanted to use a crate named `golden_testkit`, use `cargo add golden_testkit` to add it to your `Cargo.toml`
[INFO] [stdout] 
[INFO] [stdout] 
[INFO] [stdout] error[E0433]: cannot find module or crate `golden_testkit` in this scope
[INFO] [stdout]     --> src/golden_tests.rs:1007:9
[INFO] [stdout]      |
[INFO] [stdout] 1007 |         golden_testkit::assert_or_regen(
[INFO] [stdout]      |         ^^^^^^^^^^^^^^ use of unresolved module or unlinked crate `golden_testkit`
[INFO] [stdout]      |
[INFO] [stdout]      = help: if you wanted to use a crate named `golden_testkit`, use `cargo add golden_testkit` to add it to your `Cargo.toml`
[INFO] [stdout] 
[INFO] [stdout] 
[INFO] [stdout] error[E0433]: cannot find module or crate `golden_testkit` in this scope
[INFO] [stdout]     --> src/golden_tests.rs:1027:9
[INFO] [stdout]      |
[INFO] [stdout] 1027 |         golden_testkit::assert_or_regen(
[INFO] [stdout]      |         ^^^^^^^^^^^^^^ use of unresolved module or unlinked crate `golden_testkit`
[INFO] [stdout]      |
[INFO] [stdout]      = help: if you wanted to use a crate named `golden_testkit`, use `cargo add golden_testkit` to add it to your `Cargo.toml`
[INFO] [stdout] 
[INFO] [stdout] 
[INFO] [stdout] error[E0433]: cannot find module or crate `golden_testkit` in this scope
[INFO] [stdout]     --> src/golden_tests.rs:1047:9
[INFO] [stdout]      |
[INFO] [stdout] 1047 |         golden_testkit::assert_or_regen(
[INFO] [stdout]      |         ^^^^^^^^^^^^^^ use of unresolved module or unlinked crate `golden_testkit`
[INFO] [stdout]      |
[INFO] [stdout]      = help: if you wanted to use a crate named `golden_testkit`, use `cargo add golden_testkit` to add it to your `Cargo.toml`
[INFO] [stdout] 
[INFO] [stdout] 
[INFO] [stdout] error[E0433]: cannot find module or crate `golden_testkit` in this scope
[INFO] [stdout]     --> src/golden_tests.rs:1066:9
[INFO] [stdout]      |
[INFO] [stdout] 1066 |         golden_testkit::assert_or_regen(
[INFO] [stdout]      |         ^^^^^^^^^^^^^^ use of unresolved module or unlinked crate `golden_testkit`
[INFO] [stdout]      |
[INFO] [stdout]      = help: if you wanted to use a crate named `golden_testkit`, use `cargo add golden_testkit` to add it to your `Cargo.toml`
[INFO] [stdout] 
[INFO] [stdout] 
[INFO] [stdout] error[E0433]: cannot find module or crate `golden_testkit` in this scope
[INFO] [stdout]     --> src/golden_tests.rs:1086:9
[INFO] [stdout]      |
[INFO] [stdout] 1086 |         golden_testkit::assert_or_regen(
[INFO] [stdout]      |         ^^^^^^^^^^^^^^ use of unresolved module or unlinked crate `golden_testkit`
[INFO] [stdout]      |
[INFO] [stdout]      = help: if you wanted to use a crate named `golden_testkit`, use `cargo add golden_testkit` to add it to your `Cargo.toml`
[INFO] [stdout] 
[INFO] [stdout] 
[INFO] [stdout] error[E0433]: cannot find module or crate `golden_testkit` in this scope
[INFO] [stdout]     --> src/golden_tests.rs:1109:9
[INFO] [stdout]      |
[INFO] [stdout] 1109 |         golden_testkit::assert_or_regen(
[INFO] [stdout]      |         ^^^^^^^^^^^^^^ use of unresolved module or unlinked crate `golden_testkit`
[INFO] [stdout]      |
[INFO] [stdout]      = help: if you wanted to use a crate named `golden_testkit`, use `cargo add golden_testkit` to add it to your `Cargo.toml`
[INFO] [stdout] 
[INFO] [stdout] 
[INFO] [stdout] error[E0433]: cannot find module or crate `golden_testkit` in this scope
[INFO] [stdout]     --> src/golden_tests.rs:1132:9
[INFO] [stdout]      |
[INFO] [stdout] 1132 |         golden_testkit::assert_or_regen(
[INFO] [stdout]      |         ^^^^^^^^^^^^^^ use of unresolved module or unlinked crate `golden_testkit`
[INFO] [stdout]      |
[INFO] [stdout]      = help: if you wanted to use a crate named `golden_testkit`, use `cargo add golden_testkit` to add it to your `Cargo.toml`
[INFO] [stdout] 
[INFO] [stdout] 
[INFO] [stdout] error[E0433]: cannot find module or crate `golden_testkit` in this scope
[INFO] [stdout]     --> src/golden_tests.rs:1155:9
[INFO] [stdout]      |
[INFO] [stdout] 1155 |         golden_testkit::assert_or_regen(
[INFO] [stdout]      |         ^^^^^^^^^^^^^^ use of unresolved module or unlinked crate `golden_testkit`
[INFO] [stdout]      |
[INFO] [stdout]      = help: if you wanted to use a crate named `golden_testkit`, use `cargo add golden_testkit` to add it to your `Cargo.toml`
[INFO] [stdout] 
[INFO] [stdout] 
[INFO] [stdout] error[E0433]: cannot find module or crate `golden_testkit` in this scope
[INFO] [stdout]     --> src/golden_tests.rs:1179:9
[INFO] [stdout]      |
[INFO] [stdout] 1179 |         golden_testkit::assert_or_regen(
[INFO] [stdout]      |         ^^^^^^^^^^^^^^ use of unresolved module or unlinked crate `golden_testkit`
[INFO] [stdout]      |
[INFO] [stdout]      = help: if you wanted to use a crate named `golden_testkit`, use `cargo add golden_testkit` to add it to your `Cargo.toml`
[INFO] [stdout] 
[INFO] [stdout] 
[INFO] [stdout] error[E0433]: cannot find module or crate `golden_testkit` in this scope
[INFO] [stdout]     --> src/golden_tests.rs:1202:9
[INFO] [stdout]      |
[INFO] [stdout] 1202 |         golden_testkit::assert_or_regen(
[INFO] [stdout]      |         ^^^^^^^^^^^^^^ use of unresolved module or unlinked crate `golden_testkit`
[INFO] [stdout]      |
[INFO] [stdout]      = help: if you wanted to use a crate named `golden_testkit`, use `cargo add golden_testkit` to add it to your `Cargo.toml`
[INFO] [stdout] 
[INFO] [stdout] 
[INFO] [stdout] error[E0433]: cannot find module or crate `golden_testkit` in this scope
[INFO] [stdout]     --> src/golden_tests.rs:1226:9
[INFO] [stdout]      |
[INFO] [stdout] 1226 |         golden_testkit::assert_or_regen(
[INFO] [stdout]      |         ^^^^^^^^^^^^^^ use of unresolved module or unlinked crate `golden_testkit`
[INFO] [stdout]      |
[INFO] [stdout]      = help: if you wanted to use a crate named `golden_testkit`, use `cargo add golden_testkit` to add it to your `Cargo.toml`
[INFO] [stdout] 
[INFO] [stdout] 
[INFO] [stdout] error[E0433]: cannot find module or crate `golden_testkit` in this scope
[INFO] [stdout]     --> src/golden_tests.rs:1249:9
[INFO] [stdout]      |
[INFO] [stdout] 1249 |         golden_testkit::assert_or_regen(
[INFO] [stdout]      |         ^^^^^^^^^^^^^^ use of unresolved module or unlinked crate `golden_testkit`
[INFO] [stdout]      |
[INFO] [stdout]      = help: if you wanted to use a crate named `golden_testkit`, use `cargo add golden_testkit` to add it to your `Cargo.toml`
[INFO] [stdout] 
[INFO] [stdout] 
[INFO] [stdout] error[E0433]: cannot find module or crate `golden_testkit` in this scope
[INFO] [stdout]     --> src/golden_tests.rs:1272:9
[INFO] [stdout]      |
[INFO] [stdout] 1272 |         golden_testkit::assert_or_regen(
[INFO] [stdout]      |         ^^^^^^^^^^^^^^ use of unresolved module or unlinked crate `golden_testkit`
[INFO] [stdout]      |
[INFO] [stdout]      = help: if you wanted to use a crate named `golden_testkit`, use `cargo add golden_testkit` to add it to your `Cargo.toml`
[INFO] [stdout] 
[INFO] [stdout] 
[INFO] [stdout] error[E0433]: cannot find module or crate `golden_testkit` in this scope
[INFO] [stdout]     --> src/golden_tests.rs:1295:9
[INFO] [stdout]      |
[INFO] [stdout] 1295 |         golden_testkit::assert_or_regen(
[INFO] [stdout]      |         ^^^^^^^^^^^^^^ use of unresolved module or unlinked crate `golden_testkit`
[INFO] [stdout]      |
[INFO] [stdout]      = help: if you wanted to use a crate named `golden_testkit`, use `cargo add golden_testkit` to add it to your `Cargo.toml`
[INFO] [stdout] 
[INFO] [stdout] 
[INFO] [stdout] error[E0433]: cannot find module or crate `golden_testkit` in this scope
[INFO] [stdout]     --> src/golden_tests.rs:1318:9
[INFO] [stdout]      |
[INFO] [stdout] 1318 |         golden_testkit::assert_or_regen(
[INFO] [stdout]      |         ^^^^^^^^^^^^^^ use of unresolved module or unlinked crate `golden_testkit`
[INFO] [stdout]      |
[INFO] [stdout]      = help: if you wanted to use a crate named `golden_testkit`, use `cargo add golden_testkit` to add it to your `Cargo.toml`
[INFO] [stdout] 
[INFO] [stdout] 
[INFO] [stdout] error[E0433]: cannot find module or crate `golden_testkit` in this scope
[INFO] [stdout]     --> src/golden_tests.rs:1338:9
[INFO] [stdout]      |
[INFO] [stdout] 1338 |         golden_testkit::assert_or_regen(
[INFO] [stdout]      |         ^^^^^^^^^^^^^^ use of unresolved module or unlinked crate `golden_testkit`
[INFO] [stdout]      |
[INFO] [stdout]      = help: if you wanted to use a crate named `golden_testkit`, use `cargo add golden_testkit` to add it to your `Cargo.toml`
[INFO] [stdout] 
[INFO] [stdout] 
[INFO] [stdout] error[E0433]: cannot find module or crate `golden_testkit` in this scope
[INFO] [stdout]     --> src/golden_tests.rs:1361:9
[INFO] [stdout]      |
[INFO] [stdout] 1361 |         golden_testkit::assert_or_regen(
[INFO] [stdout]      |         ^^^^^^^^^^^^^^ use of unresolved module or unlinked crate `golden_testkit`
[INFO] [stdout]      |
[INFO] [stdout]      = help: if you wanted to use a crate named `golden_testkit`, use `cargo add golden_testkit` to add it to your `Cargo.toml`
[INFO] [stdout] 
[INFO] [stdout] 
[INFO] [stdout] error[E0433]: cannot find module or crate `golden_testkit` in this scope
[INFO] [stdout]     --> src/golden_tests.rs:1384:9
[INFO] [stdout]      |
[INFO] [stdout] 1384 |         golden_testkit::assert_or_regen(
[INFO] [stdout]      |         ^^^^^^^^^^^^^^ use of unresolved module or unlinked crate `golden_testkit`
[INFO] [stdout]      |
[INFO] [stdout]      = help: if you wanted to use a crate named `golden_testkit`, use `cargo add golden_testkit` to add it to your `Cargo.toml`
[INFO] [stdout] 
[INFO] [stdout] 
[INFO] [stdout] error[E0433]: cannot find module or crate `golden_testkit` in this scope
[INFO] [stdout]     --> src/golden_tests.rs:1404:9
[INFO] [stdout]      |
[INFO] [stdout] 1404 |         golden_testkit::assert_or_regen(
[INFO] [stdout]      |         ^^^^^^^^^^^^^^ use of unresolved module or unlinked crate `golden_testkit`
[INFO] [stdout]      |
[INFO] [stdout]      = help: if you wanted to use a crate named `golden_testkit`, use `cargo add golden_testkit` to add it to your `Cargo.toml`
[INFO] [stdout] 
[INFO] [stdout] 
[INFO] [stdout] error[E0433]: cannot find module or crate `golden_testkit` in this scope
[INFO] [stdout]     --> src/golden_tests.rs:1427:9
[INFO] [stdout]      |
[INFO] [stdout] 1427 |         golden_testkit::assert_or_regen(
[INFO] [stdout]      |         ^^^^^^^^^^^^^^ use of unresolved module or unlinked crate `golden_testkit`
[INFO] [stdout]      |
[INFO] [stdout]      = help: if you wanted to use a crate named `golden_testkit`, use `cargo add golden_testkit` to add it to your `Cargo.toml`
[INFO] [stdout] 
[INFO] [stdout] 
[INFO] [stdout] error[E0433]: cannot find module or crate `golden_testkit` in this scope
[INFO] [stdout]     --> src/golden_tests.rs:1447:9
[INFO] [stdout]      |
[INFO] [stdout] 1447 |         golden_testkit::assert_or_regen(
[INFO] [stdout]      |         ^^^^^^^^^^^^^^ use of unresolved module or unlinked crate `golden_testkit`
[INFO] [stdout]      |
[INFO] [stdout]      = help: if you wanted to use a crate named `golden_testkit`, use `cargo add golden_testkit` to add it to your `Cargo.toml`
[INFO] [stdout] 
[INFO] [stdout] 
[INFO] [stdout] error[E0433]: cannot find module or crate `golden_testkit` in this scope
[INFO] [stdout]     --> src/golden_tests.rs:1470:9
[INFO] [stdout]      |
[INFO] [stdout] 1470 |         golden_testkit::assert_or_regen(
[INFO] [stdout]      |         ^^^^^^^^^^^^^^ use of unresolved module or unlinked crate `golden_testkit`
[INFO] [stdout]      |
[INFO] [stdout]      = help: if you wanted to use a crate named `golden_testkit`, use `cargo add golden_testkit` to add it to your `Cargo.toml`
[INFO] [stdout] 
[INFO] [stdout] 
[INFO] [stdout] For more information about this error, try `rustc --explain E0433`.
[INFO] [stdout] 
[INFO] [stderr] error: could not compile `motosan-finance-finmind` (lib test) due to 63 previous errors
[INFO] running `Command { std: "docker" "inspect" "cb1ab663ba6eefac19dbd0baffb265c92bd09b6ee1a0d7e38bc0a6b0050e4ed4", kill_on_drop: false }`
[INFO] running `Command { std: "docker" "rm" "-f" "cb1ab663ba6eefac19dbd0baffb265c92bd09b6ee1a0d7e38bc0a6b0050e4ed4", kill_on_drop: false }`
[INFO] [stdout] cb1ab663ba6eefac19dbd0baffb265c92bd09b6ee1a0d7e38bc0a6b0050e4ed4
