[INFO] fetching crate moq-uring 0.0.15...
[INFO] testing moq-uring-0.0.15 against 1.100.0-beta.1+cargoflags=--release for beta-release-1.100-2
[INFO] extracting crate moq-uring 0.0.15 into /workspace/builds/worker-2-tc2/source
[INFO] started tweaking crates.io crate moq-uring 0.0.15
[INFO] removed 0 missing tests
[INFO] finished tweaking crates.io crate moq-uring 0.0.15
[INFO] tweaked toml for crates.io crate moq-uring 0.0.15 written to /workspace/builds/worker-2-tc2/source/Cargo.toml
[INFO] validating manifest of crates.io crate moq-uring 0.0.15 on toolchain 1.100.0-beta.1
[INFO] running `Command { std: CARGO_HOME="/workspace/cargo-home" RUSTUP_HOME="/workspace/rustup-home" "/workspace/cargo-home/bin/cargo" "+1.100.0-beta.1" "metadata" "--manifest-path" "Cargo.toml" "--no-deps", kill_on_drop: false }`
[INFO] crate crates.io crate moq-uring 0.0.15 already has a lockfile, it will not be regenerated
[INFO] running `Command { std: CARGO_HOME="/workspace/cargo-home" RUSTUP_HOME="/workspace/rustup-home" "/workspace/cargo-home/bin/cargo" "+1.100.0-beta.1" "fetch" "--manifest-path" "Cargo.toml", kill_on_drop: false }`
[INFO] running `Command { std: "docker" "create" "-v" "/var/lib/crater-agent-workspace/builds/worker-2-tc2/source:/opt/rustwide/workdir:ro,Z" "-v" "/var/lib/crater-agent-workspace/builds/worker-2-tc2/target:/opt/rustwide/target:rw,Z" "-v" "/var/lib/crater-agent-workspace/cargo-home:/opt/rustwide/cargo-home:ro,Z" "-v" "/var/lib/crater-agent-workspace/rustup-home:/opt/rustwide/rustup-home:ro,Z" "-m" "1610612736" "--network" "none" "ghcr.io/rust-lang/crates-build-env/linux@sha256:77db811e55d90add9212f6832c23229e3de5f1c1f9905e8cb07319ea15df73ac" "sleep" "infinity", kill_on_drop: false }`
[INFO] [stdout] 96e2478c0b0d219108131f3ffd09efa4c812bf846e312d60e33a6f5ed6368509
[INFO] running `Command { std: "docker" "start" "96e2478c0b0d219108131f3ffd09efa4c812bf846e312d60e33a6f5ed6368509", kill_on_drop: false }`
[INFO] running `Command { std: "docker" "inspect" "96e2478c0b0d219108131f3ffd09efa4c812bf846e312d60e33a6f5ed6368509", kill_on_drop: false }`
[INFO] running `Command { std: "docker" "exec" "-e" "SOURCE_DIR=/opt/rustwide/workdir" "-e" "CARGO_HOME=/opt/rustwide/cargo-home" "-e" "RUSTUP_HOME=/opt/rustwide/rustup-home" "-e" "CARGO_TARGET_DIR=/opt/rustwide/target" "-w" "/opt/rustwide/workdir" "--user" "0:0" "96e2478c0b0d219108131f3ffd09efa4c812bf846e312d60e33a6f5ed6368509" "/opt/rustwide/cargo-home/bin/cargo" "+1.100.0-beta.1" "metadata" "--no-deps" "--format-version=1", kill_on_drop: false }`
[INFO] running `Command { std: "docker" "inspect" "96e2478c0b0d219108131f3ffd09efa4c812bf846e312d60e33a6f5ed6368509", kill_on_drop: false }`
[INFO] running `Command { std: "docker" "exec" "-e" "SOURCE_DIR=/opt/rustwide/workdir" "-e" "CARGO_HOME=/opt/rustwide/cargo-home" "-e" "RUSTUP_HOME=/opt/rustwide/rustup-home" "-e" "CARGO_TARGET_DIR=/opt/rustwide/target" "-e" "CARGO_INCREMENTAL=0" "-e" "RUST_BACKTRACE=full" "-e" "RUSTFLAGS=--cap-lints=warn" "-e" "RUSTDOCFLAGS=--cap-lints=warn" "-w" "/opt/rustwide/workdir" "--user" "0:0" "96e2478c0b0d219108131f3ffd09efa4c812bf846e312d60e33a6f5ed6368509" "/opt/rustwide/cargo-home/bin/cargo" "+1.100.0-beta.1" "build" "--frozen" "--message-format=json" "--release", kill_on_drop: false }`
[INFO] [stderr]    Compiling libc v0.2.190
[INFO] [stderr]    Compiling aws-lc-rs v1.18.2
[INFO] [stderr]    Compiling smallvec v1.16.3
[INFO] [stderr]    Compiling syn v3.0.9
[INFO] [stderr]    Compiling rustls-pki-types v1.15.1
[INFO] [stderr]    Compiling tracing-attributes v0.1.31
[INFO] [stderr]    Compiling futures-core v0.3.34
[INFO] [stderr]    Compiling futures-sink v0.3.34
[INFO] [stderr]    Compiling chacha20 v0.10.2
[INFO] [stderr]    Compiling universal-hash v0.5.1
[INFO] [stderr]    Compiling portable-atomic v1.15.0
[INFO] [stderr]    Compiling rustls v0.23.46
[INFO] [stderr]    Compiling tokio v1.53.3
[INFO] [stderr]    Compiling percent-encoding v2.3.2
[INFO] [stderr]    Compiling derive_more-impl v2.1.1
[INFO] [stderr]    Compiling num_enum_derive v0.7.6
[INFO] [stderr]    Compiling polyval v0.6.2
[INFO] [stderr]    Compiling aes v0.8.4
[INFO] [stderr]    Compiling futures-channel v0.3.34
[INFO] [stderr]    Compiling ctr v0.9.2
[INFO] [stderr]    Compiling form_urlencoded v1.2.2
[INFO] [stderr]    Compiling ghash v0.5.1
[INFO] [stderr]    Compiling aead v0.5.2
[INFO] [stderr]    Compiling io-uring v0.7.15
[INFO] [stderr]    Compiling siphasher v1.0.4
[INFO] [stderr]    Compiling kio v0.6.2
[INFO] [stderr]    Compiling web-transport-trait v0.4.0
[INFO] [stderr]    Compiling rand_pcg v0.10.2
[INFO] [stderr]    Compiling identity-hash v0.1.0
[INFO] [stderr]    Compiling lru-slab v0.1.3
[INFO] [stderr]    Compiling sorted-index-buffer v0.2.1
[INFO] [stderr]    Compiling arrayvec v0.7.8
[INFO] [stderr]    Compiling rustc-hash v2.1.3
[INFO] [stderr]    Compiling rustls-native-certs v0.8.5
[INFO] [stderr]    Compiling aes-gcm v0.10.3
[INFO] [stderr]    Compiling num_enum v0.7.6
[INFO] [stderr]    Compiling fastbloom v0.17.0
[INFO] [stderr]    Compiling tracing v0.1.44
[INFO] [stderr]    Compiling jobserver v0.1.35
[INFO] [stderr]    Compiling cc v1.8.0
[INFO] [stderr]    Compiling getrandom v0.4.3
[INFO] [stderr]    Compiling num_cpus v1.17.0
[INFO] [stderr]    Compiling socket2 v0.6.5
[INFO] [stderr]    Compiling core_affinity v0.8.3
[INFO] [stderr]    Compiling rand v0.10.3
[INFO] [stderr]    Compiling derive_more v2.1.1
[INFO] [stderr]    Compiling cmake v0.1.58
[INFO] [stderr]    Compiling aws-lc-sys v0.46.0
[INFO] [stderr]    Compiling web-async v0.1.5
[INFO] [stderr]    Compiling synstructure v0.14.0
[INFO] [stderr]    Compiling zerovec-derive v0.11.6
[INFO] [stderr]    Compiling displaydoc v0.2.7
[INFO] [stderr]    Compiling thiserror-impl v2.0.21
[INFO] [stderr]    Compiling futures-macro v0.3.34
[INFO] [stderr]    Compiling ref-cast-impl v1.0.27
[INFO] [stderr]    Compiling serde_derive v1.0.229
[INFO] [stderr]    Compiling enum-assoc v1.4.1
[INFO] [stderr]    Compiling zerofrom-derive v0.1.8
[INFO] [stderr]    Compiling yoke-derive v0.8.4
[INFO] [stderr]    Compiling ref-cast v1.0.27
[INFO] [stderr]    Compiling sfv v0.15.0
[INFO] [stderr]    Compiling futures-util v0.3.34
[INFO] [stderr]    Compiling thiserror v2.0.21
[INFO] [stderr]    Compiling moq-sock v0.2.0
[INFO] [stderr]    Compiling zerofrom v0.1.8
[INFO] [stderr]    Compiling yoke v0.8.3
[INFO] [stderr]    Compiling zerovec v0.11.8
[INFO] [stderr]    Compiling zerotrie v0.2.5
[INFO] [stderr]    Compiling tinystr v0.8.4
[INFO] [stderr]    Compiling icu_locale_core v2.3.0
[INFO] [stderr]    Compiling potential_utf v0.1.6
[INFO] [stderr]    Compiling icu_collections v2.3.0
[INFO] [stderr]    Compiling serde v1.0.229
[INFO] [stderr]    Compiling moq-pattern v0.1.2
[INFO] [stderr]    Compiling icu_provider v2.3.1
[INFO] [stderr]    Compiling futures-executor v0.3.34
[INFO] [stderr]    Compiling icu_properties v2.3.0
[INFO] [stderr]    Compiling icu_normalizer v2.3.0
[INFO] [stderr]    Compiling futures v0.3.34
[INFO] [stderr]    Compiling moq-net v0.3.13
[INFO] [stderr]    Compiling idna_adapter v1.2.2
[INFO] [stderr]    Compiling idna v1.1.0
[INFO] [stderr]    Compiling url v2.5.8
[INFO] [stderr]    Compiling web-transport-proto v0.6.2
[INFO] [stderr]    Compiling rustls-webpki v0.103.15
[INFO] [stderr]    Compiling rustls-platform-verifier v0.7.1
[INFO] [stderr]    Compiling moq-noq-proto v1.3.5
[INFO] [stderr]    Compiling moq-uring v0.0.15 (/opt/rustwide/workdir)
[INFO] [stderr]     Finished `release` profile [optimized] target(s) in 2m 12s
[INFO] running `Command { std: "docker" "inspect" "96e2478c0b0d219108131f3ffd09efa4c812bf846e312d60e33a6f5ed6368509", kill_on_drop: false }`
[INFO] running `Command { std: "docker" "exec" "-e" "SOURCE_DIR=/opt/rustwide/workdir" "-e" "CARGO_HOME=/opt/rustwide/cargo-home" "-e" "RUSTUP_HOME=/opt/rustwide/rustup-home" "-e" "CARGO_TARGET_DIR=/opt/rustwide/target" "-e" "CARGO_INCREMENTAL=0" "-e" "RUST_BACKTRACE=full" "-e" "RUSTFLAGS=--cap-lints=warn" "-e" "RUSTDOCFLAGS=--cap-lints=warn" "-w" "/opt/rustwide/workdir" "--user" "0:0" "96e2478c0b0d219108131f3ffd09efa4c812bf846e312d60e33a6f5ed6368509" "/opt/rustwide/cargo-home/bin/cargo" "+1.100.0-beta.1" "test" "--frozen" "--no-run" "--message-format=json" "--release", kill_on_drop: false }`
[INFO] [stderr]    Compiling libc v0.2.190
[INFO] [stderr]    Compiling tokio-macros v2.7.2
[INFO] [stderr]    Compiling serde v1.0.229
[INFO] [stderr]    Compiling zerocopy v0.8.63
[INFO] [stderr]    Compiling futures-util v0.3.34
[INFO] [stderr]    Compiling zerocopy-derive v0.8.63
[INFO] [stderr]    Compiling moq-noq-udp v1.3.5
[INFO] [stderr]    Compiling either v1.19.0
[INFO] [stderr]    Compiling alloca v0.4.0
[INFO] [stderr]    Compiling moq-noq v1.3.5
[INFO] [stderr]    Compiling clap_lex v1.1.1
[INFO] [stderr]    Compiling time v0.3.55
[INFO] [stderr]    Compiling serde_json v1.0.154
[INFO] [stderr]    Compiling nix v0.31.3
[INFO] [stderr]    Compiling base64 v0.23.1
[INFO] [stderr]    Compiling kio v0.5.9
[INFO] [stderr]    Compiling clap_builder v4.6.7
[INFO] [stderr]    Compiling pem v4.0.0
[INFO] [stderr]    Compiling itertools v0.13.0
[INFO] [stderr]    Compiling rayon v1.12.0
[INFO] [stderr]    Compiling yasna v0.6.0
[INFO] [stderr]    Compiling moq-pattern v0.1.2
[INFO] [stderr]    Compiling tinytemplate v1.2.1
[INFO] [stderr]    Compiling rcgen v0.14.10
[INFO] [stderr]    Compiling socket2 v0.6.5
[INFO] [stderr]    Compiling mio v1.2.4
[INFO] [stderr]    Compiling getrandom v0.4.3
[INFO] [stderr]    Compiling num_cpus v1.17.0
[INFO] [stderr]    Compiling io-uring v0.7.15
[INFO] [stderr]    Compiling page_size v0.6.0
[INFO] [stderr]    Compiling rand v0.10.3
[INFO] [stderr]    Compiling core_affinity v0.8.3
[INFO] [stderr]    Compiling criterion-plot v0.8.2
[INFO] [stderr]    Compiling tempfile v3.27.0
[INFO] [stderr]    Compiling clap v4.6.7
[INFO] [stderr]    Compiling tokio v1.53.3
[INFO] [stderr]    Compiling moq-noq-proto v1.3.5
[INFO] [stderr]    Compiling moq-sock v0.2.0
[INFO] [stderr]    Compiling futures-executor v0.3.34
[INFO] [stderr]    Compiling futures v0.3.34
[INFO] [stderr]    Compiling half v2.7.1
[INFO] [stderr]    Compiling ciborium-ll v0.2.2
[INFO] [stderr]    Compiling ciborium v0.2.2
[INFO] [stderr]    Compiling criterion v0.8.2
[INFO] [stderr]    Compiling tokio-util v0.7.20
[INFO] [stderr]    Compiling web-transport-proto v0.6.2
[INFO] [stderr]    Compiling web-async v0.1.5
[INFO] [stderr]    Compiling moq-net v0.3.13
[INFO] [stderr]    Compiling tokio-stream v0.1.19
[INFO] [stderr]    Compiling web-transport-moq v1.3.5
[INFO] [stderr]    Compiling moq-uring v0.0.15 (/opt/rustwide/workdir)
[INFO] [stdout] error[E0433]: cannot find `ClientBuilder` in `web_transport_moq`
[INFO] [stdout]   --> tests/echo.rs:77:36
[INFO] [stdout]    |
[INFO] [stdout] 77 |             let client = web_transport_moq::ClientBuilder::new()
[INFO] [stdout]    |                                             ^^^^^^^^^^^^^ could not find `ClientBuilder` in `web_transport_moq`
[INFO] [stdout] 
[INFO] [stdout] 
[INFO] [stdout] error[E0433]: cannot find `ClientBuilder` in `web_transport_moq`
[INFO] [stdout]   --> tests/web.rs:60:36
[INFO] [stdout]    |
[INFO] [stdout] 60 |             let client = web_transport_moq::ClientBuilder::new()
[INFO] [stdout]    |                                             ^^^^^^^^^^^^^ could not find `ClientBuilder` in `web_transport_moq`
[INFO] [stdout] 
[INFO] [stdout] 
[INFO] [stdout] error[E0433]: cannot find module or crate `moq_tokio` in this scope
[INFO] [stdout]    --> tests/web.rs:242:46
[INFO] [stdout]     |
[INFO] [stdout] 242 |                 .connect_lite(std::time::Instant::now(), moq_tokio::transport::Session::new(session))
[INFO] [stdout]     |                                                          ^^^^^^^^^ use of unresolved module or unlinked crate `moq_tokio`
[INFO] [stdout]     |
[INFO] [stdout]     = help: if you wanted to use a crate named `moq_tokio`, use `cargo add moq_tokio` to add it to your `Cargo.toml`
[INFO] [stdout] 
[INFO] [stdout] 
[INFO] [stdout] error[E0433]: cannot find `ClientBuilder` in `web_transport_moq`
[INFO] [stdout]    --> tests/web.rs:333:36
[INFO] [stdout]     |
[INFO] [stdout] 333 |             let client = web_transport_moq::ClientBuilder::new()
[INFO] [stdout]     |                                             ^^^^^^^^^^^^^ could not find `ClientBuilder` in `web_transport_moq`
[INFO] [stdout] 
[INFO] [stdout] 
[INFO] [stdout] For more information about this error, try `rustc --explain E0433`.
[INFO] [stdout] 
[INFO] [stderr] error: could not compile `moq-uring` (test "echo") due to 1 previous error
[INFO] [stderr] warning: build failed, waiting for other jobs to finish...
[INFO] [stdout] For more information about this error, try `rustc --explain E0433`.
[INFO] [stdout] 
[INFO] [stderr] error: could not compile `moq-uring` (test "web") due to 3 previous errors
[INFO] running `Command { std: "docker" "inspect" "96e2478c0b0d219108131f3ffd09efa4c812bf846e312d60e33a6f5ed6368509", kill_on_drop: false }`
[INFO] running `Command { std: "docker" "rm" "-f" "96e2478c0b0d219108131f3ffd09efa4c812bf846e312d60e33a6f5ed6368509", kill_on_drop: false }`
[INFO] [stdout] 96e2478c0b0d219108131f3ffd09efa4c812bf846e312d60e33a6f5ed6368509
