[INFO] fetching crate moosicbox_remote_library 0.4.0...
[INFO] testing moosicbox_remote_library-0.4.0 against 1.99.0-beta.8+cargoflags=--release for beta-release-1.100-2
[INFO] extracting crate moosicbox_remote_library 0.4.0 into /workspace/builds/worker-1-tc1/source
[INFO] started tweaking crates.io crate moosicbox_remote_library 0.4.0
[INFO] finished tweaking crates.io crate moosicbox_remote_library 0.4.0
[INFO] tweaked toml for crates.io crate moosicbox_remote_library 0.4.0 written to /workspace/builds/worker-1-tc1/source/Cargo.toml
[INFO] validating manifest of crates.io crate moosicbox_remote_library 0.4.0 on toolchain 1.99.0-beta.8
[INFO] running `Command { std: CARGO_HOME="/workspace/cargo-home" RUSTUP_HOME="/workspace/rustup-home" "/workspace/cargo-home/bin/cargo" "+1.99.0-beta.8" "metadata" "--manifest-path" "Cargo.toml" "--no-deps", kill_on_drop: false }`
[INFO] crate crates.io crate moosicbox_remote_library 0.4.0 already has a lockfile, it will not be regenerated
[INFO] running `Command { std: CARGO_HOME="/workspace/cargo-home" RUSTUP_HOME="/workspace/rustup-home" "/workspace/cargo-home/bin/cargo" "+1.99.0-beta.8" "fetch" "--manifest-path" "Cargo.toml", kill_on_drop: false }`
[INFO] running `Command { std: "docker" "create" "-v" "/var/lib/crater-agent-workspace/builds/worker-1-tc1/source:/opt/rustwide/workdir:ro,Z" "-v" "/var/lib/crater-agent-workspace/builds/worker-1-tc1/target:/opt/rustwide/target:rw,Z" "-v" "/var/lib/crater-agent-workspace/cargo-home:/opt/rustwide/cargo-home:ro,Z" "-v" "/var/lib/crater-agent-workspace/rustup-home:/opt/rustwide/rustup-home:ro,Z" "-m" "1610612736" "--network" "none" "ghcr.io/rust-lang/crates-build-env/linux@sha256:77db811e55d90add9212f6832c23229e3de5f1c1f9905e8cb07319ea15df73ac" "sleep" "infinity", kill_on_drop: false }`
[INFO] [stdout] cb78f58e729941e9bf0fa38e531c525746e5bdc716a09337e7c681662e7e0656
[INFO] running `Command { std: "docker" "start" "cb78f58e729941e9bf0fa38e531c525746e5bdc716a09337e7c681662e7e0656", kill_on_drop: false }`
[INFO] running `Command { std: "docker" "inspect" "cb78f58e729941e9bf0fa38e531c525746e5bdc716a09337e7c681662e7e0656", kill_on_drop: false }`
[INFO] running `Command { std: "docker" "exec" "-e" "SOURCE_DIR=/opt/rustwide/workdir" "-e" "CARGO_HOME=/opt/rustwide/cargo-home" "-e" "RUSTUP_HOME=/opt/rustwide/rustup-home" "-e" "CARGO_TARGET_DIR=/opt/rustwide/target" "-w" "/opt/rustwide/workdir" "--user" "0:0" "cb78f58e729941e9bf0fa38e531c525746e5bdc716a09337e7c681662e7e0656" "/opt/rustwide/cargo-home/bin/cargo" "+1.99.0-beta.8" "metadata" "--no-deps" "--format-version=1", kill_on_drop: false }`
[INFO] running `Command { std: "docker" "inspect" "cb78f58e729941e9bf0fa38e531c525746e5bdc716a09337e7c681662e7e0656", kill_on_drop: false }`
[INFO] running `Command { std: "docker" "exec" "-e" "SOURCE_DIR=/opt/rustwide/workdir" "-e" "CARGO_HOME=/opt/rustwide/cargo-home" "-e" "RUSTUP_HOME=/opt/rustwide/rustup-home" "-e" "CARGO_TARGET_DIR=/opt/rustwide/target" "-e" "CARGO_INCREMENTAL=0" "-e" "RUST_BACKTRACE=full" "-e" "RUSTFLAGS=--cap-lints=warn" "-e" "RUSTDOCFLAGS=--cap-lints=warn" "-w" "/opt/rustwide/workdir" "--user" "0:0" "cb78f58e729941e9bf0fa38e531c525746e5bdc716a09337e7c681662e7e0656" "/opt/rustwide/cargo-home/bin/cargo" "+1.99.0-beta.8" "build" "--frozen" "--message-format=json" "--release", kill_on_drop: false }`
[INFO] [stderr]    Compiling quote v1.0.46
[INFO] [stderr]    Compiling log v0.4.33
[INFO] [stderr]    Compiling stable_deref_trait v1.2.1
[INFO] [stderr]    Compiling bytes v1.12.0
[INFO] [stderr]    Compiling cc v1.2.65
[INFO] [stderr]    Compiling time-macros v0.2.31
[INFO] [stderr]    Compiling deranged v0.5.8
[INFO] [stderr]    Compiling zstd-safe v7.2.4
[INFO] [stderr]    Compiling zerocopy v0.8.52
[INFO] [stderr]    Compiling serde_json v1.0.150
[INFO] [stderr]    Compiling mio v1.2.1
[INFO] [stderr]    Compiling syn v2.0.118
[INFO] [stderr]    Compiling getrandom v0.4.3
[INFO] [stderr]    Compiling tokio v1.52.3
[INFO] [stderr]    Compiling cmake v0.1.58
[INFO] [stderr]    Compiling getrandom v0.2.17
[INFO] [stderr]    Compiling aho-corasick v1.1.4
[INFO] [stderr]    Compiling fastrand v2.4.1
[INFO] [stderr]    Compiling zstd-sys v2.0.16+zstd.1.5.7
[INFO] [stderr]    Compiling time v0.3.53
[INFO] [stderr]    Compiling aws-lc-sys v0.42.0
[INFO] [stderr]    Compiling rand_core v0.6.4
[INFO] [stderr]    Compiling regex-automata v0.4.14
[INFO] [stderr]    Compiling synstructure v0.13.2
[INFO] [stderr]    Compiling ppv-lite86 v0.2.21
[INFO] [stderr]    Compiling tokio-util v0.7.18
[INFO] [stderr]    Compiling serde_derive v1.0.228
[INFO] [stderr]    Compiling futures-macro v0.3.32
[INFO] [stderr]    Compiling futures-util v0.3.32
[INFO] [stderr]    Compiling zerofrom-derive v0.1.7
[INFO] [stderr]    Compiling yoke-derive v0.8.2
[INFO] [stderr]    Compiling zerofrom v0.1.8
[INFO] [stderr]    Compiling zerovec-derive v0.11.3
[INFO] [stderr]    Compiling yoke v0.8.3
[INFO] [stderr]    Compiling displaydoc v0.2.6
[INFO] [stderr]    Compiling zerovec v0.11.6
[INFO] [stderr]    Compiling serde v1.0.228
[INFO] [stderr]    Compiling tracing-attributes v0.1.31
[INFO] [stderr]    Compiling tinystr v0.8.3
[INFO] [stderr]    Compiling icu_locale_core v2.2.0
[INFO] [stderr]    Compiling potential_utf v0.1.5
[INFO] [stderr]    Compiling zerotrie v0.2.4
[INFO] [stderr]    Compiling tracing v0.1.44
[INFO] [stderr]    Compiling icu_collections v2.2.0
[INFO] [stderr]    Compiling thiserror-impl v2.0.18
[INFO] [stderr]    Compiling async-trait v0.1.89
[INFO] [stderr]    Compiling icu_provider v2.2.0
[INFO] [stderr]    Compiling icu_normalizer v2.2.0
[INFO] [stderr]    Compiling thiserror v2.0.18
[INFO] [stderr]    Compiling icu_properties v2.2.0
[INFO] [stderr]    Compiling aws-lc-rs v1.17.1
[INFO] [stderr]    Compiling darling_core v0.23.0
[INFO] [stderr]    Compiling hybrid-array v0.4.13
[INFO] [stderr]    Compiling rand_chacha v0.3.1
[INFO] [stderr]    Compiling regex v1.12.4
[INFO] [stderr]    Compiling ownedbytes v0.9.0
[INFO] [stderr]    Compiling idna_adapter v1.2.2
[INFO] [stderr]    Compiling idna v1.1.0
[INFO] [stderr]    Compiling either v1.16.0
[INFO] [stderr]    Compiling url v2.5.8
[INFO] [stderr]    Compiling tantivy-common v0.10.0
[INFO] [stderr]    Compiling rand v0.8.5
[INFO] [stderr]    Compiling bitpacking v0.9.3
[INFO] [stderr]    Compiling darling_macro v0.23.0
[INFO] [stderr]    Compiling rustls-pki-types v1.15.0
[INFO] [stderr]    Compiling http v1.4.2
[INFO] [stderr]    Compiling local-waker v0.1.4
[INFO] [stderr]    Compiling moosicbox_env_utils v0.4.0
[INFO] [stderr]    Compiling utf8-ranges v1.0.5
[INFO] [stderr]    Compiling colored v3.1.1
[INFO] [stderr]    Compiling rustix v1.1.4
[INFO] [stderr]    Compiling chrono v0.4.45
[INFO] [stderr]    Compiling moosicbox_assert v0.4.0
[INFO] [stderr]    Compiling serde_urlencoded v0.7.1
[INFO] [stderr]    Compiling http-body v1.0.1
[INFO] [stderr]    Compiling alloc-stdlib v0.2.4
[INFO] [stderr]    Compiling tantivy-fst v0.5.0
[INFO] [stderr]    Compiling rand_distr v0.4.3
[INFO] [stderr]    Compiling darling v0.23.0
[INFO] [stderr]    Compiling prettyplease v0.2.37
[INFO] [stderr]    Compiling itertools v0.14.0
[INFO] [stderr]    Compiling block-buffer v0.12.1
[INFO] [stderr]    Compiling crypto-common v0.2.2
[INFO] [stderr]    Compiling http v0.2.12
[INFO] [stderr]    Compiling murmurhash32 v0.3.1
[INFO] [stderr]    Compiling pin-project-lite v0.2.17
[INFO] [stderr]    Compiling tracing-core v0.1.36
[INFO] [stderr]    Compiling rustls v0.23.41
[INFO] [stderr]    Compiling derive_more-impl v2.1.1
[INFO] [stderr]    Compiling strum_macros v0.28.0
[INFO] [stderr]    Compiling bytestring v1.5.1
[INFO] [stderr]    Compiling digest v0.11.3
[INFO] [stderr]    Compiling nom v7.1.3
[INFO] [stderr]    Compiling hashbrown v0.15.5
[INFO] [stderr]    Compiling tantivy-stacker v0.6.0
[INFO] [stderr]    Compiling cookie v0.16.2
[INFO] [stderr]    Compiling bon-macros v3.9.3
[INFO] [stderr]    Compiling brotli-decompressor v5.0.3
[INFO] [stderr]    Compiling actix-utils v3.0.1
[INFO] [stderr]    Compiling futures-executor v0.3.32
[INFO] [stderr]    Compiling actix-rt v2.11.0
[INFO] [stderr]    Compiling actix-service v2.0.3
[INFO] [stderr]    Compiling downcast-rs v2.0.2
[INFO] [stderr]    Compiling regex-lite v0.1.9
[INFO] [stderr]    Compiling fastdivide v0.4.2
[INFO] [stderr]    Compiling flume v0.12.0
[INFO] [stderr]    Compiling actix-router v0.5.4
[INFO] [stderr]    Compiling derive_more v2.1.1
[INFO] [stderr]    Compiling tantivy-query-grammar v0.25.0
[INFO] [stderr]    Compiling brotli v8.0.4
[INFO] [stderr]    Compiling bon v3.9.3
[INFO] [stderr]    Compiling futures v0.3.32
[INFO] [stderr]    Compiling rand v0.10.2
[INFO] [stderr]    Compiling strum v0.28.0
[INFO] [stderr]    Compiling rayon v1.12.0
[INFO] [stderr]    Compiling lru v0.12.5
[INFO] [stderr]    Compiling sha1 v0.11.0
[INFO] [stderr]    Compiling tantivy-bitpacker v0.9.0
[INFO] [stderr]    Compiling h2 v0.3.27
[INFO] [stderr]    Compiling tempfile v3.27.0
[INFO] [stderr]    Compiling fs4 v0.13.1
[INFO] [stderr]    Compiling local-channel v0.1.5
[INFO] [stderr]    Compiling arc-swap v1.9.2
[INFO] [stderr]    Compiling actix-codec v0.5.2
[INFO] [stderr]    Compiling rust-stemmers v1.2.0
[INFO] [stderr]    Compiling hyperloglogplus v0.4.1
[INFO] [stderr]    Compiling tantivy-tokenizer-api v0.6.0
[INFO] [stderr]    Compiling sketches-ddsketch v0.3.1
[INFO] [stderr]    Compiling uuid v1.23.4
[INFO] [stderr]    Compiling measure_time v0.9.0
[INFO] [stderr]    Compiling socket2 v0.5.10
[INFO] [stderr]    Compiling memmap2 v0.9.11
[INFO] [stderr]    Compiling census v0.4.2
[INFO] [stderr]    Compiling levenshtein_automata v0.2.1
[INFO] [stderr]    Compiling language-tags v0.3.2
[INFO] [stderr]    Compiling oneshot v0.1.13
[INFO] [stderr]    Compiling htmlescape v0.3.1
[INFO] [stderr]    Compiling lz4_flex v0.11.6
[INFO] [stderr]    Compiling switchy_async v0.4.0
[INFO] [stderr]    Compiling hyper v1.10.1
[INFO] [stderr]    Compiling actix-server v2.6.0
[INFO] [stderr]    Compiling actix-web-codegen v4.3.0
[INFO] [stderr]    Compiling actix-macros v0.2.4
[INFO] [stderr]    Compiling impl-more v0.3.1
[INFO] [stderr]    Compiling hyper-util v0.1.20
[INFO] [stderr]    Compiling tower v0.5.3
[INFO] [stderr]    Compiling rustls-native-certs v0.8.4
[INFO] [stderr]    Compiling moosicbox_date_utils v0.4.0
[INFO] [stderr]    Compiling moosicbox_parsing_utils v0.4.0
[INFO] [stderr]    Compiling tower-http v0.6.11
[INFO] [stderr]    Compiling switchy_time v0.4.0
[INFO] [stderr]    Compiling http-body-util v0.1.3
[INFO] [stderr]    Compiling moosicbox_paging v0.4.0
[INFO] [stderr]    Compiling zstd v0.13.3
[INFO] [stderr]    Compiling tantivy-sstable v0.6.0
[INFO] [stderr]    Compiling actix-http v3.13.1
[INFO] [stderr]    Compiling tantivy-columnar v0.6.0
[INFO] [stderr]    Compiling tantivy v0.25.0
[INFO] [stderr]    Compiling actix-web v4.14.0
[INFO] [stderr]    Compiling moosicbox_profiles v0.4.0
[INFO] [stderr]    Compiling switchy_database v0.4.0
[INFO] [stderr]    Compiling rustls-webpki v0.103.13
[INFO] [stderr]    Compiling moosicbox_json_utils v0.4.0
[INFO] [stderr]    Compiling moosicbox_music_models v0.4.0
[INFO] [stderr]    Compiling moosicbox_music_api_models v0.4.0
[INFO] [stderr]    Compiling moosicbox_menu_models v0.4.0
[INFO] [stderr]    Compiling moosicbox_music_api v0.4.0
[INFO] [stderr]    Compiling tokio-rustls v0.26.4
[INFO] [stderr]    Compiling rustls-platform-verifier v0.7.0
[INFO] [stderr]    Compiling hyper-rustls v0.27.9
[INFO] [stderr]    Compiling reqwest v0.13.4
[INFO] [stderr]    Compiling switchy_http_models v0.4.0
[INFO] [stderr]    Compiling switchy_http v0.4.0
[INFO] [stderr]    Compiling moosicbox_remote_library v0.4.0 (/opt/rustwide/workdir)
[INFO] [stderr]     Finished `release` profile [optimized] target(s) in 9m 32s
[INFO] running `Command { std: "docker" "inspect" "cb78f58e729941e9bf0fa38e531c525746e5bdc716a09337e7c681662e7e0656", kill_on_drop: false }`
[INFO] running `Command { std: "docker" "exec" "-e" "SOURCE_DIR=/opt/rustwide/workdir" "-e" "CARGO_HOME=/opt/rustwide/cargo-home" "-e" "RUSTUP_HOME=/opt/rustwide/rustup-home" "-e" "CARGO_TARGET_DIR=/opt/rustwide/target" "-e" "CARGO_INCREMENTAL=0" "-e" "RUST_BACKTRACE=full" "-e" "RUSTFLAGS=--cap-lints=warn" "-e" "RUSTDOCFLAGS=--cap-lints=warn" "-w" "/opt/rustwide/workdir" "--user" "0:0" "cb78f58e729941e9bf0fa38e531c525746e5bdc716a09337e7c681662e7e0656" "/opt/rustwide/cargo-home/bin/cargo" "+1.99.0-beta.8" "test" "--frozen" "--no-run" "--message-format=json" "--release", kill_on_drop: false }`
[INFO] [stderr]    Compiling moosicbox_remote_library v0.4.0 (/opt/rustwide/workdir)
[INFO] [stdout] error[E0433]: cannot find module or crate `test_log` in this scope
[INFO] [stdout]     --> src/lib.rs:1041:7
[INFO] [stdout]      |
[INFO] [stdout] 1041 |     #[test_log::test]
[INFO] [stdout]      |       ^^^^^^^^ use of unresolved module or unlinked crate `test_log`
[INFO] [stdout] 
[INFO] [stdout] 
[INFO] [stdout] error[E0433]: cannot find module or crate `test_log` in this scope
[INFO] [stdout]     --> src/lib.rs:1054:7
[INFO] [stdout]      |
[INFO] [stdout] 1054 |     #[test_log::test]
[INFO] [stdout]      |       ^^^^^^^^ use of unresolved module or unlinked crate `test_log`
[INFO] [stdout] 
[INFO] [stdout] 
[INFO] [stdout] error[E0433]: cannot find module or crate `test_log` in this scope
[INFO] [stdout]     --> src/lib.rs:1062:7
[INFO] [stdout]      |
[INFO] [stdout] 1062 |     #[test_log::test]
[INFO] [stdout]      |       ^^^^^^^^ use of unresolved module or unlinked crate `test_log`
[INFO] [stdout] 
[INFO] [stdout] 
[INFO] [stdout] error[E0433]: cannot find module or crate `test_log` in this scope
[INFO] [stdout]     --> src/lib.rs:1069:7
[INFO] [stdout]      |
[INFO] [stdout] 1069 |     #[test_log::test(switchy_async::test)]
[INFO] [stdout]      |       ^^^^^^^^ use of unresolved module or unlinked crate `test_log`
[INFO] [stdout] 
[INFO] [stdout] 
[INFO] [stdout] error[E0433]: cannot find module or crate `test_log` in this scope
[INFO] [stdout]     --> src/lib.rs:1085:7
[INFO] [stdout]      |
[INFO] [stdout] 1085 |     #[test_log::test(switchy_async::test)]
[INFO] [stdout]      |       ^^^^^^^^ use of unresolved module or unlinked crate `test_log`
[INFO] [stdout] 
[INFO] [stdout] 
[INFO] [stdout] error[E0433]: cannot find module or crate `test_log` in this scope
[INFO] [stdout]     --> src/lib.rs:1101:7
[INFO] [stdout]      |
[INFO] [stdout] 1101 |     #[test_log::test(switchy_async::test)]
[INFO] [stdout]      |       ^^^^^^^^ use of unresolved module or unlinked crate `test_log`
[INFO] [stdout] 
[INFO] [stdout] 
[INFO] [stdout] error[E0433]: cannot find module or crate `test_log` in this scope
[INFO] [stdout]     --> src/lib.rs:1117:7
[INFO] [stdout]      |
[INFO] [stdout] 1117 |     #[test_log::test(switchy_async::test)]
[INFO] [stdout]      |       ^^^^^^^^ use of unresolved module or unlinked crate `test_log`
[INFO] [stdout] 
[INFO] [stdout] 
[INFO] [stdout] error[E0433]: cannot find module or crate `test_log` in this scope
[INFO] [stdout]     --> src/lib.rs:1133:7
[INFO] [stdout]      |
[INFO] [stdout] 1133 |     #[test_log::test(switchy_async::test)]
[INFO] [stdout]      |       ^^^^^^^^ use of unresolved module or unlinked crate `test_log`
[INFO] [stdout] 
[INFO] [stdout] 
[INFO] [stdout] error[E0433]: cannot find module or crate `test_log` in this scope
[INFO] [stdout]     --> src/lib.rs:1149:7
[INFO] [stdout]      |
[INFO] [stdout] 1149 |     #[test_log::test(switchy_async::test)]
[INFO] [stdout]      |       ^^^^^^^^ use of unresolved module or unlinked crate `test_log`
[INFO] [stdout] 
[INFO] [stdout] 
[INFO] [stdout] error[E0433]: cannot find module or crate `test_log` in this scope
[INFO] [stdout]     --> src/lib.rs:1165:7
[INFO] [stdout]      |
[INFO] [stdout] 1165 |     #[test_log::test(switchy_async::test)]
[INFO] [stdout]      |       ^^^^^^^^ use of unresolved module or unlinked crate `test_log`
[INFO] [stdout] 
[INFO] [stdout] 
[INFO] [stdout] error[E0433]: cannot find module or crate `test_log` in this scope
[INFO] [stdout]     --> src/lib.rs:1191:7
[INFO] [stdout]      |
[INFO] [stdout] 1191 |     #[test_log::test(switchy_async::test)]
[INFO] [stdout]      |       ^^^^^^^^ use of unresolved module or unlinked crate `test_log`
[INFO] [stdout] 
[INFO] [stdout] 
[INFO] [stdout] For more information about this error, try `rustc --explain E0433`.
[INFO] [stdout] 
[INFO] [stderr] error: could not compile `moosicbox_remote_library` (lib test) due to 11 previous errors
[INFO] running `Command { std: "docker" "inspect" "cb78f58e729941e9bf0fa38e531c525746e5bdc716a09337e7c681662e7e0656", kill_on_drop: false }`
[INFO] running `Command { std: "docker" "rm" "-f" "cb78f58e729941e9bf0fa38e531c525746e5bdc716a09337e7c681662e7e0656", kill_on_drop: false }`
[INFO] [stdout] cb78f58e729941e9bf0fa38e531c525746e5bdc716a09337e7c681662e7e0656
