[INFO] fetching crate moosicbox_profiles 0.4.0...
[INFO] testing moosicbox_profiles-0.4.0 against 1.100.0-beta.1+cargoflags=--release for beta-release-1.100-2
[INFO] extracting crate moosicbox_profiles 0.4.0 into /workspace/builds/worker-2-tc2/source
[INFO] started tweaking crates.io crate moosicbox_profiles 0.4.0
[INFO] finished tweaking crates.io crate moosicbox_profiles 0.4.0
[INFO] tweaked toml for crates.io crate moosicbox_profiles 0.4.0 written to /workspace/builds/worker-2-tc2/source/Cargo.toml
[INFO] validating manifest of crates.io crate moosicbox_profiles 0.4.0 on toolchain 1.100.0-beta.1
[INFO] running `Command { std: CARGO_HOME="/workspace/cargo-home" RUSTUP_HOME="/workspace/rustup-home" "/workspace/cargo-home/bin/cargo" "+1.100.0-beta.1" "metadata" "--manifest-path" "Cargo.toml" "--no-deps", kill_on_drop: false }`
[INFO] crate crates.io crate moosicbox_profiles 0.4.0 already has a lockfile, it will not be regenerated
[INFO] running `Command { std: CARGO_HOME="/workspace/cargo-home" RUSTUP_HOME="/workspace/rustup-home" "/workspace/cargo-home/bin/cargo" "+1.100.0-beta.1" "fetch" "--manifest-path" "Cargo.toml", kill_on_drop: false }`
[INFO] running `Command { std: "docker" "create" "-v" "/var/lib/crater-agent-workspace/builds/worker-2-tc2/source:/opt/rustwide/workdir:ro,Z" "-v" "/var/lib/crater-agent-workspace/builds/worker-2-tc2/target:/opt/rustwide/target:rw,Z" "-v" "/var/lib/crater-agent-workspace/cargo-home:/opt/rustwide/cargo-home:ro,Z" "-v" "/var/lib/crater-agent-workspace/rustup-home:/opt/rustwide/rustup-home:ro,Z" "-m" "1610612736" "--network" "none" "ghcr.io/rust-lang/crates-build-env/linux@sha256:77db811e55d90add9212f6832c23229e3de5f1c1f9905e8cb07319ea15df73ac" "sleep" "infinity", kill_on_drop: false }`
[INFO] [stdout] e0e95aa4ba84f489f43446497a496722b45a3aa4f40d32bdf40091385bf6e305
[INFO] running `Command { std: "docker" "start" "e0e95aa4ba84f489f43446497a496722b45a3aa4f40d32bdf40091385bf6e305", kill_on_drop: false }`
[INFO] running `Command { std: "docker" "inspect" "e0e95aa4ba84f489f43446497a496722b45a3aa4f40d32bdf40091385bf6e305", kill_on_drop: false }`
[INFO] running `Command { std: "docker" "exec" "-e" "SOURCE_DIR=/opt/rustwide/workdir" "-e" "CARGO_HOME=/opt/rustwide/cargo-home" "-e" "RUSTUP_HOME=/opt/rustwide/rustup-home" "-e" "CARGO_TARGET_DIR=/opt/rustwide/target" "-w" "/opt/rustwide/workdir" "--user" "0:0" "e0e95aa4ba84f489f43446497a496722b45a3aa4f40d32bdf40091385bf6e305" "/opt/rustwide/cargo-home/bin/cargo" "+1.100.0-beta.1" "metadata" "--no-deps" "--format-version=1", kill_on_drop: false }`
[INFO] running `Command { std: "docker" "inspect" "e0e95aa4ba84f489f43446497a496722b45a3aa4f40d32bdf40091385bf6e305", kill_on_drop: false }`
[INFO] running `Command { std: "docker" "exec" "-e" "SOURCE_DIR=/opt/rustwide/workdir" "-e" "CARGO_HOME=/opt/rustwide/cargo-home" "-e" "RUSTUP_HOME=/opt/rustwide/rustup-home" "-e" "CARGO_TARGET_DIR=/opt/rustwide/target" "-e" "CARGO_INCREMENTAL=0" "-e" "RUST_BACKTRACE=full" "-e" "RUSTFLAGS=--cap-lints=warn" "-e" "RUSTDOCFLAGS=--cap-lints=warn" "-w" "/opt/rustwide/workdir" "--user" "0:0" "e0e95aa4ba84f489f43446497a496722b45a3aa4f40d32bdf40091385bf6e305" "/opt/rustwide/cargo-home/bin/cargo" "+1.100.0-beta.1" "build" "--frozen" "--message-format=json" "--release", kill_on_drop: false }`
[INFO] [stderr]    Compiling smallvec v1.15.2
[INFO] [stderr]    Compiling log v0.4.33
[INFO] [stderr]    Compiling futures-channel v0.3.32
[INFO] [stderr]    Compiling futures-io v0.3.32
[INFO] [stderr]    Compiling syn v2.0.118
[INFO] [stderr]    Compiling hybrid-array v0.4.13
[INFO] [stderr]    Compiling local-waker v0.1.4
[INFO] [stderr]    Compiling unicode-segmentation v1.13.3
[INFO] [stderr]    Compiling cc v1.2.65
[INFO] [stderr]    Compiling alloc-no-stdlib v2.0.4
[INFO] [stderr]    Compiling http v0.2.12
[INFO] [stderr]    Compiling serde v1.0.228
[INFO] [stderr]    Compiling bytes v1.12.0
[INFO] [stderr]    Compiling tracing-core v0.1.36
[INFO] [stderr]    Compiling time-macros v0.2.31
[INFO] [stderr]    Compiling alloc-stdlib v0.2.4
[INFO] [stderr]    Compiling actix-utils v3.0.1
[INFO] [stderr]    Compiling mio v1.2.1
[INFO] [stderr]    Compiling brotli-decompressor v5.0.3
[INFO] [stderr]    Compiling cookie v0.16.2
[INFO] [stderr]    Compiling regex-automata v0.4.14
[INFO] [stderr]    Compiling parking_lot_core v0.9.12
[INFO] [stderr]    Compiling indexmap v2.14.0
[INFO] [stderr]    Compiling chacha20 v0.10.1
[INFO] [stderr]    Compiling bytestring v1.5.1
[INFO] [stderr]    Compiling actix-service v2.0.3
[INFO] [stderr]    Compiling parking_lot v0.12.5
[INFO] [stderr]    Compiling convert_case v0.10.0
[INFO] [stderr]    Compiling tracing v0.1.44
[INFO] [stderr]    Compiling regex-lite v0.1.9
[INFO] [stderr]    Compiling crypto-common v0.2.2
[INFO] [stderr]    Compiling block-buffer v0.12.1
[INFO] [stderr]    Compiling deranged v0.5.8
[INFO] [stderr]    Compiling rand v0.10.2
[INFO] [stderr]    Compiling tokio v1.52.3
[INFO] [stderr]    Compiling local-channel v0.1.5
[INFO] [stderr]    Compiling socket2 v0.5.10
[INFO] [stderr]    Compiling spin v0.9.8
[INFO] [stderr]    Compiling encoding_rs v0.8.35
[INFO] [stderr]    Compiling language-tags v0.3.2
[INFO] [stderr]    Compiling brotli v8.0.4
[INFO] [stderr]    Compiling digest v0.11.3
[INFO] [stderr]    Compiling actix-router v0.5.4
[INFO] [stderr]    Compiling sha1 v0.11.0
[INFO] [stderr]    Compiling foldhash v0.2.0
[INFO] [stderr]    Compiling fastrand v2.4.1
[INFO] [stderr]    Compiling serde_urlencoded v0.7.1
[INFO] [stderr]    Compiling flume v0.12.0
[INFO] [stderr]    Compiling serde_json v1.0.150
[INFO] [stderr]    Compiling zstd-sys v2.0.16+zstd.1.5.7
[INFO] [stderr]    Compiling scoped-tls v1.0.1
[INFO] [stderr]    Compiling colored v3.1.1
[INFO] [stderr]    Compiling moosicbox_env_utils v0.4.0
[INFO] [stderr]    Compiling impl-more v0.3.1
[INFO] [stderr]    Compiling qstring v0.7.2
[INFO] [stderr]    Compiling moosicbox_assert v0.4.0
[INFO] [stderr]    Compiling time v0.3.53
[INFO] [stderr]    Compiling regex v1.12.4
[INFO] [stderr]    Compiling synstructure v0.13.2
[INFO] [stderr]    Compiling zerofrom-derive v0.1.7
[INFO] [stderr]    Compiling yoke-derive v0.8.2
[INFO] [stderr]    Compiling zerovec-derive v0.11.3
[INFO] [stderr]    Compiling displaydoc v0.2.6
[INFO] [stderr]    Compiling futures-macro v0.3.32
[INFO] [stderr]    Compiling tracing-attributes v0.1.31
[INFO] [stderr]    Compiling futures-util v0.3.32
[INFO] [stderr]    Compiling tokio-util v0.7.18
[INFO] [stderr]    Compiling actix-rt v2.11.0
[INFO] [stderr]    Compiling zerofrom v0.1.8
[INFO] [stderr]    Compiling derive_more-impl v2.1.1
[INFO] [stderr]    Compiling yoke v0.8.3
[INFO] [stderr]    Compiling zerovec v0.11.6
[INFO] [stderr]    Compiling zerotrie v0.2.4
[INFO] [stderr]    Compiling actix-codec v0.5.2
[INFO] [stderr]    Compiling thiserror-impl v2.0.18
[INFO] [stderr]    Compiling tinystr v0.8.3
[INFO] [stderr]    Compiling potential_utf v0.1.5
[INFO] [stderr]    Compiling icu_collections v2.2.0
[INFO] [stderr]    Compiling icu_locale_core v2.2.0
[INFO] [stderr]    Compiling derive_more v2.1.1
[INFO] [stderr]    Compiling actix-web-codegen v4.3.0
[INFO] [stderr]    Compiling thiserror v2.0.18
[INFO] [stderr]    Compiling actix-macros v0.2.4
[INFO] [stderr]    Compiling icu_provider v2.2.0
[INFO] [stderr]    Compiling icu_normalizer v2.2.0
[INFO] [stderr]    Compiling icu_properties v2.2.0
[INFO] [stderr]    Compiling futures-executor v0.3.32
[INFO] [stderr]    Compiling h2 v0.3.27
[INFO] [stderr]    Compiling actix-server v2.6.0
[INFO] [stderr]    Compiling futures v0.3.32
[INFO] [stderr]    Compiling switchy_async v0.4.0
[INFO] [stderr]    Compiling idna_adapter v1.2.2
[INFO] [stderr]    Compiling idna v1.1.0
[INFO] [stderr]    Compiling url v2.5.8
[INFO] [stderr]    Compiling zstd-safe v7.2.4
[INFO] [stderr]    Compiling zstd v0.13.3
[INFO] [stderr]    Compiling actix-http v3.13.1
[INFO] [stderr]    Compiling actix-web v4.14.0
[INFO] [stderr]    Compiling moosicbox_profiles v0.4.0 (/opt/rustwide/workdir)
[INFO] [stderr] warning: unused dependency `moosicbox_assert`
[INFO] [stderr]  --> Cargo.toml:9:15
[INFO] [stderr]   |
[INFO] [stderr] 9 | [dependencies.moosicbox_assert]
[INFO] [stderr]   |               ^^^^^^^^^^^^^^^^^
[INFO] [stderr]   |
[INFO] [stderr]   = note: `cargo::unused_dependencies` is set to `warn` by default
[INFO] [stderr] help: consider removing the dependency on `moosicbox_assert`
[INFO] [stderr] warning: `moosicbox_profiles` (manifest) generated 1 warning
[INFO] [stderr]     Finished `release` profile [optimized] target(s) in 2m 00s
[INFO] running `Command { std: "docker" "inspect" "e0e95aa4ba84f489f43446497a496722b45a3aa4f40d32bdf40091385bf6e305", kill_on_drop: false }`
[INFO] running `Command { std: "docker" "exec" "-e" "SOURCE_DIR=/opt/rustwide/workdir" "-e" "CARGO_HOME=/opt/rustwide/cargo-home" "-e" "RUSTUP_HOME=/opt/rustwide/rustup-home" "-e" "CARGO_TARGET_DIR=/opt/rustwide/target" "-e" "CARGO_INCREMENTAL=0" "-e" "RUST_BACKTRACE=full" "-e" "RUSTFLAGS=--cap-lints=warn" "-e" "RUSTDOCFLAGS=--cap-lints=warn" "-w" "/opt/rustwide/workdir" "--user" "0:0" "e0e95aa4ba84f489f43446497a496722b45a3aa4f40d32bdf40091385bf6e305" "/opt/rustwide/cargo-home/bin/cargo" "+1.100.0-beta.1" "test" "--frozen" "--no-run" "--message-format=json" "--release", kill_on_drop: false }`
[INFO] [stderr]    Compiling moosicbox_profiles v0.4.0 (/opt/rustwide/workdir)
[INFO] [stdout] error[E0432]: unresolved import `serial_test`
[INFO] [stdout]    --> src/events.rs:113:9
[INFO] [stdout]     |
[INFO] [stdout] 113 |     use serial_test::serial;
[INFO] [stdout]     |         ^^^^^^^^^^^ use of unresolved module or unlinked crate `serial_test`
[INFO] [stdout]     |
[INFO] [stdout]     = help: if you wanted to use a crate named `serial_test`, use `cargo add serial_test` to add it to your `Cargo.toml`
[INFO] [stdout] 
[INFO] [stdout] 
[INFO] [stdout] error[E0433]: cannot find module or crate `test_log` in this scope
[INFO] [stdout]    --> src/events.rs:115:7
[INFO] [stdout]     |
[INFO] [stdout] 115 |     #[test_log::test(switchy_async::test)]
[INFO] [stdout]     |       ^^^^^^^^ use of unresolved module or unlinked crate `test_log`
[INFO] [stdout] 
[INFO] [stdout] 
[INFO] [stdout] error[E0433]: cannot find module or crate `test_log` in this scope
[INFO] [stdout]    --> src/events.rs:141:7
[INFO] [stdout]     |
[INFO] [stdout] 141 |     #[test_log::test(switchy_async::test)]
[INFO] [stdout]     |       ^^^^^^^^ use of unresolved module or unlinked crate `test_log`
[INFO] [stdout] 
[INFO] [stdout] 
[INFO] [stdout] error[E0433]: cannot find module or crate `test_log` in this scope
[INFO] [stdout]    --> src/events.rs:166:7
[INFO] [stdout]     |
[INFO] [stdout] 166 |     #[test_log::test(switchy_async::test)]
[INFO] [stdout]     |       ^^^^^^^^ use of unresolved module or unlinked crate `test_log`
[INFO] [stdout] 
[INFO] [stdout] 
[INFO] [stdout] error[E0433]: cannot find module or crate `test_log` in this scope
[INFO] [stdout]    --> src/events.rs:189:7
[INFO] [stdout]     |
[INFO] [stdout] 189 |     #[test_log::test(switchy_async::test)]
[INFO] [stdout]     |       ^^^^^^^^ use of unresolved module or unlinked crate `test_log`
[INFO] [stdout] 
[INFO] [stdout] 
[INFO] [stdout] error[E0433]: cannot find module or crate `test_log` in this scope
[INFO] [stdout]    --> src/events.rs:219:7
[INFO] [stdout]     |
[INFO] [stdout] 219 |     #[test_log::test(switchy_async::test)]
[INFO] [stdout]     |       ^^^^^^^^ use of unresolved module or unlinked crate `test_log`
[INFO] [stdout] 
[INFO] [stdout] 
[INFO] [stdout] error[E0433]: cannot find module or crate `test_log` in this scope
[INFO] [stdout]    --> src/events.rs:258:7
[INFO] [stdout]     |
[INFO] [stdout] 258 |     #[test_log::test(switchy_async::test)]
[INFO] [stdout]     |       ^^^^^^^^ use of unresolved module or unlinked crate `test_log`
[INFO] [stdout] 
[INFO] [stdout] 
[INFO] [stdout] error[E0433]: cannot find module or crate `test_log` in this scope
[INFO] [stdout]    --> src/events.rs:283:7
[INFO] [stdout]     |
[INFO] [stdout] 283 |     #[test_log::test(switchy_async::test)]
[INFO] [stdout]     |       ^^^^^^^^ use of unresolved module or unlinked crate `test_log`
[INFO] [stdout] 
[INFO] [stdout] 
[INFO] [stdout] error[E0433]: cannot find module or crate `test_log` in this scope
[INFO] [stdout]    --> src/lib.rs:313:7
[INFO] [stdout]     |
[INFO] [stdout] 313 |     #[test_log::test]
[INFO] [stdout]     |       ^^^^^^^^ use of unresolved module or unlinked crate `test_log`
[INFO] [stdout] 
[INFO] [stdout] 
[INFO] [stdout] error[E0433]: cannot find module or crate `test_log` in this scope
[INFO] [stdout]    --> src/lib.rs:322:7
[INFO] [stdout]     |
[INFO] [stdout] 322 |     #[test_log::test]
[INFO] [stdout]     |       ^^^^^^^^ use of unresolved module or unlinked crate `test_log`
[INFO] [stdout] 
[INFO] [stdout] 
[INFO] [stdout] error[E0433]: cannot find module or crate `test_log` in this scope
[INFO] [stdout]    --> src/lib.rs:329:7
[INFO] [stdout]     |
[INFO] [stdout] 329 |     #[test_log::test]
[INFO] [stdout]     |       ^^^^^^^^ use of unresolved module or unlinked crate `test_log`
[INFO] [stdout] 
[INFO] [stdout] 
[INFO] [stdout] error[E0433]: cannot find module or crate `test_log` in this scope
[INFO] [stdout]    --> src/lib.rs:341:7
[INFO] [stdout]     |
[INFO] [stdout] 341 |     #[test_log::test]
[INFO] [stdout]     |       ^^^^^^^^ use of unresolved module or unlinked crate `test_log`
[INFO] [stdout] 
[INFO] [stdout] 
[INFO] [stdout] error[E0433]: cannot find module or crate `test_log` in this scope
[INFO] [stdout]    --> src/lib.rs:349:7
[INFO] [stdout]     |
[INFO] [stdout] 349 |     #[test_log::test]
[INFO] [stdout]     |       ^^^^^^^^ use of unresolved module or unlinked crate `test_log`
[INFO] [stdout] 
[INFO] [stdout] 
[INFO] [stdout] error[E0433]: cannot find module or crate `test_log` in this scope
[INFO] [stdout]    --> src/lib.rs:358:7
[INFO] [stdout]     |
[INFO] [stdout] 358 |     #[test_log::test]
[INFO] [stdout]     |       ^^^^^^^^ use of unresolved module or unlinked crate `test_log`
[INFO] [stdout] 
[INFO] [stdout] 
[INFO] [stdout] error[E0433]: cannot find module or crate `test_log` in this scope
[INFO] [stdout]    --> src/lib.rs:372:7
[INFO] [stdout]     |
[INFO] [stdout] 372 |     #[test_log::test]
[INFO] [stdout]     |       ^^^^^^^^ use of unresolved module or unlinked crate `test_log`
[INFO] [stdout] 
[INFO] [stdout] 
[INFO] [stdout] error[E0433]: cannot find module or crate `test_log` in this scope
[INFO] [stdout]    --> src/lib.rs:379:7
[INFO] [stdout]     |
[INFO] [stdout] 379 |     #[test_log::test]
[INFO] [stdout]     |       ^^^^^^^^ use of unresolved module or unlinked crate `test_log`
[INFO] [stdout] 
[INFO] [stdout] 
[INFO] [stdout] error[E0433]: cannot find module or crate `test_log` in this scope
[INFO] [stdout]    --> src/lib.rs:389:7
[INFO] [stdout]     |
[INFO] [stdout] 389 |     #[test_log::test]
[INFO] [stdout]     |       ^^^^^^^^ use of unresolved module or unlinked crate `test_log`
[INFO] [stdout] 
[INFO] [stdout] 
[INFO] [stdout] error[E0433]: cannot find module or crate `test_log` in this scope
[INFO] [stdout]    --> src/lib.rs:401:7
[INFO] [stdout]     |
[INFO] [stdout] 401 |     #[test_log::test]
[INFO] [stdout]     |       ^^^^^^^^ use of unresolved module or unlinked crate `test_log`
[INFO] [stdout] 
[INFO] [stdout] 
[INFO] [stdout] error[E0433]: cannot find module or crate `test_log` in this scope
[INFO] [stdout]    --> src/lib.rs:428:7
[INFO] [stdout]     |
[INFO] [stdout] 428 |     #[test_log::test]
[INFO] [stdout]     |       ^^^^^^^^ use of unresolved module or unlinked crate `test_log`
[INFO] [stdout] 
[INFO] [stdout] 
[INFO] [stdout] error[E0433]: cannot find module or crate `test_log` in this scope
[INFO] [stdout]    --> src/lib.rs:457:7
[INFO] [stdout]     |
[INFO] [stdout] 457 |     #[test_log::test]
[INFO] [stdout]     |       ^^^^^^^^ use of unresolved module or unlinked crate `test_log`
[INFO] [stdout] 
[INFO] [stdout] 
[INFO] [stdout] error[E0433]: cannot find module or crate `test_log` in this scope
[INFO] [stdout]    --> src/lib.rs:508:11
[INFO] [stdout]     |
[INFO] [stdout] 508 |         #[test_log::test]
[INFO] [stdout]     |           ^^^^^^^^ use of unresolved module or unlinked crate `test_log`
[INFO] [stdout] 
[INFO] [stdout] 
[INFO] [stdout] error[E0433]: cannot find module or crate `test_log` in this scope
[INFO] [stdout]    --> src/lib.rs:519:11
[INFO] [stdout]     |
[INFO] [stdout] 519 |         #[test_log::test]
[INFO] [stdout]     |           ^^^^^^^^ use of unresolved module or unlinked crate `test_log`
[INFO] [stdout] 
[INFO] [stdout] 
[INFO] [stdout] error[E0433]: cannot find module or crate `test_log` in this scope
[INFO] [stdout]    --> src/lib.rs:536:11
[INFO] [stdout]     |
[INFO] [stdout] 536 |         #[test_log::test]
[INFO] [stdout]     |           ^^^^^^^^ use of unresolved module or unlinked crate `test_log`
[INFO] [stdout] 
[INFO] [stdout] 
[INFO] [stdout] error[E0433]: cannot find module or crate `test_log` in this scope
[INFO] [stdout]    --> src/lib.rs:545:11
[INFO] [stdout]     |
[INFO] [stdout] 545 |         #[test_log::test]
[INFO] [stdout]     |           ^^^^^^^^ use of unresolved module or unlinked crate `test_log`
[INFO] [stdout] 
[INFO] [stdout] 
[INFO] [stdout] error[E0433]: cannot find module or crate `test_log` in this scope
[INFO] [stdout]    --> src/lib.rs:556:11
[INFO] [stdout]     |
[INFO] [stdout] 556 |         #[test_log::test]
[INFO] [stdout]     |           ^^^^^^^^ use of unresolved module or unlinked crate `test_log`
[INFO] [stdout] 
[INFO] [stdout] 
[INFO] [stdout] error[E0433]: cannot find module or crate `test_log` in this scope
[INFO] [stdout]    --> src/lib.rs:568:11
[INFO] [stdout]     |
[INFO] [stdout] 568 |         #[test_log::test]
[INFO] [stdout]     |           ^^^^^^^^ use of unresolved module or unlinked crate `test_log`
[INFO] [stdout] 
[INFO] [stdout] 
[INFO] [stdout] error[E0433]: cannot find module or crate `test_log` in this scope
[INFO] [stdout]    --> src/lib.rs:579:11
[INFO] [stdout]     |
[INFO] [stdout] 579 |         #[test_log::test]
[INFO] [stdout]     |           ^^^^^^^^ use of unresolved module or unlinked crate `test_log`
[INFO] [stdout] 
[INFO] [stdout] 
[INFO] [stdout] error[E0433]: cannot find module or crate `test_log` in this scope
[INFO] [stdout]    --> src/lib.rs:595:11
[INFO] [stdout]     |
[INFO] [stdout] 595 |         #[test_log::test]
[INFO] [stdout]     |           ^^^^^^^^ use of unresolved module or unlinked crate `test_log`
[INFO] [stdout] 
[INFO] [stdout] 
[INFO] [stdout] error[E0433]: cannot find module or crate `test_log` in this scope
[INFO] [stdout]    --> src/lib.rs:605:11
[INFO] [stdout]     |
[INFO] [stdout] 605 |         #[test_log::test]
[INFO] [stdout]     |           ^^^^^^^^ use of unresolved module or unlinked crate `test_log`
[INFO] [stdout] 
[INFO] [stdout] 
[INFO] [stdout] error[E0433]: cannot find module or crate `test_log` in this scope
[INFO] [stdout]    --> src/lib.rs:612:11
[INFO] [stdout]     |
[INFO] [stdout] 612 |         #[test_log::test]
[INFO] [stdout]     |           ^^^^^^^^ use of unresolved module or unlinked crate `test_log`
[INFO] [stdout] 
[INFO] [stdout] 
[INFO] [stdout] error[E0433]: cannot find module or crate `test_log` in this scope
[INFO] [stdout]    --> src/lib.rs:619:11
[INFO] [stdout]     |
[INFO] [stdout] 619 |         #[test_log::test]
[INFO] [stdout]     |           ^^^^^^^^ use of unresolved module or unlinked crate `test_log`
[INFO] [stdout] 
[INFO] [stdout] 
[INFO] [stdout] error[E0433]: cannot find module or crate `test_log` in this scope
[INFO] [stdout]    --> src/lib.rs:626:11
[INFO] [stdout]     |
[INFO] [stdout] 626 |         #[test_log::test]
[INFO] [stdout]     |           ^^^^^^^^ use of unresolved module or unlinked crate `test_log`
[INFO] [stdout] 
[INFO] [stdout] 
[INFO] [stdout] Some errors have detailed explanations: E0432, E0433.
[INFO] [stdout] 
[INFO] [stdout] For more information about an error, try `rustc --explain E0432`.
[INFO] [stdout] 
[INFO] [stderr] error: could not compile `moosicbox_profiles` (lib test) due to 32 previous errors
[INFO] [stderr] warning: unused dependency `moosicbox_assert`
[INFO] [stderr]  --> Cargo.toml:9:15
[INFO] [stderr]   |
[INFO] [stderr] 9 | [dependencies.moosicbox_assert]
[INFO] [stderr]   |               ^^^^^^^^^^^^^^^^^
[INFO] [stderr]   |
[INFO] [stderr]   = note: `cargo::unused_dependencies` is set to `warn` by default
[INFO] [stderr] help: consider removing the dependency on `moosicbox_assert`
[INFO] [stderr] warning: `moosicbox_profiles` (manifest) generated 1 warning
[INFO] running `Command { std: "docker" "inspect" "e0e95aa4ba84f489f43446497a496722b45a3aa4f40d32bdf40091385bf6e305", kill_on_drop: false }`
[INFO] running `Command { std: "docker" "rm" "-f" "e0e95aa4ba84f489f43446497a496722b45a3aa4f40d32bdf40091385bf6e305", kill_on_drop: false }`
[INFO] [stdout] e0e95aa4ba84f489f43446497a496722b45a3aa4f40d32bdf40091385bf6e305
