[INFO] fetching crate moosicbox_paging 0.4.0...
[INFO] testing moosicbox_paging-0.4.0 against 1.100.0-beta.1+cargoflags=--release for beta-release-1.100-2
[INFO] extracting crate moosicbox_paging 0.4.0 into /workspace/builds/worker-3-tc2/source
[INFO] started tweaking crates.io crate moosicbox_paging 0.4.0
[INFO] finished tweaking crates.io crate moosicbox_paging 0.4.0
[INFO] tweaked toml for crates.io crate moosicbox_paging 0.4.0 written to /workspace/builds/worker-3-tc2/source/Cargo.toml
[INFO] validating manifest of crates.io crate moosicbox_paging 0.4.0 on toolchain 1.100.0-beta.1
[INFO] running `Command { std: CARGO_HOME="/workspace/cargo-home" RUSTUP_HOME="/workspace/rustup-home" "/workspace/cargo-home/bin/cargo" "+1.100.0-beta.1" "metadata" "--manifest-path" "Cargo.toml" "--no-deps", kill_on_drop: false }`
[INFO] crate crates.io crate moosicbox_paging 0.4.0 already has a lockfile, it will not be regenerated
[INFO] running `Command { std: CARGO_HOME="/workspace/cargo-home" RUSTUP_HOME="/workspace/rustup-home" "/workspace/cargo-home/bin/cargo" "+1.100.0-beta.1" "fetch" "--manifest-path" "Cargo.toml", kill_on_drop: false }`
[INFO] running `Command { std: "docker" "create" "-v" "/var/lib/crater-agent-workspace/builds/worker-3-tc2/source:/opt/rustwide/workdir:ro,Z" "-v" "/var/lib/crater-agent-workspace/builds/worker-3-tc2/target:/opt/rustwide/target:rw,Z" "-v" "/var/lib/crater-agent-workspace/cargo-home:/opt/rustwide/cargo-home:ro,Z" "-v" "/var/lib/crater-agent-workspace/rustup-home:/opt/rustwide/rustup-home:ro,Z" "-m" "1610612736" "--network" "none" "ghcr.io/rust-lang/crates-build-env/linux@sha256:77db811e55d90add9212f6832c23229e3de5f1c1f9905e8cb07319ea15df73ac" "sleep" "infinity", kill_on_drop: false }`
[INFO] [stdout] 016931a6e364abe215ab999b167ab7c83be6ea18158f8312e2595e00d88f6941
[INFO] running `Command { std: "docker" "start" "016931a6e364abe215ab999b167ab7c83be6ea18158f8312e2595e00d88f6941", kill_on_drop: false }`
[INFO] running `Command { std: "docker" "inspect" "016931a6e364abe215ab999b167ab7c83be6ea18158f8312e2595e00d88f6941", kill_on_drop: false }`
[INFO] running `Command { std: "docker" "exec" "-e" "SOURCE_DIR=/opt/rustwide/workdir" "-e" "CARGO_HOME=/opt/rustwide/cargo-home" "-e" "RUSTUP_HOME=/opt/rustwide/rustup-home" "-e" "CARGO_TARGET_DIR=/opt/rustwide/target" "-w" "/opt/rustwide/workdir" "--user" "0:0" "016931a6e364abe215ab999b167ab7c83be6ea18158f8312e2595e00d88f6941" "/opt/rustwide/cargo-home/bin/cargo" "+1.100.0-beta.1" "metadata" "--no-deps" "--format-version=1", kill_on_drop: false }`
[INFO] running `Command { std: "docker" "inspect" "016931a6e364abe215ab999b167ab7c83be6ea18158f8312e2595e00d88f6941", kill_on_drop: false }`
[INFO] running `Command { std: "docker" "exec" "-e" "SOURCE_DIR=/opt/rustwide/workdir" "-e" "CARGO_HOME=/opt/rustwide/cargo-home" "-e" "RUSTUP_HOME=/opt/rustwide/rustup-home" "-e" "CARGO_TARGET_DIR=/opt/rustwide/target" "-e" "CARGO_INCREMENTAL=0" "-e" "RUST_BACKTRACE=full" "-e" "RUSTFLAGS=--cap-lints=warn" "-e" "RUSTDOCFLAGS=--cap-lints=warn" "-w" "/opt/rustwide/workdir" "--user" "0:0" "016931a6e364abe215ab999b167ab7c83be6ea18158f8312e2595e00d88f6941" "/opt/rustwide/cargo-home/bin/cargo" "+1.100.0-beta.1" "build" "--frozen" "--message-format=json" "--release", kill_on_drop: false }`
[INFO] [stderr]    Compiling syn v2.0.118
[INFO] [stderr]    Compiling memchr v2.8.2
[INFO] [stderr]    Compiling regex-syntax v0.8.11
[INFO] [stderr]    Compiling tokio v1.52.3
[INFO] [stderr]    Compiling fastrand v2.4.1
[INFO] [stderr]    Compiling log v0.4.33
[INFO] [stderr]    Compiling spin v0.9.8
[INFO] [stderr]    Compiling scoped-tls v1.0.1
[INFO] [stderr]    Compiling serde_json v1.0.150
[INFO] [stderr]    Compiling flume v0.12.0
[INFO] [stderr]    Compiling aho-corasick v1.1.4
[INFO] [stderr]    Compiling regex-automata v0.4.14
[INFO] [stderr]    Compiling tokio-util v0.7.18
[INFO] [stderr]    Compiling futures-macro v0.3.32
[INFO] [stderr]    Compiling serde_derive v1.0.228
[INFO] [stderr]    Compiling thiserror-impl v2.0.18
[INFO] [stderr]    Compiling futures-util v0.3.32
[INFO] [stderr]    Compiling thiserror v2.0.18
[INFO] [stderr]    Compiling regex v1.12.4
[INFO] [stderr]    Compiling utoipa-gen v5.5.0
[INFO] [stderr]    Compiling serde v1.0.228
[INFO] [stderr]    Compiling futures-executor v0.3.32
[INFO] [stderr]    Compiling futures v0.3.32
[INFO] [stderr]    Compiling switchy_async v0.4.0
[INFO] [stderr]    Compiling utoipa v5.5.0
[INFO] [stderr]    Compiling moosicbox_paging v0.4.0 (/opt/rustwide/workdir)
[INFO] [stderr]     Finished `release` profile [optimized] target(s) in 32.58s
[INFO] running `Command { std: "docker" "inspect" "016931a6e364abe215ab999b167ab7c83be6ea18158f8312e2595e00d88f6941", kill_on_drop: false }`
[INFO] running `Command { std: "docker" "exec" "-e" "SOURCE_DIR=/opt/rustwide/workdir" "-e" "CARGO_HOME=/opt/rustwide/cargo-home" "-e" "RUSTUP_HOME=/opt/rustwide/rustup-home" "-e" "CARGO_TARGET_DIR=/opt/rustwide/target" "-e" "CARGO_INCREMENTAL=0" "-e" "RUST_BACKTRACE=full" "-e" "RUSTFLAGS=--cap-lints=warn" "-e" "RUSTDOCFLAGS=--cap-lints=warn" "-w" "/opt/rustwide/workdir" "--user" "0:0" "016931a6e364abe215ab999b167ab7c83be6ea18158f8312e2595e00d88f6941" "/opt/rustwide/cargo-home/bin/cargo" "+1.100.0-beta.1" "test" "--frozen" "--no-run" "--message-format=json" "--release", kill_on_drop: false }`
[INFO] [stderr]    Compiling moosicbox_paging v0.4.0 (/opt/rustwide/workdir)
[INFO] [stdout] error[E0432]: unresolved import `pretty_assertions`
[INFO] [stdout]     --> src/lib.rs:1221:9
[INFO] [stdout]      |
[INFO] [stdout] 1221 |     use pretty_assertions::assert_eq;
[INFO] [stdout]      |         ^^^^^^^^^^^^^^^^^ use of unresolved module or unlinked crate `pretty_assertions`
[INFO] [stdout]      |
[INFO] [stdout]      = help: if you wanted to use a crate named `pretty_assertions`, use `cargo add pretty_assertions` to add it to your `Cargo.toml`
[INFO] [stdout] 
[INFO] [stdout] 
[INFO] [stdout] error[E0433]: cannot find module or crate `test_log` in this scope
[INFO] [stdout]     --> src/lib.rs:1225:7
[INFO] [stdout]      |
[INFO] [stdout] 1225 |     #[test_log::test]
[INFO] [stdout]      |       ^^^^^^^^ use of unresolved module or unlinked crate `test_log`
[INFO] [stdout] 
[INFO] [stdout] 
[INFO] [stdout] error[E0433]: cannot find module or crate `test_log` in this scope
[INFO] [stdout]     --> src/lib.rs:1235:7
[INFO] [stdout]      |
[INFO] [stdout] 1235 |     #[test_log::test]
[INFO] [stdout]      |       ^^^^^^^^ use of unresolved module or unlinked crate `test_log`
[INFO] [stdout] 
[INFO] [stdout] 
[INFO] [stdout] error[E0433]: cannot find module or crate `test_log` in this scope
[INFO] [stdout]     --> src/lib.rs:1248:7
[INFO] [stdout]      |
[INFO] [stdout] 1248 |     #[test_log::test]
[INFO] [stdout]      |       ^^^^^^^^ use of unresolved module or unlinked crate `test_log`
[INFO] [stdout] 
[INFO] [stdout] 
[INFO] [stdout] error[E0433]: cannot find module or crate `test_log` in this scope
[INFO] [stdout]     --> src/lib.rs:1261:7
[INFO] [stdout]      |
[INFO] [stdout] 1261 |     #[test_log::test]
[INFO] [stdout]      |       ^^^^^^^^ use of unresolved module or unlinked crate `test_log`
[INFO] [stdout] 
[INFO] [stdout] 
[INFO] [stdout] error[E0433]: cannot find module or crate `test_log` in this scope
[INFO] [stdout]     --> src/lib.rs:1274:7
[INFO] [stdout]      |
[INFO] [stdout] 1274 |     #[test_log::test]
[INFO] [stdout]      |       ^^^^^^^^ use of unresolved module or unlinked crate `test_log`
[INFO] [stdout] 
[INFO] [stdout] 
[INFO] [stdout] error[E0433]: cannot find module or crate `test_log` in this scope
[INFO] [stdout]     --> src/lib.rs:1287:7
[INFO] [stdout]      |
[INFO] [stdout] 1287 |     #[test_log::test]
[INFO] [stdout]      |       ^^^^^^^^ use of unresolved module or unlinked crate `test_log`
[INFO] [stdout] 
[INFO] [stdout] 
[INFO] [stdout] error[E0433]: cannot find module or crate `test_log` in this scope
[INFO] [stdout]     --> src/lib.rs:1301:7
[INFO] [stdout]      |
[INFO] [stdout] 1301 |     #[test_log::test]
[INFO] [stdout]      |       ^^^^^^^^ use of unresolved module or unlinked crate `test_log`
[INFO] [stdout] 
[INFO] [stdout] 
[INFO] [stdout] error[E0433]: cannot find module or crate `test_log` in this scope
[INFO] [stdout]     --> src/lib.rs:1318:7
[INFO] [stdout]      |
[INFO] [stdout] 1318 |     #[test_log::test]
[INFO] [stdout]      |       ^^^^^^^^ use of unresolved module or unlinked crate `test_log`
[INFO] [stdout] 
[INFO] [stdout] 
[INFO] [stdout] error[E0433]: cannot find module or crate `test_log` in this scope
[INFO] [stdout]     --> src/lib.rs:1335:7
[INFO] [stdout]      |
[INFO] [stdout] 1335 |     #[test_log::test]
[INFO] [stdout]      |       ^^^^^^^^ use of unresolved module or unlinked crate `test_log`
[INFO] [stdout] 
[INFO] [stdout] 
[INFO] [stdout] error[E0433]: cannot find module or crate `test_log` in this scope
[INFO] [stdout]     --> src/lib.rs:1361:7
[INFO] [stdout]      |
[INFO] [stdout] 1361 |     #[test_log::test]
[INFO] [stdout]      |       ^^^^^^^^ use of unresolved module or unlinked crate `test_log`
[INFO] [stdout] 
[INFO] [stdout] 
[INFO] [stdout] error[E0433]: cannot find module or crate `test_log` in this scope
[INFO] [stdout]     --> src/lib.rs:1392:7
[INFO] [stdout]      |
[INFO] [stdout] 1392 |     #[test_log::test]
[INFO] [stdout]      |       ^^^^^^^^ use of unresolved module or unlinked crate `test_log`
[INFO] [stdout] 
[INFO] [stdout] 
[INFO] [stdout] error[E0433]: cannot find module or crate `test_log` in this scope
[INFO] [stdout]     --> src/lib.rs:1422:7
[INFO] [stdout]      |
[INFO] [stdout] 1422 |     #[test_log::test]
[INFO] [stdout]      |       ^^^^^^^^ use of unresolved module or unlinked crate `test_log`
[INFO] [stdout] 
[INFO] [stdout] 
[INFO] [stdout] error[E0433]: cannot find module or crate `test_log` in this scope
[INFO] [stdout]     --> src/lib.rs:1438:7
[INFO] [stdout]      |
[INFO] [stdout] 1438 |     #[test_log::test]
[INFO] [stdout]      |       ^^^^^^^^ use of unresolved module or unlinked crate `test_log`
[INFO] [stdout] 
[INFO] [stdout] 
[INFO] [stdout] error[E0433]: cannot find module or crate `test_log` in this scope
[INFO] [stdout]     --> src/lib.rs:1452:7
[INFO] [stdout]      |
[INFO] [stdout] 1452 |     #[test_log::test]
[INFO] [stdout]      |       ^^^^^^^^ use of unresolved module or unlinked crate `test_log`
[INFO] [stdout] 
[INFO] [stdout] 
[INFO] [stdout] error[E0433]: cannot find module or crate `test_log` in this scope
[INFO] [stdout]     --> src/lib.rs:1469:7
[INFO] [stdout]      |
[INFO] [stdout] 1469 |     #[test_log::test]
[INFO] [stdout]      |       ^^^^^^^^ use of unresolved module or unlinked crate `test_log`
[INFO] [stdout] 
[INFO] [stdout] 
[INFO] [stdout] error[E0433]: cannot find module or crate `test_log` in this scope
[INFO] [stdout]     --> src/lib.rs:1488:7
[INFO] [stdout]      |
[INFO] [stdout] 1488 |     #[test_log::test]
[INFO] [stdout]      |       ^^^^^^^^ use of unresolved module or unlinked crate `test_log`
[INFO] [stdout] 
[INFO] [stdout] 
[INFO] [stdout] error[E0433]: cannot find module or crate `test_log` in this scope
[INFO] [stdout]     --> src/lib.rs:1507:7
[INFO] [stdout]      |
[INFO] [stdout] 1507 |     #[test_log::test]
[INFO] [stdout]      |       ^^^^^^^^ use of unresolved module or unlinked crate `test_log`
[INFO] [stdout] 
[INFO] [stdout] 
[INFO] [stdout] error[E0433]: cannot find module or crate `test_log` in this scope
[INFO] [stdout]     --> src/lib.rs:1520:7
[INFO] [stdout]      |
[INFO] [stdout] 1520 |     #[test_log::test]
[INFO] [stdout]      |       ^^^^^^^^ use of unresolved module or unlinked crate `test_log`
[INFO] [stdout] 
[INFO] [stdout] 
[INFO] [stdout] error[E0433]: cannot find module or crate `test_log` in this scope
[INFO] [stdout]     --> src/lib.rs:1533:7
[INFO] [stdout]      |
[INFO] [stdout] 1533 |     #[test_log::test]
[INFO] [stdout]      |       ^^^^^^^^ use of unresolved module or unlinked crate `test_log`
[INFO] [stdout] 
[INFO] [stdout] 
[INFO] [stdout] error[E0433]: cannot find module or crate `test_log` in this scope
[INFO] [stdout]     --> src/lib.rs:1548:7
[INFO] [stdout]      |
[INFO] [stdout] 1548 |     #[test_log::test]
[INFO] [stdout]      |       ^^^^^^^^ use of unresolved module or unlinked crate `test_log`
[INFO] [stdout] 
[INFO] [stdout] 
[INFO] [stdout] error[E0433]: cannot find module or crate `test_log` in this scope
[INFO] [stdout]     --> src/lib.rs:1563:7
[INFO] [stdout]      |
[INFO] [stdout] 1563 |     #[test_log::test(switchy_async::test)]
[INFO] [stdout]      |       ^^^^^^^^ use of unresolved module or unlinked crate `test_log`
[INFO] [stdout] 
[INFO] [stdout] 
[INFO] [stdout] error[E0433]: cannot find module or crate `test_log` in this scope
[INFO] [stdout]     --> src/lib.rs:1574:7
[INFO] [stdout]      |
[INFO] [stdout] 1574 |     #[test_log::test(switchy_async::test)]
[INFO] [stdout]      |       ^^^^^^^^ use of unresolved module or unlinked crate `test_log`
[INFO] [stdout] 
[INFO] [stdout] 
[INFO] [stdout] error[E0433]: cannot find module or crate `test_log` in this scope
[INFO] [stdout]     --> src/lib.rs:1594:7
[INFO] [stdout]      |
[INFO] [stdout] 1594 |     #[test_log::test(switchy_async::test)]
[INFO] [stdout]      |       ^^^^^^^^ use of unresolved module or unlinked crate `test_log`
[INFO] [stdout] 
[INFO] [stdout] 
[INFO] [stdout] error[E0433]: cannot find module or crate `test_log` in this scope
[INFO] [stdout]     --> src/lib.rs:1611:7
[INFO] [stdout]      |
[INFO] [stdout] 1611 |     #[test_log::test(switchy_async::test)]
[INFO] [stdout]      |       ^^^^^^^^ use of unresolved module or unlinked crate `test_log`
[INFO] [stdout] 
[INFO] [stdout] 
[INFO] [stdout] error[E0433]: cannot find module or crate `test_log` in this scope
[INFO] [stdout]     --> src/lib.rs:1672:7
[INFO] [stdout]      |
[INFO] [stdout] 1672 |     #[test_log::test(switchy_async::test)]
[INFO] [stdout]      |       ^^^^^^^^ use of unresolved module or unlinked crate `test_log`
[INFO] [stdout] 
[INFO] [stdout] 
[INFO] [stdout] error[E0433]: cannot find module or crate `test_log` in this scope
[INFO] [stdout]     --> src/lib.rs:1701:7
[INFO] [stdout]      |
[INFO] [stdout] 1701 |     #[test_log::test(switchy_async::test)]
[INFO] [stdout]      |       ^^^^^^^^ use of unresolved module or unlinked crate `test_log`
[INFO] [stdout] 
[INFO] [stdout] 
[INFO] [stdout] error[E0433]: cannot find module or crate `test_log` in this scope
[INFO] [stdout]     --> src/lib.rs:1728:7
[INFO] [stdout]      |
[INFO] [stdout] 1728 |     #[test_log::test(switchy_async::test)]
[INFO] [stdout]      |       ^^^^^^^^ use of unresolved module or unlinked crate `test_log`
[INFO] [stdout] 
[INFO] [stdout] 
[INFO] [stdout] error[E0433]: cannot find module or crate `test_log` in this scope
[INFO] [stdout]     --> src/lib.rs:1755:7
[INFO] [stdout]      |
[INFO] [stdout] 1755 |     #[test_log::test(switchy_async::test)]
[INFO] [stdout]      |       ^^^^^^^^ use of unresolved module or unlinked crate `test_log`
[INFO] [stdout] 
[INFO] [stdout] 
[INFO] [stdout] error[E0433]: cannot find module or crate `test_log` in this scope
[INFO] [stdout]     --> src/lib.rs:1804:7
[INFO] [stdout]      |
[INFO] [stdout] 1804 |     #[test_log::test(switchy_async::test)]
[INFO] [stdout]      |       ^^^^^^^^ use of unresolved module or unlinked crate `test_log`
[INFO] [stdout] 
[INFO] [stdout] 
[INFO] [stdout] error[E0433]: cannot find module or crate `test_log` in this scope
[INFO] [stdout]     --> src/lib.rs:1844:7
[INFO] [stdout]      |
[INFO] [stdout] 1844 |     #[test_log::test(switchy_async::test)]
[INFO] [stdout]      |       ^^^^^^^^ use of unresolved module or unlinked crate `test_log`
[INFO] [stdout] 
[INFO] [stdout] 
[INFO] [stdout] error[E0433]: cannot find module or crate `test_log` in this scope
[INFO] [stdout]     --> src/lib.rs:1875:7
[INFO] [stdout]      |
[INFO] [stdout] 1875 |     #[test_log::test(switchy_async::test)]
[INFO] [stdout]      |       ^^^^^^^^ use of unresolved module or unlinked crate `test_log`
[INFO] [stdout] 
[INFO] [stdout] 
[INFO] [stdout] error[E0433]: cannot find module or crate `test_log` in this scope
[INFO] [stdout]     --> src/lib.rs:1895:7
[INFO] [stdout]      |
[INFO] [stdout] 1895 |     #[test_log::test(switchy_async::test)]
[INFO] [stdout]      |       ^^^^^^^^ use of unresolved module or unlinked crate `test_log`
[INFO] [stdout] 
[INFO] [stdout] 
[INFO] [stdout] error[E0433]: cannot find module or crate `test_log` in this scope
[INFO] [stdout]     --> src/lib.rs:1926:7
[INFO] [stdout]      |
[INFO] [stdout] 1926 |     #[test_log::test(switchy_async::test)]
[INFO] [stdout]      |       ^^^^^^^^ use of unresolved module or unlinked crate `test_log`
[INFO] [stdout] 
[INFO] [stdout] 
[INFO] [stdout] error[E0433]: cannot find module or crate `test_log` in this scope
[INFO] [stdout]     --> src/lib.rs:1945:7
[INFO] [stdout]      |
[INFO] [stdout] 1945 |     #[test_log::test(switchy_async::test)]
[INFO] [stdout]      |       ^^^^^^^^ use of unresolved module or unlinked crate `test_log`
[INFO] [stdout] 
[INFO] [stdout] 
[INFO] [stdout] error[E0433]: cannot find module or crate `test_log` in this scope
[INFO] [stdout]     --> src/lib.rs:1975:7
[INFO] [stdout]      |
[INFO] [stdout] 1975 |     #[test_log::test(switchy_async::test)]
[INFO] [stdout]      |       ^^^^^^^^ use of unresolved module or unlinked crate `test_log`
[INFO] [stdout] 
[INFO] [stdout] 
[INFO] [stdout] error[E0433]: cannot find module or crate `test_log` in this scope
[INFO] [stdout]     --> src/lib.rs:2011:7
[INFO] [stdout]      |
[INFO] [stdout] 2011 |     #[test_log::test(switchy_async::test)]
[INFO] [stdout]      |       ^^^^^^^^ use of unresolved module or unlinked crate `test_log`
[INFO] [stdout] 
[INFO] [stdout] 
[INFO] [stdout] error[E0433]: cannot find module or crate `test_log` in this scope
[INFO] [stdout]     --> src/lib.rs:2029:7
[INFO] [stdout]      |
[INFO] [stdout] 2029 |     #[test_log::test(switchy_async::test)]
[INFO] [stdout]      |       ^^^^^^^^ use of unresolved module or unlinked crate `test_log`
[INFO] [stdout] 
[INFO] [stdout] 
[INFO] [stdout] error[E0433]: cannot find module or crate `test_log` in this scope
[INFO] [stdout]     --> src/lib.rs:2047:7
[INFO] [stdout]      |
[INFO] [stdout] 2047 |     #[test_log::test(switchy_async::test)]
[INFO] [stdout]      |       ^^^^^^^^ use of unresolved module or unlinked crate `test_log`
[INFO] [stdout] 
[INFO] [stdout] 
[INFO] [stdout] error[E0433]: cannot find module or crate `test_log` in this scope
[INFO] [stdout]     --> src/lib.rs:2080:7
[INFO] [stdout]      |
[INFO] [stdout] 2080 |     #[test_log::test(switchy_async::test)]
[INFO] [stdout]      |       ^^^^^^^^ use of unresolved module or unlinked crate `test_log`
[INFO] [stdout] 
[INFO] [stdout] 
[INFO] [stdout] error[E0433]: cannot find module or crate `test_log` in this scope
[INFO] [stdout]     --> src/lib.rs:2106:7
[INFO] [stdout]      |
[INFO] [stdout] 2106 |     #[test_log::test]
[INFO] [stdout]      |       ^^^^^^^^ use of unresolved module or unlinked crate `test_log`
[INFO] [stdout] 
[INFO] [stdout] 
[INFO] [stdout] error[E0433]: cannot find module or crate `test_log` in this scope
[INFO] [stdout]     --> src/lib.rs:2120:7
[INFO] [stdout]      |
[INFO] [stdout] 2120 |     #[test_log::test]
[INFO] [stdout]      |       ^^^^^^^^ use of unresolved module or unlinked crate `test_log`
[INFO] [stdout] 
[INFO] [stdout] 
[INFO] [stdout] error[E0433]: cannot find module or crate `test_log` in this scope
[INFO] [stdout]     --> src/lib.rs:2130:7
[INFO] [stdout]      |
[INFO] [stdout] 2130 |     #[test_log::test]
[INFO] [stdout]      |       ^^^^^^^^ use of unresolved module or unlinked crate `test_log`
[INFO] [stdout] 
[INFO] [stdout] 
[INFO] [stdout] error[E0433]: cannot find module or crate `test_log` in this scope
[INFO] [stdout]     --> src/lib.rs:2151:7
[INFO] [stdout]      |
[INFO] [stdout] 2151 |     #[test_log::test]
[INFO] [stdout]      |       ^^^^^^^^ use of unresolved module or unlinked crate `test_log`
[INFO] [stdout] 
[INFO] [stdout] 
[INFO] [stdout] error[E0433]: cannot find module or crate `test_log` in this scope
[INFO] [stdout]     --> src/lib.rs:2185:7
[INFO] [stdout]      |
[INFO] [stdout] 2185 |     #[test_log::test]
[INFO] [stdout]      |       ^^^^^^^^ use of unresolved module or unlinked crate `test_log`
[INFO] [stdout] 
[INFO] [stdout] 
[INFO] [stdout] error[E0433]: cannot find module or crate `test_log` in this scope
[INFO] [stdout]     --> src/lib.rs:2215:7
[INFO] [stdout]      |
[INFO] [stdout] 2215 |     #[test_log::test]
[INFO] [stdout]      |       ^^^^^^^^ use of unresolved module or unlinked crate `test_log`
[INFO] [stdout] 
[INFO] [stdout] 
[INFO] [stdout] error[E0433]: cannot find module or crate `test_log` in this scope
[INFO] [stdout]     --> src/lib.rs:2244:7
[INFO] [stdout]      |
[INFO] [stdout] 2244 |     #[test_log::test]
[INFO] [stdout]      |       ^^^^^^^^ use of unresolved module or unlinked crate `test_log`
[INFO] [stdout] 
[INFO] [stdout] 
[INFO] [stdout] error[E0433]: cannot find module or crate `test_log` in this scope
[INFO] [stdout]     --> src/lib.rs:2260:7
[INFO] [stdout]      |
[INFO] [stdout] 2260 |     #[test_log::test(switchy_async::test)]
[INFO] [stdout]      |       ^^^^^^^^ use of unresolved module or unlinked crate `test_log`
[INFO] [stdout] 
[INFO] [stdout] 
[INFO] [stdout] error[E0433]: cannot find module or crate `test_log` in this scope
[INFO] [stdout]     --> src/lib.rs:2306:7
[INFO] [stdout]      |
[INFO] [stdout] 2306 |     #[test_log::test(switchy_async::test)]
[INFO] [stdout]      |       ^^^^^^^^ use of unresolved module or unlinked crate `test_log`
[INFO] [stdout] 
[INFO] [stdout] 
[INFO] [stdout] error[E0433]: cannot find module or crate `test_log` in this scope
[INFO] [stdout]     --> src/lib.rs:2356:7
[INFO] [stdout]      |
[INFO] [stdout] 2356 |     #[test_log::test(switchy_async::test)]
[INFO] [stdout]      |       ^^^^^^^^ use of unresolved module or unlinked crate `test_log`
[INFO] [stdout] 
[INFO] [stdout] 
[INFO] [stdout] error[E0433]: cannot find module or crate `test_log` in this scope
[INFO] [stdout]     --> src/lib.rs:2412:7
[INFO] [stdout]      |
[INFO] [stdout] 2412 |     #[test_log::test(switchy_async::test)]
[INFO] [stdout]      |       ^^^^^^^^ use of unresolved module or unlinked crate `test_log`
[INFO] [stdout] 
[INFO] [stdout] 
[INFO] [stdout] error[E0433]: cannot find module or crate `test_log` in this scope
[INFO] [stdout]     --> src/lib.rs:2448:7
[INFO] [stdout]      |
[INFO] [stdout] 2448 |     #[test_log::test(switchy_async::test)]
[INFO] [stdout]      |       ^^^^^^^^ use of unresolved module or unlinked crate `test_log`
[INFO] [stdout] 
[INFO] [stdout] 
[INFO] [stdout] error[E0433]: cannot find module or crate `test_log` in this scope
[INFO] [stdout]     --> src/lib.rs:2516:7
[INFO] [stdout]      |
[INFO] [stdout] 2516 |     #[test_log::test(switchy_async::test)]
[INFO] [stdout]      |       ^^^^^^^^ use of unresolved module or unlinked crate `test_log`
[INFO] [stdout] 
[INFO] [stdout] 
[INFO] [stdout] error[E0433]: cannot find module or crate `test_log` in this scope
[INFO] [stdout]     --> src/lib.rs:2551:7
[INFO] [stdout]      |
[INFO] [stdout] 2551 |     #[test_log::test(switchy_async::test)]
[INFO] [stdout]      |       ^^^^^^^^ use of unresolved module or unlinked crate `test_log`
[INFO] [stdout] 
[INFO] [stdout] 
[INFO] [stdout] error[E0433]: cannot find module or crate `test_log` in this scope
[INFO] [stdout]     --> src/lib.rs:2598:7
[INFO] [stdout]      |
[INFO] [stdout] 2598 |     #[test_log::test(switchy_async::test)]
[INFO] [stdout]      |       ^^^^^^^^ use of unresolved module or unlinked crate `test_log`
[INFO] [stdout] 
[INFO] [stdout] 
[INFO] [stdout] error[E0433]: cannot find module or crate `test_log` in this scope
[INFO] [stdout]     --> src/lib.rs:2647:7
[INFO] [stdout]      |
[INFO] [stdout] 2647 |     #[test_log::test(switchy_async::test)]
[INFO] [stdout]      |       ^^^^^^^^ use of unresolved module or unlinked crate `test_log`
[INFO] [stdout] 
[INFO] [stdout] 
[INFO] [stdout] error[E0433]: cannot find module or crate `test_log` in this scope
[INFO] [stdout]     --> src/lib.rs:2701:7
[INFO] [stdout]      |
[INFO] [stdout] 2701 |     #[test_log::test(switchy_async::test)]
[INFO] [stdout]      |       ^^^^^^^^ use of unresolved module or unlinked crate `test_log`
[INFO] [stdout] 
[INFO] [stdout] 
[INFO] [stdout] error[E0433]: cannot find module or crate `test_log` in this scope
[INFO] [stdout]     --> src/lib.rs:2736:7
[INFO] [stdout]      |
[INFO] [stdout] 2736 |     #[test_log::test(switchy_async::test)]
[INFO] [stdout]      |       ^^^^^^^^ use of unresolved module or unlinked crate `test_log`
[INFO] [stdout] 
[INFO] [stdout] 
[INFO] [stdout] error[E0433]: cannot find module or crate `test_log` in this scope
[INFO] [stdout]     --> src/lib.rs:2792:7
[INFO] [stdout]      |
[INFO] [stdout] 2792 |     #[test_log::test(switchy_async::test)]
[INFO] [stdout]      |       ^^^^^^^^ use of unresolved module or unlinked crate `test_log`
[INFO] [stdout] 
[INFO] [stdout] 
[INFO] [stdout] error[E0433]: cannot find module or crate `test_log` in this scope
[INFO] [stdout]     --> src/lib.rs:2829:7
[INFO] [stdout]      |
[INFO] [stdout] 2829 |     #[test_log::test(switchy_async::test)]
[INFO] [stdout]      |       ^^^^^^^^ use of unresolved module or unlinked crate `test_log`
[INFO] [stdout] 
[INFO] [stdout] 
[INFO] [stdout] error[E0433]: cannot find module or crate `test_log` in this scope
[INFO] [stdout]     --> src/lib.rs:2863:7
[INFO] [stdout]      |
[INFO] [stdout] 2863 |     #[test_log::test(switchy_async::test)]
[INFO] [stdout]      |       ^^^^^^^^ use of unresolved module or unlinked crate `test_log`
[INFO] [stdout] 
[INFO] [stdout] 
[INFO] [stdout] error[E0433]: cannot find module or crate `test_log` in this scope
[INFO] [stdout]     --> src/lib.rs:2882:7
[INFO] [stdout]      |
[INFO] [stdout] 2882 |     #[test_log::test(switchy_async::test)]
[INFO] [stdout]      |       ^^^^^^^^ use of unresolved module or unlinked crate `test_log`
[INFO] [stdout] 
[INFO] [stdout] 
[INFO] [stdout] error[E0433]: cannot find module or crate `test_log` in this scope
[INFO] [stdout]     --> src/lib.rs:2916:7
[INFO] [stdout]      |
[INFO] [stdout] 2916 |     #[test_log::test(switchy_async::test)]
[INFO] [stdout]      |       ^^^^^^^^ use of unresolved module or unlinked crate `test_log`
[INFO] [stdout] 
[INFO] [stdout] 
[INFO] [stdout] error[E0433]: cannot find module or crate `test_log` in this scope
[INFO] [stdout]     --> src/lib.rs:2942:7
[INFO] [stdout]      |
[INFO] [stdout] 2942 |     #[test_log::test(switchy_async::test)]
[INFO] [stdout]      |       ^^^^^^^^ use of unresolved module or unlinked crate `test_log`
[INFO] [stdout] 
[INFO] [stdout] 
[INFO] [stdout] error[E0433]: cannot find module or crate `test_log` in this scope
[INFO] [stdout]     --> src/lib.rs:2976:7
[INFO] [stdout]      |
[INFO] [stdout] 2976 |     #[test_log::test]
[INFO] [stdout]      |       ^^^^^^^^ use of unresolved module or unlinked crate `test_log`
[INFO] [stdout] 
[INFO] [stdout] 
[INFO] [stdout] error[E0433]: cannot find module or crate `test_log` in this scope
[INFO] [stdout]     --> src/lib.rs:2990:7
[INFO] [stdout]      |
[INFO] [stdout] 2990 |     #[test_log::test]
[INFO] [stdout]      |       ^^^^^^^^ use of unresolved module or unlinked crate `test_log`
[INFO] [stdout] 
[INFO] [stdout] 
[INFO] [stdout] error[E0433]: cannot find module or crate `test_log` in this scope
[INFO] [stdout]     --> src/lib.rs:3007:7
[INFO] [stdout]      |
[INFO] [stdout] 3007 |     #[test_log::test]
[INFO] [stdout]      |       ^^^^^^^^ use of unresolved module or unlinked crate `test_log`
[INFO] [stdout] 
[INFO] [stdout] 
[INFO] [stdout] error[E0433]: cannot find module or crate `test_log` in this scope
[INFO] [stdout]     --> src/lib.rs:3023:7
[INFO] [stdout]      |
[INFO] [stdout] 3023 |     #[test_log::test]
[INFO] [stdout]      |       ^^^^^^^^ use of unresolved module or unlinked crate `test_log`
[INFO] [stdout] 
[INFO] [stdout] 
[INFO] [stdout] error[E0433]: cannot find module or crate `test_log` in this scope
[INFO] [stdout]     --> src/lib.rs:3035:7
[INFO] [stdout]      |
[INFO] [stdout] 3035 |     #[test_log::test(switchy_async::test)]
[INFO] [stdout]      |       ^^^^^^^^ use of unresolved module or unlinked crate `test_log`
[INFO] [stdout] 
[INFO] [stdout] 
[INFO] [stdout] error[E0433]: cannot find module or crate `test_log` in this scope
[INFO] [stdout]     --> src/lib.rs:3067:7
[INFO] [stdout]      |
[INFO] [stdout] 3067 |     #[test_log::test(switchy_async::test)]
[INFO] [stdout]      |       ^^^^^^^^ use of unresolved module or unlinked crate `test_log`
[INFO] [stdout] 
[INFO] [stdout] 
[INFO] [stdout] error[E0433]: cannot find module or crate `test_log` in this scope
[INFO] [stdout]     --> src/lib.rs:3127:7
[INFO] [stdout]      |
[INFO] [stdout] 3127 |     #[test_log::test]
[INFO] [stdout]      |       ^^^^^^^^ use of unresolved module or unlinked crate `test_log`
[INFO] [stdout] 
[INFO] [stdout] 
[INFO] [stdout] error[E0433]: cannot find module or crate `test_log` in this scope
[INFO] [stdout]     --> src/lib.rs:3140:7
[INFO] [stdout]      |
[INFO] [stdout] 3140 |     #[test_log::test]
[INFO] [stdout]      |       ^^^^^^^^ use of unresolved module or unlinked crate `test_log`
[INFO] [stdout] 
[INFO] [stdout] 
[INFO] [stdout] error[E0433]: cannot find module or crate `test_log` in this scope
[INFO] [stdout]     --> src/lib.rs:3153:7
[INFO] [stdout]      |
[INFO] [stdout] 3153 |     #[test_log::test]
[INFO] [stdout]      |       ^^^^^^^^ use of unresolved module or unlinked crate `test_log`
[INFO] [stdout] 
[INFO] [stdout] 
[INFO] [stdout] error[E0433]: cannot find module or crate `test_log` in this scope
[INFO] [stdout]     --> src/lib.rs:3168:7
[INFO] [stdout]      |
[INFO] [stdout] 3168 |     #[test_log::test]
[INFO] [stdout]      |       ^^^^^^^^ use of unresolved module or unlinked crate `test_log`
[INFO] [stdout] 
[INFO] [stdout] 
[INFO] [stdout] error[E0433]: cannot find module or crate `test_log` in this scope
[INFO] [stdout]     --> src/lib.rs:3183:7
[INFO] [stdout]      |
[INFO] [stdout] 3183 |     #[test_log::test]
[INFO] [stdout]      |       ^^^^^^^^ use of unresolved module or unlinked crate `test_log`
[INFO] [stdout] 
[INFO] [stdout] 
[INFO] [stdout] error[E0433]: cannot find module or crate `test_log` in this scope
[INFO] [stdout]     --> src/lib.rs:3199:7
[INFO] [stdout]      |
[INFO] [stdout] 3199 |     #[test_log::test]
[INFO] [stdout]      |       ^^^^^^^^ use of unresolved module or unlinked crate `test_log`
[INFO] [stdout] 
[INFO] [stdout] 
[INFO] [stdout] error[E0433]: cannot find module or crate `test_log` in this scope
[INFO] [stdout]     --> src/lib.rs:3215:7
[INFO] [stdout]      |
[INFO] [stdout] 3215 |     #[test_log::test(switchy_async::test)]
[INFO] [stdout]      |       ^^^^^^^^ use of unresolved module or unlinked crate `test_log`
[INFO] [stdout] 
[INFO] [stdout] 
[INFO] [stdout] error[E0433]: cannot find module or crate `test_log` in this scope
[INFO] [stdout]     --> src/lib.rs:3271:7
[INFO] [stdout]      |
[INFO] [stdout] 3271 |     #[test_log::test]
[INFO] [stdout]      |       ^^^^^^^^ use of unresolved module or unlinked crate `test_log`
[INFO] [stdout] 
[INFO] [stdout] 
[INFO] [stdout] error[E0433]: cannot find module or crate `test_log` in this scope
[INFO] [stdout]     --> src/lib.rs:3290:7
[INFO] [stdout]      |
[INFO] [stdout] 3290 |     #[test_log::test]
[INFO] [stdout]      |       ^^^^^^^^ use of unresolved module or unlinked crate `test_log`
[INFO] [stdout] 
[INFO] [stdout] 
[INFO] [stdout] error[E0433]: cannot find module or crate `test_log` in this scope
[INFO] [stdout]     --> src/lib.rs:3311:7
[INFO] [stdout]      |
[INFO] [stdout] 3311 |     #[test_log::test(switchy_async::test)]
[INFO] [stdout]      |       ^^^^^^^^ use of unresolved module or unlinked crate `test_log`
[INFO] [stdout] 
[INFO] [stdout] 
[INFO] [stdout] error[E0433]: cannot find module or crate `test_log` in this scope
[INFO] [stdout]     --> src/lib.rs:3380:7
[INFO] [stdout]      |
[INFO] [stdout] 3380 |     #[test_log::test(switchy_async::test)]
[INFO] [stdout]      |       ^^^^^^^^ use of unresolved module or unlinked crate `test_log`
[INFO] [stdout] 
[INFO] [stdout] 
[INFO] [stdout] error[E0433]: cannot find module or crate `test_log` in this scope
[INFO] [stdout]     --> src/lib.rs:3416:7
[INFO] [stdout]      |
[INFO] [stdout] 3416 |     #[test_log::test(switchy_async::test)]
[INFO] [stdout]      |       ^^^^^^^^ use of unresolved module or unlinked crate `test_log`
[INFO] [stdout] 
[INFO] [stdout] 
[INFO] [stdout] error[E0433]: cannot find module or crate `test_log` in this scope
[INFO] [stdout]     --> src/lib.rs:3454:7
[INFO] [stdout]      |
[INFO] [stdout] 3454 |     #[test_log::test(switchy_async::test)]
[INFO] [stdout]      |       ^^^^^^^^ use of unresolved module or unlinked crate `test_log`
[INFO] [stdout] 
[INFO] [stdout] 
[INFO] [stdout] error[E0433]: cannot find module or crate `test_log` in this scope
[INFO] [stdout]     --> src/lib.rs:3492:7
[INFO] [stdout]      |
[INFO] [stdout] 3492 |     #[test_log::test(switchy_async::test)]
[INFO] [stdout]      |       ^^^^^^^^ use of unresolved module or unlinked crate `test_log`
[INFO] [stdout] 
[INFO] [stdout] 
[INFO] [stdout] error[E0433]: cannot find module or crate `test_log` in this scope
[INFO] [stdout]     --> src/lib.rs:3514:7
[INFO] [stdout]      |
[INFO] [stdout] 3514 |     #[test_log::test(switchy_async::test)]
[INFO] [stdout]      |       ^^^^^^^^ use of unresolved module or unlinked crate `test_log`
[INFO] [stdout] 
[INFO] [stdout] 
[INFO] [stdout] error[E0433]: cannot find module or crate `serde_json` in this scope
[INFO] [stdout]     --> src/lib.rs:1478:20
[INFO] [stdout]      |
[INFO] [stdout] 1478 |         let json = serde_json::to_string(&page).unwrap();
[INFO] [stdout]      |                    ^^^^^^^^^^ use of unresolved module or unlinked crate `serde_json`
[INFO] [stdout]      |
[INFO] [stdout]      = help: if you wanted to use a crate named `serde_json`, use `cargo add serde_json` to add it to your `Cargo.toml`
[INFO] [stdout] 
[INFO] [stdout] 
[INFO] [stdout] error[E0433]: cannot find module or crate `serde_json` in this scope
[INFO] [stdout]     --> src/lib.rs:1479:41
[INFO] [stdout]      |
[INFO] [stdout] 1479 |         let parsed: serde_json::Value = serde_json::from_str(&json).unwrap();
[INFO] [stdout]      |                                         ^^^^^^^^^^ use of unresolved module or unlinked crate `serde_json`
[INFO] [stdout]      |
[INFO] [stdout]      = help: if you wanted to use a crate named `serde_json`, use `cargo add serde_json` to add it to your `Cargo.toml`
[INFO] [stdout] 
[INFO] [stdout] 
[INFO] [stdout] error[E0433]: cannot find module or crate `serde_json` in this scope
[INFO] [stdout]     --> src/lib.rs:1497:20
[INFO] [stdout]      |
[INFO] [stdout] 1497 |         let json = serde_json::to_string(&page).unwrap();
[INFO] [stdout]      |                    ^^^^^^^^^^ use of unresolved module or unlinked crate `serde_json`
[INFO] [stdout]      |
[INFO] [stdout]      = help: if you wanted to use a crate named `serde_json`, use `cargo add serde_json` to add it to your `Cargo.toml`
[INFO] [stdout] 
[INFO] [stdout] 
[INFO] [stdout] error[E0433]: cannot find module or crate `serde_json` in this scope
[INFO] [stdout]     --> src/lib.rs:1498:41
[INFO] [stdout]      |
[INFO] [stdout] 1498 |         let parsed: serde_json::Value = serde_json::from_str(&json).unwrap();
[INFO] [stdout]      |                                         ^^^^^^^^^^ use of unresolved module or unlinked crate `serde_json`
[INFO] [stdout]      |
[INFO] [stdout]      = help: if you wanted to use a crate named `serde_json`, use `cargo add serde_json` to add it to your `Cargo.toml`
[INFO] [stdout] 
[INFO] [stdout] 
[INFO] [stdout] error[E0433]: cannot find module or crate `serde_json` in this scope
[INFO] [stdout]     --> src/lib.rs:1511:31
[INFO] [stdout]      |
[INFO] [stdout] 1511 |         let page: Page<i32> = serde_json::from_str(json).unwrap();
[INFO] [stdout]      |                               ^^^^^^^^^^ use of unresolved module or unlinked crate `serde_json`
[INFO] [stdout]      |
[INFO] [stdout]      = help: if you wanted to use a crate named `serde_json`, use `cargo add serde_json` to add it to your `Cargo.toml`
[INFO] [stdout] 
[INFO] [stdout] 
[INFO] [stdout] error[E0433]: cannot find module or crate `serde_json` in this scope
[INFO] [stdout]     --> src/lib.rs:1524:34
[INFO] [stdout]      |
[INFO] [stdout] 1524 |         let page: Page<String> = serde_json::from_str(json).unwrap();
[INFO] [stdout]      |                                  ^^^^^^^^^^ use of unresolved module or unlinked crate `serde_json`
[INFO] [stdout]      |
[INFO] [stdout]      = help: if you wanted to use a crate named `serde_json`, use `cargo add serde_json` to add it to your `Cargo.toml`
[INFO] [stdout] 
[INFO] [stdout] 
[INFO] [stdout] error[E0433]: cannot find module or crate `serde_json` in this scope
[INFO] [stdout]     --> src/lib.rs:2113:20
[INFO] [stdout]      |
[INFO] [stdout] 2113 |         let json = serde_json::to_string(&request).unwrap();
[INFO] [stdout]      |                    ^^^^^^^^^^ use of unresolved module or unlinked crate `serde_json`
[INFO] [stdout]      |
[INFO] [stdout]      = help: if you wanted to use a crate named `serde_json`, use `cargo add serde_json` to add it to your `Cargo.toml`
[INFO] [stdout] 
[INFO] [stdout] 
[INFO] [stdout] error[E0433]: cannot find module or crate `serde_json` in this scope
[INFO] [stdout]     --> src/lib.rs:2114:41
[INFO] [stdout]      |
[INFO] [stdout] 2114 |         let parsed: serde_json::Value = serde_json::from_str(&json).unwrap();
[INFO] [stdout]      |                                         ^^^^^^^^^^ use of unresolved module or unlinked crate `serde_json`
[INFO] [stdout]      |
[INFO] [stdout]      = help: if you wanted to use a crate named `serde_json`, use `cargo add serde_json` to add it to your `Cargo.toml`
[INFO] [stdout] 
[INFO] [stdout] 
[INFO] [stdout] error[E0433]: cannot find module or crate `serde_json` in this scope
[INFO] [stdout]     --> src/lib.rs:2124:38
[INFO] [stdout]      |
[INFO] [stdout] 2124 |         let request: PagingRequest = serde_json::from_str(json).unwrap();
[INFO] [stdout]      |                                      ^^^^^^^^^^ use of unresolved module or unlinked crate `serde_json`
[INFO] [stdout]      |
[INFO] [stdout]      = help: if you wanted to use a crate named `serde_json`, use `cargo add serde_json` to add it to your `Cargo.toml`
[INFO] [stdout] 
[INFO] [stdout] 
[INFO] [stdout] error[E0433]: cannot find module or crate `serde_json` in this scope
[INFO] [stdout]     --> src/lib.rs:3000:20
[INFO] [stdout]      |
[INFO] [stdout] 3000 |         let json = serde_json::to_string(&page).unwrap();
[INFO] [stdout]      |                    ^^^^^^^^^^ use of unresolved module or unlinked crate `serde_json`
[INFO] [stdout]      |
[INFO] [stdout]      = help: if you wanted to use a crate named `serde_json`, use `cargo add serde_json` to add it to your `Cargo.toml`
[INFO] [stdout] 
[INFO] [stdout] 
[INFO] [stdout] error[E0433]: cannot find module or crate `serde_json` in this scope
[INFO] [stdout]     --> src/lib.rs:3001:41
[INFO] [stdout]      |
[INFO] [stdout] 3001 |         let parsed: serde_json::Value = serde_json::from_str(&json).unwrap();
[INFO] [stdout]      |                                         ^^^^^^^^^^ use of unresolved module or unlinked crate `serde_json`
[INFO] [stdout]      |
[INFO] [stdout]      = help: if you wanted to use a crate named `serde_json`, use `cargo add serde_json` to add it to your `Cargo.toml`
[INFO] [stdout] 
[INFO] [stdout] 
[INFO] [stdout] error[E0433]: cannot find module or crate `serde_json` in this scope
[INFO] [stdout]     --> src/lib.rs:3028:31
[INFO] [stdout]      |
[INFO] [stdout] 3028 |         let page: Page<i32> = serde_json::from_str(json).unwrap();
[INFO] [stdout]      |                               ^^^^^^^^^^ use of unresolved module or unlinked crate `serde_json`
[INFO] [stdout]      |
[INFO] [stdout]      = help: if you wanted to use a crate named `serde_json`, use `cargo add serde_json` to add it to your `Cargo.toml`
[INFO] [stdout] 
[INFO] [stdout] 
[INFO] [stdout] error[E0433]: cannot find module or crate `serde_json` in this scope
[INFO] [stdout]     --> src/lib.rs:3280:20
[INFO] [stdout]      |
[INFO] [stdout] 3280 |         let json = serde_json::to_string(&original).unwrap();
[INFO] [stdout]      |                    ^^^^^^^^^^ use of unresolved module or unlinked crate `serde_json`
[INFO] [stdout]      |
[INFO] [stdout]      = help: if you wanted to use a crate named `serde_json`, use `cargo add serde_json` to add it to your `Cargo.toml`
[INFO] [stdout] 
[INFO] [stdout] 
[INFO] [stdout] error[E0433]: cannot find module or crate `serde_json` in this scope
[INFO] [stdout]     --> src/lib.rs:3281:39
[INFO] [stdout]      |
[INFO] [stdout] 3281 |         let deserialized: Page<i32> = serde_json::from_str(&json).unwrap();
[INFO] [stdout]      |                                       ^^^^^^^^^^ use of unresolved module or unlinked crate `serde_json`
[INFO] [stdout]      |
[INFO] [stdout]      = help: if you wanted to use a crate named `serde_json`, use `cargo add serde_json` to add it to your `Cargo.toml`
[INFO] [stdout] 
[INFO] [stdout] 
[INFO] [stdout] error[E0433]: cannot find module or crate `serde_json` in this scope
[INFO] [stdout]     --> src/lib.rs:3299:20
[INFO] [stdout]      |
[INFO] [stdout] 3299 |         let json = serde_json::to_string(&original).unwrap();
[INFO] [stdout]      |                    ^^^^^^^^^^ use of unresolved module or unlinked crate `serde_json`
[INFO] [stdout]      |
[INFO] [stdout]      = help: if you wanted to use a crate named `serde_json`, use `cargo add serde_json` to add it to your `Cargo.toml`
[INFO] [stdout] 
[INFO] [stdout] 
[INFO] [stdout] error[E0433]: cannot find module or crate `serde_json` in this scope
[INFO] [stdout]     --> src/lib.rs:3300:40
[INFO] [stdout]      |
[INFO] [stdout] 3300 |         let deserialized: Page<&str> = serde_json::from_str(&json).unwrap();
[INFO] [stdout]      |                                        ^^^^^^^^^^ use of unresolved module or unlinked crate `serde_json`
[INFO] [stdout]      |
[INFO] [stdout]      = help: if you wanted to use a crate named `serde_json`, use `cargo add serde_json` to add it to your `Cargo.toml`
[INFO] [stdout] 
[INFO] [stdout] 
[INFO] [stdout] error[E0433]: cannot find module or crate `serde_json` in this scope
[INFO] [stdout]     --> src/lib.rs:1498:21
[INFO] [stdout]      |
[INFO] [stdout] 1498 |         let parsed: serde_json::Value = serde_json::from_str(&json).unwrap();
[INFO] [stdout]      |                     ^^^^^^^^^^ use of unresolved module or unlinked crate `serde_json`
[INFO] [stdout]      |
[INFO] [stdout]      = help: if you wanted to use a crate named `serde_json`, use `cargo add serde_json` to add it to your `Cargo.toml`
[INFO] [stdout] 
[INFO] [stdout] 
[INFO] [stdout] error[E0433]: cannot find module or crate `serde_json` in this scope
[INFO] [stdout]     --> src/lib.rs:1479:21
[INFO] [stdout]      |
[INFO] [stdout] 1479 |         let parsed: serde_json::Value = serde_json::from_str(&json).unwrap();
[INFO] [stdout]      |                     ^^^^^^^^^^ use of unresolved module or unlinked crate `serde_json`
[INFO] [stdout]      |
[INFO] [stdout]      = help: if you wanted to use a crate named `serde_json`, use `cargo add serde_json` to add it to your `Cargo.toml`
[INFO] [stdout] 
[INFO] [stdout] 
[INFO] [stdout] error[E0433]: cannot find module or crate `serde_json` in this scope
[INFO] [stdout]     --> src/lib.rs:2114:21
[INFO] [stdout]      |
[INFO] [stdout] 2114 |         let parsed: serde_json::Value = serde_json::from_str(&json).unwrap();
[INFO] [stdout]      |                     ^^^^^^^^^^ use of unresolved module or unlinked crate `serde_json`
[INFO] [stdout]      |
[INFO] [stdout]      = help: if you wanted to use a crate named `serde_json`, use `cargo add serde_json` to add it to your `Cargo.toml`
[INFO] [stdout] 
[INFO] [stdout] 
[INFO] [stdout] error[E0433]: cannot find module or crate `serde_json` in this scope
[INFO] [stdout]     --> src/lib.rs:3001:21
[INFO] [stdout]      |
[INFO] [stdout] 3001 |         let parsed: serde_json::Value = serde_json::from_str(&json).unwrap();
[INFO] [stdout]      |                     ^^^^^^^^^^ use of unresolved module or unlinked crate `serde_json`
[INFO] [stdout]      |
[INFO] [stdout]      = help: if you wanted to use a crate named `serde_json`, use `cargo add serde_json` to add it to your `Cargo.toml`
[INFO] [stdout] 
[INFO] [stdout] 
[INFO] [stdout] Some errors have detailed explanations: E0432, E0433.
[INFO] [stdout] 
[INFO] [stdout] For more information about an error, try `rustc --explain E0432`.
[INFO] [stdout] 
[INFO] [stderr] error: could not compile `moosicbox_paging` (lib test) due to 105 previous errors
[INFO] running `Command { std: "docker" "inspect" "016931a6e364abe215ab999b167ab7c83be6ea18158f8312e2595e00d88f6941", kill_on_drop: false }`
[INFO] running `Command { std: "docker" "rm" "-f" "016931a6e364abe215ab999b167ab7c83be6ea18158f8312e2595e00d88f6941", kill_on_drop: false }`
[INFO] [stdout] 016931a6e364abe215ab999b167ab7c83be6ea18158f8312e2595e00d88f6941
