[INFO] fetching crate moosicbox_audio_encoder 0.4.0...
[INFO] testing moosicbox_audio_encoder-0.4.0 against 1.99.0-beta.8+cargoflags=--release for beta-release-1.100-2
[INFO] extracting crate moosicbox_audio_encoder 0.4.0 into /workspace/builds/worker-2-tc1/source
[INFO] started tweaking crates.io crate moosicbox_audio_encoder 0.4.0
[INFO] finished tweaking crates.io crate moosicbox_audio_encoder 0.4.0
[INFO] tweaked toml for crates.io crate moosicbox_audio_encoder 0.4.0 written to /workspace/builds/worker-2-tc1/source/Cargo.toml
[INFO] validating manifest of crates.io crate moosicbox_audio_encoder 0.4.0 on toolchain 1.99.0-beta.8
[INFO] running `Command { std: CARGO_HOME="/workspace/cargo-home" RUSTUP_HOME="/workspace/rustup-home" "/workspace/cargo-home/bin/cargo" "+1.99.0-beta.8" "metadata" "--manifest-path" "Cargo.toml" "--no-deps", kill_on_drop: false }`
[INFO] crate crates.io crate moosicbox_audio_encoder 0.4.0 already has a lockfile, it will not be regenerated
[INFO] running `Command { std: CARGO_HOME="/workspace/cargo-home" RUSTUP_HOME="/workspace/rustup-home" "/workspace/cargo-home/bin/cargo" "+1.99.0-beta.8" "fetch" "--manifest-path" "Cargo.toml", kill_on_drop: false }`
[INFO] [stderr]     Blocking waiting for file lock on package cache
[INFO] running `Command { std: "docker" "create" "-v" "/var/lib/crater-agent-workspace/builds/worker-2-tc1/source:/opt/rustwide/workdir:ro,Z" "-v" "/var/lib/crater-agent-workspace/builds/worker-2-tc1/target:/opt/rustwide/target:rw,Z" "-v" "/var/lib/crater-agent-workspace/cargo-home:/opt/rustwide/cargo-home:ro,Z" "-v" "/var/lib/crater-agent-workspace/rustup-home:/opt/rustwide/rustup-home:ro,Z" "-m" "1610612736" "--network" "none" "ghcr.io/rust-lang/crates-build-env/linux@sha256:77db811e55d90add9212f6832c23229e3de5f1c1f9905e8cb07319ea15df73ac" "sleep" "infinity", kill_on_drop: false }`
[INFO] [stdout] 8084ca4ccf011dbd0bb5c3b671f9fc0d85dc02b8791ee5efa7df804641e8f49b
[INFO] running `Command { std: "docker" "start" "8084ca4ccf011dbd0bb5c3b671f9fc0d85dc02b8791ee5efa7df804641e8f49b", kill_on_drop: false }`
[INFO] running `Command { std: "docker" "inspect" "8084ca4ccf011dbd0bb5c3b671f9fc0d85dc02b8791ee5efa7df804641e8f49b", kill_on_drop: false }`
[INFO] running `Command { std: "docker" "exec" "-e" "SOURCE_DIR=/opt/rustwide/workdir" "-e" "CARGO_HOME=/opt/rustwide/cargo-home" "-e" "RUSTUP_HOME=/opt/rustwide/rustup-home" "-e" "CARGO_TARGET_DIR=/opt/rustwide/target" "-w" "/opt/rustwide/workdir" "--user" "0:0" "8084ca4ccf011dbd0bb5c3b671f9fc0d85dc02b8791ee5efa7df804641e8f49b" "/opt/rustwide/cargo-home/bin/cargo" "+1.99.0-beta.8" "metadata" "--no-deps" "--format-version=1", kill_on_drop: false }`
[INFO] running `Command { std: "docker" "inspect" "8084ca4ccf011dbd0bb5c3b671f9fc0d85dc02b8791ee5efa7df804641e8f49b", kill_on_drop: false }`
[INFO] running `Command { std: "docker" "exec" "-e" "SOURCE_DIR=/opt/rustwide/workdir" "-e" "CARGO_HOME=/opt/rustwide/cargo-home" "-e" "RUSTUP_HOME=/opt/rustwide/rustup-home" "-e" "CARGO_TARGET_DIR=/opt/rustwide/target" "-e" "CARGO_INCREMENTAL=0" "-e" "RUST_BACKTRACE=full" "-e" "RUSTFLAGS=--cap-lints=warn" "-e" "RUSTDOCFLAGS=--cap-lints=warn" "-w" "/opt/rustwide/workdir" "--user" "0:0" "8084ca4ccf011dbd0bb5c3b671f9fc0d85dc02b8791ee5efa7df804641e8f49b" "/opt/rustwide/cargo-home/bin/cargo" "+1.99.0-beta.8" "build" "--frozen" "--message-format=json" "--release", kill_on_drop: false }`
[INFO] [stderr]    Compiling libc v0.2.186
[INFO] [stderr]    Compiling find-msvc-tools v0.1.9
[INFO] [stderr]    Compiling quote v1.0.46
[INFO] [stderr]    Compiling pkg-config v0.3.33
[INFO] [stderr]    Compiling log v0.4.33
[INFO] [stderr]    Compiling serde_core v1.0.228
[INFO] [stderr]    Compiling byteorder v1.5.0
[INFO] [stderr]    Compiling crossbeam-utils v0.8.21
[INFO] [stderr]    Compiling serde v1.0.228
[INFO] [stderr]    Compiling rustversion v1.0.22
[INFO] [stderr]    Compiling heapless v0.8.0
[INFO] [stderr]    Compiling bitflags v2.13.0
[INFO] [stderr]    Compiling built v0.7.7
[INFO] [stderr]    Compiling once_cell v1.21.4
[INFO] [stderr]    Compiling stable_deref_trait v1.2.1
[INFO] [stderr]    Compiling fastrand v2.4.1
[INFO] [stderr]    Compiling crc-catalog v2.5.0
[INFO] [stderr]    Compiling thiserror v2.0.18
[INFO] [stderr]    Compiling rustix v1.1.4
[INFO] [stderr]    Compiling md-5 v0.10.6
[INFO] [stderr]    Compiling crc v3.4.0
[INFO] [stderr]    Compiling hash32 v0.3.1
[INFO] [stderr]    Compiling ogg v0.9.2
[INFO] [stderr]    Compiling syn v2.0.118
[INFO] [stderr]    Compiling flacenc v0.5.1
[INFO] [stderr]    Compiling audiopus_sys v0.1.8
[INFO] [stderr]    Compiling audiopus v0.2.0
[INFO] [stderr]    Compiling crossbeam-channel v0.5.15
[INFO] [stderr]    Compiling getrandom v0.4.3
[INFO] [stderr]    Compiling jobserver v0.1.34
[INFO] [stderr]    Compiling cc v1.2.65
[INFO] [stderr]    Compiling cmake v0.1.58
[INFO] [stderr]    Compiling autotools v0.2.7
[INFO] [stderr]    Compiling tempfile v3.27.0
[INFO] [stderr]    Compiling serde_derive v1.0.228
[INFO] [stderr]    Compiling thiserror-impl v2.0.18
[INFO] [stderr]    Compiling fdk-aac-sys v0.5.0
[INFO] [stderr]    Compiling mp3lame-sys v0.1.11
[INFO] [stderr]    Compiling switchy_fs v0.4.0
[INFO] [stderr]    Compiling audiopus_sys v0.2.2
[INFO] [stderr]    Compiling opus v0.3.1
[INFO] [stderr]    Compiling fdk-aac v0.8.0
[INFO] [stderr]    Compiling mp3lame-encoder v0.2.4
[INFO] [stderr]    Compiling moosicbox_audio_encoder v0.4.0 (/opt/rustwide/workdir)
[INFO] [stderr]     Finished `release` profile [optimized] target(s) in 1m 37s
[INFO] running `Command { std: "docker" "inspect" "8084ca4ccf011dbd0bb5c3b671f9fc0d85dc02b8791ee5efa7df804641e8f49b", kill_on_drop: false }`
[INFO] running `Command { std: "docker" "exec" "-e" "SOURCE_DIR=/opt/rustwide/workdir" "-e" "CARGO_HOME=/opt/rustwide/cargo-home" "-e" "RUSTUP_HOME=/opt/rustwide/rustup-home" "-e" "CARGO_TARGET_DIR=/opt/rustwide/target" "-e" "CARGO_INCREMENTAL=0" "-e" "RUST_BACKTRACE=full" "-e" "RUSTFLAGS=--cap-lints=warn" "-e" "RUSTDOCFLAGS=--cap-lints=warn" "-w" "/opt/rustwide/workdir" "--user" "0:0" "8084ca4ccf011dbd0bb5c3b671f9fc0d85dc02b8791ee5efa7df804641e8f49b" "/opt/rustwide/cargo-home/bin/cargo" "+1.99.0-beta.8" "test" "--frozen" "--no-run" "--message-format=json" "--release", kill_on_drop: false }`
[INFO] [stderr]    Compiling moosicbox_audio_encoder v0.4.0 (/opt/rustwide/workdir)
[INFO] [stdout] error[E0433]: cannot find module or crate `test_log` in this scope
[INFO] [stdout]    --> src/aac.rs:100:7
[INFO] [stdout]     |
[INFO] [stdout] 100 |     #[test_log::test]
[INFO] [stdout]     |       ^^^^^^^^ use of unresolved module or unlinked crate `test_log`
[INFO] [stdout] 
[INFO] [stdout] 
[INFO] [stdout] error[E0433]: cannot find module or crate `test_log` in this scope
[INFO] [stdout]    --> src/aac.rs:106:7
[INFO] [stdout]     |
[INFO] [stdout] 106 |     #[test_log::test]
[INFO] [stdout]     |       ^^^^^^^^ use of unresolved module or unlinked crate `test_log`
[INFO] [stdout] 
[INFO] [stdout] 
[INFO] [stdout] error[E0433]: cannot find module or crate `test_log` in this scope
[INFO] [stdout]    --> src/aac.rs:126:7
[INFO] [stdout]     |
[INFO] [stdout] 126 |     #[test_log::test]
[INFO] [stdout]     |       ^^^^^^^^ use of unresolved module or unlinked crate `test_log`
[INFO] [stdout] 
[INFO] [stdout] 
[INFO] [stdout] error[E0433]: cannot find module or crate `test_log` in this scope
[INFO] [stdout]    --> src/aac.rs:157:7
[INFO] [stdout]     |
[INFO] [stdout] 157 |     #[test_log::test]
[INFO] [stdout]     |       ^^^^^^^^ use of unresolved module or unlinked crate `test_log`
[INFO] [stdout] 
[INFO] [stdout] 
[INFO] [stdout] error[E0433]: cannot find module or crate `test_log` in this scope
[INFO] [stdout]    --> src/flac.rs:145:7
[INFO] [stdout]     |
[INFO] [stdout] 145 |     #[test_log::test]
[INFO] [stdout]     |       ^^^^^^^^ use of unresolved module or unlinked crate `test_log`
[INFO] [stdout] 
[INFO] [stdout] 
[INFO] [stdout] error[E0433]: cannot find module or crate `test_log` in this scope
[INFO] [stdout]    --> src/flac.rs:158:7
[INFO] [stdout]     |
[INFO] [stdout] 158 |     #[test_log::test]
[INFO] [stdout]     |       ^^^^^^^^ use of unresolved module or unlinked crate `test_log`
[INFO] [stdout] 
[INFO] [stdout] 
[INFO] [stdout] error[E0433]: cannot find module or crate `test_log` in this scope
[INFO] [stdout]    --> src/flac.rs:181:7
[INFO] [stdout]     |
[INFO] [stdout] 181 |     #[test_log::test]
[INFO] [stdout]     |       ^^^^^^^^ use of unresolved module or unlinked crate `test_log`
[INFO] [stdout] 
[INFO] [stdout] 
[INFO] [stdout] error[E0433]: cannot find module or crate `test_log` in this scope
[INFO] [stdout]    --> src/flac.rs:212:7
[INFO] [stdout]     |
[INFO] [stdout] 212 |     #[test_log::test]
[INFO] [stdout]     |       ^^^^^^^^ use of unresolved module or unlinked crate `test_log`
[INFO] [stdout] 
[INFO] [stdout] 
[INFO] [stdout] error[E0433]: cannot find module or crate `test_log` in this scope
[INFO] [stdout]    --> src/flac.rs:225:7
[INFO] [stdout]     |
[INFO] [stdout] 225 |     #[test_log::test]
[INFO] [stdout]     |       ^^^^^^^^ use of unresolved module or unlinked crate `test_log`
[INFO] [stdout] 
[INFO] [stdout] 
[INFO] [stdout] error[E0433]: cannot find module or crate `test_log` in this scope
[INFO] [stdout]    --> src/flac.rs:255:7
[INFO] [stdout]     |
[INFO] [stdout] 255 |     #[test_log::test]
[INFO] [stdout]     |       ^^^^^^^^ use of unresolved module or unlinked crate `test_log`
[INFO] [stdout] 
[INFO] [stdout] 
[INFO] [stdout] error[E0433]: cannot find module or crate `test_log` in this scope
[INFO] [stdout]    --> src/mp3.rs:162:7
[INFO] [stdout]     |
[INFO] [stdout] 162 |     #[test_log::test]
[INFO] [stdout]     |       ^^^^^^^^ use of unresolved module or unlinked crate `test_log`
[INFO] [stdout] 
[INFO] [stdout] 
[INFO] [stdout] error[E0433]: cannot find module or crate `test_log` in this scope
[INFO] [stdout]    --> src/mp3.rs:168:7
[INFO] [stdout]     |
[INFO] [stdout] 168 |     #[test_log::test]
[INFO] [stdout]     |       ^^^^^^^^ use of unresolved module or unlinked crate `test_log`
[INFO] [stdout] 
[INFO] [stdout] 
[INFO] [stdout] error[E0433]: cannot find module or crate `test_log` in this scope
[INFO] [stdout]    --> src/mp3.rs:184:7
[INFO] [stdout]     |
[INFO] [stdout] 184 |     #[test_log::test]
[INFO] [stdout]     |       ^^^^^^^^ use of unresolved module or unlinked crate `test_log`
[INFO] [stdout] 
[INFO] [stdout] 
[INFO] [stdout] error[E0433]: cannot find module or crate `test_log` in this scope
[INFO] [stdout]    --> src/mp3.rs:205:7
[INFO] [stdout]     |
[INFO] [stdout] 205 |     #[test_log::test]
[INFO] [stdout]     |       ^^^^^^^^ use of unresolved module or unlinked crate `test_log`
[INFO] [stdout] 
[INFO] [stdout] 
[INFO] [stdout] error[E0433]: cannot find module or crate `test_log` in this scope
[INFO] [stdout]    --> src/mp3.rs:232:7
[INFO] [stdout]     |
[INFO] [stdout] 232 |     #[test_log::test]
[INFO] [stdout]     |       ^^^^^^^^ use of unresolved module or unlinked crate `test_log`
[INFO] [stdout] 
[INFO] [stdout] 
[INFO] [stdout] error[E0433]: cannot find module or crate `test_log` in this scope
[INFO] [stdout]    --> src/mp3.rs:245:7
[INFO] [stdout]     |
[INFO] [stdout] 245 |     #[test_log::test]
[INFO] [stdout]     |       ^^^^^^^^ use of unresolved module or unlinked crate `test_log`
[INFO] [stdout] 
[INFO] [stdout] 
[INFO] [stdout] error[E0433]: cannot find module or crate `test_log` in this scope
[INFO] [stdout]    --> src/opus.rs:437:7
[INFO] [stdout]     |
[INFO] [stdout] 437 |     #[test_log::test]
[INFO] [stdout]     |       ^^^^^^^^ use of unresolved module or unlinked crate `test_log`
[INFO] [stdout] 
[INFO] [stdout] 
[INFO] [stdout] error[E0433]: cannot find module or crate `test_log` in this scope
[INFO] [stdout]    --> src/opus.rs:446:7
[INFO] [stdout]     |
[INFO] [stdout] 446 |     #[test_log::test]
[INFO] [stdout]     |       ^^^^^^^^ use of unresolved module or unlinked crate `test_log`
[INFO] [stdout] 
[INFO] [stdout] 
[INFO] [stdout] error[E0433]: cannot find module or crate `test_log` in this scope
[INFO] [stdout]    --> src/opus.rs:467:7
[INFO] [stdout]     |
[INFO] [stdout] 467 |     #[test_log::test]
[INFO] [stdout]     |       ^^^^^^^^ use of unresolved module or unlinked crate `test_log`
[INFO] [stdout] 
[INFO] [stdout] 
[INFO] [stdout] error[E0433]: cannot find module or crate `test_log` in this scope
[INFO] [stdout]    --> src/opus.rs:503:7
[INFO] [stdout]     |
[INFO] [stdout] 503 |     #[test_log::test]
[INFO] [stdout]     |       ^^^^^^^^ use of unresolved module or unlinked crate `test_log`
[INFO] [stdout] 
[INFO] [stdout] 
[INFO] [stdout] error[E0433]: cannot find module or crate `test_log` in this scope
[INFO] [stdout]    --> src/opus.rs:536:7
[INFO] [stdout]     |
[INFO] [stdout] 536 |     #[test_log::test]
[INFO] [stdout]     |       ^^^^^^^^ use of unresolved module or unlinked crate `test_log`
[INFO] [stdout] 
[INFO] [stdout] 
[INFO] [stdout] error[E0433]: cannot find module or crate `test_log` in this scope
[INFO] [stdout]    --> src/opus.rs:551:7
[INFO] [stdout]     |
[INFO] [stdout] 551 |     #[test_log::test]
[INFO] [stdout]     |       ^^^^^^^^ use of unresolved module or unlinked crate `test_log`
[INFO] [stdout] 
[INFO] [stdout] 
[INFO] [stdout] error[E0433]: cannot find module or crate `test_log` in this scope
[INFO] [stdout]    --> src/opus.rs:576:7
[INFO] [stdout]     |
[INFO] [stdout] 576 |     #[test_log::test]
[INFO] [stdout]     |       ^^^^^^^^ use of unresolved module or unlinked crate `test_log`
[INFO] [stdout] 
[INFO] [stdout] 
[INFO] [stdout] error[E0433]: cannot find module or crate `test_log` in this scope
[INFO] [stdout]    --> src/opus.rs:613:7
[INFO] [stdout]     |
[INFO] [stdout] 613 |     #[test_log::test(switchy_async::test(real_fs))]
[INFO] [stdout]     |       ^^^^^^^^ use of unresolved module or unlinked crate `test_log`
[INFO] [stdout] 
[INFO] [stdout] 
[INFO] [stdout] error[E0433]: cannot find module or crate `test_log` in this scope
[INFO] [stdout]    --> src/opus.rs:627:7
[INFO] [stdout]     |
[INFO] [stdout] 627 |     #[test_log::test(switchy_async::test(real_fs))]
[INFO] [stdout]     |       ^^^^^^^^ use of unresolved module or unlinked crate `test_log`
[INFO] [stdout] 
[INFO] [stdout] 
[INFO] [stdout] For more information about this error, try `rustc --explain E0433`.
[INFO] [stdout] 
[INFO] [stderr] error: could not compile `moosicbox_audio_encoder` (lib test) due to 25 previous errors
[INFO] running `Command { std: "docker" "inspect" "8084ca4ccf011dbd0bb5c3b671f9fc0d85dc02b8791ee5efa7df804641e8f49b", kill_on_drop: false }`
[INFO] running `Command { std: "docker" "rm" "-f" "8084ca4ccf011dbd0bb5c3b671f9fc0d85dc02b8791ee5efa7df804641e8f49b", kill_on_drop: false }`
[INFO] [stdout] 8084ca4ccf011dbd0bb5c3b671f9fc0d85dc02b8791ee5efa7df804641e8f49b
