[INFO] fetching crate moosicbox_arb 0.4.0...
[INFO] testing moosicbox_arb-0.4.0 against 1.100.0-beta.1+cargoflags=--release for beta-release-1.100-2
[INFO] extracting crate moosicbox_arb 0.4.0 into /workspace/builds/worker-4-tc2/source
[INFO] started tweaking crates.io crate moosicbox_arb 0.4.0
[INFO] finished tweaking crates.io crate moosicbox_arb 0.4.0
[INFO] tweaked toml for crates.io crate moosicbox_arb 0.4.0 written to /workspace/builds/worker-4-tc2/source/Cargo.toml
[INFO] validating manifest of crates.io crate moosicbox_arb 0.4.0 on toolchain 1.100.0-beta.1
[INFO] running `Command { std: CARGO_HOME="/workspace/cargo-home" RUSTUP_HOME="/workspace/rustup-home" "/workspace/cargo-home/bin/cargo" "+1.100.0-beta.1" "metadata" "--manifest-path" "Cargo.toml" "--no-deps", kill_on_drop: false }`
[INFO] crate crates.io crate moosicbox_arb 0.4.0 already has a lockfile, it will not be regenerated
[INFO] running `Command { std: CARGO_HOME="/workspace/cargo-home" RUSTUP_HOME="/workspace/rustup-home" "/workspace/cargo-home/bin/cargo" "+1.100.0-beta.1" "fetch" "--manifest-path" "Cargo.toml", kill_on_drop: false }`
[INFO] running `Command { std: "docker" "create" "-v" "/var/lib/crater-agent-workspace/builds/worker-4-tc2/source:/opt/rustwide/workdir:ro,Z" "-v" "/var/lib/crater-agent-workspace/builds/worker-4-tc2/target:/opt/rustwide/target:rw,Z" "-v" "/var/lib/crater-agent-workspace/cargo-home:/opt/rustwide/cargo-home:ro,Z" "-v" "/var/lib/crater-agent-workspace/rustup-home:/opt/rustwide/rustup-home:ro,Z" "-m" "1610612736" "--network" "none" "ghcr.io/rust-lang/crates-build-env/linux@sha256:77db811e55d90add9212f6832c23229e3de5f1c1f9905e8cb07319ea15df73ac" "sleep" "infinity", kill_on_drop: false }`
[INFO] [stdout] 09e41c880828584be0bf4b6babf31f89bd0d6d4b030dd4f9de0017fdd04eeee4
[INFO] running `Command { std: "docker" "start" "09e41c880828584be0bf4b6babf31f89bd0d6d4b030dd4f9de0017fdd04eeee4", kill_on_drop: false }`
[INFO] running `Command { std: "docker" "inspect" "09e41c880828584be0bf4b6babf31f89bd0d6d4b030dd4f9de0017fdd04eeee4", kill_on_drop: false }`
[INFO] running `Command { std: "docker" "exec" "-e" "SOURCE_DIR=/opt/rustwide/workdir" "-e" "CARGO_HOME=/opt/rustwide/cargo-home" "-e" "RUSTUP_HOME=/opt/rustwide/rustup-home" "-e" "CARGO_TARGET_DIR=/opt/rustwide/target" "-w" "/opt/rustwide/workdir" "--user" "0:0" "09e41c880828584be0bf4b6babf31f89bd0d6d4b030dd4f9de0017fdd04eeee4" "/opt/rustwide/cargo-home/bin/cargo" "+1.100.0-beta.1" "metadata" "--no-deps" "--format-version=1", kill_on_drop: false }`
[INFO] running `Command { std: "docker" "inspect" "09e41c880828584be0bf4b6babf31f89bd0d6d4b030dd4f9de0017fdd04eeee4", kill_on_drop: false }`
[INFO] running `Command { std: "docker" "exec" "-e" "SOURCE_DIR=/opt/rustwide/workdir" "-e" "CARGO_HOME=/opt/rustwide/cargo-home" "-e" "RUSTUP_HOME=/opt/rustwide/rustup-home" "-e" "CARGO_TARGET_DIR=/opt/rustwide/target" "-e" "CARGO_INCREMENTAL=0" "-e" "RUST_BACKTRACE=full" "-e" "RUSTFLAGS=--cap-lints=warn" "-e" "RUSTDOCFLAGS=--cap-lints=warn" "-w" "/opt/rustwide/workdir" "--user" "0:0" "09e41c880828584be0bf4b6babf31f89bd0d6d4b030dd4f9de0017fdd04eeee4" "/opt/rustwide/cargo-home/bin/cargo" "+1.100.0-beta.1" "build" "--frozen" "--message-format=json" "--release", kill_on_drop: false }`
[INFO] [stderr]    Compiling libc v0.2.186
[INFO] [stderr]    Compiling zerocopy v0.8.52
[INFO] [stderr]    Compiling zmij v1.0.21
[INFO] [stderr]    Compiling serde_core v1.0.228
[INFO] [stderr]    Compiling bitflags v2.13.0
[INFO] [stderr]    Compiling colored v3.1.1
[INFO] [stderr]    Compiling moosicbox_env_utils v0.4.0
[INFO] [stderr]    Compiling memchr v2.8.2
[INFO] [stderr]    Compiling log v0.4.33
[INFO] [stderr]    Compiling num-traits v0.2.19
[INFO] [stderr]    Compiling moosicbox_assert v0.4.0
[INFO] [stderr]    Compiling getrandom v0.3.4
[INFO] [stderr]    Compiling rand_core v0.9.5
[INFO] [stderr]    Compiling rand_xorshift v0.4.0
[INFO] [stderr]    Compiling rand v0.9.4
[INFO] [stderr]    Compiling serde_json v1.0.150
[INFO] [stderr]    Compiling ppv-lite86 v0.2.21
[INFO] [stderr]    Compiling rand_chacha v0.9.0
[INFO] [stderr]    Compiling proptest v1.11.0
[INFO] [stderr]    Compiling moosicbox_arb v0.4.0 (/opt/rustwide/workdir)
[INFO] [stderr] warning: unused dependency `log`
[INFO] [stderr]  --> Cargo.toml:1:15
[INFO] [stderr]   |
[INFO] [stderr] 1 | [dependencies.log]
[INFO] [stderr]   |               ^^^^
[INFO] [stderr]   |
[INFO] [stderr]   = note: `cargo::unused_dependencies` is set to `warn` by default
[INFO] [stderr] help: consider removing the dependency on `log`
[INFO] [stderr] warning: unused dependency `moosicbox_assert`
[INFO] [stderr]  --> Cargo.toml:5:15
[INFO] [stderr]   |
[INFO] [stderr] 5 | [dependencies.moosicbox_assert]
[INFO] [stderr]   |               ^^^^^^^^^^^^^^^^^
[INFO] [stderr]   |
[INFO] [stderr] help: consider removing the dependency on `moosicbox_assert`
[INFO] [stderr] warning: `moosicbox_arb` (manifest) generated 2 warnings
[INFO] [stderr]     Finished `release` profile [optimized] target(s) in 17.40s
[INFO] running `Command { std: "docker" "inspect" "09e41c880828584be0bf4b6babf31f89bd0d6d4b030dd4f9de0017fdd04eeee4", kill_on_drop: false }`
[INFO] running `Command { std: "docker" "exec" "-e" "SOURCE_DIR=/opt/rustwide/workdir" "-e" "CARGO_HOME=/opt/rustwide/cargo-home" "-e" "RUSTUP_HOME=/opt/rustwide/rustup-home" "-e" "CARGO_TARGET_DIR=/opt/rustwide/target" "-e" "CARGO_INCREMENTAL=0" "-e" "RUST_BACKTRACE=full" "-e" "RUSTFLAGS=--cap-lints=warn" "-e" "RUSTDOCFLAGS=--cap-lints=warn" "-w" "/opt/rustwide/workdir" "--user" "0:0" "09e41c880828584be0bf4b6babf31f89bd0d6d4b030dd4f9de0017fdd04eeee4" "/opt/rustwide/cargo-home/bin/cargo" "+1.100.0-beta.1" "test" "--frozen" "--no-run" "--message-format=json" "--release", kill_on_drop: false }`
[INFO] [stderr]    Compiling moosicbox_arb v0.4.0 (/opt/rustwide/workdir)
[INFO] [stdout] error[E0433]: cannot find module or crate `test_log` in this scope
[INFO] [stdout]    --> src/xml.rs:139:7
[INFO] [stdout]     |
[INFO] [stdout] 139 |     #[test_log::test]
[INFO] [stdout]     |       ^^^^^^^^ use of unresolved module or unlinked crate `test_log`
[INFO] [stdout] 
[INFO] [stdout] 
[INFO] [stdout] error[E0433]: cannot find module or crate `test_log` in this scope
[INFO] [stdout]    --> src/xml.rs:144:7
[INFO] [stdout]     |
[INFO] [stdout] 144 |     #[test_log::test]
[INFO] [stdout]     |       ^^^^^^^^ use of unresolved module or unlinked crate `test_log`
[INFO] [stdout] 
[INFO] [stdout] 
[INFO] [stdout] error[E0433]: cannot find module or crate `test_log` in this scope
[INFO] [stdout]    --> src/xml.rs:150:7
[INFO] [stdout]     |
[INFO] [stdout] 150 |     #[test_log::test]
[INFO] [stdout]     |       ^^^^^^^^ use of unresolved module or unlinked crate `test_log`
[INFO] [stdout] 
[INFO] [stdout] 
[INFO] [stdout] error[E0433]: cannot find module or crate `test_log` in this scope
[INFO] [stdout]    --> src/xml.rs:156:7
[INFO] [stdout]     |
[INFO] [stdout] 156 |     #[test_log::test]
[INFO] [stdout]     |       ^^^^^^^^ use of unresolved module or unlinked crate `test_log`
[INFO] [stdout] 
[INFO] [stdout] 
[INFO] [stdout] error[E0433]: cannot find module or crate `test_log` in this scope
[INFO] [stdout]    --> src/xml.rs:162:7
[INFO] [stdout]     |
[INFO] [stdout] 162 |     #[test_log::test]
[INFO] [stdout]     |       ^^^^^^^^ use of unresolved module or unlinked crate `test_log`
[INFO] [stdout] 
[INFO] [stdout] 
[INFO] [stdout] error[E0433]: cannot find module or crate `test_log` in this scope
[INFO] [stdout]    --> src/xml.rs:168:7
[INFO] [stdout]     |
[INFO] [stdout] 168 |     #[test_log::test]
[INFO] [stdout]     |       ^^^^^^^^ use of unresolved module or unlinked crate `test_log`
[INFO] [stdout] 
[INFO] [stdout] 
[INFO] [stdout] error[E0433]: cannot find module or crate `test_log` in this scope
[INFO] [stdout]    --> src/xml.rs:174:7
[INFO] [stdout]     |
[INFO] [stdout] 174 |     #[test_log::test]
[INFO] [stdout]     |       ^^^^^^^^ use of unresolved module or unlinked crate `test_log`
[INFO] [stdout] 
[INFO] [stdout] 
[INFO] [stdout] For more information about this error, try `rustc --explain E0433`.
[INFO] [stdout] 
[INFO] [stderr] error: could not compile `moosicbox_arb` (lib test) due to 7 previous errors
[INFO] [stderr] warning: unused dependency `log`
[INFO] [stderr]  --> Cargo.toml:1:15
[INFO] [stderr]   |
[INFO] [stderr] 1 | [dependencies.log]
[INFO] [stderr]   |               ^^^^
[INFO] [stderr]   |
[INFO] [stderr]   = note: `cargo::unused_dependencies` is set to `warn` by default
[INFO] [stderr] help: consider removing the dependency on `log`
[INFO] [stderr] warning: unused dependency `moosicbox_assert`
[INFO] [stderr]  --> Cargo.toml:5:15
[INFO] [stderr]   |
[INFO] [stderr] 5 | [dependencies.moosicbox_assert]
[INFO] [stderr]   |               ^^^^^^^^^^^^^^^^^
[INFO] [stderr]   |
[INFO] [stderr] help: consider removing the dependency on `moosicbox_assert`
[INFO] [stderr] warning: `moosicbox_arb` (manifest) generated 2 warnings
[INFO] running `Command { std: "docker" "inspect" "09e41c880828584be0bf4b6babf31f89bd0d6d4b030dd4f9de0017fdd04eeee4", kill_on_drop: false }`
[INFO] running `Command { std: "docker" "rm" "-f" "09e41c880828584be0bf4b6babf31f89bd0d6d4b030dd4f9de0017fdd04eeee4", kill_on_drop: false }`
[INFO] [stdout] 09e41c880828584be0bf4b6babf31f89bd0d6d4b030dd4f9de0017fdd04eeee4
