[INFO] fetching crate moosicbox_app_ws 0.4.0...
[INFO] testing moosicbox_app_ws-0.4.0 against 1.100.0-beta.1+cargoflags=--release for beta-release-1.100-2
[INFO] extracting crate moosicbox_app_ws 0.4.0 into /workspace/builds/worker-7-tc2/source
[INFO] started tweaking crates.io crate moosicbox_app_ws 0.4.0
[INFO] finished tweaking crates.io crate moosicbox_app_ws 0.4.0
[INFO] tweaked toml for crates.io crate moosicbox_app_ws 0.4.0 written to /workspace/builds/worker-7-tc2/source/Cargo.toml
[INFO] validating manifest of crates.io crate moosicbox_app_ws 0.4.0 on toolchain 1.100.0-beta.1
[INFO] running `Command { std: CARGO_HOME="/workspace/cargo-home" RUSTUP_HOME="/workspace/rustup-home" "/workspace/cargo-home/bin/cargo" "+1.100.0-beta.1" "metadata" "--manifest-path" "Cargo.toml" "--no-deps", kill_on_drop: false }`
[INFO] crate crates.io crate moosicbox_app_ws 0.4.0 already has a lockfile, it will not be regenerated
[INFO] running `Command { std: CARGO_HOME="/workspace/cargo-home" RUSTUP_HOME="/workspace/rustup-home" "/workspace/cargo-home/bin/cargo" "+1.100.0-beta.1" "fetch" "--manifest-path" "Cargo.toml", kill_on_drop: false }`
[INFO] running `Command { std: "docker" "create" "-v" "/var/lib/crater-agent-workspace/builds/worker-7-tc2/source:/opt/rustwide/workdir:ro,Z" "-v" "/var/lib/crater-agent-workspace/builds/worker-7-tc2/target:/opt/rustwide/target:rw,Z" "-v" "/var/lib/crater-agent-workspace/cargo-home:/opt/rustwide/cargo-home:ro,Z" "-v" "/var/lib/crater-agent-workspace/rustup-home:/opt/rustwide/rustup-home:ro,Z" "-m" "1610612736" "--network" "none" "ghcr.io/rust-lang/crates-build-env/linux@sha256:77db811e55d90add9212f6832c23229e3de5f1c1f9905e8cb07319ea15df73ac" "sleep" "infinity", kill_on_drop: false }`
[INFO] [stdout] 3cc1df5940153bb382bf7ee995792cc92214c4b27c086bd8ae9a350779f396fe
[INFO] running `Command { std: "docker" "start" "3cc1df5940153bb382bf7ee995792cc92214c4b27c086bd8ae9a350779f396fe", kill_on_drop: false }`
[INFO] running `Command { std: "docker" "inspect" "3cc1df5940153bb382bf7ee995792cc92214c4b27c086bd8ae9a350779f396fe", kill_on_drop: false }`
[INFO] running `Command { std: "docker" "exec" "-e" "SOURCE_DIR=/opt/rustwide/workdir" "-e" "CARGO_HOME=/opt/rustwide/cargo-home" "-e" "RUSTUP_HOME=/opt/rustwide/rustup-home" "-e" "CARGO_TARGET_DIR=/opt/rustwide/target" "-w" "/opt/rustwide/workdir" "--user" "0:0" "3cc1df5940153bb382bf7ee995792cc92214c4b27c086bd8ae9a350779f396fe" "/opt/rustwide/cargo-home/bin/cargo" "+1.100.0-beta.1" "metadata" "--no-deps" "--format-version=1", kill_on_drop: false }`
[INFO] running `Command { std: "docker" "inspect" "3cc1df5940153bb382bf7ee995792cc92214c4b27c086bd8ae9a350779f396fe", kill_on_drop: false }`
[INFO] running `Command { std: "docker" "exec" "-e" "SOURCE_DIR=/opt/rustwide/workdir" "-e" "CARGO_HOME=/opt/rustwide/cargo-home" "-e" "RUSTUP_HOME=/opt/rustwide/rustup-home" "-e" "CARGO_TARGET_DIR=/opt/rustwide/target" "-e" "CARGO_INCREMENTAL=0" "-e" "RUST_BACKTRACE=full" "-e" "RUSTFLAGS=--cap-lints=warn" "-e" "RUSTDOCFLAGS=--cap-lints=warn" "-w" "/opt/rustwide/workdir" "--user" "0:0" "3cc1df5940153bb382bf7ee995792cc92214c4b27c086bd8ae9a350779f396fe" "/opt/rustwide/cargo-home/bin/cargo" "+1.100.0-beta.1" "build" "--frozen" "--message-format=json" "--release", kill_on_drop: false }`
[INFO] [stderr]    Compiling quote v1.0.46
[INFO] [stderr]    Compiling memchr v2.8.2
[INFO] [stderr]    Compiling futures-sink v0.3.32
[INFO] [stderr]    Compiling log v0.4.33
[INFO] [stderr]    Compiling futures-core v0.3.32
[INFO] [stderr]    Compiling zeroize v1.9.0
[INFO] [stderr]    Compiling zerocopy v0.8.52
[INFO] [stderr]    Compiling getrandom v0.3.4
[INFO] [stderr]    Compiling bytes v1.12.0
[INFO] [stderr]    Compiling typenum v1.20.1
[INFO] [stderr]    Compiling rustversion v1.0.22
[INFO] [stderr]    Compiling tracing-core v0.1.36
[INFO] [stderr]    Compiling mio v1.2.1
[INFO] [stderr]    Compiling socket2 v0.6.4
[INFO] [stderr]    Compiling winnow v1.0.3
[INFO] [stderr]    Compiling futures-io v0.3.32
[INFO] [stderr]    Compiling untrusted v0.9.0
[INFO] [stderr]    Compiling rustls-pki-types v1.15.0
[INFO] [stderr]    Compiling futures-channel v0.3.32
[INFO] [stderr]    Compiling rustls v0.23.41
[INFO] [stderr]    Compiling regex-syntax v0.8.11
[INFO] [stderr]    Compiling subtle v2.6.1
[INFO] [stderr]    Compiling heck v0.5.0
[INFO] [stderr]    Compiling syn v2.0.118
[INFO] [stderr]    Compiling rand_core v0.9.5
[INFO] [stderr]    Compiling httparse v1.10.1
[INFO] [stderr]    Compiling sharded-slab v0.1.7
[INFO] [stderr]    Compiling tracing-log v0.2.0
[INFO] [stderr]    Compiling rustls-webpki v0.103.13
[INFO] [stderr]    Compiling thread_local v1.1.9
[INFO] [stderr]    Compiling serde_json v1.0.150
[INFO] [stderr]    Compiling nu-ansi-term v0.50.3
[INFO] [stderr]    Compiling generic-array v0.14.7
[INFO] [stderr]    Compiling strum v0.26.3
[INFO] [stderr]    Compiling smallvec v1.15.2
[INFO] [stderr]    Compiling http v1.4.2
[INFO] [stderr]    Compiling spin v0.9.8
[INFO] [stderr]    Compiling webpki-roots v1.0.8
[INFO] [stderr]    Compiling fastrand v2.4.1
[INFO] [stderr]    Compiling webpki-roots v0.26.11
[INFO] [stderr]    Compiling scoped-tls v1.0.1
[INFO] [stderr]    Compiling moosicbox_env_utils v0.4.0
[INFO] [stderr]    Compiling toml_parser v1.1.2+spec-1.1.0
[INFO] [stderr]    Compiling colored v3.1.1
[INFO] [stderr]    Compiling flume v0.12.0
[INFO] [stderr]    Compiling moosicbox_assert v0.4.0
[INFO] [stderr]    Compiling regex-automata v0.4.14
[INFO] [stderr]    Compiling block-buffer v0.10.4
[INFO] [stderr]    Compiling crypto-common v0.1.7
[INFO] [stderr]    Compiling digest v0.10.7
[INFO] [stderr]    Compiling sha1 v0.10.6
[INFO] [stderr]    Compiling toml_edit v0.25.12+spec-1.1.0
[INFO] [stderr]    Compiling proc-macro-crate v3.5.0
[INFO] [stderr]    Compiling thiserror-impl v2.0.18
[INFO] [stderr]    Compiling tokio-macros v2.7.0
[INFO] [stderr]    Compiling futures-macro v0.3.32
[INFO] [stderr]    Compiling thiserror-impl v1.0.69
[INFO] [stderr]    Compiling serde_derive v1.0.228
[INFO] [stderr]    Compiling tracing-attributes v0.1.31
[INFO] [stderr]    Compiling strum_macros v0.26.4
[INFO] [stderr]    Compiling switchy_async_macros v0.4.0
[INFO] [stderr]    Compiling async-trait v0.1.89
[INFO] [stderr]    Compiling matchers v0.2.0
[INFO] [stderr]    Compiling tokio v1.52.3
[INFO] [stderr]    Compiling futures-util v0.3.32
[INFO] [stderr]    Compiling ppv-lite86 v0.2.21
[INFO] [stderr]    Compiling thiserror v1.0.69
[INFO] [stderr]    Compiling tracing v0.1.44
[INFO] [stderr]    Compiling thiserror v2.0.18
[INFO] [stderr]    Compiling rand_chacha v0.9.0
[INFO] [stderr]    Compiling tracing-subscriber v0.3.23
[INFO] [stderr]    Compiling rand v0.9.4
[INFO] [stderr]    Compiling serde v1.0.228
[INFO] [stderr]    Compiling tungstenite v0.29.0
[INFO] [stderr]    Compiling free_log_models v0.2.0
[INFO] [stderr]    Compiling free_log_client v0.5.0
[INFO] [stderr]    Compiling moosicbox_logging v0.4.0
[INFO] [stderr]    Compiling futures-executor v0.3.32
[INFO] [stderr]    Compiling futures v0.3.32
[INFO] [stderr]    Compiling tokio-util v0.7.18
[INFO] [stderr]    Compiling tokio-rustls v0.26.4
[INFO] [stderr]    Compiling switchy_async v0.4.0
[INFO] [stderr]    Compiling tokio-tungstenite v0.29.0
[INFO] [stderr]    Compiling moosicbox_app_ws v0.4.0 (/opt/rustwide/workdir)
[INFO] [stderr] warning: unused dependency `moosicbox_assert`
[INFO] [stderr]   --> Cargo.toml:19:15
[INFO] [stderr]    |
[INFO] [stderr] 19 | [dependencies.moosicbox_assert]
[INFO] [stderr]    |               ^^^^^^^^^^^^^^^^^
[INFO] [stderr]    |
[INFO] [stderr]    = note: `cargo::unused_dependencies` is set to `warn` by default
[INFO] [stderr] help: consider removing the dependency on `moosicbox_assert`
[INFO] [stderr] warning: `moosicbox_app_ws` (manifest) generated 1 warning
[INFO] [stderr]     Finished `release` profile [optimized] target(s) in 1m 03s
[INFO] running `Command { std: "docker" "inspect" "3cc1df5940153bb382bf7ee995792cc92214c4b27c086bd8ae9a350779f396fe", kill_on_drop: false }`
[INFO] running `Command { std: "docker" "exec" "-e" "SOURCE_DIR=/opt/rustwide/workdir" "-e" "CARGO_HOME=/opt/rustwide/cargo-home" "-e" "RUSTUP_HOME=/opt/rustwide/rustup-home" "-e" "CARGO_TARGET_DIR=/opt/rustwide/target" "-e" "CARGO_INCREMENTAL=0" "-e" "RUST_BACKTRACE=full" "-e" "RUSTFLAGS=--cap-lints=warn" "-e" "RUSTDOCFLAGS=--cap-lints=warn" "-w" "/opt/rustwide/workdir" "--user" "0:0" "3cc1df5940153bb382bf7ee995792cc92214c4b27c086bd8ae9a350779f396fe" "/opt/rustwide/cargo-home/bin/cargo" "+1.100.0-beta.1" "test" "--frozen" "--no-run" "--message-format=json" "--release", kill_on_drop: false }`
[INFO] [stderr]    Compiling moosicbox_app_ws v0.4.0 (/opt/rustwide/workdir)
[INFO] [stdout] error[E0433]: cannot find module or crate `test_log` in this scope
[INFO] [stdout]    --> src/lib.rs:493:7
[INFO] [stdout]     |
[INFO] [stdout] 493 |     #[test_log::test(switchy_async::test)]
[INFO] [stdout]     |       ^^^^^^^^ use of unresolved module or unlinked crate `test_log`
[INFO] [stdout] 
[INFO] [stdout] 
[INFO] [stdout] error[E0433]: cannot find module or crate `test_log` in this scope
[INFO] [stdout]    --> src/lib.rs:509:7
[INFO] [stdout]     |
[INFO] [stdout] 509 |     #[test_log::test(switchy_async::test)]
[INFO] [stdout]     |       ^^^^^^^^ use of unresolved module or unlinked crate `test_log`
[INFO] [stdout] 
[INFO] [stdout] 
[INFO] [stdout] error[E0433]: cannot find module or crate `test_log` in this scope
[INFO] [stdout]    --> src/lib.rs:525:7
[INFO] [stdout]     |
[INFO] [stdout] 525 |     #[test_log::test(switchy_async::test)]
[INFO] [stdout]     |       ^^^^^^^^ use of unresolved module or unlinked crate `test_log`
[INFO] [stdout] 
[INFO] [stdout] 
[INFO] [stdout] error[E0433]: cannot find module or crate `test_log` in this scope
[INFO] [stdout]    --> src/lib.rs:537:7
[INFO] [stdout]     |
[INFO] [stdout] 537 |     #[test_log::test(switchy_async::test)]
[INFO] [stdout]     |       ^^^^^^^^ use of unresolved module or unlinked crate `test_log`
[INFO] [stdout] 
[INFO] [stdout] 
[INFO] [stdout] error[E0433]: cannot find module or crate `test_log` in this scope
[INFO] [stdout]    --> src/lib.rs:549:7
[INFO] [stdout]     |
[INFO] [stdout] 549 |     #[test_log::test(switchy_async::test)]
[INFO] [stdout]     |       ^^^^^^^^ use of unresolved module or unlinked crate `test_log`
[INFO] [stdout] 
[INFO] [stdout] 
[INFO] [stdout] error[E0433]: cannot find module or crate `test_log` in this scope
[INFO] [stdout]    --> src/lib.rs:561:7
[INFO] [stdout]     |
[INFO] [stdout] 561 |     #[test_log::test(switchy_async::test)]
[INFO] [stdout]     |       ^^^^^^^^ use of unresolved module or unlinked crate `test_log`
[INFO] [stdout] 
[INFO] [stdout] 
[INFO] [stdout] error[E0433]: cannot find module or crate `test_log` in this scope
[INFO] [stdout]    --> src/lib.rs:579:7
[INFO] [stdout]     |
[INFO] [stdout] 579 |     #[test_log::test(switchy_async::test)]
[INFO] [stdout]     |       ^^^^^^^^ use of unresolved module or unlinked crate `test_log`
[INFO] [stdout] 
[INFO] [stdout] 
[INFO] [stdout] error[E0433]: cannot find module or crate `test_log` in this scope
[INFO] [stdout]    --> src/lib.rs:601:7
[INFO] [stdout]     |
[INFO] [stdout] 601 |     #[test_log::test(switchy_async::test)]
[INFO] [stdout]     |       ^^^^^^^^ use of unresolved module or unlinked crate `test_log`
[INFO] [stdout] 
[INFO] [stdout] 
[INFO] [stdout] error[E0433]: cannot find module or crate `test_log` in this scope
[INFO] [stdout]    --> src/lib.rs:613:7
[INFO] [stdout]     |
[INFO] [stdout] 613 |     #[test_log::test(switchy_async::test)]
[INFO] [stdout]     |       ^^^^^^^^ use of unresolved module or unlinked crate `test_log`
[INFO] [stdout] 
[INFO] [stdout] 
[INFO] [stdout] error[E0433]: cannot find module or crate `test_log` in this scope
[INFO] [stdout]    --> src/lib.rs:628:7
[INFO] [stdout]     |
[INFO] [stdout] 628 |     #[test_log::test(switchy_async::test)]
[INFO] [stdout]     |       ^^^^^^^^ use of unresolved module or unlinked crate `test_log`
[INFO] [stdout] 
[INFO] [stdout] 
[INFO] [stdout] error[E0433]: cannot find module or crate `test_log` in this scope
[INFO] [stdout]    --> src/lib.rs:650:7
[INFO] [stdout]     |
[INFO] [stdout] 650 |     #[test_log::test]
[INFO] [stdout]     |       ^^^^^^^^ use of unresolved module or unlinked crate `test_log`
[INFO] [stdout] 
[INFO] [stdout] 
[INFO] [stdout] error[E0433]: cannot find module or crate `test_log` in this scope
[INFO] [stdout]    --> src/lib.rs:663:7
[INFO] [stdout]     |
[INFO] [stdout] 663 |     #[test_log::test]
[INFO] [stdout]     |       ^^^^^^^^ use of unresolved module or unlinked crate `test_log`
[INFO] [stdout] 
[INFO] [stdout] 
[INFO] [stdout] error[E0433]: cannot find module or crate `test_log` in this scope
[INFO] [stdout]    --> src/lib.rs:678:7
[INFO] [stdout]     |
[INFO] [stdout] 678 |     #[test_log::test]
[INFO] [stdout]     |       ^^^^^^^^ use of unresolved module or unlinked crate `test_log`
[INFO] [stdout] 
[INFO] [stdout] 
[INFO] [stdout] error[E0433]: cannot find module or crate `test_log` in this scope
[INFO] [stdout]    --> src/lib.rs:691:7
[INFO] [stdout]     |
[INFO] [stdout] 691 |     #[test_log::test(switchy_async::test)]
[INFO] [stdout]     |       ^^^^^^^^ use of unresolved module or unlinked crate `test_log`
[INFO] [stdout] 
[INFO] [stdout] 
[INFO] [stdout] For more information about this error, try `rustc --explain E0433`.
[INFO] [stdout] 
[INFO] [stderr] error: could not compile `moosicbox_app_ws` (lib test) due to 14 previous errors
[INFO] [stderr] warning: unused dependency `moosicbox_assert`
[INFO] [stderr]   --> Cargo.toml:19:15
[INFO] [stderr]    |
[INFO] [stderr] 19 | [dependencies.moosicbox_assert]
[INFO] [stderr]    |               ^^^^^^^^^^^^^^^^^
[INFO] [stderr]    |
[INFO] [stderr]    = note: `cargo::unused_dependencies` is set to `warn` by default
[INFO] [stderr] help: consider removing the dependency on `moosicbox_assert`
[INFO] [stderr] warning: `moosicbox_app_ws` (manifest) generated 1 warning
[INFO] running `Command { std: "docker" "inspect" "3cc1df5940153bb382bf7ee995792cc92214c4b27c086bd8ae9a350779f396fe", kill_on_drop: false }`
[INFO] running `Command { std: "docker" "rm" "-f" "3cc1df5940153bb382bf7ee995792cc92214c4b27c086bd8ae9a350779f396fe", kill_on_drop: false }`
[INFO] [stdout] 3cc1df5940153bb382bf7ee995792cc92214c4b27c086bd8ae9a350779f396fe
