[INFO] fetching crate moonbit-component-generator 0.0.10...
[INFO] testing moonbit-component-generator-0.0.10 against 1.99.0-beta.8+cargoflags=--release for beta-release-1.100-2
[INFO] extracting crate moonbit-component-generator 0.0.10 into /workspace/builds/worker-5-tc1/source
[INFO] removed /workspace/builds/worker-5-tc1/source/.cargo/config.toml
[INFO] started tweaking crates.io crate moonbit-component-generator 0.0.10
[INFO] finished tweaking crates.io crate moonbit-component-generator 0.0.10
[INFO] tweaked toml for crates.io crate moonbit-component-generator 0.0.10 written to /workspace/builds/worker-5-tc1/source/Cargo.toml
[INFO] validating manifest of crates.io crate moonbit-component-generator 0.0.10 on toolchain 1.99.0-beta.8
[INFO] running `Command { std: CARGO_HOME="/workspace/cargo-home" RUSTUP_HOME="/workspace/rustup-home" "/workspace/cargo-home/bin/cargo" "+1.99.0-beta.8" "metadata" "--manifest-path" "Cargo.toml" "--no-deps", kill_on_drop: false }`
[INFO] crate crates.io crate moonbit-component-generator 0.0.10 already has a lockfile, it will not be regenerated
[INFO] running `Command { std: CARGO_HOME="/workspace/cargo-home" RUSTUP_HOME="/workspace/rustup-home" "/workspace/cargo-home/bin/cargo" "+1.99.0-beta.8" "fetch" "--manifest-path" "Cargo.toml", kill_on_drop: false }`
[INFO] [stderr]     Updating crates.io index
[INFO] [stderr]  Downloading crates ...
[INFO] [stderr]   Downloaded id-arena v2.2.1
[INFO] [stderr]   Downloaded wasm-metadata v0.240.0
[INFO] [stderr]   Downloaded test-r v2.3.1
[INFO] [stderr]   Downloaded gzip-header v1.0.0
[INFO] [stderr]   Downloaded topologic v1.1.0
[INFO] [stderr]   Downloaded doctest-file v1.0.0
[INFO] [stderr]   Downloaded test-r-macro v1.3.4
[INFO] [stderr]   Downloaded wit-bindgen-moonbit v0.47.0
[INFO] [stderr]   Downloaded wit-bindgen-core v0.47.0
[INFO] [stderr]   Downloaded test-r-core v5.0.1
[INFO] [stderr]   Downloaded prettyplease v0.2.36
[INFO] [stderr]   Downloaded wasm-encoder v0.240.0
[INFO] [stderr]   Downloaded io-uring v0.7.8
[INFO] [stderr]   Downloaded interprocess v2.2.3
[INFO] [stderr]   Downloaded wit-component v0.240.0
[INFO] [stderr]   Downloaded wit-parser v0.240.0
[INFO] [stderr]   Downloaded wasmparser v0.240.0
[INFO] [stderr]   Downloaded tokio v1.46.1
[INFO] [stderr]   Downloaded ctor-proc-macro v0.0.5
[INFO] [stderr]   Downloaded ctor v0.4.2
[INFO] [stderr]   Downloaded libredox v0.1.6
[INFO] [stderr]   Downloaded cc v1.2.46
[INFO] [stderr]   Downloaded pretty_env_logger v0.5.0
[INFO] [stderr]   Downloaded camino-tempfile v1.4.1
[INFO] [stderr]   Downloaded camino v1.1.10
[INFO] [stderr]   Downloaded v8 v0.106.0
[INFO] running `Command { std: "docker" "create" "-v" "/var/lib/crater-agent-workspace/builds/worker-5-tc1/source:/opt/rustwide/workdir:ro,Z" "-v" "/var/lib/crater-agent-workspace/builds/worker-5-tc1/target:/opt/rustwide/target:rw,Z" "-v" "/var/lib/crater-agent-workspace/cargo-home:/opt/rustwide/cargo-home:ro,Z" "-v" "/var/lib/crater-agent-workspace/rustup-home:/opt/rustwide/rustup-home:ro,Z" "-m" "1610612736" "--network" "none" "ghcr.io/rust-lang/crates-build-env/linux@sha256:77db811e55d90add9212f6832c23229e3de5f1c1f9905e8cb07319ea15df73ac" "sleep" "infinity", kill_on_drop: false }`
[INFO] [stdout] 95ffea371310d7ad4e2f02ca35e984fd266a7a8c8d8208e74d2070a18c8e575d
[INFO] running `Command { std: "docker" "start" "95ffea371310d7ad4e2f02ca35e984fd266a7a8c8d8208e74d2070a18c8e575d", kill_on_drop: false }`
[INFO] running `Command { std: "docker" "inspect" "95ffea371310d7ad4e2f02ca35e984fd266a7a8c8d8208e74d2070a18c8e575d", kill_on_drop: false }`
[INFO] running `Command { std: "docker" "exec" "-e" "SOURCE_DIR=/opt/rustwide/workdir" "-e" "CARGO_HOME=/opt/rustwide/cargo-home" "-e" "RUSTUP_HOME=/opt/rustwide/rustup-home" "-e" "CARGO_TARGET_DIR=/opt/rustwide/target" "-w" "/opt/rustwide/workdir" "--user" "0:0" "95ffea371310d7ad4e2f02ca35e984fd266a7a8c8d8208e74d2070a18c8e575d" "/opt/rustwide/cargo-home/bin/cargo" "+1.99.0-beta.8" "metadata" "--no-deps" "--format-version=1", kill_on_drop: false }`
[INFO] running `Command { std: "docker" "inspect" "95ffea371310d7ad4e2f02ca35e984fd266a7a8c8d8208e74d2070a18c8e575d", kill_on_drop: false }`
[INFO] running `Command { std: "docker" "exec" "-e" "SOURCE_DIR=/opt/rustwide/workdir" "-e" "CARGO_HOME=/opt/rustwide/cargo-home" "-e" "RUSTUP_HOME=/opt/rustwide/rustup-home" "-e" "CARGO_TARGET_DIR=/opt/rustwide/target" "-e" "CARGO_INCREMENTAL=0" "-e" "RUST_BACKTRACE=full" "-e" "RUSTFLAGS=--cap-lints=warn" "-e" "RUSTDOCFLAGS=--cap-lints=warn" "-w" "/opt/rustwide/workdir" "--user" "0:0" "95ffea371310d7ad4e2f02ca35e984fd266a7a8c8d8208e74d2070a18c8e575d" "/opt/rustwide/cargo-home/bin/cargo" "+1.99.0-beta.8" "build" "--frozen" "--message-format=json" "--release", kill_on_drop: false }`
[INFO] [stderr]    Compiling cfg-if v1.0.1
[INFO] [stderr]    Compiling stable_deref_trait v1.2.1
[INFO] [stderr]    Compiling memchr v2.7.5
[INFO] [stderr]    Compiling bitflags v2.9.1
[INFO] [stderr]    Compiling pin-project-lite v0.2.16
[INFO] [stderr]    Compiling bytes v1.10.1
[INFO] [stderr]    Compiling syn v2.0.104
[INFO] [stderr]    Compiling futures-core v0.3.31
[INFO] [stderr]    Compiling find-msvc-tools v0.1.5
[INFO] [stderr]    Compiling socket2 v0.5.10
[INFO] [stderr]    Compiling mio v1.0.4
[INFO] [stderr]    Compiling cc v1.2.46
[INFO] [stderr]    Compiling smallvec v1.15.1
[INFO] [stderr]    Compiling litemap v0.8.1
[INFO] [stderr]    Compiling writeable v0.6.2
[INFO] [stderr]    Compiling futures-sink v0.3.31
[INFO] [stderr]    Compiling pin-utils v0.1.0
[INFO] [stderr]    Compiling zeroize v1.8.2
[INFO] [stderr]    Compiling icu_properties_data v2.1.1
[INFO] [stderr]    Compiling icu_normalizer_data v2.1.1
[INFO] [stderr]    Compiling semver v1.0.26
[INFO] [stderr]    Compiling once_cell v1.21.3
[INFO] [stderr]    Compiling rustls-pki-types v1.13.0
[INFO] [stderr]    Compiling hashbrown v0.15.4
[INFO] [stderr]    Compiling http v1.3.1
[INFO] [stderr]    Compiling tokio v1.46.1
[INFO] [stderr]    Compiling getrandom v0.2.16
[INFO] [stderr]    Compiling futures-io v0.3.31
[INFO] [stderr]    Compiling wasmparser v0.240.0
[INFO] [stderr]    Compiling untrusted v0.9.0
[INFO] [stderr]    Compiling slab v0.4.10
[INFO] [stderr]    Compiling futures-task v0.3.31
[INFO] [stderr]    Compiling glob v0.3.3
[INFO] [stderr]    Compiling httparse v1.10.1
[INFO] [stderr]    Compiling futures-util v0.3.31
[INFO] [stderr]    Compiling clang-sys v1.8.1
[INFO] [stderr]    Compiling ring v0.17.14
[INFO] [stderr]    Compiling http-body v1.0.1
[INFO] [stderr]    Compiling crc32fast v1.5.0
[INFO] [stderr]    Compiling rustls v0.23.35
[INFO] [stderr]    Compiling prettyplease v0.2.36
[INFO] [stderr]    Compiling try-lock v0.2.5
[INFO] [stderr]    Compiling log v0.4.27
[INFO] [stderr]    Compiling tower-service v0.3.3
[INFO] [stderr]    Compiling either v1.15.0
[INFO] [stderr]    Compiling want v0.3.1
[INFO] [stderr]    Compiling rustix v0.38.44
[INFO] [stderr]    Compiling tracing-core v0.1.34
[INFO] [stderr]    Compiling futures-channel v0.3.31
[INFO] [stderr]    Compiling subtle v2.6.1
[INFO] [stderr]    Compiling regex-syntax v0.8.5
[INFO] [stderr]    Compiling rustix v1.0.7
[INFO] [stderr]    Compiling atomic-waker v1.1.2
[INFO] [stderr]    Compiling tracing v0.1.41
[INFO] [stderr]    Compiling nom v7.1.3
[INFO] [stderr]    Compiling form_urlencoded v1.2.2
[INFO] [stderr]    Compiling sync_wrapper v1.0.2
[INFO] [stderr]    Compiling libloading v0.8.9
[INFO] [stderr]    Compiling ipnet v2.11.0
[INFO] [stderr]    Compiling linux-raw-sys v0.9.4
[INFO] [stderr]    Compiling tower-layer v0.3.3
[INFO] [stderr]    Compiling regex-automata v0.4.9
[INFO] [stderr]    Compiling synstructure v0.13.2
[INFO] [stderr]    Compiling utf8_iter v1.0.4
[INFO] [stderr]    Compiling serde_json v1.0.145
[INFO] [stderr]    Compiling cexpr v0.6.0
[INFO] [stderr]    Compiling which v4.4.2
[INFO] [stderr]    Compiling hyper v1.8.1
[INFO] [stderr]    Compiling tower v0.5.2
[INFO] [stderr]    Compiling regex v1.11.1
[INFO] [stderr]    Compiling zerofrom-derive v0.1.6
[INFO] [stderr]    Compiling yoke-derive v0.8.1
[INFO] [stderr]    Compiling serde_derive v1.0.228
[INFO] [stderr]    Compiling zerovec-derive v0.11.2
[INFO] [stderr]    Compiling displaydoc v0.2.5
[INFO] [stderr]    Compiling rustls-webpki v0.103.8
[INFO] [stderr]    Compiling hyper-util v0.1.18
[INFO] [stderr]    Compiling bindgen v0.69.5
[INFO] [stderr]    Compiling zerofrom v0.1.6
[INFO] [stderr]    Compiling yoke v0.8.1
[INFO] [stderr]    Compiling zerotrie v0.2.3
[INFO] [stderr]    Compiling zerovec v0.11.5
[INFO] [stderr]    Compiling itertools v0.12.1
[INFO] [stderr]    Compiling webpki-roots v1.0.4
[INFO] [stderr]    Compiling libc v0.2.174
[INFO] [stderr]    Compiling tinystr v0.8.2
[INFO] [stderr]    Compiling potential_utf v0.1.4
[INFO] [stderr]    Compiling icu_locale_core v2.1.1
[INFO] [stderr]    Compiling icu_collections v2.1.1
[INFO] [stderr]    Compiling unicode-xid v0.2.6
[INFO] [stderr]    Compiling iri-string v0.7.9
[INFO] [stderr]    Compiling wasm-encoder v0.240.0
[INFO] [stderr]    Compiling adler v1.0.2
[INFO] [stderr]    Compiling id-arena v2.2.1
[INFO] [stderr]    Compiling simd-adler32 v0.3.7
[INFO] [stderr]    Compiling miniz_oxide v0.7.4
[INFO] [stderr]    Compiling miniz_oxide v0.8.9
[INFO] [stderr]    Compiling icu_provider v2.1.1
[INFO] [stderr]    Compiling xattr v1.6.1
[INFO] [stderr]    Compiling which v6.0.3
[INFO] [stderr]    Compiling gzip-header v1.0.0
[INFO] [stderr]    Compiling icu_normalizer v2.1.1
[INFO] [stderr]    Compiling icu_properties v2.1.1
[INFO] [stderr]    Compiling http-body-util v0.1.3
[INFO] [stderr]    Compiling serde v1.0.228
[INFO] [stderr]    Compiling tower-http v0.6.6
[INFO] [stderr]    Compiling anyhow v1.0.98
[INFO] [stderr]    Compiling serde_urlencoded v0.7.1
[INFO] [stderr]    Compiling filetime v0.2.26
[INFO] [stderr]    Compiling indexmap v2.10.0
[INFO] [stderr]    Compiling fslock v0.2.1
[INFO] [stderr]    Compiling camino v1.1.10
[INFO] [stderr]    Compiling leb128fmt v0.1.0
[INFO] [stderr]    Compiling getrandom v0.3.3
[INFO] [stderr]    Compiling tar v0.4.44
[INFO] [stderr]    Compiling idna_adapter v1.2.1
[INFO] [stderr]    Compiling idna v1.1.0
[INFO] [stderr]    Compiling flate2 v1.1.5
[INFO] [stderr]    Compiling tokio-rustls v0.26.4
[INFO] [stderr]    Compiling hyper-rustls v0.27.7
[INFO] [stderr]    Compiling url v2.5.7
[INFO] [stderr]    Compiling heck v0.5.0
[INFO] [stderr]    Compiling include_dir_macros v0.7.4
[INFO] [stderr]    Compiling include_dir v0.7.4
[INFO] [stderr]    Compiling topologic v1.1.0
[INFO] [stderr]    Compiling reqwest v0.12.24
[INFO] [stderr]    Compiling indoc v2.0.6
[INFO] [stderr]    Compiling tempfile v3.20.0
[INFO] [stderr]    Compiling camino-tempfile v1.4.1
[INFO] [stderr]    Compiling v8 v0.106.0
[INFO] [stderr]    Compiling moonbit-component-generator v0.0.10 (/opt/rustwide/workdir)
[INFO] [stderr] warning: moonbit-component-generator@0.0.10: Downloading moonc.wasm...
[INFO] [stderr] error: failed to run custom build command for `moonbit-component-generator v0.0.10 (/opt/rustwide/workdir)`
[INFO] [stderr] note: To improve backtraces for build dependencies, set the CARGO_PROFILE_RELEASE_BUILD_OVERRIDE_DEBUG=true environment variable to enable debug information generation.
[INFO] [stderr] 
[INFO] [stderr] Caused by:
[INFO] [stderr]   process didn't exit successfully: `/opt/rustwide/target/release/build/moonbit-component-generator-b112e36cd0f4025f/build-script-build` (exit status: 1)
[INFO] [stderr]   --- stdout
[INFO] [stderr]   cargo:rerun-if-changed=build.rs
[INFO] [stderr]   cargo:warning=Downloading moonc.wasm...
[INFO] [stderr] 
[INFO] [stderr]   --- stderr
[INFO] [stderr]   Error: Failed to download file from URL: https://github.com/moonbitlang/moonbit-compiler/releases/download/v0.6.32%2B6f48aae3f/moonbit-wasm.tar.gz
[INFO] [stderr] 
[INFO] [stderr]   Caused by:
[INFO] [stderr]       0: error sending request for url (https://github.com/moonbitlang/moonbit-compiler/releases/download/v0.6.32%2B6f48aae3f/moonbit-wasm.tar.gz)
[INFO] [stderr]       1: client error (Connect)
[INFO] [stderr]       2: dns error
[INFO] [stderr]       3: failed to lookup address information: Temporary failure in name resolution
[INFO] [stderr] 
[INFO] [stderr]   Stack backtrace:
[INFO] [stderr]      0: <reqwest::error::Error as anyhow::context::ext::StdError>::ext_context::<alloc::string::String>
[INFO] [stderr]      1: <core::result::Result<reqwest::blocking::response::Response, reqwest::error::Error> as anyhow::Context<reqwest::blocking::response::Response, reqwest::error::Error>>::with_context::<alloc::string::String, build_script_build::main::{closure#0}>
[INFO] [stderr]      2: build_script_build::main
[INFO] [stderr]      3: <fn() -> core::result::Result<(), anyhow::Error> as core::ops::function::FnOnce<()>>::call_once
[INFO] [stderr]      4: std::sys::backtrace::__rust_begin_short_backtrace::<fn() -> core::result::Result<(), anyhow::Error>, core::result::Result<(), anyhow::Error>>
[INFO] [stderr]      5: std::rt::lang_start::<core::result::Result<(), anyhow::Error>>::{closure#0}
[INFO] [stderr]      6: std::rt::lang_start_internal
[INFO] [stderr]      7: std::rt::lang_start::<core::result::Result<(), anyhow::Error>>
[INFO] [stderr]      8: main
[INFO] [stderr]      9: <unknown>
[INFO] [stderr]     10: __libc_start_main
[INFO] [stderr]     11: _start
[INFO] [stderr] warning: build failed, waiting for other jobs to finish...
[INFO] [stderr] error: failed to run custom build command for `v8 v0.106.0`
[INFO] [stderr] note: To improve backtraces for build dependencies, set the CARGO_PROFILE_RELEASE_BUILD_OVERRIDE_DEBUG=true environment variable to enable debug information generation.
[INFO] [stderr] 
[INFO] [stderr] Caused by:
[INFO] [stderr]   process didn't exit successfully: `/opt/rustwide/target/release/build/v8-10ea4e90a22a88b5/build-script-build` (exit status: 101)
[INFO] [stderr]   --- stdout
[INFO] [stderr]   cargo:rerun-if-changed=.gn
[INFO] [stderr]   cargo:rerun-if-changed=BUILD.gn
[INFO] [stderr]   cargo:rerun-if-changed=src/binding.cc
[INFO] [stderr]   cargo:rerun-if-env-changed=CCACHE
[INFO] [stderr]   cargo:rerun-if-env-changed=CLANG_BASE_PATH
[INFO] [stderr]   cargo:rerun-if-env-changed=CXXSTDLIB
[INFO] [stderr]   cargo:rerun-if-env-changed=DENO_TRYBUILD
[INFO] [stderr]   cargo:rerun-if-env-changed=DOCS_RS
[INFO] [stderr]   cargo:rerun-if-env-changed=GN
[INFO] [stderr]   cargo:rerun-if-env-changed=GN_ARGS
[INFO] [stderr]   cargo:rerun-if-env-changed=HOST
[INFO] [stderr]   cargo:rerun-if-env-changed=NINJA
[INFO] [stderr]   cargo:rerun-if-env-changed=OUT_DIR
[INFO] [stderr]   cargo:rerun-if-env-changed=RUSTY_V8_ARCHIVE
[INFO] [stderr]   cargo:rerun-if-env-changed=RUSTY_V8_MIRROR
[INFO] [stderr]   cargo:rerun-if-env-changed=RUSTY_V8_SRC_BINDING_PATH
[INFO] [stderr]   cargo:rerun-if-env-changed=SCCACHE
[INFO] [stderr]   cargo:rerun-if-env-changed=V8_FORCE_DEBUG
[INFO] [stderr]   cargo:rerun-if-env-changed=V8_FROM_SOURCE
[INFO] [stderr]   cargo:rerun-if-env-changed=PYTHON
[INFO] [stderr]   cargo:rerun-if-env-changed=DISABLE_CLANG
[INFO] [stderr]   cargo:rerun-if-env-changed=EXTRA_GN_ARGS
[INFO] [stderr]   cargo:rerun-if-env-changed=PRINT_GN_ARGS
[INFO] [stderr]   cargo:rerun-if-env-changed=CARGO_ENCODED_RUSTFLAGS
[INFO] [stderr]   cargo:rustc-link-lib=static=rusty_v8
[INFO] [stderr]   lockfile: "/opt/rustwide/target/release/build/v8.fslock"
[INFO] [stderr]   cargo:rustc-env=RUSTY_V8_SRC_BINDING_PATH=/opt/rustwide/cargo-home/registry/src/index.crates.io-1949cf8c6b5b557f/v8-0.106.0/gen/src_binding_release_x86_64-unknown-linux-gnu.rs
[INFO] [stderr]   static lib URL: https://github.com/denoland/rusty_v8/releases/download/v0.106.0/librusty_v8_release_x86_64-unknown-linux-gnu.a.gz
[INFO] [stderr]   cargo:rustc-link-search=/opt/rustwide/target/release/gn_out/obj
[INFO] [stderr]   Looking for download in '"/opt/rustwide/cargo-home/.rusty_v8/https___github_com_denoland_rusty_v8_releases_download_v0_106_0_librusty_v8_release_x86_64_unknown_linux_gnu_a_gz"'
[INFO] [stderr]   Downloading (using Python) https://github.com/denoland/rusty_v8/releases/download/v0.106.0/librusty_v8_release_x86_64-unknown-linux-gnu.a.gz
[INFO] [stderr]   Downloading https://github.com/denoland/rusty_v8/releases/download/v0.106.0/librusty_v8_release_x86_64-unknown-linux-gnu.a.gz...
[INFO] [stderr]   <urlopen error [Errno -3] Temporary failure in name resolution>
[INFO] [stderr]   Retrying in 5 s ...
[INFO] [stderr]   Downloading https://github.com/denoland/rusty_v8/releases/download/v0.106.0/librusty_v8_release_x86_64-unknown-linux-gnu.a.gz...
[INFO] [stderr]   <urlopen error [Errno -3] Temporary failure in name resolution>
[INFO] [stderr]   Retrying in 10 s ...
[INFO] [stderr]   Downloading https://github.com/denoland/rusty_v8/releases/download/v0.106.0/librusty_v8_release_x86_64-unknown-linux-gnu.a.gz...
[INFO] [stderr]   <urlopen error [Errno -3] Temporary failure in name resolution>
[INFO] [stderr]   Retrying in 20 s ...
[INFO] [stderr]   Downloading https://github.com/denoland/rusty_v8/releases/download/v0.106.0/librusty_v8_release_x86_64-unknown-linux-gnu.a.gz...
[INFO] [stderr]   <urlopen error [Errno -3] Temporary failure in name resolution>
[INFO] [stderr]   Python downloader failed, trying with curl.
[INFO] [stderr] 
[INFO] [stderr]   --- stderr
[INFO] [stderr]   Traceback (most recent call last):
[INFO] [stderr]     File "/usr/lib/python3.14/urllib/request.py", line 1321, in do_open
[INFO] [stderr]       h.request(req.get_method(), req.selector, req.data, headers,
[INFO] [stderr]       ~~~~~~~~~^^^^^^^^^^^^^^^^^^^^^^^^^^^^^^^^^^^^^^^^^^^^^^^^^^^
[INFO] [stderr]                 encode_chunked=req.has_header('Transfer-encoding'))
[INFO] [stderr]                 ^^^^^^^^^^^^^^^^^^^^^^^^^^^^^^^^^^^^^^^^^^^^^^^^^^^
[INFO] [stderr]     File "/usr/lib/python3.14/http/client.py", line 1367, in request
[INFO] [stderr]       self._send_request(method, url, body, headers, encode_chunked)
[INFO] [stderr]       ~~~~~~~~~~~~~~~~~~^^^^^^^^^^^^^^^^^^^^^^^^^^^^^^^^^^^^^^^^^^^^
[INFO] [stderr]     File "/usr/lib/python3.14/http/client.py", line 1413, in _send_request
[INFO] [stderr]       self.endheaders(body, encode_chunked=encode_chunked)
[INFO] [stderr]       ~~~~~~~~~~~~~~~^^^^^^^^^^^^^^^^^^^^^^^^^^^^^^^^^^^^^
[INFO] [stderr]     File "/usr/lib/python3.14/http/client.py", line 1362, in endheaders
[INFO] [stderr]       self._send_output(message_body, encode_chunked=encode_chunked)
[INFO] [stderr]       ~~~~~~~~~~~~~~~~~^^^^^^^^^^^^^^^^^^^^^^^^^^^^^^^^^^^^^^^^^^^^^
[INFO] [stderr]     File "/usr/lib/python3.14/http/client.py", line 1122, in _send_output
[INFO] [stderr]       self.send(msg)
[INFO] [stderr]       ~~~~~~~~~^^^^^
[INFO] [stderr]     File "/usr/lib/python3.14/http/client.py", line 1066, in send
[INFO] [stderr]       self.connect()
[INFO] [stderr]       ~~~~~~~~~~~~^^
[INFO] [stderr]     File "/usr/lib/python3.14/http/client.py", line 1501, in connect
[INFO] [stderr]       super().connect()
[INFO] [stderr]       ~~~~~~~~~~~~~~~^^
[INFO] [stderr]     File "/usr/lib/python3.14/http/client.py", line 1032, in connect
[INFO] [stderr]       self.sock = self._create_connection(
[INFO] [stderr]                   ~~~~~~~~~~~~~~~~~~~~~~~^
[INFO] [stderr]           (self.host,self.port), self.timeout, self.source_address)
[INFO] [stderr]           ^^^^^^^^^^^^^^^^^^^^^^^^^^^^^^^^^^^^^^^^^^^^^^^^^^^^^^^^^
[INFO] [stderr]     File "/usr/lib/python3.14/socket.py", line 846, in create_connection
[INFO] [stderr]       for res in getaddrinfo(host, port, 0, SOCK_STREAM):
[INFO] [stderr]                  ~~~~~~~~~~~^^^^^^^^^^^^^^^^^^^^^^^^^^^^
[INFO] [stderr]     File "/usr/lib/python3.14/socket.py", line 983, in getaddrinfo
[INFO] [stderr]       for res in _socket.getaddrinfo(host, port, family, type, proto, flags):
[INFO] [stderr]                  ~~~~~~~~~~~~~~~~~~~^^^^^^^^^^^^^^^^^^^^^^^^^^^^^^^^^^^^^^^^
[INFO] [stderr]   socket.gaierror: [Errno -3] Temporary failure in name resolution
[INFO] [stderr] 
[INFO] [stderr]   During handling of the above exception, another exception occurred:
[INFO] [stderr] 
[INFO] [stderr]   Traceback (most recent call last):
[INFO] [stderr]     File "/opt/rustwide/cargo-home/registry/src/index.crates.io-1949cf8c6b5b557f/v8-0.106.0/./tools/download_file.py", line 64, in <module>
[INFO] [stderr]       sys.exit(main())
[INFO] [stderr]                ~~~~^^
[INFO] [stderr]     File "/opt/rustwide/cargo-home/registry/src/index.crates.io-1949cf8c6b5b557f/v8-0.106.0/./tools/download_file.py", line 59, in main
[INFO] [stderr]       DownloadUrl(args.url, f)
[INFO] [stderr]       ~~~~~~~~~~~^^^^^^^^^^^^^
[INFO] [stderr]     File "/opt/rustwide/cargo-home/registry/src/index.crates.io-1949cf8c6b5b557f/v8-0.106.0/./tools/download_file.py", line 45, in DownloadUrl
[INFO] [stderr]       raise e
[INFO] [stderr]     File "/opt/rustwide/cargo-home/registry/src/index.crates.io-1949cf8c6b5b557f/v8-0.106.0/./tools/download_file.py", line 29, in DownloadUrl
[INFO] [stderr]       response = urlopen(url)
[INFO] [stderr]     File "/usr/lib/python3.14/urllib/request.py", line 187, in urlopen
[INFO] [stderr]       return opener.open(url, data, timeout)
[INFO] [stderr]              ~~~~~~~~~~~^^^^^^^^^^^^^^^^^^^^
[INFO] [stderr]     File "/usr/lib/python3.14/urllib/request.py", line 487, in open
[INFO] [stderr]       response = self._open(req, data)
[INFO] [stderr]     File "/usr/lib/python3.14/urllib/request.py", line 504, in _open
[INFO] [stderr]       result = self._call_chain(self.handle_open, protocol, protocol +
[INFO] [stderr]                                 '_open', req)
[INFO] [stderr]     File "/usr/lib/python3.14/urllib/request.py", line 464, in _call_chain
[INFO] [stderr]       result = func(*args)
[INFO] [stderr]     File "/usr/lib/python3.14/urllib/request.py", line 1369, in https_open
[INFO] [stderr]       return self.do_open(http.client.HTTPSConnection, req,
[INFO] [stderr]              ~~~~~~~~~~~~^^^^^^^^^^^^^^^^^^^^^^^^^^^^^^^^^^
[INFO] [stderr]                           context=self._context)
[INFO] [stderr]                           ^^^^^^^^^^^^^^^^^^^^^^
[INFO] [stderr]     File "/usr/lib/python3.14/urllib/request.py", line 1324, in do_open
[INFO] [stderr]       raise URLError(err)
[INFO] [stderr]   urllib.error.URLError: <urlopen error [Errno -3] Temporary failure in name resolution>
[INFO] [stderr] 
[INFO] [stderr]   thread 'main' (1796) panicked at /opt/rustwide/cargo-home/registry/src/index.crates.io-1949cf8c6b5b557f/v8-0.106.0/build.rs:527:3:
[INFO] [stderr]   assertion failed: status.success()
[INFO] [stderr]   stack backtrace:
[INFO] [stderr]      0:     0x5eba25b05171 - <<std[70759c8f55707aa4]::sys::backtrace::BacktraceLock>::print::DisplayBacktrace as core[df12db4294e9bfd3]::fmt::Display>::fmt
[INFO] [stderr]      1:     0x5eba25b1b88a - core[df12db4294e9bfd3]::fmt::write
[INFO] [stderr]      2:     0x5eba25b0a5bc - <std[70759c8f55707aa4]::sys::stdio::unix::Stderr as core[df12db4294e9bfd3]::io::write::Write>::write_fmt
[INFO] [stderr]      3:     0x5eba25ae2246 - std[70759c8f55707aa4]::panicking::default_hook::{closure#0}
[INFO] [stderr]      4:     0x5eba25afeb91 - std[70759c8f55707aa4]::panicking::default_hook
[INFO] [stderr]      5:     0x5eba25afeebb - std[70759c8f55707aa4]::panicking::panic_with_hook
[INFO] [stderr]      6:     0x5eba25ae2324 - std[70759c8f55707aa4]::panicking::panic_handler::{closure#0}
[INFO] [stderr]      7:     0x5eba25ada999 - std[70759c8f55707aa4]::sys::backtrace::__rust_end_short_backtrace::<std[70759c8f55707aa4]::panicking::panic_handler::{closure#0}, !>
[INFO] [stderr]      8:     0x5eba25ae2c9d - __rustc[8fa7c3cbc660c2b3]::rust_begin_unwind
[INFO] [stderr]      9:     0x5eba25b1c0ac - core[df12db4294e9bfd3]::panicking::panic_fmt
[INFO] [stderr]     10:     0x5eba25b1c072 - core[df12db4294e9bfd3]::panicking::panic
[INFO] [stderr]     11:     0x5eba255ec6b9 - build_script_build[c1aec0f0d80eb6ec]::download_file
[INFO] [stderr]     12:     0x5eba255f1446 - build_script_build[c1aec0f0d80eb6ec]::download_static_lib_binaries
[INFO] [stderr]     13:     0x5eba255f2795 - build_script_build[c1aec0f0d80eb6ec]::main
[INFO] [stderr]     14:     0x5eba255e246b - <fn() as core[df12db4294e9bfd3]::ops::function::FnOnce<()>>::call_once
[INFO] [stderr]     15:     0x5eba255e5216 - std[70759c8f55707aa4]::sys::backtrace::__rust_begin_short_backtrace::<fn(), ()>
[INFO] [stderr]     16:     0x5eba255e5ff9 - std[70759c8f55707aa4]::rt::lang_start::<()>::{closure#0}
[INFO] [stderr]     17:     0x5eba25afdc89 - std[70759c8f55707aa4]::rt::lang_start_internal
[INFO] [stderr]     18:     0x5eba255e4e21 - std[70759c8f55707aa4]::rt::lang_start::<()>
[INFO] [stderr]     19:     0x5eba255f75e5 - main
[INFO] [stderr]     20:     0x7dd54388b601 - <unknown>
[INFO] [stderr]     21:     0x7dd54388b718 - __libc_start_main
[INFO] [stderr]     22:     0x5eba255dc195 - _start
[INFO] [stderr]     23:                0x0 - <unknown>
[INFO] running `Command { std: "docker" "inspect" "95ffea371310d7ad4e2f02ca35e984fd266a7a8c8d8208e74d2070a18c8e575d", kill_on_drop: false }`
[INFO] running `Command { std: "docker" "rm" "-f" "95ffea371310d7ad4e2f02ca35e984fd266a7a8c8d8208e74d2070a18c8e575d", kill_on_drop: false }`
[INFO] [stdout] 95ffea371310d7ad4e2f02ca35e984fd266a7a8c8d8208e74d2070a18c8e575d
