[INFO] fetching crate monstertruck-meshing 0.4.1...
[INFO] testing monstertruck-meshing-0.4.1 against 1.99.0-beta.8+cargoflags=--release for beta-release-1.100-2
[INFO] extracting crate monstertruck-meshing 0.4.1 into /workspace/builds/worker-2-tc1/source
[INFO] started tweaking crates.io crate monstertruck-meshing 0.4.1
[INFO] removed 0 missing examples
[INFO] removed 0 missing tests
[INFO] finished tweaking crates.io crate monstertruck-meshing 0.4.1
[INFO] tweaked toml for crates.io crate monstertruck-meshing 0.4.1 written to /workspace/builds/worker-2-tc1/source/Cargo.toml
[INFO] validating manifest of crates.io crate monstertruck-meshing 0.4.1 on toolchain 1.99.0-beta.8
[INFO] running `Command { std: CARGO_HOME="/workspace/cargo-home" RUSTUP_HOME="/workspace/rustup-home" "/workspace/cargo-home/bin/cargo" "+1.99.0-beta.8" "metadata" "--manifest-path" "Cargo.toml" "--no-deps", kill_on_drop: false }`
[INFO] crate crates.io crate monstertruck-meshing 0.4.1 already has a lockfile, it will not be regenerated
[INFO] running `Command { std: CARGO_HOME="/workspace/cargo-home" RUSTUP_HOME="/workspace/rustup-home" "/workspace/cargo-home/bin/cargo" "+1.99.0-beta.8" "fetch" "--manifest-path" "Cargo.toml", kill_on_drop: false }`
[INFO] [stderr]     Updating crates.io index
[INFO] [stderr]  Downloading crates ...
[INFO] [stderr]   Downloaded rclite v0.4.1
[INFO] [stderr]   Downloaded quick-xml v0.22.0
[INFO] [stderr]   Downloaded monstertruck-derive v0.4.1
[INFO] [stderr]   Downloaded katexit v0.1.5
[INFO] [stderr]   Downloaded approx v0.4.0
[INFO] [stderr]   Downloaded matext4cgmath v0.1.0
[INFO] [stderr]   Downloaded array-macro v2.1.8
[INFO] [stderr]   Downloaded monstertruck-core v0.4.1
[INFO] [stderr]   Downloaded monstertruck-traits v0.4.1
[INFO] [stderr]   Downloaded monstertruck-mesh v0.4.1
[INFO] [stderr]   Downloaded monstertruck-topology v0.4.1
[INFO] [stderr]   Downloaded cgmath v0.18.0
[INFO] [stderr]   Downloaded vtkio v0.6.3
[INFO] [stderr]   Downloaded monstertruck-geometry v0.4.1
[INFO] running `Command { std: "docker" "create" "-v" "/var/lib/crater-agent-workspace/builds/worker-2-tc1/source:/opt/rustwide/workdir:ro,Z" "-v" "/var/lib/crater-agent-workspace/builds/worker-2-tc1/target:/opt/rustwide/target:rw,Z" "-v" "/var/lib/crater-agent-workspace/cargo-home:/opt/rustwide/cargo-home:ro,Z" "-v" "/var/lib/crater-agent-workspace/rustup-home:/opt/rustwide/rustup-home:ro,Z" "-m" "1610612736" "--network" "none" "ghcr.io/rust-lang/crates-build-env/linux@sha256:77db811e55d90add9212f6832c23229e3de5f1c1f9905e8cb07319ea15df73ac" "sleep" "infinity", kill_on_drop: false }`
[INFO] [stdout] 953167bc6fcc74b3676a7ddce28df37680dd2633b3b6c272065bc40f139f64d5
[INFO] running `Command { std: "docker" "start" "953167bc6fcc74b3676a7ddce28df37680dd2633b3b6c272065bc40f139f64d5", kill_on_drop: false }`
[INFO] running `Command { std: "docker" "inspect" "953167bc6fcc74b3676a7ddce28df37680dd2633b3b6c272065bc40f139f64d5", kill_on_drop: false }`
[INFO] running `Command { std: "docker" "exec" "-e" "SOURCE_DIR=/opt/rustwide/workdir" "-e" "CARGO_HOME=/opt/rustwide/cargo-home" "-e" "RUSTUP_HOME=/opt/rustwide/rustup-home" "-e" "CARGO_TARGET_DIR=/opt/rustwide/target" "-w" "/opt/rustwide/workdir" "--user" "0:0" "953167bc6fcc74b3676a7ddce28df37680dd2633b3b6c272065bc40f139f64d5" "/opt/rustwide/cargo-home/bin/cargo" "+1.99.0-beta.8" "metadata" "--no-deps" "--format-version=1", kill_on_drop: false }`
[INFO] running `Command { std: "docker" "inspect" "953167bc6fcc74b3676a7ddce28df37680dd2633b3b6c272065bc40f139f64d5", kill_on_drop: false }`
[INFO] running `Command { std: "docker" "exec" "-e" "SOURCE_DIR=/opt/rustwide/workdir" "-e" "CARGO_HOME=/opt/rustwide/cargo-home" "-e" "RUSTUP_HOME=/opt/rustwide/rustup-home" "-e" "CARGO_TARGET_DIR=/opt/rustwide/target" "-e" "CARGO_INCREMENTAL=0" "-e" "RUST_BACKTRACE=full" "-e" "RUSTFLAGS=--cap-lints=warn" "-e" "RUSTDOCFLAGS=--cap-lints=warn" "-w" "/opt/rustwide/workdir" "--user" "0:0" "953167bc6fcc74b3676a7ddce28df37680dd2633b3b6c272065bc40f139f64d5" "/opt/rustwide/cargo-home/bin/cargo" "+1.99.0-beta.8" "build" "--frozen" "--message-format=json" "--release", kill_on_drop: false }`
[INFO] [stderr]    Compiling cgmath v0.18.0
[INFO] [stderr]    Compiling thiserror v2.0.18
[INFO] [stderr]    Compiling rustc-hash v2.1.2
[INFO] [stderr]    Compiling syn v1.0.109
[INFO] [stderr]    Compiling xxhash-rust v0.8.15
[INFO] [stderr]    Compiling branches v0.4.4
[INFO] [stderr]    Compiling syn v2.0.118
[INFO] [stderr]    Compiling proc-macro-error-attr v1.0.4
[INFO] [stderr]    Compiling getrandom v0.4.3
[INFO] [stderr]    Compiling approx v0.4.0
[INFO] [stderr]    Compiling parking_lot_core v0.9.12
[INFO] [stderr]    Compiling itertools v0.14.0
[INFO] [stderr]    Compiling array-macro v2.1.8
[INFO] [stderr]    Compiling rayon v1.12.0
[INFO] [stderr]    Compiling spade v2.15.1
[INFO] [stderr]    Compiling log v0.4.32
[INFO] [stderr]    Compiling rand v0.10.1
[INFO] [stderr]    Compiling rclite v0.4.1
[INFO] [stderr]    Compiling parking_lot v0.12.5
[INFO] [stderr]    Compiling proc-macro-error v1.0.4
[INFO] [stderr]    Compiling serde_derive v1.0.228
[INFO] [stderr]    Compiling katexit v0.1.5
[INFO] [stderr]    Compiling thiserror-impl v2.0.18
[INFO] [stderr]    Compiling monstertruck-derive v0.4.1
[INFO] [stderr]    Compiling bytemuck_derive v1.10.2
[INFO] [stderr]    Compiling derive_more-impl v2.1.1
[INFO] [stderr]    Compiling bytemuck v1.25.0
[INFO] [stderr]    Compiling serde v1.0.228
[INFO] [stderr]    Compiling derive_more v2.1.1
[INFO] [stderr]    Compiling matext4cgmath v0.1.0
[INFO] [stderr]    Compiling monstertruck-core v0.4.1
[INFO] [stderr]    Compiling monstertruck-traits v0.4.1
[INFO] [stderr]    Compiling monstertruck-mesh v0.4.1
[INFO] [stderr]    Compiling monstertruck-topology v0.4.1
[INFO] [stderr]    Compiling monstertruck-geometry v0.4.1
[INFO] [stderr]    Compiling monstertruck-meshing v0.4.1 (/opt/rustwide/workdir)
[INFO] [stderr]     Finished `release` profile [optimized] target(s) in 30.08s
[INFO] running `Command { std: "docker" "inspect" "953167bc6fcc74b3676a7ddce28df37680dd2633b3b6c272065bc40f139f64d5", kill_on_drop: false }`
[INFO] running `Command { std: "docker" "exec" "-e" "SOURCE_DIR=/opt/rustwide/workdir" "-e" "CARGO_HOME=/opt/rustwide/cargo-home" "-e" "RUSTUP_HOME=/opt/rustwide/rustup-home" "-e" "CARGO_TARGET_DIR=/opt/rustwide/target" "-e" "CARGO_INCREMENTAL=0" "-e" "RUST_BACKTRACE=full" "-e" "RUSTFLAGS=--cap-lints=warn" "-e" "RUSTDOCFLAGS=--cap-lints=warn" "-w" "/opt/rustwide/workdir" "--user" "0:0" "953167bc6fcc74b3676a7ddce28df37680dd2633b3b6c272065bc40f139f64d5" "/opt/rustwide/cargo-home/bin/cargo" "+1.99.0-beta.8" "test" "--frozen" "--no-run" "--message-format=json" "--release", kill_on_drop: false }`
[INFO] [stderr]    Compiling ppv-lite86 v0.2.21
[INFO] [stderr]    Compiling wait-timeout v0.2.1
[INFO] [stderr]    Compiling tempfile v3.27.0
[INFO] [stderr]    Compiling rand_xorshift v0.4.0
[INFO] [stderr]    Compiling rand v0.9.4
[INFO] [stderr]    Compiling memchr v2.8.2
[INFO] [stderr]    Compiling rusty-fork v0.3.1
[INFO] [stderr]    Compiling rand_chacha v0.9.0
[INFO] [stderr]    Compiling serde_json v1.0.150
[INFO] [stderr]    Compiling proptest v1.11.0
[INFO] [stderr]    Compiling monstertruck-meshing v0.4.1 (/opt/rustwide/workdir)
[INFO] [stdout] error[E0433]: cannot find module or crate `monstertruck_modeling` in this scope
[INFO] [stdout]   --> examples/tessellate-shape.rs:11:5
[INFO] [stdout]    |
[INFO] [stdout] 11 | use monstertruck_modeling::{Point3, geometry::*};
[INFO] [stdout]    |     ^^^^^^^^^^^^^^^^^^^^^ use of unresolved module or unlinked crate `monstertruck_modeling`
[INFO] [stdout]    |
[INFO] [stdout] help: there is a crate or module with a similar name
[INFO] [stdout]    |
[INFO] [stdout] 11 - use monstertruck_modeling::{Point3, geometry::*};
[INFO] [stdout] 11 + use monstertruck_meshing::{Point3, geometry::*};
[INFO] [stdout]    |
[INFO] [stdout] 
[INFO] [stdout] 
[INFO] [stdout] error[E0433]: cannot find module or crate `monstertruck_modeling` in this scope
[INFO] [stdout]  --> examples/bench-tessellation.rs:9:5
[INFO] [stdout]   |
[INFO] [stdout] 9 | use monstertruck_modeling::{Point3, geometry::*};
[INFO] [stdout]   |     ^^^^^^^^^^^^^^^^^^^^^ use of unresolved module or unlinked crate `monstertruck_modeling`
[INFO] [stdout]   |
[INFO] [stdout] help: there is a crate or module with a similar name
[INFO] [stdout]   |
[INFO] [stdout] 9 - use monstertruck_modeling::{Point3, geometry::*};
[INFO] [stdout] 9 + use monstertruck_meshing::{Point3, geometry::*};
[INFO] [stdout]   |
[INFO] [stdout] 
[INFO] [stdout] 
[INFO] [stdout] error[E0432]: unresolved import `monstertruck_modeling`
[INFO] [stdout]   --> examples/tessellate-shape.rs:11:5
[INFO] [stdout]    |
[INFO] [stdout] 11 | use monstertruck_modeling::{Point3, geometry::*};
[INFO] [stdout]    |     ^^^^^^^^^^^^^^^^^^^^^ use of unresolved module or unlinked crate `monstertruck_modeling`
[INFO] [stdout]    |
[INFO] [stdout] help: there is a crate or module with a similar name
[INFO] [stdout]    |
[INFO] [stdout] 11 - use monstertruck_modeling::{Point3, geometry::*};
[INFO] [stdout] 11 + use monstertruck_meshing::{Point3, geometry::*};
[INFO] [stdout]    |
[INFO] [stdout] 
[INFO] [stdout] 
[INFO] [stdout] error[E0432]: unresolved import `monstertruck_modeling`
[INFO] [stdout]  --> examples/bench-tessellation.rs:9:5
[INFO] [stdout]   |
[INFO] [stdout] 9 | use monstertruck_modeling::{Point3, geometry::*};
[INFO] [stdout]   |     ^^^^^^^^^^^^^^^^^^^^^ use of unresolved module or unlinked crate `monstertruck_modeling`
[INFO] [stdout]   |
[INFO] [stdout] help: there is a crate or module with a similar name
[INFO] [stdout]   |
[INFO] [stdout] 9 - use monstertruck_modeling::{Point3, geometry::*};
[INFO] [stdout] 9 + use monstertruck_meshing::{Point3, geometry::*};
[INFO] [stdout]   |
[INFO] [stdout] 
[INFO] [stdout] 
[INFO] [stdout] error[E0432]: unresolved import `monstertruck_modeling`
[INFO] [stdout]  --> tests/analyzers/volume.rs:3:5
[INFO] [stdout]   |
[INFO] [stdout] 3 | use monstertruck_modeling::*;
[INFO] [stdout]   |     ^^^^^^^^^^^^^^^^^^^^^ use of unresolved module or unlinked crate `monstertruck_modeling`
[INFO] [stdout]   |
[INFO] [stdout] help: there is a crate or module with a similar name
[INFO] [stdout]   |
[INFO] [stdout] 3 - use monstertruck_modeling::*;
[INFO] [stdout] 3 + use monstertruck_meshing::*;
[INFO] [stdout]   |
[INFO] [stdout] 
[INFO] [stdout] 
[INFO] [stdout] error[E0432]: unresolved import `monstertruck_modeling`
[INFO] [stdout]  --> tests/tessellation/main.rs:2:5
[INFO] [stdout]   |
[INFO] [stdout] 2 | use monstertruck_modeling::*;
[INFO] [stdout]   |     ^^^^^^^^^^^^^^^^^^^^^ use of unresolved module or unlinked crate `monstertruck_modeling`
[INFO] [stdout]   |
[INFO] [stdout] help: there is a crate or module with a similar name
[INFO] [stdout]   |
[INFO] [stdout] 2 - use monstertruck_modeling::*;
[INFO] [stdout] 2 + use monstertruck_meshing::*;
[INFO] [stdout]   |
[INFO] [stdout] 
[INFO] [stdout] 
[INFO] [stdout] error[E0425]: cannot find type `Curve` in this scope
[INFO] [stdout]   --> examples/bench-tessellation.rs:13:39
[INFO] [stdout]    |
[INFO] [stdout] 13 | type CShell = CompressedShell<Point3, Curve, Surface>;
[INFO] [stdout]    |                                       ^^^^^ not found in this scope
[INFO] [stdout]    |
[INFO] [stdout] help: you might be missing a type parameter
[INFO] [stdout]    |
[INFO] [stdout] 13 | type CShell<Curve> = CompressedShell<Point3, Curve, Surface>;
[INFO] [stdout]    |            +++++++
[INFO] [stdout] 
[INFO] [stdout] 
[INFO] [stdout] error[E0425]: cannot find type `Curve` in this scope
[INFO] [stdout]   --> examples/tessellate-shape.rs:13:39
[INFO] [stdout]    |
[INFO] [stdout] 13 | type CShell = CompressedShell<Point3, Curve, Surface>;
[INFO] [stdout]    |                                       ^^^^^ not found in this scope
[INFO] [stdout]    |
[INFO] [stdout] help: you might be missing a type parameter
[INFO] [stdout]    |
[INFO] [stdout] 13 | type CShell<Curve> = CompressedShell<Point3, Curve, Surface>;
[INFO] [stdout]    |            +++++++
[INFO] [stdout] 
[INFO] [stdout] 
[INFO] [stdout] error[E0425]: cannot find type `Surface` in this scope
[INFO] [stdout]   --> examples/bench-tessellation.rs:13:46
[INFO] [stdout]    |
[INFO] [stdout] 13 | type CShell = CompressedShell<Point3, Curve, Surface>;
[INFO] [stdout]    |                                              ^^^^^^^ not found in this scope
[INFO] [stdout]    |
[INFO] [stdout] help: you might be missing a type parameter
[INFO] [stdout]    |
[INFO] [stdout] 13 | type CShell<Surface> = CompressedShell<Point3, Curve, Surface>;
[INFO] [stdout]    |            +++++++++
[INFO] [stdout] 
[INFO] [stdout] 
[INFO] [stdout] error[E0425]: cannot find type `Curve` in this scope
[INFO] [stdout]   --> examples/bench-tessellation.rs:14:39
[INFO] [stdout]    |
[INFO] [stdout] 14 | type CSolid = CompressedSolid<Point3, Curve, Surface>;
[INFO] [stdout]    |                                       ^^^^^ not found in this scope
[INFO] [stdout]    |
[INFO] [stdout] help: you might be missing a type parameter
[INFO] [stdout]    |
[INFO] [stdout] 14 | type CSolid<Curve> = CompressedSolid<Point3, Curve, Surface>;
[INFO] [stdout]    |            +++++++
[INFO] [stdout] 
[INFO] [stdout] 
[INFO] [stdout] error[E0425]: cannot find type `Surface` in this scope
[INFO] [stdout]   --> examples/bench-tessellation.rs:14:46
[INFO] [stdout]    |
[INFO] [stdout] 14 | type CSolid = CompressedSolid<Point3, Curve, Surface>;
[INFO] [stdout]    |                                              ^^^^^^^ not found in this scope
[INFO] [stdout]    |
[INFO] [stdout] help: you might be missing a type parameter
[INFO] [stdout]    |
[INFO] [stdout] 14 | type CSolid<Surface> = CompressedSolid<Point3, Curve, Surface>;
[INFO] [stdout]    |            +++++++++
[INFO] [stdout] 
[INFO] [stdout] 
[INFO] [stdout] error[E0425]: cannot find type `Surface` in this scope
[INFO] [stdout]   --> examples/tessellate-shape.rs:13:46
[INFO] [stdout]    |
[INFO] [stdout] 13 | type CShell = CompressedShell<Point3, Curve, Surface>;
[INFO] [stdout]    |                                              ^^^^^^^ not found in this scope
[INFO] [stdout]    |
[INFO] [stdout] help: you might be missing a type parameter
[INFO] [stdout]    |
[INFO] [stdout] 13 | type CShell<Surface> = CompressedShell<Point3, Curve, Surface>;
[INFO] [stdout]    |            +++++++++
[INFO] [stdout] 
[INFO] [stdout] 
[INFO] [stdout] error[E0425]: cannot find type `Curve` in this scope
[INFO] [stdout]   --> examples/tessellate-shape.rs:14:39
[INFO] [stdout]    |
[INFO] [stdout] 14 | type CSolid = CompressedSolid<Point3, Curve, Surface>;
[INFO] [stdout]    |                                       ^^^^^ not found in this scope
[INFO] [stdout]    |
[INFO] [stdout] help: you might be missing a type parameter
[INFO] [stdout]    |
[INFO] [stdout] 14 | type CSolid<Curve> = CompressedSolid<Point3, Curve, Surface>;
[INFO] [stdout]    |            +++++++
[INFO] [stdout] 
[INFO] [stdout] 
[INFO] [stdout] error[E0425]: cannot find type `Surface` in this scope
[INFO] [stdout]   --> examples/tessellate-shape.rs:14:46
[INFO] [stdout]    |
[INFO] [stdout] 14 | type CSolid = CompressedSolid<Point3, Curve, Surface>;
[INFO] [stdout]    |                                              ^^^^^^^ not found in this scope
[INFO] [stdout]    |
[INFO] [stdout] help: you might be missing a type parameter
[INFO] [stdout]    |
[INFO] [stdout] 14 | type CSolid<Surface> = CompressedSolid<Point3, Curve, Surface>;
[INFO] [stdout]    |            +++++++++
[INFO] [stdout] 
[INFO] [stdout] 
[INFO] [stdout] error[E0432]: unresolved import `monstertruck_modeling`
[INFO] [stdout]     --> src/tessellation/triangulation/mod.rs:1247:9
[INFO] [stdout]      |
[INFO] [stdout] 1247 |     use monstertruck_modeling::*;
[INFO] [stdout]      |         ^^^^^^^^^^^^^^^^^^^^^ use of unresolved module or unlinked crate `monstertruck_modeling`
[INFO] [stdout]      |
[INFO] [stdout] help: there is a crate or module with a similar name
[INFO] [stdout]      |
[INFO] [stdout] 1247 -     use monstertruck_modeling::*;
[INFO] [stdout] 1247 +     use monstertruck_mesh::*;
[INFO] [stdout]      |
[INFO] [stdout] 
[INFO] [stdout] 
[INFO] [stdout] Some errors have detailed explanations: E0425, E0432, E0433.
[INFO] [stdout] 
[INFO] [stdout] For more information about an error, try `rustc --explain E0425`.
[INFO] [stdout] 
[INFO] [stderr] error: could not compile `monstertruck-meshing` (example "tessellate-shape") due to 6 previous errors
[INFO] [stderr] warning: build failed, waiting for other jobs to finish...
[INFO] [stdout] Some errors have detailed explanations: E0425, E0432, E0433.
[INFO] [stdout] 
[INFO] [stdout] For more information about an error, try `rustc --explain E0425`.
[INFO] [stdout] 
[INFO] [stderr] error: could not compile `monstertruck-meshing` (example "bench-tessellation") due to 6 previous errors
[INFO] [stdout] For more information about this error, try `rustc --explain E0432`.
[INFO] [stdout] 
[INFO] [stderr] error: could not compile `monstertruck-meshing` (test "analyzers") due to 1 previous error
[INFO] [stdout] For more information about this error, try `rustc --explain E0432`.
[INFO] [stdout] 
[INFO] [stderr] error: could not compile `monstertruck-meshing` (test "tessellation") due to 1 previous error
[INFO] [stdout] error[E0107]: missing generics for struct `monstertruck_topology::Solid`
[INFO] [stdout]     --> src/tessellation/triangulation/mod.rs:1254:16
[INFO] [stdout]      |
[INFO] [stdout] 1254 |     let solid: Solid = serde_json::from_str(&json).unwrap();
[INFO] [stdout]      |                ^^^^^ expected 3 generic arguments
[INFO] [stdout]      |
[INFO] [stdout] note: struct defined here, with 3 generic parameters: `P`, `C`, `S`
[INFO] [stdout]     --> /opt/rustwide/cargo-home/registry/src/index.crates.io-1949cf8c6b5b557f/monstertruck-topology-0.4.1/src/lib.rs:178:12
[INFO] [stdout]      |
[INFO] [stdout]  178 | pub struct Solid<P, C, S> {
[INFO] [stdout]      |            ^^^^^ -  -  -
[INFO] [stdout] help: add missing generic arguments
[INFO] [stdout]      |
[INFO] [stdout] 1254 |     let solid: Solid<P, C, S> = serde_json::from_str(&json).unwrap();
[INFO] [stdout]      |                     +++++++++
[INFO] [stdout] 
[INFO] [stdout] 
[INFO] [stdout] Some errors have detailed explanations: E0107, E0432.
[INFO] [stdout] 
[INFO] [stdout] For more information about an error, try `rustc --explain E0107`.
[INFO] [stdout] 
[INFO] [stderr] error: could not compile `monstertruck-meshing` (lib test) due to 2 previous errors
[INFO] running `Command { std: "docker" "inspect" "953167bc6fcc74b3676a7ddce28df37680dd2633b3b6c272065bc40f139f64d5", kill_on_drop: false }`
[INFO] running `Command { std: "docker" "rm" "-f" "953167bc6fcc74b3676a7ddce28df37680dd2633b3b6c272065bc40f139f64d5", kill_on_drop: false }`
[INFO] [stdout] 953167bc6fcc74b3676a7ddce28df37680dd2633b3b6c272065bc40f139f64d5
