[INFO] fetching crate monoio-transports-netreq-fork 0.1.1...
[INFO] testing monoio-transports-netreq-fork-0.1.1 against 1.100.0-beta.1+cargoflags=--release for beta-release-1.100-2
[INFO] extracting crate monoio-transports-netreq-fork 0.1.1 into /workspace/builds/worker-1-tc2/source
[INFO] removed /workspace/builds/worker-1-tc2/source/rust-toolchain
[INFO] started tweaking crates.io crate monoio-transports-netreq-fork 0.1.1
[INFO] removed 0 missing examples
[INFO] finished tweaking crates.io crate monoio-transports-netreq-fork 0.1.1
[INFO] tweaked toml for crates.io crate monoio-transports-netreq-fork 0.1.1 written to /workspace/builds/worker-1-tc2/source/Cargo.toml
[INFO] validating manifest of crates.io crate monoio-transports-netreq-fork 0.1.1 on toolchain 1.100.0-beta.1
[INFO] running `Command { std: CARGO_HOME="/workspace/cargo-home" RUSTUP_HOME="/workspace/rustup-home" "/workspace/cargo-home/bin/cargo" "+1.100.0-beta.1" "metadata" "--manifest-path" "Cargo.toml" "--no-deps", kill_on_drop: false }`
[INFO] crate crates.io crate monoio-transports-netreq-fork 0.1.1 already has a lockfile, it will not be regenerated
[INFO] running `Command { std: CARGO_HOME="/workspace/cargo-home" RUSTUP_HOME="/workspace/rustup-home" "/workspace/cargo-home/bin/cargo" "+1.100.0-beta.1" "fetch" "--manifest-path" "Cargo.toml", kill_on_drop: false }`
[INFO] running `Command { std: "docker" "create" "-v" "/var/lib/crater-agent-workspace/builds/worker-1-tc2/source:/opt/rustwide/workdir:ro,Z" "-v" "/var/lib/crater-agent-workspace/builds/worker-1-tc2/target:/opt/rustwide/target:rw,Z" "-v" "/var/lib/crater-agent-workspace/cargo-home:/opt/rustwide/cargo-home:ro,Z" "-v" "/var/lib/crater-agent-workspace/rustup-home:/opt/rustwide/rustup-home:ro,Z" "-m" "1610612736" "--network" "none" "ghcr.io/rust-lang/crates-build-env/linux@sha256:77db811e55d90add9212f6832c23229e3de5f1c1f9905e8cb07319ea15df73ac" "sleep" "infinity", kill_on_drop: false }`
[INFO] [stdout] 1d4ebbfc459feb0de21731ac9c4d22165220b2a2cb30281d3d0b36040b1d473f
[INFO] running `Command { std: "docker" "start" "1d4ebbfc459feb0de21731ac9c4d22165220b2a2cb30281d3d0b36040b1d473f", kill_on_drop: false }`
[INFO] running `Command { std: "docker" "inspect" "1d4ebbfc459feb0de21731ac9c4d22165220b2a2cb30281d3d0b36040b1d473f", kill_on_drop: false }`
[INFO] running `Command { std: "docker" "exec" "-e" "SOURCE_DIR=/opt/rustwide/workdir" "-e" "CARGO_HOME=/opt/rustwide/cargo-home" "-e" "RUSTUP_HOME=/opt/rustwide/rustup-home" "-e" "CARGO_TARGET_DIR=/opt/rustwide/target" "-w" "/opt/rustwide/workdir" "--user" "0:0" "1d4ebbfc459feb0de21731ac9c4d22165220b2a2cb30281d3d0b36040b1d473f" "/opt/rustwide/cargo-home/bin/cargo" "+1.100.0-beta.1" "metadata" "--no-deps" "--format-version=1", kill_on_drop: false }`
[INFO] running `Command { std: "docker" "inspect" "1d4ebbfc459feb0de21731ac9c4d22165220b2a2cb30281d3d0b36040b1d473f", kill_on_drop: false }`
[INFO] running `Command { std: "docker" "exec" "-e" "SOURCE_DIR=/opt/rustwide/workdir" "-e" "CARGO_HOME=/opt/rustwide/cargo-home" "-e" "RUSTUP_HOME=/opt/rustwide/rustup-home" "-e" "CARGO_TARGET_DIR=/opt/rustwide/target" "-e" "CARGO_INCREMENTAL=0" "-e" "RUST_BACKTRACE=full" "-e" "RUSTFLAGS=--cap-lints=warn" "-e" "RUSTDOCFLAGS=--cap-lints=warn" "-w" "/opt/rustwide/workdir" "--user" "0:0" "1d4ebbfc459feb0de21731ac9c4d22165220b2a2cb30281d3d0b36040b1d473f" "/opt/rustwide/cargo-home/bin/cargo" "+1.100.0-beta.1" "build" "--frozen" "--message-format=json" "--release", kill_on_drop: false }`
[INFO] [stderr]    Compiling libc v0.2.168
[INFO] [stderr]    Compiling proc-macro2 v1.0.92
[INFO] [stderr]    Compiling unicode-ident v1.0.14
[INFO] [stderr]    Compiling pin-project-lite v0.2.15
[INFO] [stderr]    Compiling memoffset v0.7.1
[INFO] [stderr]    Compiling bytes v1.9.0
[INFO] [stderr]    Compiling log v0.4.22
[INFO] [stderr]    Compiling io-uring v0.6.4
[INFO] [stderr]    Compiling fxhash v0.2.1
[INFO] [stderr]    Compiling spin v0.9.8
[INFO] [stderr]    Compiling aws-lc-rs v1.11.1
[INFO] [stderr]    Compiling once_cell v1.20.2
[INFO] [stderr]    Compiling rustls-pki-types v1.10.0
[INFO] [stderr]    Compiling rustls v0.21.12
[INFO] [stderr]    Compiling indexmap v1.9.3
[INFO] [stderr]    Compiling httparse v1.9.5
[INFO] [stderr]    Compiling futures-task v0.3.31
[INFO] [stderr]    Compiling serde v1.0.215
[INFO] [stderr]    Compiling itoa v1.0.14
[INFO] [stderr]    Compiling rustls v0.23.19
[INFO] [stderr]    Compiling futures-util v0.3.31
[INFO] [stderr]    Compiling tracing-core v0.1.33
[INFO] [stderr]    Compiling param v0.1.2
[INFO] [stderr]    Compiling tokio v1.42.0
[INFO] [stderr]    Compiling quote v1.0.37
[INFO] [stderr]    Compiling syn v2.0.90
[INFO] [stderr]    Compiling reusable-box-future v0.2.0
[INFO] [stderr]    Compiling jobserver v0.1.32
[INFO] [stderr]    Compiling serde_json v1.0.133
[INFO] [stderr]    Compiling tracing v0.1.41
[INFO] [stderr]    Compiling cc v1.2.3
[INFO] [stderr]    Compiling http v1.2.0
[INFO] [stderr]    Compiling service-async v0.2.4
[INFO] [stderr]    Compiling local-sync v0.1.1
[INFO] [stderr]    Compiling nix v0.26.4
[INFO] [stderr]    Compiling cmake v0.1.52
[INFO] [stderr]    Compiling socket2 v0.5.8
[INFO] [stderr]    Compiling mio v0.8.11
[INFO] [stderr]    Compiling ring v0.17.8
[INFO] [stderr]    Compiling aws-lc-sys v0.23.1
[INFO] [stderr]    Compiling getrandom v0.2.15
[INFO] [stderr]    Compiling tokio-util v0.7.13
[INFO] [stderr]    Compiling thiserror v2.0.7
[INFO] [stderr]    Compiling smallvec v1.13.2
[INFO] [stderr]    Compiling ryu v1.0.18
[INFO] [stderr]    Compiling webpki-roots v0.26.7
[INFO] [stderr]    Compiling monoio-transports-netreq-fork v0.1.1 (/opt/rustwide/workdir)
[INFO] [stderr]    Compiling smol_str v0.2.2
[INFO] [stderr]    Compiling auto-const-array v0.2.1
[INFO] [stderr]    Compiling monoio-macros v0.1.0
[INFO] [stderr]    Compiling thiserror-impl v1.0.69
[INFO] [stderr]    Compiling thiserror-impl v2.0.7
[INFO] [stderr]    Compiling monoio v0.2.4
[INFO] [stderr]    Compiling thiserror v1.0.69
[INFO] [stderr]    Compiling monoio-io-wrapper v0.1.1
[INFO] [stderr]    Compiling monoio-compat v0.2.2
[INFO] [stderr]    Compiling monoio-codec v0.3.4
[INFO] [stderr]    Compiling rustls-webpki v0.101.7
[INFO] [stderr]    Compiling sct v0.7.1
[INFO] [stderr]    Compiling monoio-rustls v0.3.0
[INFO] [stderr]    Compiling monoio-http v0.3.12
[INFO] [stderr]    Compiling rustls-webpki v0.102.8
[INFO] [stderr]    Compiling monoio-rustls v0.4.0
[INFO] [stderr]    Compiling monoio-transports v0.5.3
[INFO] [stderr] warning: unused dependency `thiserror`
[INFO] [stderr]   --> Cargo.toml:64:15
[INFO] [stderr]    |
[INFO] [stderr] 64 | [dependencies.thiserror]
[INFO] [stderr]    |               ^^^^^^^^^^
[INFO] [stderr]    |
[INFO] [stderr]    = note: `cargo::unused_dependencies` is set to `warn` by default
[INFO] [stderr] help: consider removing the dependency on `thiserror`
[INFO] [stderr] warning: `monoio-transports-netreq-fork` (manifest) generated 1 warning
[INFO] [stderr]     Finished `release` profile [optimized] target(s) in 3m 04s
[INFO] running `Command { std: "docker" "inspect" "1d4ebbfc459feb0de21731ac9c4d22165220b2a2cb30281d3d0b36040b1d473f", kill_on_drop: false }`
[INFO] running `Command { std: "docker" "exec" "-e" "SOURCE_DIR=/opt/rustwide/workdir" "-e" "CARGO_HOME=/opt/rustwide/cargo-home" "-e" "RUSTUP_HOME=/opt/rustwide/rustup-home" "-e" "CARGO_TARGET_DIR=/opt/rustwide/target" "-e" "CARGO_INCREMENTAL=0" "-e" "RUST_BACKTRACE=full" "-e" "RUSTFLAGS=--cap-lints=warn" "-e" "RUSTDOCFLAGS=--cap-lints=warn" "-w" "/opt/rustwide/workdir" "--user" "0:0" "1d4ebbfc459feb0de21731ac9c4d22165220b2a2cb30281d3d0b36040b1d473f" "/opt/rustwide/cargo-home/bin/cargo" "+1.100.0-beta.1" "test" "--frozen" "--no-run" "--message-format=json" "--release", kill_on_drop: false }`
[INFO] [stderr]    Compiling log v0.4.22
[INFO] [stderr]    Compiling syn v2.0.90
[INFO] [stderr]    Compiling tracing-core v0.1.33
[INFO] [stderr]    Compiling tokio-util v0.7.13
[INFO] [stderr]    Compiling serde v1.0.215
[INFO] [stderr]    Compiling overload v0.1.1
[INFO] [stderr]    Compiling hashbrown v0.15.2
[INFO] [stderr]    Compiling equivalent v1.0.1
[INFO] [stderr]    Compiling sharded-slab v0.1.7
[INFO] [stderr]    Compiling nu-ansi-term v0.46.0
[INFO] [stderr]    Compiling mio v0.8.11
[INFO] [stderr]    Compiling rustls v0.21.12
[INFO] [stderr]    Compiling rustls v0.23.19
[INFO] [stderr]    Compiling tracing-log v0.2.0
[INFO] [stderr]    Compiling http-body v1.0.1
[INFO] [stderr]    Compiling thread_local v1.1.8
[INFO] [stderr]    Compiling http-body-util v0.1.2
[INFO] [stderr]    Compiling indexmap v2.7.0
[INFO] [stderr]    Compiling tracing-subscriber v0.3.19
[INFO] [stderr]    Compiling monoio-macros v0.1.0
[INFO] [stderr]    Compiling auto-const-array v0.2.1
[INFO] [stderr]    Compiling thiserror-impl v1.0.69
[INFO] [stderr]    Compiling monoio v0.2.4
[INFO] [stderr]    Compiling tracing-attributes v0.1.28
[INFO] [stderr]    Compiling serde_derive v1.0.215
[INFO] [stderr]    Compiling thiserror-impl v2.0.7
[INFO] [stderr]    Compiling thiserror v1.0.69
[INFO] [stderr]    Compiling tracing v0.1.41
[INFO] [stderr]    Compiling thiserror v2.0.7
[INFO] [stderr]    Compiling h2 v0.4.7
[INFO] [stderr]    Compiling monoio-io-wrapper v0.1.1
[INFO] [stderr]    Compiling monoio-rustls v0.3.0
[INFO] [stderr]    Compiling monoio-codec v0.3.4
[INFO] [stderr]    Compiling monoio-compat v0.2.2
[INFO] [stderr]    Compiling monoio-rustls v0.4.0
[INFO] [stderr]    Compiling monoio-http v0.3.12
[INFO] [stderr]    Compiling serde_json v1.0.133
[INFO] [stderr]    Compiling monoio-transports v0.5.3
[INFO] [stderr]    Compiling monoio-transports-netreq-fork v0.1.1 (/opt/rustwide/workdir)
[INFO] [stdout] error[E0433]: cannot find module or crate `monoio_http` in this scope
[INFO] [stdout]  --> examples/http_with_tcp.rs:6:5
[INFO] [stdout]   |
[INFO] [stdout] 6 | use monoio_http::{
[INFO] [stdout]   |     ^^^^^^^^^^^ use of unresolved module or unlinked crate `monoio_http`
[INFO] [stdout]   |
[INFO] [stdout]   = help: if you wanted to use a crate named `monoio_http`, use `cargo add monoio_http` to add it to your `Cargo.toml`
[INFO] [stdout] 
[INFO] [stdout] 
[INFO] [stdout] error[E0433]: cannot find module or crate `monoio_http` in this scope
[INFO] [stdout]  --> examples/https_with_tcp.rs:2:5
[INFO] [stdout]   |
[INFO] [stdout] 2 | use monoio_http::{common::body::HttpBody, h1::payload::Payload};
[INFO] [stdout]   |     ^^^^^^^^^^^ use of unresolved module or unlinked crate `monoio_http`
[INFO] [stdout]   |
[INFO] [stdout]   = help: if you wanted to use a crate named `monoio_http`, use `cargo add monoio_http` to add it to your `Cargo.toml`
[INFO] [stdout] 
[INFO] [stdout] 
[INFO] [stdout] error[E0433]: cannot find module or crate `monoio_http` in this scope
[INFO] [stdout]  --> examples/http_with_uds.rs:2:5
[INFO] [stdout]   |
[INFO] [stdout] 2 | use monoio_http::{common::body::HttpBody, h1::payload::Payload};
[INFO] [stdout]   |     ^^^^^^^^^^^ use of unresolved module or unlinked crate `monoio_http`
[INFO] [stdout]   |
[INFO] [stdout]   = help: if you wanted to use a crate named `monoio_http`, use `cargo add monoio_http` to add it to your `Cargo.toml`
[INFO] [stdout] 
[INFO] [stdout] 
[INFO] [stdout] warning: method call on a diverging inference variable
[INFO] [stdout]   --> examples/https_with_tcp.rs:28:30
[INFO] [stdout]    |
[INFO] [stdout] 28 |         assert_eq!(200, resp.status());
[INFO] [stdout]    |                              ^^^^^^
[INFO] [stdout]    |
[INFO] [stdout]    = help: consider providing a type annotation
[INFO] [stdout]    = warning: this was previously accepted by the compiler but is being phased out; it will become a hard error in a future release!
[INFO] [stdout]    = note: for more information, see issue #156047 <https://github.com/rust-lang/rust/issues/156047>
[INFO] [stdout]    = note: `#[warn(method_call_on_diverging_infer_var)]` (part of `#[warn(future_incompatible)]`) on by default
[INFO] [stdout] 
[INFO] [stdout] 
[INFO] [stdout] error[E0599]: no method named `status` found for type `!` in the current scope
[INFO] [stdout]   --> examples/https_with_tcp.rs:28:30
[INFO] [stdout]    |
[INFO] [stdout] 28 |         assert_eq!(200, resp.status());
[INFO] [stdout]    |                              ^^^^^^ method not found in `!`
[INFO] [stdout] 
[INFO] [stdout] 
[INFO] [stdout] error[E0433]: cannot find module or crate `monoio_http` in this scope
[INFO] [stdout]   --> examples/http_with_tcp.rs:21:26
[INFO] [stdout]    |
[INFO] [stdout] 21 |     let mut connection = monoio_http::h2::server::handshake(io).await?;
[INFO] [stdout]    |                          ^^^^^^^^^^^ use of unresolved module or unlinked crate `monoio_http`
[INFO] [stdout]    |
[INFO] [stdout]    = help: if you wanted to use a crate named `monoio_http`, use `cargo add monoio_http` to add it to your `Cargo.toml`
[INFO] [stdout] 
[INFO] [stdout] 
[INFO] [stdout] error[E0599]: no method named `headers` found for type `!` in the current scope
[INFO] [stdout]   --> examples/https_with_tcp.rs:31:18
[INFO] [stdout]    |
[INFO] [stdout] 31 |             resp.headers().get("content-type").unwrap().as_bytes()
[INFO] [stdout]    |                  ^^^^^^^ method not found in `!`
[INFO] [stdout] 
[INFO] [stdout] 
[INFO] [stdout] warning: unreachable call
[INFO] [stdout]   --> examples/https_with_tcp.rs:31:18
[INFO] [stdout]    |
[INFO] [stdout] 31 |             resp.headers().get("content-type").unwrap().as_bytes()
[INFO] [stdout]    |             ---- ^^^^^^^ unreachable call
[INFO] [stdout]    |             |
[INFO] [stdout]    |             any code following this expression is unreachable
[INFO] [stdout]    |
[INFO] [stdout]    = note: `#[warn(unreachable_code)]` (part of `#[warn(unused)]`) on by default
[INFO] [stdout] 
[INFO] [stdout] 
[INFO] [stdout] error[E0433]: cannot find module or crate `monoio_http` in this scope
[INFO] [stdout]   --> examples/http_with_tcp.rs:42:18
[INFO] [stdout]    |
[INFO] [stdout] 42 |     mut respond: monoio_http::h2::server::SendResponse<bytes::Bytes>,
[INFO] [stdout]    |                  ^^^^^^^^^^^ use of unresolved module or unlinked crate `monoio_http`
[INFO] [stdout]    |
[INFO] [stdout]    = help: if you wanted to use a crate named `monoio_http`, use `cargo add monoio_http` to add it to your `Cargo.toml`
[INFO] [stdout] 
[INFO] [stdout] 
[INFO] [stdout] warning: method call on a diverging inference variable
[INFO] [stdout]   --> examples/http_with_uds.rs:22:26
[INFO] [stdout]    |
[INFO] [stdout] 22 |     assert_eq!(200, resp.status());
[INFO] [stdout]    |                          ^^^^^^
[INFO] [stdout]    |
[INFO] [stdout]    = help: consider providing a type annotation
[INFO] [stdout]    = warning: this was previously accepted by the compiler but is being phased out; it will become a hard error in a future release!
[INFO] [stdout]    = note: for more information, see issue #156047 <https://github.com/rust-lang/rust/issues/156047>
[INFO] [stdout]    = note: `#[warn(method_call_on_diverging_infer_var)]` (part of `#[warn(future_incompatible)]`) on by default
[INFO] [stdout] 
[INFO] [stdout] 
[INFO] [stdout] error[E0599]: no method named `version` found for type `!` in the current scope
[INFO] [stdout]   --> examples/https_with_tcp.rs:34:25
[INFO] [stdout]    |
[INFO] [stdout] 34 |         assert_eq!(resp.version(), http::Version::HTTP_2);
[INFO] [stdout]    |                         ^^^^^^^ method not found in `!`
[INFO] [stdout] 
[INFO] [stdout] 
[INFO] [stdout] warning: unreachable call
[INFO] [stdout]   --> examples/https_with_tcp.rs:34:25
[INFO] [stdout]    |
[INFO] [stdout] 34 |         assert_eq!(resp.version(), http::Version::HTTP_2);
[INFO] [stdout]    |                    ---- ^^^^^^^ unreachable call
[INFO] [stdout]    |                    |
[INFO] [stdout]    |                    any code following this expression is unreachable
[INFO] [stdout] 
[INFO] [stdout] 
[INFO] [stdout] warning: method call on a diverging inference variable
[INFO] [stdout]   --> examples/http_with_tcp.rs:24:41
[INFO] [stdout]    |
[INFO] [stdout] 24 |     while let Some(result) = connection.accept().await {
[INFO] [stdout]    |                                         ^^^^^^
[INFO] [stdout]    |
[INFO] [stdout]    = help: consider providing a type annotation
[INFO] [stdout]    = warning: this was previously accepted by the compiler but is being phased out; it will become a hard error in a future release!
[INFO] [stdout]    = note: for more information, see issue #156047 <https://github.com/rust-lang/rust/issues/156047>
[INFO] [stdout]    = note: `#[warn(method_call_on_diverging_infer_var)]` (part of `#[warn(future_incompatible)]`) on by default
[INFO] [stdout] 
[INFO] [stdout] 
[INFO] [stdout] warning: method call on a diverging inference variable
[INFO] [stdout]   --> examples/https_with_tcp.rs:53:30
[INFO] [stdout]    |
[INFO] [stdout] 53 |         assert_eq!(200, resp.status());
[INFO] [stdout]    |                              ^^^^^^
[INFO] [stdout]    |
[INFO] [stdout]    = help: consider providing a type annotation
[INFO] [stdout]    = warning: this was previously accepted by the compiler but is being phased out; it will become a hard error in a future release!
[INFO] [stdout]    = note: for more information, see issue #156047 <https://github.com/rust-lang/rust/issues/156047>
[INFO] [stdout] 
[INFO] [stdout] 
[INFO] [stdout] error[E0599]: no method named `status` found for type `!` in the current scope
[INFO] [stdout]   --> examples/http_with_uds.rs:22:26
[INFO] [stdout]    |
[INFO] [stdout] 22 |     assert_eq!(200, resp.status());
[INFO] [stdout]    |                          ^^^^^^ method not found in `!`
[INFO] [stdout] 
[INFO] [stdout] 
[INFO] [stdout] error[E0599]: no method named `status` found for type `!` in the current scope
[INFO] [stdout]   --> examples/https_with_tcp.rs:53:30
[INFO] [stdout]    |
[INFO] [stdout] 53 |         assert_eq!(200, resp.status());
[INFO] [stdout]    |                              ^^^^^^ method not found in `!`
[INFO] [stdout] 
[INFO] [stdout] 
[INFO] [stdout] error[E0599]: no method named `headers` found for type `!` in the current scope
[INFO] [stdout]   --> examples/http_with_uds.rs:25:14
[INFO] [stdout]    |
[INFO] [stdout] 25 |         resp.headers().get("content-type").unwrap().as_bytes()
[INFO] [stdout]    |              ^^^^^^^ method not found in `!`
[INFO] [stdout] 
[INFO] [stdout] 
[INFO] [stdout] warning: unreachable call
[INFO] [stdout]   --> examples/http_with_uds.rs:25:14
[INFO] [stdout]    |
[INFO] [stdout] 25 |         resp.headers().get("content-type").unwrap().as_bytes()
[INFO] [stdout]    |         ---- ^^^^^^^ unreachable call
[INFO] [stdout]    |         |
[INFO] [stdout]    |         any code following this expression is unreachable
[INFO] [stdout]    |
[INFO] [stdout]    = note: `#[warn(unreachable_code)]` (part of `#[warn(unused)]`) on by default
[INFO] [stdout] 
[INFO] [stdout] 
[INFO] [stdout] error[E0599]: no method named `headers` found for type `!` in the current scope
[INFO] [stdout]   --> examples/https_with_tcp.rs:56:18
[INFO] [stdout]    |
[INFO] [stdout] 56 |             resp.headers().get("content-type").unwrap().as_bytes()
[INFO] [stdout]    |                  ^^^^^^^ method not found in `!`
[INFO] [stdout] 
[INFO] [stdout] 
[INFO] [stdout] warning: unreachable call
[INFO] [stdout]   --> examples/https_with_tcp.rs:56:18
[INFO] [stdout]    |
[INFO] [stdout] 56 |             resp.headers().get("content-type").unwrap().as_bytes()
[INFO] [stdout]    |             ---- ^^^^^^^ unreachable call
[INFO] [stdout]    |             |
[INFO] [stdout]    |             any code following this expression is unreachable
[INFO] [stdout] 
[INFO] [stdout] 
[INFO] [stdout] error[E0599]: no method named `accept` found for type `!` in the current scope
[INFO] [stdout]   --> examples/http_with_tcp.rs:24:41
[INFO] [stdout]    |
[INFO] [stdout] 24 |     while let Some(result) = connection.accept().await {
[INFO] [stdout]    |                                         ^^^^^^ method not found in `!`
[INFO] [stdout] 
[INFO] [stdout] 
[INFO] [stdout] error[E0599]: no method named `version` found for type `!` in the current scope
[INFO] [stdout]   --> examples/https_with_tcp.rs:58:25
[INFO] [stdout]    |
[INFO] [stdout] 58 |         assert_eq!(resp.version(), http::Version::HTTP_11);
[INFO] [stdout]    |                         ^^^^^^^ method not found in `!`
[INFO] [stdout] 
[INFO] [stdout] 
[INFO] [stdout] warning: unreachable call
[INFO] [stdout]   --> examples/https_with_tcp.rs:58:25
[INFO] [stdout]    |
[INFO] [stdout] 58 |         assert_eq!(resp.version(), http::Version::HTTP_11);
[INFO] [stdout]    |                    ---- ^^^^^^^ unreachable call
[INFO] [stdout]    |                    |
[INFO] [stdout]    |                    any code following this expression is unreachable
[INFO] [stdout] 
[INFO] [stdout] 
[INFO] [stdout] error[E0599]: no method named `into_parts` found for type `!` in the current scope
[INFO] [stdout]   --> examples/http_with_uds.rs:27:28
[INFO] [stdout]    |
[INFO] [stdout] 27 |     let (header, _) = resp.into_parts();
[INFO] [stdout]    |                            ^^^^^^^^^^ method not found in `!`
[INFO] [stdout] 
[INFO] [stdout] 
[INFO] [stdout] warning: unreachable call
[INFO] [stdout]   --> examples/http_with_uds.rs:27:28
[INFO] [stdout]    |
[INFO] [stdout] 27 |     let (header, _) = resp.into_parts();
[INFO] [stdout]    |                       ---- ^^^^^^^^^^ unreachable call
[INFO] [stdout]    |                       |
[INFO] [stdout]    |                       any code following this expression is unreachable
[INFO] [stdout] 
[INFO] [stdout] 
[INFO] [stdout] Some errors have detailed explanations: E0433, E0599.
[INFO] [stdout] 
[INFO] [stdout] For more information about an error, try `rustc --explain E0433`.
[INFO] [stdout] 
[INFO] [stdout] warning: method call on a diverging inference variable
[INFO] [stdout]   --> examples/http_with_tcp.rs:94:26
[INFO] [stdout]    |
[INFO] [stdout] 94 |     assert_eq!(200, resp.status());
[INFO] [stdout]    |                          ^^^^^^
[INFO] [stdout]    |
[INFO] [stdout]    = help: consider providing a type annotation
[INFO] [stdout]    = warning: this was previously accepted by the compiler but is being phased out; it will become a hard error in a future release!
[INFO] [stdout]    = note: for more information, see issue #156047 <https://github.com/rust-lang/rust/issues/156047>
[INFO] [stdout] 
[INFO] [stdout] 
[INFO] [stdout] Some errors have detailed explanations: E0433, E0599.
[INFO] [stdout] 
[INFO] [stdout] For more information about an error, try `rustc --explain E0433`.
[INFO] [stdout] 
[INFO] [stderr] error: could not compile `monoio-transports-netreq-fork` (example "https_with_tcp") due to 7 previous errors; 8 warnings emitted
[INFO] [stderr] warning: build failed, waiting for other jobs to finish...
[INFO] [stderr] error: could not compile `monoio-transports-netreq-fork` (example "http_with_uds") due to 4 previous errors; 4 warnings emitted
[INFO] [stdout] error[E0599]: no method named `status` found for type `!` in the current scope
[INFO] [stdout]   --> examples/http_with_tcp.rs:94:26
[INFO] [stdout]    |
[INFO] [stdout] 94 |     assert_eq!(200, resp.status());
[INFO] [stdout]    |                          ^^^^^^ method not found in `!`
[INFO] [stdout] 
[INFO] [stdout] 
[INFO] [stdout] error[E0599]: no method named `headers` found for type `!` in the current scope
[INFO] [stdout]   --> examples/http_with_tcp.rs:97:14
[INFO] [stdout]    |
[INFO] [stdout] 97 |         resp.headers().get("content-type").unwrap().as_bytes()
[INFO] [stdout]    |              ^^^^^^^ method not found in `!`
[INFO] [stdout] 
[INFO] [stdout] 
[INFO] [stdout] warning: unreachable call
[INFO] [stdout]   --> examples/http_with_tcp.rs:97:14
[INFO] [stdout]    |
[INFO] [stdout] 97 |         resp.headers().get("content-type").unwrap().as_bytes()
[INFO] [stdout]    |         ---- ^^^^^^^ unreachable call
[INFO] [stdout]    |         |
[INFO] [stdout]    |         any code following this expression is unreachable
[INFO] [stdout]    |
[INFO] [stdout]    = note: `#[warn(unreachable_code)]` (part of `#[warn(unused)]`) on by default
[INFO] [stdout] 
[INFO] [stdout] 
[INFO] [stdout] error[E0599]: no method named `into_parts` found for type `!` in the current scope
[INFO] [stdout]   --> examples/http_with_tcp.rs:99:28
[INFO] [stdout]    |
[INFO] [stdout] 99 |     let (header, _) = resp.into_parts();
[INFO] [stdout]    |                            ^^^^^^^^^^ method not found in `!`
[INFO] [stdout] 
[INFO] [stdout] 
[INFO] [stdout] warning: unreachable call
[INFO] [stdout]   --> examples/http_with_tcp.rs:99:28
[INFO] [stdout]    |
[INFO] [stdout] 99 |     let (header, _) = resp.into_parts();
[INFO] [stdout]    |                       ---- ^^^^^^^^^^ unreachable call
[INFO] [stdout]    |                       |
[INFO] [stdout]    |                       any code following this expression is unreachable
[INFO] [stdout] 
[INFO] [stdout] 
[INFO] [stdout] Some errors have detailed explanations: E0433, E0599.
[INFO] [stdout] 
[INFO] [stdout] For more information about an error, try `rustc --explain E0433`.
[INFO] [stdout] 
[INFO] [stderr] error: could not compile `monoio-transports-netreq-fork` (example "http_with_tcp") due to 7 previous errors; 6 warnings emitted
[INFO] [stderr] warning: unused dependency `thiserror`
[INFO] [stderr]   --> Cargo.toml:64:15
[INFO] [stderr]    |
[INFO] [stderr] 64 | [dependencies.thiserror]
[INFO] [stderr]    |               ^^^^^^^^^^
[INFO] [stderr]    |
[INFO] [stderr]    = note: `cargo::unused_dependencies` is set to `warn` by default
[INFO] [stderr] help: consider removing the dependency on `thiserror`
[INFO] [stderr] warning: `monoio-transports-netreq-fork` (manifest) generated 1 warning
[INFO] running `Command { std: "docker" "inspect" "1d4ebbfc459feb0de21731ac9c4d22165220b2a2cb30281d3d0b36040b1d473f", kill_on_drop: false }`
[INFO] running `Command { std: "docker" "rm" "-f" "1d4ebbfc459feb0de21731ac9c4d22165220b2a2cb30281d3d0b36040b1d473f", kill_on_drop: false }`
[INFO] [stdout] 1d4ebbfc459feb0de21731ac9c4d22165220b2a2cb30281d3d0b36040b1d473f
