[INFO] fetching crate monerochan-verifier 5.2.12...
[INFO] testing monerochan-verifier-5.2.12 against 1.99.0-beta.8+cargoflags=--release for beta-release-1.100-2
[INFO] extracting crate monerochan-verifier 5.2.12 into /workspace/builds/worker-4-tc1/source
[INFO] started tweaking crates.io crate monerochan-verifier 5.2.12
[INFO] finished tweaking crates.io crate monerochan-verifier 5.2.12
[INFO] tweaked toml for crates.io crate monerochan-verifier 5.2.12 written to /workspace/builds/worker-4-tc1/source/Cargo.toml
[INFO] validating manifest of crates.io crate monerochan-verifier 5.2.12 on toolchain 1.99.0-beta.8
[INFO] running `Command { std: CARGO_HOME="/workspace/cargo-home" RUSTUP_HOME="/workspace/rustup-home" "/workspace/cargo-home/bin/cargo" "+1.99.0-beta.8" "metadata" "--manifest-path" "Cargo.toml" "--no-deps", kill_on_drop: false }`
[INFO] crate crates.io crate monerochan-verifier 5.2.12 already has a lockfile, it will not be regenerated
[INFO] running `Command { std: CARGO_HOME="/workspace/cargo-home" RUSTUP_HOME="/workspace/rustup-home" "/workspace/cargo-home/bin/cargo" "+1.99.0-beta.8" "fetch" "--manifest-path" "Cargo.toml", kill_on_drop: false }`
[INFO] [stderr]     Updating crates.io index
[INFO] [stderr]  Downloading crates ...
[INFO] [stderr]   Downloaded substrate-bn-succinct v0.6.0-v5.0.0
[INFO] [stderr]   Downloaded p3-symmetric v0.2.3-succinct
[INFO] [stderr]   Downloaded p3-field v0.2.3-succinct
[INFO] [stderr]   Downloaded sp1-lib v5.2.2
[INFO] [stderr]   Downloaded sp1-primitives v5.2.2
[INFO] [stderr]   Downloaded p3-air v0.2.3-succinct
[INFO] [stderr]   Downloaded pairing v0.22.0
[INFO] [stderr]   Downloaded p3-mds v0.2.3-succinct
[INFO] [stderr]   Downloaded p3-poseidon2 v0.2.3-succinct
[INFO] [stderr]   Downloaded gcd v2.3.0
[INFO] [stderr]   Downloaded p3-challenger v0.2.3-succinct
[INFO] [stderr]   Downloaded p3-util v0.2.3-succinct
[INFO] [stderr]   Downloaded p3-matrix v0.2.3-succinct
[INFO] [stderr]   Downloaded ff_derive v0.13.1
[INFO] [stderr]   Downloaded addchain v0.2.0
[INFO] [stderr]   Downloaded p3-commit v0.2.3-succinct
[INFO] [stderr]   Downloaded p3-merkle-tree v0.2.3-succinct
[INFO] [stderr]   Downloaded p3-interpolation v0.2.3-succinct
[INFO] [stderr]   Downloaded monerochan-primitives v5.2.12
[INFO] [stderr]   Downloaded halo2 v0.1.0-beta.2
[INFO] [stderr]   Downloaded p3-bn254-fr v0.2.3-succinct
[INFO] [stderr]   Downloaded p3-maybe-rayon v0.2.3-succinct
[INFO] [stderr]   Downloaded p3-dft v0.2.3-succinct
[INFO] [stderr]   Downloaded rayon-scan v0.1.1
[INFO] [stderr]   Downloaded monerochan-derive v5.2.12
[INFO] [stderr]   Downloaded memuse v0.2.2
[INFO] [stderr]   Downloaded p3-uni-stark v0.2.3-succinct
[INFO] [stderr]   Downloaded jubjub v0.9.0
[INFO] [stderr]   Downloaded monerochan-recursion-core v5.2.12
[INFO] [stderr]   Downloaded sdd v3.0.8
[INFO] [stderr]   Downloaded p3-fri v0.2.3-succinct
[INFO] [stderr]   Downloaded pasta_curves v0.5.1
[INFO] [stderr]   Downloaded blake2b_simd v1.0.3
[INFO] [stderr]   Downloaded pasta_curves v0.4.1
[INFO] [stderr]   Downloaded tracing-forest v0.1.6
[INFO] [stderr]   Downloaded p3-keccak-air v0.2.3-succinct
[INFO] [stderr]   Downloaded size v0.4.1
[INFO] [stderr]   Downloaded p3-baby-bear v0.2.3-succinct
[INFO] [stderr]   Downloaded rstest v0.25.0
[INFO] [stderr]   Downloaded dashu-macros v0.4.1
[INFO] [stderr]   Downloaded subenum v1.1.2
[INFO] [stderr]   Downloaded dashu v0.4.2
[INFO] [stderr]   Downloaded monerochan-stark v5.2.12
[INFO] [stderr]   Downloaded monerochan-curves v5.2.12
[INFO] [stderr]   Downloaded dashu-base v0.4.1
[INFO] [stderr]   Downloaded generic-array v1.1.0
[INFO] [stderr]   Downloaded num-order v1.2.0
[INFO] [stderr]   Downloaded rrs-succinct v0.1.0
[INFO] [stderr]   Downloaded num_enum_derive v0.5.11
[INFO] [stderr]   Downloaded dashu-ratio v0.4.1
[INFO] [stderr]   Downloaded num_enum v0.5.11
[INFO] [stderr]   Downloaded gen_ops v0.4.0
[INFO] [stderr]   Downloaded rstest_macros v0.25.0
[INFO] [stderr]   Downloaded num-modular v0.6.1
[INFO] [stderr]   Downloaded scc v2.3.4
[INFO] [stderr]   Downloaded halo2_proofs v0.1.0
[INFO] [stderr]   Downloaded dashu-float v0.4.3
[INFO] [stderr]   Downloaded monerochan-core-executor v5.2.12
[INFO] [stderr]   Downloaded elf v0.7.4
[INFO] [stderr]   Downloaded snowbridge-amcl v1.0.2
[INFO] [stderr]   Downloaded dashu-int v0.4.1
[INFO] [stderr]   Downloaded range-set-blaze v0.1.16
[INFO] [stderr]   Downloaded zkhash v0.2.0
[INFO] [stderr]   Downloaded monerochan-core-machine v5.2.12
[INFO] [stderr]   Downloaded bls12_381 v0.7.1
[INFO] [stderr]   Downloaded ark-snark v0.5.1
[INFO] [stderr]   Downloaded cbindgen v0.27.0
[INFO] [stderr]   Downloaded ark-groth16 v0.5.0
[INFO] [stderr]   Downloaded ark-relations v0.5.1
[INFO] [stderr]   Downloaded tracing-subscriber v0.2.25
[INFO] [stderr]   Downloaded ark-crypto-primitives-macros v0.5.0
[INFO] [stderr]   Downloaded ark-crypto-primitives v0.5.0
[INFO] running `Command { std: "docker" "create" "-v" "/var/lib/crater-agent-workspace/builds/worker-4-tc1/source:/opt/rustwide/workdir:ro,Z" "-v" "/var/lib/crater-agent-workspace/builds/worker-4-tc1/target:/opt/rustwide/target:rw,Z" "-v" "/var/lib/crater-agent-workspace/cargo-home:/opt/rustwide/cargo-home:ro,Z" "-v" "/var/lib/crater-agent-workspace/rustup-home:/opt/rustwide/rustup-home:ro,Z" "-m" "1610612736" "--network" "none" "ghcr.io/rust-lang/crates-build-env/linux@sha256:77db811e55d90add9212f6832c23229e3de5f1c1f9905e8cb07319ea15df73ac" "sleep" "infinity", kill_on_drop: false }`
[INFO] [stdout] 7b60e596952a31a2131a8db6f2fe56818b5da4c049213a17893631f21f9bfff7
[INFO] running `Command { std: "docker" "start" "7b60e596952a31a2131a8db6f2fe56818b5da4c049213a17893631f21f9bfff7", kill_on_drop: false }`
[INFO] running `Command { std: "docker" "inspect" "7b60e596952a31a2131a8db6f2fe56818b5da4c049213a17893631f21f9bfff7", kill_on_drop: false }`
[INFO] running `Command { std: "docker" "exec" "-e" "SOURCE_DIR=/opt/rustwide/workdir" "-e" "CARGO_HOME=/opt/rustwide/cargo-home" "-e" "RUSTUP_HOME=/opt/rustwide/rustup-home" "-e" "CARGO_TARGET_DIR=/opt/rustwide/target" "-w" "/opt/rustwide/workdir" "--user" "0:0" "7b60e596952a31a2131a8db6f2fe56818b5da4c049213a17893631f21f9bfff7" "/opt/rustwide/cargo-home/bin/cargo" "+1.99.0-beta.8" "metadata" "--no-deps" "--format-version=1", kill_on_drop: false }`
[INFO] running `Command { std: "docker" "inspect" "7b60e596952a31a2131a8db6f2fe56818b5da4c049213a17893631f21f9bfff7", kill_on_drop: false }`
[INFO] running `Command { std: "docker" "exec" "-e" "SOURCE_DIR=/opt/rustwide/workdir" "-e" "CARGO_HOME=/opt/rustwide/cargo-home" "-e" "RUSTUP_HOME=/opt/rustwide/rustup-home" "-e" "CARGO_TARGET_DIR=/opt/rustwide/target" "-e" "CARGO_INCREMENTAL=0" "-e" "RUST_BACKTRACE=full" "-e" "RUSTFLAGS=--cap-lints=warn" "-e" "RUSTDOCFLAGS=--cap-lints=warn" "-w" "/opt/rustwide/workdir" "--user" "0:0" "7b60e596952a31a2131a8db6f2fe56818b5da4c049213a17893631f21f9bfff7" "/opt/rustwide/cargo-home/bin/cargo" "+1.99.0-beta.8" "build" "--frozen" "--message-format=json" "--release", kill_on_drop: false }`
[INFO] [stderr]    Compiling crunchy v0.2.3
[INFO] [stderr]    Compiling thiserror v2.0.12
[INFO] [stderr]    Compiling spin v0.9.8
[INFO] [stderr]    Compiling rand_core v0.6.4
[INFO] [stderr]    Compiling rustc-hex v2.1.0
[INFO] [stderr]    Compiling num-traits v0.2.19
[INFO] [stderr]    Compiling cc v1.2.25
[INFO] [stderr]    Compiling hex v0.4.3
[INFO] [stderr]    Compiling syn v2.0.101
[INFO] [stderr]    Compiling generic-array v0.14.7
[INFO] [stderr]    Compiling lazy_static v1.5.0
[INFO] [stderr]    Compiling rand v0.8.5
[INFO] [stderr]    Compiling num-integer v0.1.46
[INFO] [stderr]    Compiling blake3 v1.8.2
[INFO] [stderr]    Compiling crypto-common v0.1.6
[INFO] [stderr]    Compiling block-buffer v0.10.4
[INFO] [stderr]    Compiling digest v0.10.7
[INFO] [stderr]    Compiling sha2 v0.10.9
[INFO] [stderr]    Compiling num-bigint v0.4.6
[INFO] [stderr]    Compiling bytemuck_derive v1.9.3
[INFO] [stderr]    Compiling thiserror-impl v2.0.12
[INFO] [stderr]    Compiling bytemuck v1.23.0
[INFO] [stderr]    Compiling substrate-bn-succinct v0.6.0-v5.0.0
[INFO] [stderr]    Compiling monerochan-verifier v5.2.12 (/opt/rustwide/workdir)
[INFO] [stderr]     Finished `release` profile [optimized] target(s) in 12.78s
[INFO] running `Command { std: "docker" "inspect" "7b60e596952a31a2131a8db6f2fe56818b5da4c049213a17893631f21f9bfff7", kill_on_drop: false }`
[INFO] running `Command { std: "docker" "exec" "-e" "SOURCE_DIR=/opt/rustwide/workdir" "-e" "CARGO_HOME=/opt/rustwide/cargo-home" "-e" "RUSTUP_HOME=/opt/rustwide/rustup-home" "-e" "CARGO_TARGET_DIR=/opt/rustwide/target" "-e" "CARGO_INCREMENTAL=0" "-e" "RUST_BACKTRACE=full" "-e" "RUSTFLAGS=--cap-lints=warn" "-e" "RUSTDOCFLAGS=--cap-lints=warn" "-w" "/opt/rustwide/workdir" "--user" "0:0" "7b60e596952a31a2131a8db6f2fe56818b5da4c049213a17893631f21f9bfff7" "/opt/rustwide/cargo-home/bin/cargo" "+1.99.0-beta.8" "test" "--frozen" "--no-run" "--message-format=json" "--release", kill_on_drop: false }`
[INFO] [stderr]    Compiling syn v2.0.101
[INFO] [stderr]    Compiling semver v1.0.26
[INFO] [stderr]    Compiling num-traits v0.2.19
[INFO] [stderr]    Compiling futures-sink v0.3.31
[INFO] [stderr]    Compiling futures-core v0.3.31
[INFO] [stderr]    Compiling hashbrown v0.15.3
[INFO] [stderr]    Compiling lock_api v0.4.13
[INFO] [stderr]    Compiling parking_lot_core v0.9.11
[INFO] [stderr]    Compiling winnow v0.7.10
[INFO] [stderr]    Compiling toml_datetime v0.6.9
[INFO] [stderr]    Compiling sdd v3.0.8
[INFO] [stderr]    Compiling once_cell v1.21.3
[INFO] [stderr]    Compiling futures-channel v0.3.31
[INFO] [stderr]    Compiling scc v2.3.4
[INFO] [stderr]    Compiling rustc_version v0.4.1
[INFO] [stderr]    Compiling parking_lot v0.12.4
[INFO] [stderr]    Compiling rstest_macros v0.25.0
[INFO] [stderr]    Compiling num-integer v0.1.46
[INFO] [stderr]    Compiling indexmap v2.9.0
[INFO] [stderr]    Compiling num-bigint v0.4.6
[INFO] [stderr]    Compiling toml_edit v0.22.26
[INFO] [stderr]    Compiling proc-macro-crate v3.3.0
[INFO] [stderr]    Compiling futures-macro v0.3.31
[INFO] [stderr]    Compiling bytemuck_derive v1.9.3
[INFO] [stderr]    Compiling thiserror-impl v2.0.12
[INFO] [stderr]    Compiling serial_test_derive v3.2.0
[INFO] [stderr]    Compiling futures-util v0.3.31
[INFO] [stderr]    Compiling thiserror v2.0.12
[INFO] [stderr]    Compiling bytemuck v1.23.0
[INFO] [stderr]    Compiling substrate-bn-succinct v0.6.0-v5.0.0
[INFO] [stderr]    Compiling monerochan-verifier v5.2.12 (/opt/rustwide/workdir)
[INFO] [stderr]    Compiling futures-executor v0.3.31
[INFO] [stderr]    Compiling rstest v0.25.0
[INFO] [stderr]    Compiling futures v0.3.31
[INFO] [stderr]    Compiling serial_test v3.2.0
[INFO] [stdout] error[E0433]: cannot find module or crate `monerochan` in this scope
[INFO] [stdout]  --> src/tests.rs:3:5
[INFO] [stdout]   |
[INFO] [stdout] 3 | use monerochan::{install::try_install_circuit_artifacts, HashableKey, ProverClient, MONEROCHANStdin};
[INFO] [stdout]   |     ^^^^^^^^^^ use of unresolved module or unlinked crate `monerochan`
[INFO] [stdout]   |
[INFO] [stdout]   = help: if you wanted to use a crate named `monerochan`, use `cargo add monerochan` to add it to your `Cargo.toml`
[INFO] [stdout] 
[INFO] [stdout] 
[INFO] [stdout] error[E0432]: unresolved import `monerochan`
[INFO] [stdout]  --> src/tests.rs:3:5
[INFO] [stdout]   |
[INFO] [stdout] 3 | use monerochan::{install::try_install_circuit_artifacts, HashableKey, ProverClient, MONEROCHANStdin};
[INFO] [stdout]   |     ^^^^^^^^^^ use of unresolved module or unlinked crate `monerochan`
[INFO] [stdout]   |
[INFO] [stdout]   = help: if you wanted to use a crate named `monerochan`, use `cargo add monerochan` to add it to your `Cargo.toml`
[INFO] [stdout] 
[INFO] [stdout] 
[INFO] [stdout] error[E0432]: unresolved import `test_artifacts`
[INFO] [stdout]  --> src/tests.rs:4:5
[INFO] [stdout]   |
[INFO] [stdout] 4 | use test_artifacts::{
[INFO] [stdout]   |     ^^^^^^^^^^^^^^ use of unresolved module or unlinked crate `test_artifacts`
[INFO] [stdout]   |
[INFO] [stdout]   = help: if you wanted to use a crate named `test_artifacts`, use `cargo add test_artifacts` to add it to your `Cargo.toml`
[INFO] [stdout] 
[INFO] [stdout] 
[INFO] [stdout] Some errors have detailed explanations: E0432, E0433.
[INFO] [stdout] 
[INFO] [stdout] For more information about an error, try `rustc --explain E0432`.
[INFO] [stdout] 
[INFO] [stderr] error: could not compile `monerochan-verifier` (lib test) due to 3 previous errors
[INFO] running `Command { std: "docker" "inspect" "7b60e596952a31a2131a8db6f2fe56818b5da4c049213a17893631f21f9bfff7", kill_on_drop: false }`
[INFO] running `Command { std: "docker" "rm" "-f" "7b60e596952a31a2131a8db6f2fe56818b5da4c049213a17893631f21f9bfff7", kill_on_drop: false }`
[INFO] [stdout] 7b60e596952a31a2131a8db6f2fe56818b5da4c049213a17893631f21f9bfff7
