[INFO] fetching crate mnesis-store 0.4.0...
[INFO] testing mnesis-store-0.4.0 against 1.100.0-beta.1+cargoflags=--release for beta-release-1.100-2
[INFO] extracting crate mnesis-store 0.4.0 into /workspace/builds/worker-2-tc2/source
[INFO] started tweaking crates.io crate mnesis-store 0.4.0
[INFO] removed 0 missing tests
[INFO] finished tweaking crates.io crate mnesis-store 0.4.0
[INFO] tweaked toml for crates.io crate mnesis-store 0.4.0 written to /workspace/builds/worker-2-tc2/source/Cargo.toml
[INFO] validating manifest of crates.io crate mnesis-store 0.4.0 on toolchain 1.100.0-beta.1
[INFO] running `Command { std: CARGO_HOME="/workspace/cargo-home" RUSTUP_HOME="/workspace/rustup-home" "/workspace/cargo-home/bin/cargo" "+1.100.0-beta.1" "metadata" "--manifest-path" "Cargo.toml" "--no-deps", kill_on_drop: false }`
[INFO] crate crates.io crate mnesis-store 0.4.0 already has a lockfile, it will not be regenerated
[INFO] running `Command { std: CARGO_HOME="/workspace/cargo-home" RUSTUP_HOME="/workspace/rustup-home" "/workspace/cargo-home/bin/cargo" "+1.100.0-beta.1" "fetch" "--manifest-path" "Cargo.toml", kill_on_drop: false }`
[INFO] [stderr] warning: `package.homepage` is redundant with `package.repository`
[INFO] [stderr]    --> Cargo.toml:179:12
[INFO] [stderr]     |
[INFO] [stderr] 179 | homepage = "https://github.com/devrandom-labs/mnesis"
[INFO] [stderr]     |            ^^^^^^^^^^^^^^^^^^^^^^^^^^^^^^^^^^^^^^^^^^
[INFO] [stderr] ...
[INFO] [stderr] 184 | repository = "https://github.com/devrandom-labs/mnesis"
[INFO] [stderr]     |              ------------------------------------------
[INFO] [stderr]     |
[INFO] [stderr]     = note: `cargo::redundant_homepage` is set to `warn` by default
[INFO] [stderr] help: consider removing `package.homepage`
[INFO] [stderr] warning: `mnesis-store` (manifest) generated 1 warning
[INFO] running `Command { std: "docker" "create" "-v" "/var/lib/crater-agent-workspace/builds/worker-2-tc2/source:/opt/rustwide/workdir:ro,Z" "-v" "/var/lib/crater-agent-workspace/builds/worker-2-tc2/target:/opt/rustwide/target:rw,Z" "-v" "/var/lib/crater-agent-workspace/cargo-home:/opt/rustwide/cargo-home:ro,Z" "-v" "/var/lib/crater-agent-workspace/rustup-home:/opt/rustwide/rustup-home:ro,Z" "-m" "1610612736" "--network" "none" "ghcr.io/rust-lang/crates-build-env/linux@sha256:77db811e55d90add9212f6832c23229e3de5f1c1f9905e8cb07319ea15df73ac" "sleep" "infinity", kill_on_drop: false }`
[INFO] [stdout] c628a1a4ca4a9aefa5ea5b3e09e5cffbf1656bd7a6fc91bcc0ea9c16e1666dd4
[INFO] running `Command { std: "docker" "start" "c628a1a4ca4a9aefa5ea5b3e09e5cffbf1656bd7a6fc91bcc0ea9c16e1666dd4", kill_on_drop: false }`
[INFO] running `Command { std: "docker" "inspect" "c628a1a4ca4a9aefa5ea5b3e09e5cffbf1656bd7a6fc91bcc0ea9c16e1666dd4", kill_on_drop: false }`
[INFO] running `Command { std: "docker" "exec" "-e" "SOURCE_DIR=/opt/rustwide/workdir" "-e" "CARGO_HOME=/opt/rustwide/cargo-home" "-e" "RUSTUP_HOME=/opt/rustwide/rustup-home" "-e" "CARGO_TARGET_DIR=/opt/rustwide/target" "-w" "/opt/rustwide/workdir" "--user" "0:0" "c628a1a4ca4a9aefa5ea5b3e09e5cffbf1656bd7a6fc91bcc0ea9c16e1666dd4" "/opt/rustwide/cargo-home/bin/cargo" "+1.100.0-beta.1" "metadata" "--no-deps" "--format-version=1", kill_on_drop: false }`
[INFO] running `Command { std: "docker" "inspect" "c628a1a4ca4a9aefa5ea5b3e09e5cffbf1656bd7a6fc91bcc0ea9c16e1666dd4", kill_on_drop: false }`
[INFO] running `Command { std: "docker" "exec" "-e" "SOURCE_DIR=/opt/rustwide/workdir" "-e" "CARGO_HOME=/opt/rustwide/cargo-home" "-e" "RUSTUP_HOME=/opt/rustwide/rustup-home" "-e" "CARGO_TARGET_DIR=/opt/rustwide/target" "-e" "CARGO_INCREMENTAL=0" "-e" "RUST_BACKTRACE=full" "-e" "RUSTFLAGS=--cap-lints=warn" "-e" "RUSTDOCFLAGS=--cap-lints=warn" "-w" "/opt/rustwide/workdir" "--user" "0:0" "c628a1a4ca4a9aefa5ea5b3e09e5cffbf1656bd7a6fc91bcc0ea9c16e1666dd4" "/opt/rustwide/cargo-home/bin/cargo" "+1.100.0-beta.1" "build" "--frozen" "--message-format=json" "--release", kill_on_drop: false }`
[INFO] [stderr] warning: `package.homepage` is redundant with `package.repository`
[INFO] [stderr]    --> Cargo.toml:179:12
[INFO] [stderr]     |
[INFO] [stderr] 179 | homepage = "https://github.com/devrandom-labs/mnesis"
[INFO] [stderr]     |            ^^^^^^^^^^^^^^^^^^^^^^^^^^^^^^^^^^^^^^^^^^
[INFO] [stderr] ...
[INFO] [stderr] 184 | repository = "https://github.com/devrandom-labs/mnesis"
[INFO] [stderr]     |              ------------------------------------------
[INFO] [stderr]     |
[INFO] [stderr]     = note: `cargo::redundant_homepage` is set to `warn` by default
[INFO] [stderr] help: consider removing `package.homepage`
[INFO] [stderr] warning: `mnesis-store` (manifest) generated 1 warning
[INFO] [stderr]    Compiling proc-macro2 v1.0.107
[INFO] [stderr]    Compiling futures-core v0.3.33
[INFO] [stderr]    Compiling thiserror v2.0.19
[INFO] [stderr]    Compiling futures-sink v0.3.33
[INFO] [stderr]    Compiling futures-task v0.3.33
[INFO] [stderr]    Compiling futures-io v0.3.33
[INFO] [stderr]    Compiling bytes v1.12.1
[INFO] [stderr]    Compiling futures-channel v0.3.33
[INFO] [stderr]    Compiling futures-util v0.3.33
[INFO] [stderr]    Compiling quote v1.0.47
[INFO] [stderr]    Compiling syn v2.0.119
[INFO] [stderr]    Compiling syn v3.0.3
[INFO] [stderr]    Compiling thiserror-impl v2.0.19
[INFO] [stderr]    Compiling mnesis v0.4.0
[INFO] [stderr]    Compiling equator-macro v0.4.2
[INFO] [stderr]    Compiling futures v0.3.33
[INFO] [stderr]    Compiling equator v0.4.2
[INFO] [stderr]    Compiling aligned-vec v0.6.4
[INFO] [stderr]    Compiling mnesis-store v0.4.0 (/opt/rustwide/workdir)
[INFO] [stderr]     Finished `release` profile [optimized] target(s) in 16.45s
[INFO] running `Command { std: "docker" "inspect" "c628a1a4ca4a9aefa5ea5b3e09e5cffbf1656bd7a6fc91bcc0ea9c16e1666dd4", kill_on_drop: false }`
[INFO] running `Command { std: "docker" "exec" "-e" "SOURCE_DIR=/opt/rustwide/workdir" "-e" "CARGO_HOME=/opt/rustwide/cargo-home" "-e" "RUSTUP_HOME=/opt/rustwide/rustup-home" "-e" "CARGO_TARGET_DIR=/opt/rustwide/target" "-e" "CARGO_INCREMENTAL=0" "-e" "RUST_BACKTRACE=full" "-e" "RUSTFLAGS=--cap-lints=warn" "-e" "RUSTDOCFLAGS=--cap-lints=warn" "-w" "/opt/rustwide/workdir" "--user" "0:0" "c628a1a4ca4a9aefa5ea5b3e09e5cffbf1656bd7a6fc91bcc0ea9c16e1666dd4" "/opt/rustwide/cargo-home/bin/cargo" "+1.100.0-beta.1" "test" "--frozen" "--no-run" "--message-format=json" "--release", kill_on_drop: false }`
[INFO] [stderr] warning: `package.homepage` is redundant with `package.repository`
[INFO] [stderr]    --> Cargo.toml:179:12
[INFO] [stderr]     |
[INFO] [stderr] 179 | homepage = "https://github.com/devrandom-labs/mnesis"
[INFO] [stderr]     |            ^^^^^^^^^^^^^^^^^^^^^^^^^^^^^^^^^^^^^^^^^^
[INFO] [stderr] ...
[INFO] [stderr] 184 | repository = "https://github.com/devrandom-labs/mnesis"
[INFO] [stderr]     |              ------------------------------------------
[INFO] [stderr]     |
[INFO] [stderr]     = note: `cargo::redundant_homepage` is set to `warn` by default
[INFO] [stderr] help: consider removing `package.homepage`
[INFO] [stderr] warning: `mnesis-store` (manifest) generated 1 warning
[INFO] [stderr]    Compiling libc v0.2.189
[INFO] [stderr]    Compiling serde_core v1.0.229
[INFO] [stderr]    Compiling zerocopy v0.8.55
[INFO] [stderr]    Compiling num-traits v0.2.19
[INFO] [stderr]    Compiling bitflags v2.13.1
[INFO] [stderr]    Compiling syn v2.0.119
[INFO] [stderr]    Compiling serde v1.0.229
[INFO] [stderr]    Compiling crossbeam-utils v0.8.22
[INFO] [stderr]    Compiling serde_derive v1.0.229
[INFO] [stderr]    Compiling cfg_aliases v0.2.2
[INFO] [stderr]    Compiling cc v1.3.0
[INFO] [stderr]    Compiling nix v0.31.3
[INFO] [stderr]    Compiling regex-automata v0.4.16
[INFO] [stderr]    Compiling crossbeam-epoch v0.9.20
[INFO] [stderr]    Compiling either v1.16.0
[INFO] [stderr]    Compiling rustix v1.1.4
[INFO] [stderr]    Compiling crossbeam-deque v0.8.7
[INFO] [stderr]    Compiling approx v0.5.1
[INFO] [stderr]    Compiling smallvec v1.15.2
[INFO] [stderr]    Compiling codspeed v5.0.1
[INFO] [stderr]    Compiling fastrand v2.5.0
[INFO] [stderr]    Compiling plotters-backend v0.3.7
[INFO] [stderr]    Compiling getrandom v0.4.3
[INFO] [stderr]    Compiling getrandom v0.3.4
[INFO] [stderr]    Compiling clap_builder v4.6.2
[INFO] [stderr]    Compiling plotters-svg v0.3.7
[INFO] [stderr]    Compiling rand_core v0.9.5
[INFO] [stderr]    Compiling serde_json v1.0.151
[INFO] [stderr]    Compiling statrs v0.18.0
[INFO] [stderr]    Compiling tempfile v3.27.0
[INFO] [stderr]    Compiling rayon-core v1.13.0
[INFO] [stderr]    Compiling zerocopy-derive v0.8.55
[INFO] [stderr]    Compiling futures-macro v0.3.33
[INFO] [stderr]    Compiling equator-macro v0.4.2
[INFO] [stderr]    Compiling itertools v0.10.5
[INFO] [stderr]    Compiling futures-util v0.3.33
[INFO] [stderr]    Compiling winnow v1.0.4
[INFO] [stderr]    Compiling target-triple v1.0.1
[INFO] [stderr]    Compiling colored v3.1.1
[INFO] [stderr]    Compiling toml_parser v1.1.2+spec-1.1.0
[INFO] [stderr]    Compiling equator v0.4.2
[INFO] [stderr]    Compiling rayon v1.12.0
[INFO] [stderr]    Compiling criterion-plot v0.5.0
[INFO] [stderr]    Compiling tracing-attributes v0.1.31
[INFO] [stderr]    Compiling tinytemplate v1.2.1
[INFO] [stderr]    Compiling clap v4.6.4
[INFO] [stderr]    Compiling regex v1.13.1
[INFO] [stderr]    Compiling serde_spanned v1.1.1
[INFO] [stderr]    Compiling toml_datetime v1.1.1+spec-1.1.0
[INFO] [stderr]    Compiling futures-executor v0.3.33
[INFO] [stderr]    Compiling parking_lot_core v0.9.12
[INFO] [stderr]    Compiling plotters v0.3.7
[INFO] [stderr]    Compiling is-terminal v0.4.17
[INFO] [stderr]    Compiling errno v0.3.14
[INFO] [stderr]    Compiling wait-timeout v0.2.1
[INFO] [stderr]    Compiling bytes v1.12.1
[INFO] [stderr]    Compiling toml_writer v1.1.2+spec-1.1.0
[INFO] [stderr]    Compiling codspeed-criterion-compat v5.0.1
[INFO] [stderr]    Compiling toml v1.1.3+spec-1.1.0
[INFO] [stderr]    Compiling tracing-log v0.2.0
[INFO] [stderr]    Compiling rusty-fork v0.3.1
[INFO] [stderr]    Compiling signal-hook-registry v1.4.8
[INFO] [stderr]    Compiling parking_lot v0.12.5
[INFO] [stderr]    Compiling futures v0.3.33
[INFO] [stderr]    Compiling tracing v0.1.44
[INFO] [stderr]    Compiling aligned-vec v0.6.4
[INFO] [stderr]    Compiling tokio-macros v2.7.1
[INFO] [stderr]    Compiling matchers v0.2.0
[INFO] [stderr]    Compiling rand_xorshift v0.4.0
[INFO] [stderr]    Compiling rand v0.9.5
[INFO] [stderr]    Compiling mio v1.2.2
[INFO] [stderr]    Compiling console v0.16.4
[INFO] [stderr]    Compiling half v2.7.1
[INFO] [stderr]    Compiling ppv-lite86 v0.2.21
[INFO] [stderr]    Compiling socket2 v0.6.5
[INFO] [stderr]    Compiling ciborium-ll v0.2.2
[INFO] [stderr]    Compiling thread_local v1.1.10
[INFO] [stderr]    Compiling rand_chacha v0.9.0
[INFO] [stderr]    Compiling nu-ansi-term v0.50.3
[INFO] [stderr]    Compiling ciborium v0.2.2
[INFO] [stderr]    Compiling dissimilar v1.0.11
[INFO] [stderr]    Compiling similar v2.7.0
[INFO] [stderr]    Compiling termcolor v1.4.1
[INFO] [stderr]    Compiling proptest v1.11.0
[INFO] [stderr]    Compiling trybuild v1.0.118
[INFO] [stderr]    Compiling codspeed-criterion-compat-walltime v5.0.1
[INFO] [stderr]    Compiling insta v1.48.0
[INFO] [stderr]    Compiling tracing-subscriber v0.3.23
[INFO] [stderr]    Compiling tokio v1.53.1
[INFO] [stderr]    Compiling static_assertions v1.1.0
[INFO] [stderr]    Compiling mnesis-store v0.4.0 (/opt/rustwide/workdir)
[INFO] [stdout] error[E0432]: unresolved import `mnesis_inmemory`
[INFO] [stdout]   --> tests/event_store_tests.rs:14:5
[INFO] [stdout]    |
[INFO] [stdout] 14 | use mnesis_inmemory::InMemoryStore;
[INFO] [stdout]    |     ^^^^^^^^^^^^^^^ use of unresolved module or unlinked crate `mnesis_inmemory`
[INFO] [stdout]    |
[INFO] [stdout]    = help: if you wanted to use a crate named `mnesis_inmemory`, use `cargo add mnesis_inmemory` to add it to your `Cargo.toml`
[INFO] [stdout] 
[INFO] [stdout] 
[INFO] [stdout] error[E0432]: unresolved import `mnesis_inmemory`
[INFO] [stdout]   --> tests/adversarial_property_tests.rs:71:5
[INFO] [stdout]    |
[INFO] [stdout] 71 | use mnesis_inmemory::InMemoryStore;
[INFO] [stdout]    |     ^^^^^^^^^^^^^^^ use of unresolved module or unlinked crate `mnesis_inmemory`
[INFO] [stdout]    |
[INFO] [stdout]    = help: if you wanted to use a crate named `mnesis_inmemory`, use `cargo add mnesis_inmemory` to add it to your `Cargo.toml`
[INFO] [stdout] 
[INFO] [stdout] 
[INFO] [stdout] error[E0432]: unresolved import `mnesis_inmemory`
[INFO] [stdout]   --> tests/adversarial_property_tests.rs:72:5
[INFO] [stdout]    |
[INFO] [stdout] 72 | use mnesis_inmemory::InMemoryStoreError;
[INFO] [stdout]    |     ^^^^^^^^^^^^^^^ use of unresolved module or unlinked crate `mnesis_inmemory`
[INFO] [stdout]    |
[INFO] [stdout]    = help: if you wanted to use a crate named `mnesis_inmemory`, use `cargo add mnesis_inmemory` to add it to your `Cargo.toml`
[INFO] [stdout] 
[INFO] [stdout] 
[INFO] [stdout] error[E0432]: unresolved import `mnesis_inmemory`
[INFO] [stdout]   --> tests/bug_hunt_tests.rs:31:5
[INFO] [stdout]    |
[INFO] [stdout] 31 | use mnesis_inmemory::InMemoryStoreError;
[INFO] [stdout]    |     ^^^^^^^^^^^^^^^ use of unresolved module or unlinked crate `mnesis_inmemory`
[INFO] [stdout]    |
[INFO] [stdout]    = help: if you wanted to use a crate named `mnesis_inmemory`, use `cargo add mnesis_inmemory` to add it to your `Cargo.toml`
[INFO] [stdout] 
[INFO] [stdout] 
[INFO] [stdout] error[E0432]: unresolved import `mnesis_inmemory`
[INFO] [stdout]   --> tests/security_tests.rs:31:5
[INFO] [stdout]    |
[INFO] [stdout] 31 | use mnesis_inmemory::InMemoryStore;
[INFO] [stdout]    |     ^^^^^^^^^^^^^^^ use of unresolved module or unlinked crate `mnesis_inmemory`
[INFO] [stdout]    |
[INFO] [stdout]    = help: if you wanted to use a crate named `mnesis_inmemory`, use `cargo add mnesis_inmemory` to add it to your `Cargo.toml`
[INFO] [stdout] 
[INFO] [stdout] 
[INFO] [stdout] error[E0432]: unresolved import `mnesis_inmemory`
[INFO] [stdout]   --> tests/security_tests.rs:32:5
[INFO] [stdout]    |
[INFO] [stdout] 32 | use mnesis_inmemory::InMemoryStoreError;
[INFO] [stdout]    |     ^^^^^^^^^^^^^^^ use of unresolved module or unlinked crate `mnesis_inmemory`
[INFO] [stdout]    |
[INFO] [stdout]    = help: if you wanted to use a crate named `mnesis_inmemory`, use `cargo add mnesis_inmemory` to add it to your `Cargo.toml`
[INFO] [stdout] 
[INFO] [stdout] 
[INFO] [stdout] For more information about this error, try `rustc --explain E0432`.
[INFO] [stdout] 
[INFO] [stderr] error: could not compile `mnesis-store` (test "event_store_tests") due to 1 previous error
[INFO] [stderr] warning: build failed, waiting for other jobs to finish...
[INFO] [stdout] For more information about this error, try `rustc --explain E0432`.
[INFO] [stdout] 
[INFO] [stderr] error: could not compile `mnesis-store` (test "security_tests") due to 2 previous errors
[INFO] [stdout] error[E0433]: cannot find module or crate `mnesis_inmemory` in this scope
[INFO] [stdout]    --> tests/bug_hunt_tests.rs:140:24
[INFO] [stdout]     |
[INFO] [stdout] 140 |         let mut last = mnesis_inmemory::InMemoryAllPos::INITIAL;
[INFO] [stdout]     |                        ^^^^^^^^^^^^^^^ use of unresolved module or unlinked crate `mnesis_inmemory`
[INFO] [stdout]     |
[INFO] [stdout]     = help: if you wanted to use a crate named `mnesis_inmemory`, use `cargo add mnesis_inmemory` to add it to your `Cargo.toml`
[INFO] [stdout] 
[INFO] [stdout] 
[INFO] [stdout] error[E0433]: cannot find module or crate `mnesis_inmemory` in this scope
[INFO] [stdout]    --> tests/bug_hunt_tests.rs:147:20
[INFO] [stdout]     |
[INFO] [stdout] 147 |             last = mnesis_inmemory::InMemoryAllPos::new(env.version().as_u64())
[INFO] [stdout]     |                    ^^^^^^^^^^^^^^^ use of unresolved module or unlinked crate `mnesis_inmemory`
[INFO] [stdout]     |
[INFO] [stdout]     = help: if you wanted to use a crate named `mnesis_inmemory`, use `cargo add mnesis_inmemory` to add it to your `Cargo.toml`
[INFO] [stdout] 
[INFO] [stdout] 
[INFO] [stdout] error[E0433]: cannot find module or crate `mnesis_inmemory` in this scope
[INFO] [stdout]    --> tests/bug_hunt_tests.rs:148:28
[INFO] [stdout]     |
[INFO] [stdout] 148 |                 .unwrap_or(mnesis_inmemory::InMemoryAllPos::INITIAL);
[INFO] [stdout]     |                            ^^^^^^^^^^^^^^^ use of unresolved module or unlinked crate `mnesis_inmemory`
[INFO] [stdout]     |
[INFO] [stdout]     = help: if you wanted to use a crate named `mnesis_inmemory`, use `cargo add mnesis_inmemory` to add it to your `Cargo.toml`
[INFO] [stdout] 
[INFO] [stdout] 
[INFO] [stdout] error[E0432]: unresolved import `mnesis_inmemory`
[INFO] [stdout]   --> tests/property_tests.rs:36:5
[INFO] [stdout]    |
[INFO] [stdout] 36 | use mnesis_inmemory::InMemoryStore;
[INFO] [stdout]    |     ^^^^^^^^^^^^^^^ use of unresolved module or unlinked crate `mnesis_inmemory`
[INFO] [stdout]    |
[INFO] [stdout]    = help: if you wanted to use a crate named `mnesis_inmemory`, use `cargo add mnesis_inmemory` to add it to your `Cargo.toml`
[INFO] [stdout] 
[INFO] [stdout] 
[INFO] [stdout] For more information about this error, try `rustc --explain E0432`.
[INFO] [stdout] 
[INFO] [stderr] error: could not compile `mnesis-store` (test "property_tests") due to 1 previous error
[INFO] [stdout] error[E0433]: cannot find module or crate `mnesis_inmemory` in this scope
[INFO] [stdout]    --> tests/bug_hunt_tests.rs:115:24
[INFO] [stdout]     |
[INFO] [stdout] 115 |     type AllPosition = mnesis_inmemory::InMemoryAllPos;
[INFO] [stdout]     |                        ^^^^^^^^^^^^^^^ use of unresolved module or unlinked crate `mnesis_inmemory`
[INFO] [stdout]     |
[INFO] [stdout]     = help: if you wanted to use a crate named `mnesis_inmemory`, use `cargo add mnesis_inmemory` to add it to your `Cargo.toml`
[INFO] [stdout] 
[INFO] [stdout] 
[INFO] [stdout] Some errors have detailed explanations: E0432, E0433.
[INFO] [stdout] 
[INFO] [stdout] For more information about an error, try `rustc --explain E0432`.
[INFO] [stdout] 
[INFO] [stderr] error: could not compile `mnesis-store` (test "bug_hunt_tests") due to 5 previous errors
[INFO] [stdout] For more information about this error, try `rustc --explain E0432`.
[INFO] [stdout] 
[INFO] [stderr] error: could not compile `mnesis-store` (test "adversarial_property_tests") due to 2 previous errors
[INFO] running `Command { std: "docker" "inspect" "c628a1a4ca4a9aefa5ea5b3e09e5cffbf1656bd7a6fc91bcc0ea9c16e1666dd4", kill_on_drop: false }`
[INFO] running `Command { std: "docker" "rm" "-f" "c628a1a4ca4a9aefa5ea5b3e09e5cffbf1656bd7a6fc91bcc0ea9c16e1666dd4", kill_on_drop: false }`
[INFO] [stdout] c628a1a4ca4a9aefa5ea5b3e09e5cffbf1656bd7a6fc91bcc0ea9c16e1666dd4
