[INFO] fetching crate mnesis-macros 0.4.0...
[INFO] testing mnesis-macros-0.4.0 against 1.99.0-beta.8+cargoflags=--release for beta-release-1.100-2
[INFO] extracting crate mnesis-macros 0.4.0 into /workspace/builds/worker-0-tc1/source
[INFO] started tweaking crates.io crate mnesis-macros 0.4.0
[INFO] removed 0 missing tests
[INFO] finished tweaking crates.io crate mnesis-macros 0.4.0
[INFO] tweaked toml for crates.io crate mnesis-macros 0.4.0 written to /workspace/builds/worker-0-tc1/source/Cargo.toml
[INFO] validating manifest of crates.io crate mnesis-macros 0.4.0 on toolchain 1.99.0-beta.8
[INFO] running `Command { std: CARGO_HOME="/workspace/cargo-home" RUSTUP_HOME="/workspace/rustup-home" "/workspace/cargo-home/bin/cargo" "+1.99.0-beta.8" "metadata" "--manifest-path" "Cargo.toml" "--no-deps", kill_on_drop: false }`
[INFO] crate crates.io crate mnesis-macros 0.4.0 already has a lockfile, it will not be regenerated
[INFO] running `Command { std: CARGO_HOME="/workspace/cargo-home" RUSTUP_HOME="/workspace/rustup-home" "/workspace/cargo-home/bin/cargo" "+1.99.0-beta.8" "fetch" "--manifest-path" "Cargo.toml", kill_on_drop: false }`
[INFO] [stderr]     Updating crates.io index
[INFO] [stderr]  Downloading crates ...
[INFO] [stderr]   Downloaded workspace-hack v0.1.0
[INFO] [stderr]   Downloaded thiserror v2.0.19
[INFO] [stderr]   Downloaded futures-io v0.3.33
[INFO] [stderr]   Downloaded futures-task v0.3.33
[INFO] [stderr]   Downloaded futures-sink v0.3.33
[INFO] [stderr]   Downloaded futures-macro v0.3.33
[INFO] [stderr]   Downloaded futures-core v0.3.33
[INFO] [stderr]   Downloaded thiserror-impl v2.0.19
[INFO] [stderr]   Downloaded futures-executor v0.3.33
[INFO] [stderr]   Downloaded proptest v1.11.0
[INFO] [stderr]   Downloaded futures-channel v0.3.33
[INFO] [stderr]   Downloaded futures v0.3.33
[INFO] [stderr]   Downloaded zerocopy-derive v0.8.55
[INFO] [stderr]   Downloaded zerocopy v0.8.55
[INFO] [stderr]   Downloaded futures-util v0.3.33
[INFO] running `Command { std: "docker" "create" "-v" "/var/lib/crater-agent-workspace/builds/worker-0-tc1/source:/opt/rustwide/workdir:ro,Z" "-v" "/var/lib/crater-agent-workspace/builds/worker-0-tc1/target:/opt/rustwide/target:rw,Z" "-v" "/var/lib/crater-agent-workspace/cargo-home:/opt/rustwide/cargo-home:ro,Z" "-v" "/var/lib/crater-agent-workspace/rustup-home:/opt/rustwide/rustup-home:ro,Z" "-m" "1610612736" "--network" "none" "ghcr.io/rust-lang/crates-build-env/linux@sha256:77db811e55d90add9212f6832c23229e3de5f1c1f9905e8cb07319ea15df73ac" "sleep" "infinity", kill_on_drop: false }`
[INFO] [stdout] c829a0fe32419054b69dd1fae3024d43e9cc19176e4c7a5ae4a02fbbd4b2f104
[INFO] running `Command { std: "docker" "start" "c829a0fe32419054b69dd1fae3024d43e9cc19176e4c7a5ae4a02fbbd4b2f104", kill_on_drop: false }`
[INFO] running `Command { std: "docker" "inspect" "c829a0fe32419054b69dd1fae3024d43e9cc19176e4c7a5ae4a02fbbd4b2f104", kill_on_drop: false }`
[INFO] running `Command { std: "docker" "exec" "-e" "SOURCE_DIR=/opt/rustwide/workdir" "-e" "CARGO_HOME=/opt/rustwide/cargo-home" "-e" "RUSTUP_HOME=/opt/rustwide/rustup-home" "-e" "CARGO_TARGET_DIR=/opt/rustwide/target" "-w" "/opt/rustwide/workdir" "--user" "0:0" "c829a0fe32419054b69dd1fae3024d43e9cc19176e4c7a5ae4a02fbbd4b2f104" "/opt/rustwide/cargo-home/bin/cargo" "+1.99.0-beta.8" "metadata" "--no-deps" "--format-version=1", kill_on_drop: false }`
[INFO] running `Command { std: "docker" "inspect" "c829a0fe32419054b69dd1fae3024d43e9cc19176e4c7a5ae4a02fbbd4b2f104", kill_on_drop: false }`
[INFO] running `Command { std: "docker" "exec" "-e" "SOURCE_DIR=/opt/rustwide/workdir" "-e" "CARGO_HOME=/opt/rustwide/cargo-home" "-e" "RUSTUP_HOME=/opt/rustwide/rustup-home" "-e" "CARGO_TARGET_DIR=/opt/rustwide/target" "-e" "CARGO_INCREMENTAL=0" "-e" "RUST_BACKTRACE=full" "-e" "RUSTFLAGS=--cap-lints=warn" "-e" "RUSTDOCFLAGS=--cap-lints=warn" "-w" "/opt/rustwide/workdir" "--user" "0:0" "c829a0fe32419054b69dd1fae3024d43e9cc19176e4c7a5ae4a02fbbd4b2f104" "/opt/rustwide/cargo-home/bin/cargo" "+1.99.0-beta.8" "build" "--frozen" "--message-format=json" "--release", kill_on_drop: false }`
[INFO] [stderr]    Compiling proc-macro2 v1.0.107
[INFO] [stderr]    Compiling workspace-hack v0.1.0
[INFO] [stderr]    Compiling quote v1.0.47
[INFO] [stderr]    Compiling syn v2.0.119
[INFO] [stderr]    Compiling mnesis-macros v0.4.0 (/opt/rustwide/workdir)
[INFO] [stderr]     Finished `release` profile [optimized] target(s) in 12.31s
[INFO] running `Command { std: "docker" "inspect" "c829a0fe32419054b69dd1fae3024d43e9cc19176e4c7a5ae4a02fbbd4b2f104", kill_on_drop: false }`
[INFO] running `Command { std: "docker" "exec" "-e" "SOURCE_DIR=/opt/rustwide/workdir" "-e" "CARGO_HOME=/opt/rustwide/cargo-home" "-e" "RUSTUP_HOME=/opt/rustwide/rustup-home" "-e" "CARGO_TARGET_DIR=/opt/rustwide/target" "-e" "CARGO_INCREMENTAL=0" "-e" "RUST_BACKTRACE=full" "-e" "RUSTFLAGS=--cap-lints=warn" "-e" "RUSTDOCFLAGS=--cap-lints=warn" "-w" "/opt/rustwide/workdir" "--user" "0:0" "c829a0fe32419054b69dd1fae3024d43e9cc19176e4c7a5ae4a02fbbd4b2f104" "/opt/rustwide/cargo-home/bin/cargo" "+1.99.0-beta.8" "test" "--frozen" "--no-run" "--message-format=json" "--release", kill_on_drop: false }`
[INFO] [stderr]    Compiling libc v0.2.189
[INFO] [stderr]    Compiling serde_core v1.0.229
[INFO] [stderr]    Compiling getrandom v0.3.4
[INFO] [stderr]    Compiling getrandom v0.4.3
[INFO] [stderr]    Compiling rustix v1.1.4
[INFO] [stderr]    Compiling zerocopy v0.8.55
[INFO] [stderr]    Compiling zmij v1.0.23
[INFO] [stderr]    Compiling syn v3.0.3
[INFO] [stderr]    Compiling autocfg v1.5.1
[INFO] [stderr]    Compiling futures-macro v0.3.33
[INFO] [stderr]    Compiling target-triple v1.0.1
[INFO] [stderr]    Compiling serde v1.0.229
[INFO] [stderr]    Compiling serde_json v1.0.151
[INFO] [stderr]    Compiling thiserror v2.0.19
[INFO] [stderr]    Compiling memchr v2.8.3
[INFO] [stderr]    Compiling linux-raw-sys v0.12.1
[INFO] [stderr]    Compiling futures-core v0.3.33
[INFO] [stderr]    Compiling num-traits v0.2.19
[INFO] [stderr]    Compiling bitflags v2.13.1
[INFO] [stderr]    Compiling futures-sink v0.3.33
[INFO] [stderr]    Compiling futures-channel v0.3.33
[INFO] [stderr]    Compiling proc-macro2 v1.0.107
[INFO] [stderr]    Compiling futures-io v0.3.33
[INFO] [stderr]    Compiling fastrand v2.5.0
[INFO] [stderr]    Compiling unicode-ident v1.0.24
[INFO] [stderr]    Compiling slab v0.4.12
[INFO] [stderr]    Compiling pin-project-lite v0.2.17
[INFO] [stderr]    Compiling winnow v1.0.4
[INFO] [stderr]    Compiling futures-task v0.3.33
[INFO] [stderr]    Compiling rand_core v0.9.5
[INFO] [stderr]    Compiling once_cell v1.21.4
[INFO] [stderr]    Compiling toml_parser v1.1.2+spec-1.1.0
[INFO] [stderr]    Compiling wait-timeout v0.2.1
[INFO] [stderr]    Compiling futures-util v0.3.33
[INFO] [stderr]    Compiling serde_derive v1.0.229
[INFO] [stderr]    Compiling thiserror-impl v2.0.19
[INFO] [stderr]    Compiling toml_datetime v1.1.1+spec-1.1.0
[INFO] [stderr]    Compiling serde_spanned v1.1.1
[INFO] [stderr]    Compiling quote v1.0.47
[INFO] [stderr]    Compiling itoa v1.0.18
[INFO] [stderr]    Compiling tempfile v3.27.0
[INFO] [stderr]    Compiling toml_writer v1.1.2+spec-1.1.0
[INFO] [stderr]    Compiling bit-vec v0.8.0
[INFO] [stderr]    Compiling quick-error v1.2.3
[INFO] [stderr]    Compiling rusty-fork v0.3.1
[INFO] [stderr]    Compiling bit-set v0.8.0
[INFO] [stderr]    Compiling toml v1.1.3+spec-1.1.0
[INFO] [stderr]    Compiling futures-executor v0.3.33
[INFO] [stderr]    Compiling rand v0.9.5
[INFO] [stderr]    Compiling ppv-lite86 v0.2.21
[INFO] [stderr]    Compiling rand_xorshift v0.4.0
[INFO] [stderr]    Compiling mnesis-macros v0.4.0 (/opt/rustwide/workdir)
[INFO] [stderr]    Compiling termcolor v1.4.1
[INFO] [stderr]    Compiling glob v0.3.4
[INFO] [stderr]    Compiling rand_chacha v0.9.0
[INFO] [stderr]    Compiling unarray v0.1.4
[INFO] [stderr]    Compiling regex-syntax v0.8.11
[INFO] [stderr]    Compiling futures v0.3.33
[INFO] [stderr]    Compiling syn v2.0.119
[INFO] [stderr]    Compiling workspace-hack v0.1.0
[INFO] [stderr]    Compiling trybuild v1.0.118
[INFO] [stderr]    Compiling proptest v1.11.0
[INFO] [stdout] error[E0433]: cannot find module or crate `mnesis_store` in this scope
[INFO] [stdout]  --> tests/transforms_derive.rs:4:5
[INFO] [stdout]   |
[INFO] [stdout] 4 | use mnesis_store::upcasting::EventMorsel;
[INFO] [stdout]   |     ^^^^^^^^^^^^ use of unresolved module or unlinked crate `mnesis_store`
[INFO] [stdout]   |
[INFO] [stdout]   = help: if you wanted to use a crate named `mnesis_store`, use `cargo add mnesis_store` to add it to your `Cargo.toml`
[INFO] [stdout] 
[INFO] [stdout] 
[INFO] [stdout] error[E0432]: unresolved import `mnesis_store`
[INFO] [stdout]  --> tests/transforms_derive.rs:5:5
[INFO] [stdout]   |
[INFO] [stdout] 5 | use mnesis_store::{SchemaVersion, TransformError};
[INFO] [stdout]   |     ^^^^^^^^^^^^ use of unresolved module or unlinked crate `mnesis_store`
[INFO] [stdout]   |
[INFO] [stdout]   = help: if you wanted to use a crate named `mnesis_store`, use `cargo add mnesis_store` to add it to your `Cargo.toml`
[INFO] [stdout] 
[INFO] [stdout] 
[INFO] [stdout] error[E0432]: unresolved import `mnesis`
[INFO] [stdout]  --> tests/macro_attrs_preserved.rs:3:5
[INFO] [stdout]   |
[INFO] [stdout] 3 | use mnesis::*;
[INFO] [stdout]   |     ^^^^^^ use of unresolved module or unlinked crate `mnesis`
[INFO] [stdout]   |
[INFO] [stdout]   = help: if you wanted to use a crate named `mnesis`, use `cargo add mnesis` to add it to your `Cargo.toml`
[INFO] [stdout] 
[INFO] [stdout] 
[INFO] [stdout] error[E0433]: cannot find module or crate `mnesis` in this scope
[INFO] [stdout]   --> tests/macro_attrs_preserved.rs:61:3
[INFO] [stdout]    |
[INFO] [stdout] 61 | #[mnesis::aggregate(state = AttrState, error = AttrError, id = AttrId)]
[INFO] [stdout]    |   ^^^^^^ use of unresolved module or unlinked crate `mnesis`
[INFO] [stdout] 
[INFO] [stdout] 
[INFO] [stdout] error[E0433]: cannot find module or crate `mnesis` in this scope
[INFO] [stdout]   --> tests/macro_attrs_preserved.rs:77:3
[INFO] [stdout]    |
[INFO] [stdout] 77 | #[mnesis::aggregate(state = AttrState, error = AttrError, id = AttrId)]
[INFO] [stdout]    |   ^^^^^^ use of unresolved module or unlinked crate `mnesis`
[INFO] [stdout] 
[INFO] [stdout] 
[INFO] [stdout] error[E0433]: cannot find module or crate `mnesis` in this scope
[INFO] [stdout]   --> tests/macro_attrs_preserved.rs:92:3
[INFO] [stdout]    |
[INFO] [stdout] 92 | #[mnesis::aggregate(state = AttrState, error = AttrError, id = AttrId)]
[INFO] [stdout]    |   ^^^^^^ use of unresolved module or unlinked crate `mnesis`
[INFO] [stdout] 
[INFO] [stdout] 
[INFO] [stdout] error[E0432]: unresolved import `mnesis`
[INFO] [stdout]  --> tests/macro_property_tests.rs:6:5
[INFO] [stdout]   |
[INFO] [stdout] 6 | use mnesis::*;
[INFO] [stdout]   |     ^^^^^^ use of unresolved module or unlinked crate `mnesis`
[INFO] [stdout]   |
[INFO] [stdout]   = help: if you wanted to use a crate named `mnesis`, use `cargo add mnesis` to add it to your `Cargo.toml`
[INFO] [stdout] 
[INFO] [stdout] 
[INFO] [stdout] error[E0433]: cannot find module or crate `mnesis` in this scope
[INFO] [stdout]   --> tests/macro_property_tests.rs:72:3
[INFO] [stdout]    |
[INFO] [stdout] 72 | #[mnesis::aggregate(state = CountState, error = CountError, id = PId)]
[INFO] [stdout]    |   ^^^^^^ use of unresolved module or unlinked crate `mnesis`
[INFO] [stdout] 
[INFO] [stdout] 
[INFO] [stdout] error[E0432]: unresolved import `mnesis`
[INFO] [stdout]  --> tests/upcast_repository.rs:8:5
[INFO] [stdout]   |
[INFO] [stdout] 8 | use mnesis::{AggregateState, Version, events};
[INFO] [stdout]   |     ^^^^^^ use of unresolved module or unlinked crate `mnesis`
[INFO] [stdout]   |
[INFO] [stdout]   = help: if you wanted to use a crate named `mnesis`, use `cargo add mnesis` to add it to your `Cargo.toml`
[INFO] [stdout] 
[INFO] [stdout] 
[INFO] [stdout] error[E0432]: unresolved import `mnesis_inmemory`
[INFO] [stdout]  --> tests/upcast_repository.rs:9:5
[INFO] [stdout]   |
[INFO] [stdout] 9 | use mnesis_inmemory::InMemoryStore;
[INFO] [stdout]   |     ^^^^^^^^^^^^^^^ use of unresolved module or unlinked crate `mnesis_inmemory`
[INFO] [stdout]   |
[INFO] [stdout]   = help: if you wanted to use a crate named `mnesis_inmemory`, use `cargo add mnesis_inmemory` to add it to your `Cargo.toml`
[INFO] [stdout] 
[INFO] [stdout] 
[INFO] [stdout] error[E0432]: unresolved import `mnesis_store`
[INFO] [stdout]   --> tests/upcast_repository.rs:10:5
[INFO] [stdout]    |
[INFO] [stdout] 10 | use mnesis_store::{RawEventStore, SchemaVersion, StreamKey};
[INFO] [stdout]    |     ^^^^^^^^^^^^ use of unresolved module or unlinked crate `mnesis_store`
[INFO] [stdout]    |
[INFO] [stdout]    = help: if you wanted to use a crate named `mnesis_store`, use `cargo add mnesis_store` to add it to your `Cargo.toml`
[INFO] [stdout] 
[INFO] [stdout] 
[INFO] [stdout] error[E0433]: cannot find module or crate `mnesis` in this scope
[INFO] [stdout]   --> tests/upcast_repository.rs:13:63
[INFO] [stdout]    |
[INFO] [stdout] 13 | #[derive(Debug, Clone, PartialEq, Eq, Serialize, Deserialize, mnesis::DomainEvent)]
[INFO] [stdout]    |                                                               ^^^^^^ use of unresolved module or unlinked crate `mnesis`
[INFO] [stdout] 
[INFO] [stdout] 
[INFO] [stdout] error[E0433]: cannot find module or crate `mnesis` in this scope
[INFO] [stdout]   --> tests/upcast_repository.rs:45:3
[INFO] [stdout]    |
[INFO] [stdout] 45 | #[mnesis::aggregate(state = State, error = Infallible, id = Id)]
[INFO] [stdout]    |   ^^^^^^ use of unresolved module or unlinked crate `mnesis`
[INFO] [stdout] 
[INFO] [stdout] 
[INFO] [stdout] error[E0432]: unresolved import `mnesis`
[INFO] [stdout]  --> tests/macro_hygiene.rs:3:5
[INFO] [stdout]   |
[INFO] [stdout] 3 | use mnesis::*;
[INFO] [stdout]   |     ^^^^^^ use of unresolved module or unlinked crate `mnesis`
[INFO] [stdout]   |
[INFO] [stdout]   = help: if you wanted to use a crate named `mnesis`, use `cargo add mnesis` to add it to your `Cargo.toml`
[INFO] [stdout] 
[INFO] [stdout] 
[INFO] [stdout] error[E0433]: cannot find module or crate `mnesis` in this scope
[INFO] [stdout]   --> tests/macro_hygiene.rs:59:3
[INFO] [stdout]    |
[INFO] [stdout] 59 | #[mnesis::aggregate(state = HState, error = HError, id = HId)]
[INFO] [stdout]    |   ^^^^^^ use of unresolved module or unlinked crate `mnesis`
[INFO] [stdout] 
[INFO] [stdout] 
[INFO] [stdout] error[E0433]: cannot find module or crate `mnesis` in this scope
[INFO] [stdout]   --> tests/macro_hygiene.rs:75:3
[INFO] [stdout]    |
[INFO] [stdout] 75 | #[mnesis::aggregate(state = HState, error = HError, id = HId)]
[INFO] [stdout]    |   ^^^^^^ use of unresolved module or unlinked crate `mnesis`
[INFO] [stdout] 
[INFO] [stdout] 
[INFO] [stdout] error[E0433]: cannot find module or crate `mnesis` in this scope
[INFO] [stdout]   --> tests/macro_hygiene.rs:78:3
[INFO] [stdout]    |
[INFO] [stdout] 78 | #[mnesis::aggregate(state = HState, error = HError, id = HId)]
[INFO] [stdout]    |   ^^^^^^ use of unresolved module or unlinked crate `mnesis`
[INFO] [stdout] 
[INFO] [stdout] 
[INFO] [stdout] error[E0433]: cannot find module or crate `mnesis` in this scope
[INFO] [stdout]    --> tests/macro_hygiene.rs:130:7
[INFO] [stdout]     |
[INFO] [stdout] 130 |     #[mnesis::aggregate(state = LocalState, error = LocalError, id = HId)]
[INFO] [stdout]     |       ^^^^^^ use of unresolved module or unlinked crate `mnesis`
[INFO] [stdout] 
[INFO] [stdout] 
[INFO] [stdout] error[E0433]: cannot find module or crate `mnesis` in this scope
[INFO] [stdout]    --> tests/macro_hygiene.rs:155:7
[INFO] [stdout]     |
[INFO] [stdout] 155 |     #[mnesis::aggregate(state = HState, error = HError, id = HId)]
[INFO] [stdout]     |       ^^^^^^ use of unresolved module or unlinked crate `mnesis`
[INFO] [stdout] 
[INFO] [stdout] 
[INFO] [stdout] error[E0433]: cannot find module or crate `mnesis` in this scope
[INFO] [stdout]    --> tests/macro_hygiene.rs:187:7
[INFO] [stdout]     |
[INFO] [stdout] 187 |     #[mnesis::aggregate(state = HState, error = HError, id = HId)]
[INFO] [stdout]     |       ^^^^^^ use of unresolved module or unlinked crate `mnesis`
[INFO] [stdout] 
[INFO] [stdout] 
[INFO] [stdout] error[E0433]: cannot find module or crate `mnesis` in this scope
[INFO] [stdout]    --> tests/macro_hygiene.rs:220:3
[INFO] [stdout]     |
[INFO] [stdout] 220 | #[mnesis::aggregate(state = HState, error = HError, id = HId)]
[INFO] [stdout]     |   ^^^^^^ use of unresolved module or unlinked crate `mnesis`
[INFO] [stdout] 
[INFO] [stdout] 
[INFO] [stdout] error[E0433]: cannot find `mnesis_store` in the list of imported crates
[INFO] [stdout]   --> tests/transforms_derive.rs:19:1
[INFO] [stdout]    |
[INFO] [stdout] 19 | #[mnesis_macros::transforms(aggregate = TestAggregate, error = TestError)]
[INFO] [stdout]    | ^^^^^^^^^^^^^^^^^^^^^^^^^^^^^^^^^^^^^^^^^^^^^^^^^^^^^^^^^^^^^^^^^^^^^^^^^^ could not find `mnesis_store` in the list of imported crates
[INFO] [stdout]    |
[INFO] [stdout]    = note: this error originates in the attribute macro `mnesis_macros::transforms` (in Nightly builds, run with -Z macro-backtrace for more info)
[INFO] [stdout] 
[INFO] [stdout] 
[INFO] [stdout] error[E0432]: unresolved import `mnesis`
[INFO] [stdout]   --> tests/expand_roundtrip.rs:10:5
[INFO] [stdout]    |
[INFO] [stdout] 10 | use mnesis::*;
[INFO] [stdout]    |     ^^^^^^ use of unresolved module or unlinked crate `mnesis`
[INFO] [stdout]    |
[INFO] [stdout]    = help: if you wanted to use a crate named `mnesis`, use `cargo add mnesis` to add it to your `Cargo.toml`
[INFO] [stdout] 
[INFO] [stdout] 
[INFO] [stdout] Some errors have detailed explanations: E0432, E0433.
[INFO] [stdout] 
[INFO] [stdout] For more information about an error, try `rustc --explain E0432`.
[INFO] [stdout] 
[INFO] [stderr] error: could not compile `mnesis-macros` (test "macro_attrs_preserved") due to 4 previous errors
[INFO] [stderr] warning: build failed, waiting for other jobs to finish...
[INFO] [stdout] error: cannot find derive macro `DomainEvent` in this scope
[INFO] [stdout]    --> tests/macro_hygiene.rs:246:24
[INFO] [stdout]     |
[INFO] [stdout] 246 | #[derive(Debug, Clone, DomainEvent)]
[INFO] [stdout]     |                        ^^^^^^^^^^^
[INFO] [stdout] 
[INFO] [stdout] 
[INFO] [stdout] error[E0433]: cannot find `mnesis_store` in the list of imported crates
[INFO] [stdout]   --> tests/upcast_repository.rs:57:1
[INFO] [stdout]    |
[INFO] [stdout] 57 | #[mnesis_macros::transforms(aggregate = Model, error = serde_json::Error)]
[INFO] [stdout]    | ^^^^^^^^^^^^^^^^^^^^^^^^^^^^^^^^^^^^^^^^^^^^^^^^^^^^^^^^^^^^^^^^^^^^^^^^^^ could not find `mnesis_store` in the list of imported crates
[INFO] [stdout]    |
[INFO] [stdout]    = note: this error originates in the attribute macro `mnesis_macros::transforms` (in Nightly builds, run with -Z macro-backtrace for more info)
[INFO] [stdout] 
[INFO] [stdout] 
[INFO] [stdout] error: cannot find macro `events` in this scope
[INFO] [stdout]    --> tests/expand_roundtrip.rs:102:39
[INFO] [stdout]     |
[INFO] [stdout] 102 |     let decided: Events<RtEvent, 2> = events![
[INFO] [stdout]     |                                       ^^^^^^
[INFO] [stdout] 
[INFO] [stdout] 
[INFO] [stdout] error[E0433]: cannot find `mnesis` in the list of imported crates
[INFO] [stdout]   --> tests/upcast_repository.rs:57:1
[INFO] [stdout]    |
[INFO] [stdout] 57 | #[mnesis_macros::transforms(aggregate = Model, error = serde_json::Error)]
[INFO] [stdout]    | ^^^^^^^^^^^^^^^^^^^^^^^^^^^^^^^^^^^^^^^^^^^^^^^^^^^^^^^^^^^^^^^^^^^^^^^^^^ could not find `mnesis` in the list of imported crates
[INFO] [stdout]    |
[INFO] [stdout]    = note: this error originates in the attribute macro `mnesis_macros::transforms` (in Nightly builds, run with -Z macro-backtrace for more info)
[INFO] [stdout] 
[INFO] [stdout] 
[INFO] [stdout] Some errors have detailed explanations: E0432, E0433.
[INFO] [stdout] 
[INFO] [stdout] For more information about an error, try `rustc --explain E0432`.
[INFO] [stdout] 
[INFO] [stderr] error: could not compile `mnesis-macros` (test "macro_hygiene") due to 9 previous errors
[INFO] [stdout] error[E0433]: cannot find `mnesis` in the list of imported crates
[INFO] [stdout]   --> tests/transforms_derive.rs:19:1
[INFO] [stdout]    |
[INFO] [stdout] 19 | #[mnesis_macros::transforms(aggregate = TestAggregate, error = TestError)]
[INFO] [stdout]    | ^^^^^^^^^^^^^^^^^^^^^^^^^^^^^^^^^^^^^^^^^^^^^^^^^^^^^^^^^^^^^^^^^^^^^^^^^^ could not find `mnesis` in the list of imported crates
[INFO] [stdout]    |
[INFO] [stdout]    = note: this error originates in the attribute macro `mnesis_macros::transforms` (in Nightly builds, run with -Z macro-backtrace for more info)
[INFO] [stdout] 
[INFO] [stdout] 
[INFO] [stdout] error[E0433]: cannot find module or crate `mnesis_store` in this scope
[INFO] [stdout]    --> tests/upcast_repository.rs:142:21
[INFO] [stdout]     |
[INFO] [stdout] 142 |                     mnesis_store::PendingBatch::new(&[envelope]).unwrap(),
[INFO] [stdout]     |                     ^^^^^^^^^^^^ use of unresolved module or unlinked crate `mnesis_store`
[INFO] [stdout]     |
[INFO] [stdout]     = help: if you wanted to use a crate named `mnesis_store`, use `cargo add mnesis_store` to add it to your `Cargo.toml`
[INFO] [stdout] 
[INFO] [stdout] 
[INFO] [stdout] error[E0433]: cannot find module or crate `mnesis_store` in this scope
[INFO] [stdout]    --> tests/upcast_repository.rs:151:17
[INFO] [stdout]     |
[INFO] [stdout] 151 |                 mnesis_store::LoadWithError::Upcast(
[INFO] [stdout]     |                 ^^^^^^^^^^^^ use of unresolved module or unlinked crate `mnesis_store`
[INFO] [stdout]     |
[INFO] [stdout]     = help: if you wanted to use a crate named `mnesis_store`, use `cargo add mnesis_store` to add it to your `Cargo.toml`
[INFO] [stdout] 
[INFO] [stdout] 
[INFO] [stdout] error[E0433]: cannot find module or crate `mnesis_store` in this scope
[INFO] [stdout]    --> tests/upcast_repository.rs:152:21
[INFO] [stdout]     |
[INFO] [stdout] 152 |                     mnesis_store::TransformError::UnsupportedSchema {
[INFO] [stdout]     |                     ^^^^^^^^^^^^ use of unresolved module or unlinked crate `mnesis_store`
[INFO] [stdout]     |
[INFO] [stdout]     = help: if you wanted to use a crate named `mnesis_store`, use `cargo add mnesis_store` to add it to your `Cargo.toml`
[INFO] [stdout] 
[INFO] [stdout] 
[INFO] [stdout] error[E0433]: cannot find module or crate `mnesis_store` in this scope
[INFO] [stdout]    --> tests/upcast_repository.rs:132:28
[INFO] [stdout]     |
[INFO] [stdout] 132 |             let envelope = mnesis_store::pending_envelope(Version::INITIAL)
[INFO] [stdout]     |                            ^^^^^^^^^^^^ use of unresolved module or unlinked crate `mnesis_store`
[INFO] [stdout]     |
[INFO] [stdout]     = help: if you wanted to use a crate named `mnesis_store`, use `cargo add mnesis_store` to add it to your `Cargo.toml`
[INFO] [stdout] 
[INFO] [stdout] 
[INFO] [stdout] Some errors have detailed explanations: E0432, E0433.
[INFO] [stdout] 
[INFO] [stdout] For more information about an error, try `rustc --explain E0432`.
[INFO] [stdout] 
[INFO] [stderr] error: could not compile `mnesis-macros` (test "upcast_repository") due to 11 previous errors
[INFO] [stdout] Some errors have detailed explanations: E0432, E0433.
[INFO] [stdout] 
[INFO] [stdout] For more information about an error, try `rustc --explain E0432`.
[INFO] [stdout] 
[INFO] [stderr] error: could not compile `mnesis-macros` (test "macro_property_tests") due to 2 previous errors
[INFO] [stdout] error[E0433]: cannot find `mnesis_store` in the list of imported crates
[INFO] [stdout]    --> tests/transforms_derive.rs:101:1
[INFO] [stdout]     |
[INFO] [stdout] 101 | #[mnesis_macros::transforms(aggregate = TestAggregate, error = StepFailed)]
[INFO] [stdout]     | ^^^^^^^^^^^^^^^^^^^^^^^^^^^^^^^^^^^^^^^^^^^^^^^^^^^^^^^^^^^^^^^^^^^^^^^^^^^ could not find `mnesis_store` in the list of imported crates
[INFO] [stdout]     |
[INFO] [stdout]     = note: this error originates in the attribute macro `mnesis_macros::transforms` (in Nightly builds, run with -Z macro-backtrace for more info)
[INFO] [stdout] 
[INFO] [stdout] 
[INFO] [stdout] For more information about this error, try `rustc --explain E0432`.
[INFO] [stdout] 
[INFO] [stderr] error: could not compile `mnesis-macros` (test "expand_roundtrip") due to 2 previous errors
[INFO] [stdout] error[E0433]: cannot find `mnesis` in the list of imported crates
[INFO] [stdout]    --> tests/transforms_derive.rs:101:1
[INFO] [stdout]     |
[INFO] [stdout] 101 | #[mnesis_macros::transforms(aggregate = TestAggregate, error = StepFailed)]
[INFO] [stdout]     | ^^^^^^^^^^^^^^^^^^^^^^^^^^^^^^^^^^^^^^^^^^^^^^^^^^^^^^^^^^^^^^^^^^^^^^^^^^^ could not find `mnesis` in the list of imported crates
[INFO] [stdout]     |
[INFO] [stdout]     = note: this error originates in the attribute macro `mnesis_macros::transforms` (in Nightly builds, run with -Z macro-backtrace for more info)
[INFO] [stdout] 
[INFO] [stdout] 
[INFO] [stdout] Some errors have detailed explanations: E0432, E0433.
[INFO] [stdout] 
[INFO] [stdout] For more information about an error, try `rustc --explain E0432`.
[INFO] [stdout] 
[INFO] [stderr] error: could not compile `mnesis-macros` (test "transforms_derive") due to 6 previous errors
[INFO] running `Command { std: "docker" "inspect" "c829a0fe32419054b69dd1fae3024d43e9cc19176e4c7a5ae4a02fbbd4b2f104", kill_on_drop: false }`
[INFO] running `Command { std: "docker" "rm" "-f" "c829a0fe32419054b69dd1fae3024d43e9cc19176e4c7a5ae4a02fbbd4b2f104", kill_on_drop: false }`
[INFO] [stdout] c829a0fe32419054b69dd1fae3024d43e9cc19176e4c7a5ae4a02fbbd4b2f104
