[INFO] fetching crate mm_math 0.0.6...
[INFO] testing mm_math-0.0.6 against 1.99.0-beta.8+cargoflags=--release for beta-release-1.100-2
[INFO] extracting crate mm_math 0.0.6 into /workspace/builds/worker-7-tc1/source
[INFO] started tweaking crates.io crate mm_math 0.0.6
[INFO] finished tweaking crates.io crate mm_math 0.0.6
[INFO] tweaked toml for crates.io crate mm_math 0.0.6 written to /workspace/builds/worker-7-tc1/source/Cargo.toml
[INFO] validating manifest of crates.io crate mm_math 0.0.6 on toolchain 1.99.0-beta.8
[INFO] running `Command { std: CARGO_HOME="/workspace/cargo-home" RUSTUP_HOME="/workspace/rustup-home" "/workspace/cargo-home/bin/cargo" "+1.99.0-beta.8" "metadata" "--manifest-path" "Cargo.toml" "--no-deps", kill_on_drop: false }`
[INFO] running `Command { std: CARGO_HOME="/workspace/cargo-home" RUSTUP_HOME="/workspace/rustup-home" "/workspace/cargo-home/bin/cargo" "+1.99.0-beta.8" "generate-lockfile" "--manifest-path" "Cargo.toml", kill_on_drop: false }`
[INFO] running `Command { std: CARGO_HOME="/workspace/cargo-home" RUSTUP_HOME="/workspace/rustup-home" "/workspace/cargo-home/bin/cargo" "+1.99.0-beta.8" "fetch" "--manifest-path" "Cargo.toml", kill_on_drop: false }`
[INFO] [stderr] warning: Cargo.toml: `package.edition` is unspecified, defaulting to `2015` while the latest is `2024`
[INFO] [stderr] warning: `mm_math` (manifest) generated 1 warning
[INFO] running `Command { std: "docker" "create" "-v" "/var/lib/crater-agent-workspace/builds/worker-7-tc1/source:/opt/rustwide/workdir:ro,Z" "-v" "/var/lib/crater-agent-workspace/builds/worker-7-tc1/target:/opt/rustwide/target:rw,Z" "-v" "/var/lib/crater-agent-workspace/cargo-home:/opt/rustwide/cargo-home:ro,Z" "-v" "/var/lib/crater-agent-workspace/rustup-home:/opt/rustwide/rustup-home:ro,Z" "-m" "1610612736" "--network" "none" "ghcr.io/rust-lang/crates-build-env/linux@sha256:77db811e55d90add9212f6832c23229e3de5f1c1f9905e8cb07319ea15df73ac" "sleep" "infinity", kill_on_drop: false }`
[INFO] [stdout] a97f4fedbf3f1cb4b507780f5435554a249f6ab3ad1d6a7846aab9ec407b1415
[INFO] running `Command { std: "docker" "start" "a97f4fedbf3f1cb4b507780f5435554a249f6ab3ad1d6a7846aab9ec407b1415", kill_on_drop: false }`
[INFO] running `Command { std: "docker" "inspect" "a97f4fedbf3f1cb4b507780f5435554a249f6ab3ad1d6a7846aab9ec407b1415", kill_on_drop: false }`
[INFO] running `Command { std: "docker" "exec" "-e" "SOURCE_DIR=/opt/rustwide/workdir" "-e" "CARGO_HOME=/opt/rustwide/cargo-home" "-e" "RUSTUP_HOME=/opt/rustwide/rustup-home" "-e" "CARGO_TARGET_DIR=/opt/rustwide/target" "-w" "/opt/rustwide/workdir" "--user" "0:0" "a97f4fedbf3f1cb4b507780f5435554a249f6ab3ad1d6a7846aab9ec407b1415" "/opt/rustwide/cargo-home/bin/cargo" "+1.99.0-beta.8" "metadata" "--no-deps" "--format-version=1", kill_on_drop: false }`
[INFO] running `Command { std: "docker" "inspect" "a97f4fedbf3f1cb4b507780f5435554a249f6ab3ad1d6a7846aab9ec407b1415", kill_on_drop: false }`
[INFO] running `Command { std: "docker" "exec" "-e" "SOURCE_DIR=/opt/rustwide/workdir" "-e" "CARGO_HOME=/opt/rustwide/cargo-home" "-e" "RUSTUP_HOME=/opt/rustwide/rustup-home" "-e" "CARGO_TARGET_DIR=/opt/rustwide/target" "-e" "CARGO_INCREMENTAL=0" "-e" "RUST_BACKTRACE=full" "-e" "RUSTFLAGS=--cap-lints=warn" "-e" "RUSTDOCFLAGS=--cap-lints=warn" "-w" "/opt/rustwide/workdir" "--user" "0:0" "a97f4fedbf3f1cb4b507780f5435554a249f6ab3ad1d6a7846aab9ec407b1415" "/opt/rustwide/cargo-home/bin/cargo" "+1.99.0-beta.8" "build" "--frozen" "--message-format=json" "--release", kill_on_drop: false }`
[INFO] [stderr] warning: Cargo.toml: `package.edition` is unspecified, defaulting to `2015` while the latest is `2024`
[INFO] [stderr] warning: `mm_math` (manifest) generated 1 warning
[INFO] [stderr]    Compiling mm_math v0.0.6 (/opt/rustwide/workdir)
[INFO] [stdout] error[E0432]: unresolved imports `std::num::One`, `std::num::Zero`
[INFO] [stdout]  --> src/vector.rs:6:3
[INFO] [stdout]   |
[INFO] [stdout] 6 |   One,
[INFO] [stdout]   |   ^^^ no `One` in `num`
[INFO] [stdout] 7 |   Zero,
[INFO] [stdout]   |   ^^^^ no `Zero` in `num`
[INFO] [stdout]   |
[INFO] [stdout]   = help: consider importing one of these variants instead:
[INFO] [stdout]           std::num::FpCategory::Zero
[INFO] [stdout]           std::num::IntErrorKind::Zero
[INFO] [stdout] 
[INFO] [stdout] 
[INFO] [stdout] error[E0554]: `#![feature]` may not be used on the beta release channel
[INFO] [stdout]  --> src/lib.rs:8:1
[INFO] [stdout]   |
[INFO] [stdout] 8 | #![feature(zero_one)]
[INFO] [stdout]   | ^^^^^^^^^^^^^^^^^^^^^
[INFO] [stdout] 
[INFO] [stdout] 
[INFO] [stdout] error[E0635]: unknown feature `zero_one`
[INFO] [stdout]  --> src/lib.rs:8:12
[INFO] [stdout]   |
[INFO] [stdout] 8 | #![feature(zero_one)]
[INFO] [stdout]   |            ^^^^^^^^
[INFO] [stdout] 
[INFO] [stdout] 
[INFO] [stdout] error[E0277]: the trait bound `u8: Neg` is not satisfied
[INFO] [stdout]   --> src/scalar.rs:74:17
[INFO] [stdout]    |
[INFO] [stdout] 74 | impl Scalar for u8 {
[INFO] [stdout]    |                 ^^ the trait `Neg` is not implemented for `u8`
[INFO] [stdout]    |
[INFO] [stdout]    = help: the following other types implement trait `Neg`:
[INFO] [stdout]              &f128
[INFO] [stdout]              &f16
[INFO] [stdout]              &f32
[INFO] [stdout]              &f64
[INFO] [stdout]              &i128
[INFO] [stdout]              &i16
[INFO] [stdout]              &i32
[INFO] [stdout]              &i64
[INFO] [stdout]            and 12 others
[INFO] [stdout] note: required by a bound in `Scalar`
[INFO] [stdout]   --> src/scalar.rs:23:19
[INFO] [stdout]    |
[INFO] [stdout] 20 | pub trait Scalar: Add<Output = Self>
[INFO] [stdout]    |           ------ required by a bound in this trait
[INFO] [stdout] ...
[INFO] [stdout] 23 |                 + Neg<Output = Self>
[INFO] [stdout]    |                   ^^^^^^^^^^^^^^^^^^ required by this bound in `Scalar`
[INFO] [stdout] 
[INFO] [stdout] 
[INFO] [stdout] error[E0277]: the trait bound `u16: Neg` is not satisfied
[INFO] [stdout]   --> src/scalar.rs:80:17
[INFO] [stdout]    |
[INFO] [stdout] 80 | impl Scalar for u16 {
[INFO] [stdout]    |                 ^^^ the trait `Neg` is not implemented for `u16`
[INFO] [stdout]    |
[INFO] [stdout]    = help: the following other types implement trait `Neg`:
[INFO] [stdout]              &f128
[INFO] [stdout]              &f16
[INFO] [stdout]              &f32
[INFO] [stdout]              &f64
[INFO] [stdout]              &i128
[INFO] [stdout]              &i16
[INFO] [stdout]              &i32
[INFO] [stdout]              &i64
[INFO] [stdout]            and 12 others
[INFO] [stdout] note: required by a bound in `Scalar`
[INFO] [stdout]   --> src/scalar.rs:23:19
[INFO] [stdout]    |
[INFO] [stdout] 20 | pub trait Scalar: Add<Output = Self>
[INFO] [stdout]    |           ------ required by a bound in this trait
[INFO] [stdout] ...
[INFO] [stdout] 23 |                 + Neg<Output = Self>
[INFO] [stdout]    |                   ^^^^^^^^^^^^^^^^^^ required by this bound in `Scalar`
[INFO] [stdout] 
[INFO] [stdout] 
[INFO] [stdout] error[E0277]: the trait bound `u32: Neg` is not satisfied
[INFO] [stdout]   --> src/scalar.rs:86:17
[INFO] [stdout]    |
[INFO] [stdout] 86 | impl Scalar for u32 {
[INFO] [stdout]    |                 ^^^ the trait `Neg` is not implemented for `u32`
[INFO] [stdout]    |
[INFO] [stdout]    = help: the following other types implement trait `Neg`:
[INFO] [stdout]              &f128
[INFO] [stdout]              &f16
[INFO] [stdout]              &f32
[INFO] [stdout]              &f64
[INFO] [stdout]              &i128
[INFO] [stdout]              &i16
[INFO] [stdout]              &i32
[INFO] [stdout]              &i64
[INFO] [stdout]            and 12 others
[INFO] [stdout] note: required by a bound in `Scalar`
[INFO] [stdout]   --> src/scalar.rs:23:19
[INFO] [stdout]    |
[INFO] [stdout] 20 | pub trait Scalar: Add<Output = Self>
[INFO] [stdout]    |           ------ required by a bound in this trait
[INFO] [stdout] ...
[INFO] [stdout] 23 |                 + Neg<Output = Self>
[INFO] [stdout]    |                   ^^^^^^^^^^^^^^^^^^ required by this bound in `Scalar`
[INFO] [stdout] 
[INFO] [stdout] 
[INFO] [stdout] error[E0277]: the trait bound `u64: Neg` is not satisfied
[INFO] [stdout]   --> src/scalar.rs:92:17
[INFO] [stdout]    |
[INFO] [stdout] 92 | impl Scalar for u64 {
[INFO] [stdout]    |                 ^^^ the trait `Neg` is not implemented for `u64`
[INFO] [stdout]    |
[INFO] [stdout]    = help: the following other types implement trait `Neg`:
[INFO] [stdout]              &f128
[INFO] [stdout]              &f16
[INFO] [stdout]              &f32
[INFO] [stdout]              &f64
[INFO] [stdout]              &i128
[INFO] [stdout]              &i16
[INFO] [stdout]              &i32
[INFO] [stdout]              &i64
[INFO] [stdout]            and 12 others
[INFO] [stdout] note: required by a bound in `Scalar`
[INFO] [stdout]   --> src/scalar.rs:23:19
[INFO] [stdout]    |
[INFO] [stdout] 20 | pub trait Scalar: Add<Output = Self>
[INFO] [stdout]    |           ------ required by a bound in this trait
[INFO] [stdout] ...
[INFO] [stdout] 23 |                 + Neg<Output = Self>
[INFO] [stdout]    |                   ^^^^^^^^^^^^^^^^^^ required by this bound in `Scalar`
[INFO] [stdout] 
[INFO] [stdout] 
[INFO] [stdout] error[E0277]: the trait bound `usize: Neg` is not satisfied
[INFO] [stdout]   --> src/scalar.rs:98:17
[INFO] [stdout]    |
[INFO] [stdout] 98 | impl Scalar for usize {
[INFO] [stdout]    |                 ^^^^^ the trait `Neg` is not implemented for `usize`
[INFO] [stdout]    |
[INFO] [stdout]    = help: the following other types implement trait `Neg`:
[INFO] [stdout]              &f128
[INFO] [stdout]              &f16
[INFO] [stdout]              &f32
[INFO] [stdout]              &f64
[INFO] [stdout]              &i128
[INFO] [stdout]              &i16
[INFO] [stdout]              &i32
[INFO] [stdout]              &i64
[INFO] [stdout]            and 12 others
[INFO] [stdout] note: required by a bound in `Scalar`
[INFO] [stdout]   --> src/scalar.rs:23:19
[INFO] [stdout]    |
[INFO] [stdout] 20 | pub trait Scalar: Add<Output = Self>
[INFO] [stdout]    |           ------ required by a bound in this trait
[INFO] [stdout] ...
[INFO] [stdout] 23 |                 + Neg<Output = Self>
[INFO] [stdout]    |                   ^^^^^^^^^^^^^^^^^^ required by this bound in `Scalar`
[INFO] [stdout] 
[INFO] [stdout] 
[INFO] [stdout] Some errors have detailed explanations: E0277, E0432, E0554, E0635.
[INFO] [stdout] 
[INFO] [stdout] For more information about an error, try `rustc --explain E0277`.
[INFO] [stdout] 
[INFO] [stderr] error: could not compile `mm_math` (lib) due to 8 previous errors
[INFO] running `Command { std: "docker" "inspect" "a97f4fedbf3f1cb4b507780f5435554a249f6ab3ad1d6a7846aab9ec407b1415", kill_on_drop: false }`
[INFO] running `Command { std: "docker" "rm" "-f" "a97f4fedbf3f1cb4b507780f5435554a249f6ab3ad1d6a7846aab9ec407b1415", kill_on_drop: false }`
[INFO] [stdout] a97f4fedbf3f1cb4b507780f5435554a249f6ab3ad1d6a7846aab9ec407b1415
