[INFO] fetching crate mm-std-embedded-nal 0.4.0...
[INFO] testing mm-std-embedded-nal-0.4.0 against 1.100.0-beta.1+cargoflags=--release for beta-release-1.100-2
[INFO] extracting crate mm-std-embedded-nal 0.4.0 into /workspace/builds/worker-7-tc2/source
[INFO] started tweaking crates.io crate mm-std-embedded-nal 0.4.0
[INFO] removed 0 missing examples
[INFO] removed 0 missing tests
[INFO] finished tweaking crates.io crate mm-std-embedded-nal 0.4.0
[INFO] tweaked toml for crates.io crate mm-std-embedded-nal 0.4.0 written to /workspace/builds/worker-7-tc2/source/Cargo.toml
[INFO] validating manifest of crates.io crate mm-std-embedded-nal 0.4.0 on toolchain 1.100.0-beta.1
[INFO] running `Command { std: CARGO_HOME="/workspace/cargo-home" RUSTUP_HOME="/workspace/rustup-home" "/workspace/cargo-home/bin/cargo" "+1.100.0-beta.1" "metadata" "--manifest-path" "Cargo.toml" "--no-deps", kill_on_drop: false }`
[INFO] crate crates.io crate mm-std-embedded-nal 0.4.0 already has a lockfile, it will not be regenerated
[INFO] running `Command { std: CARGO_HOME="/workspace/cargo-home" RUSTUP_HOME="/workspace/rustup-home" "/workspace/cargo-home/bin/cargo" "+1.100.0-beta.1" "fetch" "--manifest-path" "Cargo.toml", kill_on_drop: false }`
[INFO] running `Command { std: "docker" "create" "-v" "/var/lib/crater-agent-workspace/builds/worker-7-tc2/source:/opt/rustwide/workdir:ro,Z" "-v" "/var/lib/crater-agent-workspace/builds/worker-7-tc2/target:/opt/rustwide/target:rw,Z" "-v" "/var/lib/crater-agent-workspace/cargo-home:/opt/rustwide/cargo-home:ro,Z" "-v" "/var/lib/crater-agent-workspace/rustup-home:/opt/rustwide/rustup-home:ro,Z" "-m" "1610612736" "--network" "none" "ghcr.io/rust-lang/crates-build-env/linux@sha256:77db811e55d90add9212f6832c23229e3de5f1c1f9905e8cb07319ea15df73ac" "sleep" "infinity", kill_on_drop: false }`
[INFO] [stdout] 6917e10b986461b5e54d8c0a0f659af431f9f04cce4bd22bb7536a7b229c56ce
[INFO] running `Command { std: "docker" "start" "6917e10b986461b5e54d8c0a0f659af431f9f04cce4bd22bb7536a7b229c56ce", kill_on_drop: false }`
[INFO] running `Command { std: "docker" "inspect" "6917e10b986461b5e54d8c0a0f659af431f9f04cce4bd22bb7536a7b229c56ce", kill_on_drop: false }`
[INFO] running `Command { std: "docker" "exec" "-e" "SOURCE_DIR=/opt/rustwide/workdir" "-e" "CARGO_HOME=/opt/rustwide/cargo-home" "-e" "RUSTUP_HOME=/opt/rustwide/rustup-home" "-e" "CARGO_TARGET_DIR=/opt/rustwide/target" "-w" "/opt/rustwide/workdir" "--user" "0:0" "6917e10b986461b5e54d8c0a0f659af431f9f04cce4bd22bb7536a7b229c56ce" "/opt/rustwide/cargo-home/bin/cargo" "+1.100.0-beta.1" "metadata" "--no-deps" "--format-version=1", kill_on_drop: false }`
[INFO] running `Command { std: "docker" "inspect" "6917e10b986461b5e54d8c0a0f659af431f9f04cce4bd22bb7536a7b229c56ce", kill_on_drop: false }`
[INFO] running `Command { std: "docker" "exec" "-e" "SOURCE_DIR=/opt/rustwide/workdir" "-e" "CARGO_HOME=/opt/rustwide/cargo-home" "-e" "RUSTUP_HOME=/opt/rustwide/rustup-home" "-e" "CARGO_TARGET_DIR=/opt/rustwide/target" "-e" "CARGO_INCREMENTAL=0" "-e" "RUST_BACKTRACE=full" "-e" "RUSTFLAGS=--cap-lints=warn" "-e" "RUSTDOCFLAGS=--cap-lints=warn" "-w" "/opt/rustwide/workdir" "--user" "0:0" "6917e10b986461b5e54d8c0a0f659af431f9f04cce4bd22bb7536a7b229c56ce" "/opt/rustwide/cargo-home/bin/cargo" "+1.100.0-beta.1" "build" "--frozen" "--message-format=json" "--release", kill_on_drop: false }`
[INFO] [stderr]    Compiling nb v1.1.0
[INFO] [stderr]    Compiling embedded-nal v0.9.0
[INFO] [stderr]    Compiling mm-std-embedded-nal v0.4.0 (/opt/rustwide/workdir)
[INFO] [stderr]     Finished `release` profile [optimized] target(s) in 0.60s
[INFO] running `Command { std: "docker" "inspect" "6917e10b986461b5e54d8c0a0f659af431f9f04cce4bd22bb7536a7b229c56ce", kill_on_drop: false }`
[INFO] running `Command { std: "docker" "exec" "-e" "SOURCE_DIR=/opt/rustwide/workdir" "-e" "CARGO_HOME=/opt/rustwide/cargo-home" "-e" "RUSTUP_HOME=/opt/rustwide/rustup-home" "-e" "CARGO_TARGET_DIR=/opt/rustwide/target" "-e" "CARGO_INCREMENTAL=0" "-e" "RUST_BACKTRACE=full" "-e" "RUSTFLAGS=--cap-lints=warn" "-e" "RUSTDOCFLAGS=--cap-lints=warn" "-w" "/opt/rustwide/workdir" "--user" "0:0" "6917e10b986461b5e54d8c0a0f659af431f9f04cce4bd22bb7536a7b229c56ce" "/opt/rustwide/cargo-home/bin/cargo" "+1.100.0-beta.1" "test" "--frozen" "--no-run" "--message-format=json" "--release", kill_on_drop: false }`
[INFO] [stderr]    Compiling libc v0.2.153
[INFO] [stderr]    Compiling mio v0.8.10
[INFO] [stderr]    Compiling mm-std-embedded-nal v0.4.0 (/opt/rustwide/workdir)
[INFO] [stdout] error[E0433]: cannot find module or crate `std_embedded_nal` in this scope
[INFO] [stdout]   --> examples/coapclient.rs:79:21
[INFO] [stdout]    |
[INFO] [stdout] 79 |     let mut stack = std_embedded_nal::Stack::default();
[INFO] [stdout]    |                     ^^^^^^^^^^^^^^^^ use of unresolved module or unlinked crate `std_embedded_nal`
[INFO] [stdout]    |
[INFO] [stdout] help: there is a crate or module with a similar name
[INFO] [stdout]    |
[INFO] [stdout] 79 |     let mut stack = mm_std_embedded_nal::Stack::default();
[INFO] [stdout]    |                     +++
[INFO] [stdout] 
[INFO] [stdout] 
[INFO] [stdout] error[E0433]: cannot find module or crate `std_embedded_nal` in this scope
[INFO] [stdout]   --> examples/coapclient.rs:36:30
[INFO] [stdout]    |
[INFO] [stdout] 36 | fn run_with_unix(stack: &mut std_embedded_nal::Stack) -> Result<(), std::io::Error> {
[INFO] [stdout]    |                              ^^^^^^^^^^^^^^^^ use of unresolved module or unlinked crate `std_embedded_nal`
[INFO] [stdout]    |
[INFO] [stdout] help: there is a crate or module with a similar name
[INFO] [stdout]    |
[INFO] [stdout] 36 | fn run_with_unix(stack: &mut mm_std_embedded_nal::Stack) -> Result<(), std::io::Error> {
[INFO] [stdout]    |                              +++
[INFO] [stdout] 
[INFO] [stdout] 
[INFO] [stdout] For more information about this error, try `rustc --explain E0433`.
[INFO] [stdout] 
[INFO] [stderr] error: could not compile `mm-std-embedded-nal` (example "coapclient") due to 2 previous errors
[INFO] [stderr] warning: build failed, waiting for other jobs to finish...
[INFO] [stdout] error[E0433]: cannot find module or crate `std_embedded_nal` in this scope
[INFO] [stdout]   --> examples/httpclient.rs:32:21
[INFO] [stdout]    |
[INFO] [stdout] 32 |     let mut stack = std_embedded_nal::Stack::default();
[INFO] [stdout]    |                     ^^^^^^^^^^^^^^^^ use of unresolved module or unlinked crate `std_embedded_nal`
[INFO] [stdout]    |
[INFO] [stdout] help: there is a crate or module with a similar name
[INFO] [stdout]    |
[INFO] [stdout] 32 |     let mut stack = mm_std_embedded_nal::Stack::default();
[INFO] [stdout]    |                     +++
[INFO] [stdout] 
[INFO] [stdout] 
[INFO] [stdout] error[E0433]: cannot find module or crate `std_embedded_nal` in this scope
[INFO] [stdout]   --> tests/integration.rs:10:21
[INFO] [stdout]    |
[INFO] [stdout] 10 |     let mut stack = std_embedded_nal::Stack::default();
[INFO] [stdout]    |                     ^^^^^^^^^^^^^^^^ use of unresolved module or unlinked crate `std_embedded_nal`
[INFO] [stdout]    |
[INFO] [stdout] help: there is a crate or module with a similar name
[INFO] [stdout]    |
[INFO] [stdout] 10 |     let mut stack = mm_std_embedded_nal::Stack::default();
[INFO] [stdout]    |                     +++
[INFO] [stdout] 
[INFO] [stdout] 
[INFO] [stdout] error[E0433]: cannot find module or crate `std_embedded_nal` in this scope
[INFO] [stdout]   --> tests/integration.rs:38:21
[INFO] [stdout]    |
[INFO] [stdout] 38 |     let mut stack = std_embedded_nal::Stack::default();
[INFO] [stdout]    |                     ^^^^^^^^^^^^^^^^ use of unresolved module or unlinked crate `std_embedded_nal`
[INFO] [stdout]    |
[INFO] [stdout] help: there is a crate or module with a similar name
[INFO] [stdout]    |
[INFO] [stdout] 38 |     let mut stack = mm_std_embedded_nal::Stack::default();
[INFO] [stdout]    |                     +++
[INFO] [stdout] 
[INFO] [stdout] 
[INFO] [stdout] For more information about this error, try `rustc --explain E0433`.
[INFO] [stdout] 
[INFO] [stderr] error: could not compile `mm-std-embedded-nal` (example "httpclient") due to 1 previous error
[INFO] [stdout] For more information about this error, try `rustc --explain E0433`.
[INFO] [stdout] 
[INFO] [stdout] error[E0433]: cannot find module or crate `std_embedded_nal` in this scope
[INFO] [stdout]   --> tests/udp_echo.rs:27:21
[INFO] [stdout]    |
[INFO] [stdout] 27 |     let mut stack = std_embedded_nal::Stack::default();
[INFO] [stdout]    |                     ^^^^^^^^^^^^^^^^ use of unresolved module or unlinked crate `std_embedded_nal`
[INFO] [stdout]    |
[INFO] [stdout] help: there is a crate or module with a similar name
[INFO] [stdout]    |
[INFO] [stdout] 27 |     let mut stack = mm_std_embedded_nal::Stack::default();
[INFO] [stdout]    |                     +++
[INFO] [stdout] 
[INFO] [stdout] 
[INFO] [stderr] error: could not compile `mm-std-embedded-nal` (test "integration") due to 2 previous errors
[INFO] [stdout] error[E0433]: cannot find module or crate `std_embedded_nal` in this scope
[INFO] [stdout]   --> tests/udp_echo.rs:33:21
[INFO] [stdout]    |
[INFO] [stdout] 33 |     let mut stack = std_embedded_nal::Stack::default();
[INFO] [stdout]    |                     ^^^^^^^^^^^^^^^^ use of unresolved module or unlinked crate `std_embedded_nal`
[INFO] [stdout]    |
[INFO] [stdout] help: there is a crate or module with a similar name
[INFO] [stdout]    |
[INFO] [stdout] 33 |     let mut stack = mm_std_embedded_nal::Stack::default();
[INFO] [stdout]    |                     +++
[INFO] [stdout] 
[INFO] [stdout] 
[INFO] [stdout] For more information about this error, try `rustc --explain E0433`.
[INFO] [stdout] 
[INFO] [stderr] error: could not compile `mm-std-embedded-nal` (test "udp_echo") due to 2 previous errors
[INFO] running `Command { std: "docker" "inspect" "6917e10b986461b5e54d8c0a0f659af431f9f04cce4bd22bb7536a7b229c56ce", kill_on_drop: false }`
[INFO] running `Command { std: "docker" "rm" "-f" "6917e10b986461b5e54d8c0a0f659af431f9f04cce4bd22bb7536a7b229c56ce", kill_on_drop: false }`
[INFO] [stdout] 6917e10b986461b5e54d8c0a0f659af431f9f04cce4bd22bb7536a7b229c56ce
