[INFO] fetching crate mkwebfont_extract-web 0.4.0...
[INFO] testing mkwebfont_extract-web-0.4.0 against 1.100.0-beta.1+cargoflags=--release for beta-release-1.100-2
[INFO] extracting crate mkwebfont_extract-web 0.4.0 into /workspace/builds/worker-3-tc2/source
[INFO] started tweaking crates.io crate mkwebfont_extract-web 0.4.0
[INFO] removed 0 missing examples
[INFO] finished tweaking crates.io crate mkwebfont_extract-web 0.4.0
[INFO] tweaked toml for crates.io crate mkwebfont_extract-web 0.4.0 written to /workspace/builds/worker-3-tc2/source/Cargo.toml
[INFO] validating manifest of crates.io crate mkwebfont_extract-web 0.4.0 on toolchain 1.100.0-beta.1
[INFO] running `Command { std: CARGO_HOME="/workspace/cargo-home" RUSTUP_HOME="/workspace/rustup-home" "/workspace/cargo-home/bin/cargo" "+1.100.0-beta.1" "metadata" "--manifest-path" "Cargo.toml" "--no-deps", kill_on_drop: false }`
[INFO] crate crates.io crate mkwebfont_extract-web 0.4.0 already has a lockfile, it will not be regenerated
[INFO] running `Command { std: CARGO_HOME="/workspace/cargo-home" RUSTUP_HOME="/workspace/rustup-home" "/workspace/cargo-home/bin/cargo" "+1.100.0-beta.1" "fetch" "--manifest-path" "Cargo.toml", kill_on_drop: false }`
[INFO] running `Command { std: "docker" "create" "-v" "/var/lib/crater-agent-workspace/builds/worker-3-tc2/source:/opt/rustwide/workdir:ro,Z" "-v" "/var/lib/crater-agent-workspace/builds/worker-3-tc2/target:/opt/rustwide/target:rw,Z" "-v" "/var/lib/crater-agent-workspace/cargo-home:/opt/rustwide/cargo-home:ro,Z" "-v" "/var/lib/crater-agent-workspace/rustup-home:/opt/rustwide/rustup-home:ro,Z" "-m" "1610612736" "--network" "none" "ghcr.io/rust-lang/crates-build-env/linux@sha256:77db811e55d90add9212f6832c23229e3de5f1c1f9905e8cb07319ea15df73ac" "sleep" "infinity", kill_on_drop: false }`
[INFO] [stdout] b95f0846457569d5cb37e575bfe2eca73cc781e3f1cdf6974ba7ee050277201e
[INFO] running `Command { std: "docker" "start" "b95f0846457569d5cb37e575bfe2eca73cc781e3f1cdf6974ba7ee050277201e", kill_on_drop: false }`
[INFO] running `Command { std: "docker" "inspect" "b95f0846457569d5cb37e575bfe2eca73cc781e3f1cdf6974ba7ee050277201e", kill_on_drop: false }`
[INFO] running `Command { std: "docker" "exec" "-e" "SOURCE_DIR=/opt/rustwide/workdir" "-e" "CARGO_HOME=/opt/rustwide/cargo-home" "-e" "RUSTUP_HOME=/opt/rustwide/rustup-home" "-e" "CARGO_TARGET_DIR=/opt/rustwide/target" "-w" "/opt/rustwide/workdir" "--user" "0:0" "b95f0846457569d5cb37e575bfe2eca73cc781e3f1cdf6974ba7ee050277201e" "/opt/rustwide/cargo-home/bin/cargo" "+1.100.0-beta.1" "metadata" "--no-deps" "--format-version=1", kill_on_drop: false }`
[INFO] running `Command { std: "docker" "inspect" "b95f0846457569d5cb37e575bfe2eca73cc781e3f1cdf6974ba7ee050277201e", kill_on_drop: false }`
[INFO] running `Command { std: "docker" "exec" "-e" "SOURCE_DIR=/opt/rustwide/workdir" "-e" "CARGO_HOME=/opt/rustwide/cargo-home" "-e" "RUSTUP_HOME=/opt/rustwide/rustup-home" "-e" "CARGO_TARGET_DIR=/opt/rustwide/target" "-e" "CARGO_INCREMENTAL=0" "-e" "RUST_BACKTRACE=full" "-e" "RUSTFLAGS=--cap-lints=warn" "-e" "RUSTDOCFLAGS=--cap-lints=warn" "-w" "/opt/rustwide/workdir" "--user" "0:0" "b95f0846457569d5cb37e575bfe2eca73cc781e3f1cdf6974ba7ee050277201e" "/opt/rustwide/cargo-home/bin/cargo" "+1.100.0-beta.1" "build" "--frozen" "--message-format=json" "--release", kill_on_drop: false }`
[INFO] [stderr]    Compiling libc v0.2.155
[INFO] [stderr]    Compiling ppv-lite86 v0.2.17
[INFO] [stderr]    Compiling smallvec v1.13.2
[INFO] [stderr]    Compiling serde v1.0.204
[INFO] [stderr]    Compiling phf_shared v0.10.0
[INFO] [stderr]    Compiling phf_shared v0.11.2
[INFO] [stderr]    Compiling version_check v0.9.4
[INFO] [stderr]    Compiling proc-macro2 v1.0.86
[INFO] [stderr]    Compiling getrandom v0.2.15
[INFO] [stderr]    Compiling pkg-config v0.3.30
[INFO] [stderr]    Compiling dtoa v1.0.9
[INFO] [stderr]    Compiling rustls-pki-types v1.7.0
[INFO] [stderr]    Compiling spin v0.9.8
[INFO] [stderr]    Compiling tinyvec v1.8.0
[INFO] [stderr]    Compiling crossbeam-epoch v0.9.18
[INFO] [stderr]    Compiling zstd-safe v7.2.0
[INFO] [stderr]    Compiling rustls v0.23.11
[INFO] [stderr]    Compiling thiserror v1.0.63
[INFO] [stderr]    Compiling miniz_oxide v0.7.4
[INFO] [stderr]    Compiling indexmap v2.2.6
[INFO] [stderr]    Compiling phf v0.10.1
[INFO] [stderr]    Compiling concurrent-queue v2.5.0
[INFO] [stderr]    Compiling crc32fast v1.4.2
[INFO] [stderr]    Compiling dtoa-short v0.3.5
[INFO] [stderr]    Compiling slab v0.4.9
[INFO] [stderr]    Compiling parking v2.2.0
[INFO] [stderr]    Compiling parking_lot_core v0.9.10
[INFO] [stderr]    Compiling ahash v0.7.8
[INFO] [stderr]    Compiling anyhow v1.0.86
[INFO] [stderr]    Compiling virtue v0.0.13
[INFO] [stderr]    Compiling zeroize v1.8.1
[INFO] [stderr]    Compiling rkyv v0.7.44
[INFO] [stderr]    Compiling serde_json v1.0.120
[INFO] [stderr]    Compiling webpki-roots v0.26.3
[INFO] [stderr]    Compiling event-listener v5.3.1
[INFO] [stderr]    Compiling dirs-sys v0.4.1
[INFO] [stderr]    Compiling ahash v0.8.11
[INFO] [stderr]    Compiling crossbeam-deque v0.8.5
[INFO] [stderr]    Compiling num_cpus v1.16.0
[INFO] [stderr]    Compiling stable_deref_trait v1.2.0
[INFO] [stderr]    Compiling winnow v0.6.14
[INFO] [stderr]    Compiling constant_time_eq v0.3.0
[INFO] [stderr]    Compiling matches v0.1.10
[INFO] [stderr]    Compiling bincode_derive v2.0.0-rc.3
[INFO] [stderr]    Compiling arrayref v0.3.8
[INFO] [stderr]    Compiling arrayvec v0.7.4
[INFO] [stderr]    Compiling rayon-core v1.12.1
[INFO] [stderr]    Compiling data-url v0.1.1
[INFO] [stderr]    Compiling unicode-normalization v0.1.23
[INFO] [stderr]    Compiling parking_lot v0.12.3
[INFO] [stderr]    Compiling hashbrown v0.12.3
[INFO] [stderr]    Compiling quote v1.0.36
[INFO] [stderr]    Compiling jobserver v0.1.31
[INFO] [stderr]    Compiling event-listener-strategy v0.5.2
[INFO] [stderr]    Compiling syn v2.0.72
[INFO] [stderr]    Compiling syn v1.0.109
[INFO] [stderr]    Compiling rand_core v0.6.4
[INFO] [stderr]    Compiling servo_arc v0.3.0
[INFO] [stderr]    Compiling wyrand v0.2.0
[INFO] [stderr]    Compiling cc v1.1.6
[INFO] [stderr]    Compiling rand_chacha v0.3.1
[INFO] [stderr]    Compiling idna v0.5.0
[INFO] [stderr]    Compiling flate2 v1.0.30
[INFO] [stderr]    Compiling bincode v2.0.0-rc.3
[INFO] [stderr]    Compiling directories v5.0.1
[INFO] [stderr]    Compiling rand v0.8.5
[INFO] [stderr]    Compiling brotli-decompressor v4.0.1
[INFO] [stderr]    Compiling raw-cpuid v11.1.0
[INFO] [stderr]    Compiling futures-task v0.3.30
[INFO] [stderr]    Compiling futures-core v0.3.30
[INFO] [stderr]    Compiling moka v0.12.8
[INFO] [stderr]    Compiling vlq v0.5.1
[INFO] [stderr]    Compiling rayon v1.10.0
[INFO] [stderr]    Compiling async-lock v3.4.0
[INFO] [stderr]    Compiling phf_generator v0.10.0
[INFO] [stderr]    Compiling phf_generator v0.11.2
[INFO] [stderr]    Compiling phf_codegen v0.10.0
[INFO] [stderr]    Compiling phf_codegen v0.11.2
[INFO] [stderr]    Compiling string_cache_codegen v0.5.2
[INFO] [stderr]    Compiling parcel_selectors v0.26.5
[INFO] [stderr]    Compiling selectors v0.25.0
[INFO] [stderr]    Compiling url v2.5.2
[INFO] [stderr]    Compiling dashmap v5.5.3
[INFO] [stderr]    Compiling markup5ever v0.12.1
[INFO] [stderr]    Compiling itertools v0.10.5
[INFO] [stderr]    Compiling uuid v1.10.0
[INFO] [stderr]    Compiling crossbeam-channel v0.5.13
[INFO] [stderr]    Compiling tagptr v0.2.0
[INFO] [stderr]    Compiling data-encoding v2.6.0
[INFO] [stderr]    Compiling unicode-blocks v0.1.9
[INFO] [stderr]    Compiling ring v0.17.8
[INFO] [stderr]    Compiling zstd-sys v2.0.12+zstd.1.5.6
[INFO] [stderr]    Compiling blake3 v1.5.3
[INFO] [stderr]    Compiling mkwebfont_hb-subset v0.5.0
[INFO] [stderr]    Compiling mkwebfont_fontops v0.4.0
[INFO] [stderr]    Compiling quanta v0.12.3
[INFO] [stderr]    Compiling brotli v6.0.0
[INFO] [stderr]    Compiling pathdiff v0.2.1
[INFO] [stderr]    Compiling triomphe v0.1.11
[INFO] [stderr]    Compiling arcstr v1.2.0
[INFO] [stderr]    Compiling ptr_meta_derive v0.1.4
[INFO] [stderr]    Compiling static-self-derive v0.1.1
[INFO] [stderr]    Compiling rkyv_derive v0.7.44
[INFO] [stderr]    Compiling ptr_meta v0.1.4
[INFO] [stderr]    Compiling const-str-proc-macro v0.3.2
[INFO] [stderr]    Compiling static-self v0.1.1
[INFO] [stderr]    Compiling const-str v0.3.2
[INFO] [stderr]    Compiling darling_core v0.20.10
[INFO] [stderr]    Compiling serde_derive v1.0.204
[INFO] [stderr]    Compiling phf_macros v0.11.2
[INFO] [stderr] warning: mkwebfont_hb-subset@0.5.0: c++: fatal error: Killed signal terminated program cc1plus
[INFO] [stderr] warning: mkwebfont_hb-subset@0.5.0: compilation terminated.
[INFO] [stderr] error: failed to run custom build command for `mkwebfont_hb-subset v0.5.0`
[INFO] [stderr] note: To improve backtraces for build dependencies, set the CARGO_PROFILE_RELEASE_BUILD_OVERRIDE_DEBUG=true environment variable to enable debug information generation.
[INFO] [stderr] 
[INFO] [stderr] Caused by:
[INFO] [stderr]   process didn't exit successfully: `/opt/rustwide/target/release/build/mkwebfont_hb-subset/316b5df630147ee4/out/build_script_build` (exit status: 1)
[INFO] [stderr]   --- stdout
[INFO] [stderr]   OUT_DIR = Some(/opt/rustwide/target/release/build/mkwebfont_hb-subset/21948bd296527eb1/out)
[INFO] [stderr]   TARGET = Some(x86_64-unknown-linux-gnu)
[INFO] [stderr]   OPT_LEVEL = Some(3)
[INFO] [stderr]   HOST = Some(x86_64-unknown-linux-gnu)
[INFO] [stderr]   cargo:rerun-if-env-changed=CXX_x86_64-unknown-linux-gnu
[INFO] [stderr]   CXX_x86_64-unknown-linux-gnu = None
[INFO] [stderr]   cargo:rerun-if-env-changed=CXX_x86_64_unknown_linux_gnu
[INFO] [stderr]   CXX_x86_64_unknown_linux_gnu = None
[INFO] [stderr]   cargo:rerun-if-env-changed=HOST_CXX
[INFO] [stderr]   HOST_CXX = None
[INFO] [stderr]   cargo:rerun-if-env-changed=CXX
[INFO] [stderr]   CXX = None
[INFO] [stderr]   cargo:rerun-if-env-changed=CC_ENABLE_DEBUG_OUTPUT
[INFO] [stderr]   RUSTC_WRAPPER = None
[INFO] [stderr]   cargo:rerun-if-env-changed=CRATE_CC_NO_DEFAULTS
[INFO] [stderr]   CRATE_CC_NO_DEFAULTS = None
[INFO] [stderr]   DEBUG = Some(false)
[INFO] [stderr]   CARGO_CFG_TARGET_FEATURE = Some(fxsr,sse,sse2)
[INFO] [stderr]   cargo:rerun-if-env-changed=CXXFLAGS_x86_64-unknown-linux-gnu
[INFO] [stderr]   CXXFLAGS_x86_64-unknown-linux-gnu = None
[INFO] [stderr]   cargo:rerun-if-env-changed=CXXFLAGS_x86_64_unknown_linux_gnu
[INFO] [stderr]   CXXFLAGS_x86_64_unknown_linux_gnu = None
[INFO] [stderr]   cargo:rerun-if-env-changed=HOST_CXXFLAGS
[INFO] [stderr]   HOST_CXXFLAGS = None
[INFO] [stderr]   cargo:rerun-if-env-changed=CXXFLAGS
[INFO] [stderr]   CXXFLAGS = None
[INFO] [stderr]   cargo:warning=c++: fatal error: Killed signal terminated program cc1plus
[INFO] [stderr]   cargo:warning=compilation terminated.
[INFO] [stderr] 
[INFO] [stderr]   --- stderr
[INFO] [stderr] 
[INFO] [stderr] 
[INFO] [stderr]   error occurred: Command "c++" "-O3" "-ffunction-sections" "-fdata-sections" "-fPIC" "-m64" "-std=c++11" "-o" "/opt/rustwide/target/release/build/mkwebfont_hb-subset/21948bd296527eb1/out/4d14d96344e595a9-harfbuzz-subset.o" "-c" "harfbuzz/src/harfbuzz-subset.cc" with args c++ did not execute successfully (status code exit status: 1).
[INFO] [stderr] 
[INFO] [stderr] 
[INFO] [stderr] warning: build failed, waiting for other jobs to finish...
[INFO] [stderr] error: could not compile `darling_core` (lib)
[INFO] [stderr] 
[INFO] [stderr] Caused by:
[INFO] [stderr]   process didn't exit successfully: `/opt/rustwide/rustup-home/toolchains/1.100.0-beta.1-x86_64-unknown-linux-gnu/bin/rustc --crate-name darling_core --edition=2021 /opt/rustwide/cargo-home/registry/src/index.crates.io-1949cf8c6b5b557f/darling_core-0.20.10/src/lib.rs --error-format=json --json=diagnostic-rendered-ansi,artifacts,future-incompat,unused-externs-silent --crate-type lib --emit=dep-info,metadata,link -C embed-bitcode=no -C debug-assertions=off --check-cfg 'cfg(docsrs,test)' --check-cfg 'cfg(feature, values("diagnostics", "strsim", "suggestions"))' -C metadata=723c9386c9898ed4 -C extra-filename=-8663275f7b2a92c2 --out-dir /opt/rustwide/target/release/build/darling_core/8663275f7b2a92c2/out -C strip=debuginfo -L dependency=/opt/rustwide/target/release/build/proc-macro2/94ebd9ad1918a04e/out -L dependency=/opt/rustwide/target/release/build/quote/eba33f7333cb83f9/out -L dependency=/opt/rustwide/target/release/build/unicode-ident/672a6a0cb072f7d2/out --extern fnv=/opt/rustwide/target/release/build/fnv/6585b0f5dbb96e82/out/libfnv-6585b0f5dbb96e82.rmeta --extern ident_case=/opt/rustwide/target/release/build/ident_case/a065971c3e4efbdb/out/libident_case-a065971c3e4efbdb.rmeta --extern proc_macro2=/opt/rustwide/target/release/build/proc-macro2/94ebd9ad1918a04e/out/libproc_macro2-94ebd9ad1918a04e.rmeta --extern quote=/opt/rustwide/target/release/build/quote/eba33f7333cb83f9/out/libquote-eba33f7333cb83f9.rmeta --extern syn=/opt/rustwide/target/release/build/syn/13b508e32f4c9bcb/out/libsyn-13b508e32f4c9bcb.rmeta --cap-lints allow --cap-lints=warn --force-warn=unused_crate_dependencies` (signal: 9, SIGKILL: kill)
[INFO] [stderr] error: could not compile `brotli` (lib)
[INFO] [stderr] 
[INFO] [stderr] Caused by:
[INFO] [stderr]   process didn't exit successfully: `/opt/rustwide/rustup-home/toolchains/1.100.0-beta.1-x86_64-unknown-linux-gnu/bin/rustc --crate-name brotli --edition=2015 /opt/rustwide/cargo-home/registry/src/index.crates.io-1949cf8c6b5b557f/brotli-6.0.0/src/lib.rs --error-format=json --json=diagnostic-rendered-ansi,artifacts,future-incompat,unused-externs-silent --crate-type lib --emit=dep-info,metadata,link -C opt-level=3 -C embed-bitcode=no --cfg 'feature="alloc-stdlib"' --cfg 'feature="default"' --cfg 'feature="ffi-api"' --cfg 'feature="std"' --check-cfg 'cfg(docsrs,test)' --check-cfg 'cfg(feature, values("alloc-stdlib", "benchmark", "default", "disable-timer", "external-literal-probability", "ffi-api", "pass-through-ffi-panics", "seccomp", "sha2", "simd", "std", "validation", "vector_scratch_space"))' -C metadata=6be3ca02cf4eb821 -C extra-filename=-6f0a25af1c1e9488 --out-dir /opt/rustwide/target/release/build/brotli/6f0a25af1c1e9488/out -C strip=debuginfo -L dependency=/opt/rustwide/target/release/build/alloc-no-stdlib/19a1b00ff93de4ee/out -L dependency=/opt/rustwide/target/release/build/alloc-stdlib/c970bc87719fcca2/out --extern alloc_no_stdlib=/opt/rustwide/target/release/build/alloc-no-stdlib/19a1b00ff93de4ee/out/liballoc_no_stdlib-19a1b00ff93de4ee.rmeta --extern alloc_stdlib=/opt/rustwide/target/release/build/alloc-stdlib/c970bc87719fcca2/out/liballoc_stdlib-c970bc87719fcca2.rmeta --extern brotli_decompressor=/opt/rustwide/target/release/build/brotli-decompressor/3f1b625d0fb12b62/out/libbrotli_decompressor-3f1b625d0fb12b62.rmeta --cap-lints allow --cap-lints=warn --force-warn=unused_crate_dependencies` (signal: 9, SIGKILL: kill)
[INFO] [stderr] warning: mkwebfont_fontops@0.4.0: In file included from contrib/woff2/src/woff2_out.cc:9:
[INFO] [stderr] warning: mkwebfont_fontops@0.4.0: contrib/woff2/include/woff2/output.h:73:25: error: expected ')' before '*' token
[INFO] [stderr] warning: mkwebfont_fontops@0.4.0:    73 |   WOFF2MemoryOut(uint8_t* buf, size_t buf_size);
[INFO] [stderr] warning: mkwebfont_fontops@0.4.0:       |                 ~       ^
[INFO] [stderr] warning: mkwebfont_fontops@0.4.0:       |                         )
[INFO] [stderr] warning: mkwebfont_fontops@0.4.0: contrib/woff2/include/woff2/output.h:79:3: error: 'uint8_t' does not name a type
[INFO] [stderr] warning: mkwebfont_fontops@0.4.0:    79 |   uint8_t* buf_;
[INFO] [stderr] warning: mkwebfont_fontops@0.4.0:       |   ^~~~~~~
[INFO] [stderr] warning: mkwebfont_fontops@0.4.0: contrib/woff2/include/woff2/output.h:16:1: note: 'uint8_t' is defined in header '<cstdint>'; this is probably fixable by adding '#include <cstdint>'
[INFO] [stderr] warning: mkwebfont_fontops@0.4.0:    15 | #include <string>
[INFO] [stderr] warning: mkwebfont_fontops@0.4.0:   +++ |+#include <cstdint>
[INFO] [stderr] warning: mkwebfont_fontops@0.4.0:    16 | 
[INFO] [stderr] warning: mkwebfont_fontops@0.4.0: contrib/woff2/src/woff2_out.cc:44:31: error: expected constructor, destructor, or type conversion before '(' token
[INFO] [stderr] warning: mkwebfont_fontops@0.4.0:    44 | WOFF2MemoryOut::WOFF2MemoryOut(uint8_t* buf, size_t buf_size)
[INFO] [stderr] warning: mkwebfont_fontops@0.4.0:       |                               ^
[INFO] [stderr] warning: mkwebfont_fontops@0.4.0: contrib/woff2/src/woff2_out.cc: In member function 'virtual bool woff2::WOFF2MemoryOut::Write(const void*, size_t, size_t)':
[INFO] [stderr] warning: mkwebfont_fontops@0.4.0: contrib/woff2/src/woff2_out.cc:57:15: error: 'buf_' was not declared in this scope; did you mean 'buf'?
[INFO] [stderr] warning: mkwebfont_fontops@0.4.0:    57 |   std::memcpy(buf_ + offset, buf, n);
[INFO] [stderr] warning: mkwebfont_fontops@0.4.0:       |               ^~~~
[INFO] [stderr] warning: mkwebfont_fontops@0.4.0:       |               buf
[INFO] [stderr] warning: mkwebfont_fontops@0.4.0: ToolExecError: Command "c++" "-O3" "-ffunction-sections" "-fdata-sections" "-fPIC" "-m64" "-static" "-I" "contrib/woff2/brotli/c/include" "-I" "contrib/woff2/include" "-std=c++11" "-o" "/opt/rustwide/target/release/build/mkwebfont_fontops/8ab463187fba7f84/out/497a34ee28b24734-woff2_out.o" "-c" "contrib/woff2/src/woff2_out.cc" with args c++ did not execute successfully (status code exit status: 1).
[INFO] [stderr] error: failed to run custom build command for `mkwebfont_fontops v0.4.0`
[INFO] [stderr] note: To improve backtraces for build dependencies, set the CARGO_PROFILE_RELEASE_BUILD_OVERRIDE_DEBUG=true environment variable to enable debug information generation.
[INFO] [stderr] 
[INFO] [stderr] Caused by:
[INFO] [stderr]   process didn't exit successfully: `/opt/rustwide/target/release/build/mkwebfont_fontops/d08649945407f7c4/out/build_script_build` (exit status: 1)
[INFO] [stderr]   --- stdout
[INFO] [stderr]   OUT_DIR = Some(/opt/rustwide/target/release/build/mkwebfont_fontops/8ab463187fba7f84/out)
[INFO] [stderr]   TARGET = Some(x86_64-unknown-linux-gnu)
[INFO] [stderr]   OPT_LEVEL = Some(3)
[INFO] [stderr]   HOST = Some(x86_64-unknown-linux-gnu)
[INFO] [stderr]   cargo:rerun-if-env-changed=CXX_x86_64-unknown-linux-gnu
[INFO] [stderr]   CXX_x86_64-unknown-linux-gnu = None
[INFO] [stderr]   cargo:rerun-if-env-changed=CXX_x86_64_unknown_linux_gnu
[INFO] [stderr]   CXX_x86_64_unknown_linux_gnu = None
[INFO] [stderr]   cargo:rerun-if-env-changed=HOST_CXX
[INFO] [stderr]   HOST_CXX = None
[INFO] [stderr]   cargo:rerun-if-env-changed=CXX
[INFO] [stderr]   CXX = None
[INFO] [stderr]   cargo:rerun-if-env-changed=CC_ENABLE_DEBUG_OUTPUT
[INFO] [stderr]   RUSTC_WRAPPER = None
[INFO] [stderr]   cargo:rerun-if-env-changed=CRATE_CC_NO_DEFAULTS
[INFO] [stderr]   CRATE_CC_NO_DEFAULTS = None
[INFO] [stderr]   DEBUG = Some(false)
[INFO] [stderr]   cargo:rerun-if-env-changed=CXXFLAGS_x86_64-unknown-linux-gnu
[INFO] [stderr]   CXXFLAGS_x86_64-unknown-linux-gnu = None
[INFO] [stderr]   cargo:rerun-if-env-changed=CXXFLAGS_x86_64_unknown_linux_gnu
[INFO] [stderr]   CXXFLAGS_x86_64_unknown_linux_gnu = None
[INFO] [stderr]   cargo:rerun-if-env-changed=HOST_CXXFLAGS
[INFO] [stderr]   HOST_CXXFLAGS = None
[INFO] [stderr]   cargo:rerun-if-env-changed=CXXFLAGS
[INFO] [stderr]   CXXFLAGS = None
[INFO] [stderr]   cargo:warning=In file included from contrib/woff2/src/woff2_out.cc:9:
[INFO] [stderr]   cargo:warning=contrib/woff2/include/woff2/output.h:73:25: error: expected ')' before '*' token
[INFO] [stderr]   cargo:warning=   73 |   WOFF2MemoryOut(uint8_t* buf, size_t buf_size);
[INFO] [stderr]   cargo:warning=      |                 ~       ^
[INFO] [stderr]   cargo:warning=      |                         )
[INFO] [stderr]   cargo:warning=contrib/woff2/include/woff2/output.h:79:3: error: 'uint8_t' does not name a type
[INFO] [stderr]   cargo:warning=   79 |   uint8_t* buf_;
[INFO] [stderr]   cargo:warning=      |   ^~~~~~~
[INFO] [stderr]   cargo:warning=contrib/woff2/include/woff2/output.h:16:1: note: 'uint8_t' is defined in header '<cstdint>'; this is probably fixable by adding '#include <cstdint>'
[INFO] [stderr]   cargo:warning=   15 | #include <string>
[INFO] [stderr]   cargo:warning=  +++ |+#include <cstdint>
[INFO] [stderr]   cargo:warning=   16 | 
[INFO] [stderr]   cargo:warning=contrib/woff2/src/woff2_out.cc:44:31: error: expected constructor, destructor, or type conversion before '(' token
[INFO] [stderr]   cargo:warning=   44 | WOFF2MemoryOut::WOFF2MemoryOut(uint8_t* buf, size_t buf_size)
[INFO] [stderr]   cargo:warning=      |                               ^
[INFO] [stderr]   cargo:warning=contrib/woff2/src/woff2_out.cc: In member function 'virtual bool woff2::WOFF2MemoryOut::Write(const void*, size_t, size_t)':
[INFO] [stderr]   cargo:warning=contrib/woff2/src/woff2_out.cc:57:15: error: 'buf_' was not declared in this scope; did you mean 'buf'?
[INFO] [stderr]   cargo:warning=   57 |   std::memcpy(buf_ + offset, buf, n);
[INFO] [stderr]   cargo:warning=      |               ^~~~
[INFO] [stderr]   cargo:warning=      |               buf
[INFO] [stderr]   exit status: 0
[INFO] [stderr]   exit status: 0
[INFO] [stderr]   exit status: 0
[INFO] [stderr]   exit status: 0
[INFO] [stderr]   exit status: 0
[INFO] [stderr]   exit status: 0
[INFO] [stderr]   exit status: 0
[INFO] [stderr]   exit status: 1
[INFO] [stderr]   cargo:warning=ToolExecError: Command "c++" "-O3" "-ffunction-sections" "-fdata-sections" "-fPIC" "-m64" "-static" "-I" "contrib/woff2/brotli/c/include" "-I" "contrib/woff2/include" "-std=c++11" "-o" "/opt/rustwide/target/release/build/mkwebfont_fontops/8ab463187fba7f84/out/497a34ee28b24734-woff2_out.o" "-c" "contrib/woff2/src/woff2_out.cc" with args c++ did not execute successfully (status code exit status: 1).
[INFO] [stderr]   exit status: 0
[INFO] [stderr]   exit status: 0
[INFO] [stderr] 
[INFO] [stderr]   --- stderr
[INFO] [stderr] 
[INFO] [stderr] 
[INFO] [stderr]   error occurred: Command "c++" "-O3" "-ffunction-sections" "-fdata-sections" "-fPIC" "-m64" "-static" "-I" "contrib/woff2/brotli/c/include" "-I" "contrib/woff2/include" "-std=c++11" "-o" "/opt/rustwide/target/release/build/mkwebfont_fontops/8ab463187fba7f84/out/497a34ee28b24734-woff2_out.o" "-c" "contrib/woff2/src/woff2_out.cc" with args c++ did not execute successfully (status code exit status: 1).
[INFO] [stderr] 
[INFO] [stderr] 
[INFO] running `Command { std: "docker" "inspect" "b95f0846457569d5cb37e575bfe2eca73cc781e3f1cdf6974ba7ee050277201e", kill_on_drop: false }`
[INFO] running `Command { std: "docker" "rm" "-f" "b95f0846457569d5cb37e575bfe2eca73cc781e3f1cdf6974ba7ee050277201e", kill_on_drop: false }`
[INFO] [stdout] b95f0846457569d5cb37e575bfe2eca73cc781e3f1cdf6974ba7ee050277201e
