[INFO] fetching crate miraland-poh 1.19.2...
[INFO] testing miraland-poh-1.19.2 against 1.100.0-beta.1+cargoflags=--release for beta-release-1.100-2
[INFO] extracting crate miraland-poh 1.19.2 into /workspace/builds/worker-6-tc2/source
[INFO] started tweaking crates.io crate miraland-poh 1.19.2
[INFO] finished tweaking crates.io crate miraland-poh 1.19.2
[INFO] tweaked toml for crates.io crate miraland-poh 1.19.2 written to /workspace/builds/worker-6-tc2/source/Cargo.toml
[INFO] validating manifest of crates.io crate miraland-poh 1.19.2 on toolchain 1.100.0-beta.1
[INFO] running `Command { std: CARGO_HOME="/workspace/cargo-home" RUSTUP_HOME="/workspace/rustup-home" "/workspace/cargo-home/bin/cargo" "+1.100.0-beta.1" "metadata" "--manifest-path" "Cargo.toml" "--no-deps", kill_on_drop: false }`
[INFO] running `Command { std: CARGO_HOME="/workspace/cargo-home" RUSTUP_HOME="/workspace/rustup-home" "/workspace/cargo-home/bin/cargo" "+1.100.0-beta.1" "generate-lockfile" "--manifest-path" "Cargo.toml", kill_on_drop: false }`
[INFO] [stderr]     Updating crates.io index
[INFO] [stderr]      Locking 571 packages to highest compatible versions
[INFO] [stderr]       Adding bincode v1.3.3 (available: v3.0.0)
[INFO] [stderr]       Adding brotli-decompressor v6.0.1 (available: v6.1.0)
[INFO] [stderr]       Adding core_affinity v0.5.10 (available: v0.8.3)
[INFO] [stderr]       Adding crypto-common v0.1.6 (available: v0.1.7)
[INFO] [stderr]       Adding rand v0.8.8 (available: v0.10.3)
[INFO] [stderr]       Adding solana_rbpf v0.8.4 (available: v0.8.5)
[INFO] [stderr]       Adding thiserror v1.0.69 (available: v2.0.21)
[INFO] [stderr]       Adding zeroize v1.3.0 (available: v1.9.1)
[INFO] running `Command { std: CARGO_HOME="/workspace/cargo-home" RUSTUP_HOME="/workspace/rustup-home" "/workspace/cargo-home/bin/cargo" "+1.100.0-beta.1" "fetch" "--manifest-path" "Cargo.toml", kill_on_drop: false }`
[INFO] running `Command { std: "docker" "create" "-v" "/var/lib/crater-agent-workspace/builds/worker-6-tc2/source:/opt/rustwide/workdir:ro,Z" "-v" "/var/lib/crater-agent-workspace/builds/worker-6-tc2/target:/opt/rustwide/target:rw,Z" "-v" "/var/lib/crater-agent-workspace/cargo-home:/opt/rustwide/cargo-home:ro,Z" "-v" "/var/lib/crater-agent-workspace/rustup-home:/opt/rustwide/rustup-home:ro,Z" "-m" "1610612736" "--network" "none" "ghcr.io/rust-lang/crates-build-env/linux@sha256:77db811e55d90add9212f6832c23229e3de5f1c1f9905e8cb07319ea15df73ac" "sleep" "infinity", kill_on_drop: false }`
[INFO] [stdout] 499c24f416605b267f386f3927086045d53ff477cd9b728d7949299ee3c96f5a
[INFO] running `Command { std: "docker" "start" "499c24f416605b267f386f3927086045d53ff477cd9b728d7949299ee3c96f5a", kill_on_drop: false }`
[INFO] running `Command { std: "docker" "inspect" "499c24f416605b267f386f3927086045d53ff477cd9b728d7949299ee3c96f5a", kill_on_drop: false }`
[INFO] running `Command { std: "docker" "exec" "-e" "SOURCE_DIR=/opt/rustwide/workdir" "-e" "CARGO_HOME=/opt/rustwide/cargo-home" "-e" "RUSTUP_HOME=/opt/rustwide/rustup-home" "-e" "CARGO_TARGET_DIR=/opt/rustwide/target" "-w" "/opt/rustwide/workdir" "--user" "0:0" "499c24f416605b267f386f3927086045d53ff477cd9b728d7949299ee3c96f5a" "/opt/rustwide/cargo-home/bin/cargo" "+1.100.0-beta.1" "metadata" "--no-deps" "--format-version=1", kill_on_drop: false }`
[INFO] running `Command { std: "docker" "inspect" "499c24f416605b267f386f3927086045d53ff477cd9b728d7949299ee3c96f5a", kill_on_drop: false }`
[INFO] running `Command { std: "docker" "exec" "-e" "SOURCE_DIR=/opt/rustwide/workdir" "-e" "CARGO_HOME=/opt/rustwide/cargo-home" "-e" "RUSTUP_HOME=/opt/rustwide/rustup-home" "-e" "CARGO_TARGET_DIR=/opt/rustwide/target" "-e" "CARGO_INCREMENTAL=0" "-e" "RUST_BACKTRACE=full" "-e" "RUSTFLAGS=--cap-lints=warn" "-e" "RUSTDOCFLAGS=--cap-lints=warn" "-w" "/opt/rustwide/workdir" "--user" "0:0" "499c24f416605b267f386f3927086045d53ff477cd9b728d7949299ee3c96f5a" "/opt/rustwide/cargo-home/bin/cargo" "+1.100.0-beta.1" "build" "--frozen" "--message-format=json" "--release", kill_on_drop: false }`
[INFO] [stderr]    Compiling serde_core v1.0.229
[INFO] [stderr]    Compiling typenum v1.20.1
[INFO] [stderr]    Compiling generic-array v0.14.9
[INFO] [stderr]    Compiling syn v1.0.109
[INFO] [stderr]    Compiling jobserver v0.1.35
[INFO] [stderr]    Compiling getrandom v0.2.17
[INFO] [stderr]    Compiling syn v3.0.9
[INFO] [stderr]    Compiling syn v2.0.119
[INFO] [stderr]    Compiling memchr v2.8.3
[INFO] [stderr]    Compiling cc v1.8.0
[INFO] [stderr]    Compiling rand_core v0.6.4
[INFO] [stderr]    Compiling zerocopy v0.8.63
[INFO] [stderr]    Compiling num-traits v0.2.19
[INFO] [stderr]    Compiling anyhow v1.0.104
[INFO] [stderr]    Compiling either v1.19.0
[INFO] [stderr]    Compiling num-integer v0.1.47
[INFO] [stderr]    Compiling hashbrown v0.17.1
[INFO] [stderr]    Compiling equivalent v1.0.3
[INFO] [stderr]    Compiling ahash v0.7.8
[INFO] [stderr]    Compiling smallvec v1.16.3
[INFO] [stderr]    Compiling bitflags v2.13.2
[INFO] [stderr]    Compiling crossbeam-utils v0.8.23
[INFO] [stderr]    Compiling thiserror v1.0.69
[INFO] [stderr]    Compiling indexmap v2.14.2
[INFO] [stderr]    Compiling getrandom v0.1.16
[INFO] [stderr]    Compiling ahash v0.8.12
[INFO] [stderr]    Compiling crossbeam-epoch v0.9.21
[INFO] [stderr]    Compiling serde v1.0.229
[INFO] [stderr]    Compiling rand_core v0.5.1
[INFO] [stderr]    Compiling getrandom v0.3.4
[INFO] [stderr]    Compiling itertools v0.10.5
[INFO] [stderr]    Compiling winnow v1.0.4
[INFO] [stderr]    Compiling crossbeam-deque v0.8.8
[INFO] [stderr]    Compiling block-padding v0.2.1
[INFO] [stderr]    Compiling once_cell v1.21.4
[INFO] [stderr]    Compiling scopeguard v1.2.0
[INFO] [stderr]    Compiling byteorder v1.5.0
[INFO] [stderr]    Compiling num-bigint v0.4.8
[INFO] [stderr]    Compiling ppv-lite86 v0.2.21
[INFO] [stderr]    Compiling toml_parser v1.1.5+spec-1.1.0
[INFO] [stderr]    Compiling serde_derive v1.0.229
[INFO] [stderr]    Compiling zeroize_derive v1.5.0
[INFO] [stderr]    Compiling rand_chacha v0.3.1
[INFO] [stderr]    Compiling thiserror-impl v1.0.69
[INFO] [stderr]    Compiling rand v0.8.8
[INFO] [stderr]    Compiling zeroize v1.3.0
[INFO] [stderr]    Compiling ark-serialize-derive v0.4.2
[INFO] [stderr]    Compiling digest v0.9.0
[INFO] [stderr]    Compiling toml_datetime v1.1.2+spec-1.1.0
[INFO] [stderr]    Compiling subtle v2.6.1
[INFO] [stderr]    Compiling libsecp256k1-core v0.2.2
[INFO] [stderr]    Compiling toml_edit v0.25.17+spec-1.1.0
[INFO] [stderr]    Compiling ark-std v0.4.0
[INFO] [stderr]    Compiling ark-ff-macros v0.4.2
[INFO] [stderr]    Compiling hashbrown v0.13.2
[INFO] [stderr]    Compiling ark-ff-asm v0.4.2
[INFO] [stderr]    Compiling toml v0.5.11
[INFO] [stderr]    Compiling derivative v2.2.0
[INFO] [stderr]    Compiling rand_chacha v0.2.2
[INFO] [stderr]    Compiling lock_api v0.4.14
[INFO] [stderr]    Compiling serde_json v1.0.154
[INFO] [stderr]    Compiling lazy_static v1.5.1
[INFO] [stderr]    Compiling rand v0.7.3
[INFO] [stderr]    Compiling proc-macro-crate v3.5.0
[INFO] [stderr]    Compiling rayon-core v1.13.0
[INFO] [stderr]    Compiling hybrid-array v0.4.15
[INFO] [stderr]    Compiling proc-macro-crate v0.1.5
[INFO] [stderr]    Compiling feature-probe v0.1.1
[INFO] [stderr]    Compiling bv v0.11.1
[INFO] [stderr]    Compiling rayon v1.12.0
[INFO] [stderr]    Compiling parking_lot_core v0.9.12
[INFO] [stderr]    Compiling libsecp256k1-gen-ecmult v0.2.1
[INFO] [stderr]    Compiling libsecp256k1-gen-genmult v0.2.1
[INFO] [stderr]    Compiling crunchy v0.2.4
[INFO] [stderr]    Compiling bitmaps v2.1.0
[INFO] [stderr]    Compiling miraland-frozen-abi-macro v1.19.2
[INFO] [stderr]    Compiling im v15.1.0
[INFO] [stderr]    Compiling cmov v0.5.4
[INFO] [stderr]    Compiling keccak v0.1.6
[INFO] [stderr]    Compiling futures-core v0.3.34
[INFO] [stderr]    Compiling ctutils v0.4.3
[INFO] [stderr]    Compiling borsh v1.8.1
[INFO] [stderr]    Compiling sized-chunks v0.6.5
[INFO] [stderr]    Compiling wasm-bindgen-macro-support v0.2.129
[INFO] [stderr]    Compiling libsecp256k1 v0.6.0
[INFO] [stderr]    Compiling crypto-common v0.2.2
[INFO] [stderr]    Compiling block-buffer v0.12.1
[INFO] [stderr]    Compiling borsh-schema-derive-internal v0.9.3
[INFO] [stderr]    Compiling crypto-common v0.1.6
[INFO] [stderr]    Compiling block-buffer v0.10.4
[INFO] [stderr]    Compiling digest v0.10.7
[INFO] [stderr]    Compiling block-buffer v0.9.0
[INFO] [stderr]    Compiling crypto-mac v0.8.0
[INFO] [stderr]    Compiling sha2 v0.9.9
[INFO] [stderr]    Compiling hmac v0.8.1
[INFO] [stderr]    Compiling ark-serialize v0.4.2
[INFO] [stderr]    Compiling sha2 v0.10.9
[INFO] [stderr]    Compiling ark-ff v0.4.2
[INFO] [stderr]    Compiling curve25519-dalek v3.2.1
[INFO] [stderr]    Compiling borsh-derive-internal v0.9.3
[INFO] [stderr]    Compiling borsh-schema-derive-internal v0.10.4
[INFO] [stderr]    Compiling borsh-derive-internal v0.10.4
[INFO] [stderr]    Compiling blake3 v1.8.7
[INFO] [stderr]    Compiling rand_xoshiro v0.6.0
[INFO] [stderr]    Compiling miraland-frozen-abi v1.19.2
[INFO] [stderr]    Compiling memoffset v0.9.1
[INFO] [stderr]    Compiling tinyvec v1.13.3
[INFO] [stderr]    Compiling unicode-normalization v0.1.26
[INFO] [stderr]    Compiling borsh-derive v0.10.4
[INFO] [stderr]    Compiling borsh-derive v0.9.3
[INFO] [stderr]    Compiling digest v0.11.3
[INFO] [stderr]    Compiling hmac-drbg v0.3.0
[INFO] [stderr]    Compiling pbkdf2 v0.4.0
[INFO] [stderr]    Compiling parking_lot v0.12.5
[INFO] [stderr]    Compiling borsh-derive v1.8.1
[INFO] [stderr]    Compiling bytemuck_derive v1.12.1
[INFO] [stderr]    Compiling hashbrown v0.11.2
[INFO] [stderr]    Compiling serde_bytes v0.11.19
[INFO] [stderr]    Compiling miraland-program v1.19.2
[INFO] [stderr]    Compiling aho-corasick v1.1.5
[INFO] [stderr]    Compiling memmap2 v0.5.10
[INFO] [stderr]    Compiling errno v0.3.14
[INFO] [stderr]    Compiling cpufeatures v0.3.1
[INFO] [stderr]    Compiling arrayvec v0.7.8
[INFO] [stderr]    Compiling arrayref v0.3.9
[INFO] [stderr]    Compiling bs58 v0.5.1
[INFO] [stderr]    Compiling constant_time_eq v0.4.2
[INFO] [stderr]    Compiling rustc-hash v1.1.0
[INFO] [stderr]    Compiling base64 v0.12.3
[INFO] [stderr]    Compiling miraland-sdk-macro v1.19.2
[INFO] [stderr]    Compiling wasm-bindgen-macro v0.2.129
[INFO] [stderr]    Compiling tiny-bip39 v0.8.2
[INFO] [stderr]    Compiling wasm-bindgen v0.2.129
[INFO] [stderr]    Compiling regex-automata v0.4.18
[INFO] [stderr]    Compiling ark-poly v0.4.2
[INFO] [stderr]    Compiling signal-hook-registry v1.4.8
[INFO] [stderr]    Compiling bytemuck v1.25.2
[INFO] [stderr]    Compiling borsh v0.9.3
[INFO] [stderr]    Compiling borsh v0.10.4
[INFO] [stderr]    Compiling sha3 v0.10.9
[INFO] [stderr]    Compiling ark-ec v0.4.2
[INFO] [stderr]    Compiling bincode v1.3.3
[INFO] [stderr]    Compiling num-derive v0.4.2
[INFO] [stderr]    Compiling tokio-macros v2.7.2
[INFO] [stderr]    Compiling itertools v0.12.1
[INFO] [stderr]    Compiling mio v1.2.4
[INFO] [stderr]    Compiling socket2 v0.6.5
[INFO] [stderr]    Compiling regex v1.13.1
[INFO] [stderr]    Compiling synstructure v0.14.0
[INFO] [stderr]    Compiling tokio v1.53.3
[INFO] [stderr]    Compiling ark-bn254 v0.4.0
[INFO] [stderr]    Compiling darling_core v0.20.11
[INFO] [stderr]    Compiling futures-sink v0.3.34
[INFO] [stderr]    Compiling zerofrom-derive v0.1.8
[INFO] [stderr]    Compiling light-poseidon v0.2.0
[INFO] [stderr]    Compiling signature v1.6.4
[INFO] [stderr]    Compiling futures-channel v0.3.34
[INFO] [stderr]    Compiling yoke-derive v0.8.4
[INFO] [stderr]    Compiling ed25519 v1.5.3
[INFO] [stderr]    Compiling num_enum_derive v0.7.6
[INFO] [stderr]    Compiling futures-macro v0.3.34
[INFO] [stderr]    Compiling zerofrom v0.1.8
[INFO] [stderr]    Compiling atty v0.2.14
[INFO] [stderr]    Compiling humantime v2.4.0
[INFO] [stderr]    Compiling termcolor v1.4.1
[INFO] [stderr]    Compiling futures-io v0.3.34
[INFO] [stderr]    Compiling futures-task v0.3.34
[INFO] [stderr]    Compiling chrono v0.4.45
[INFO] [stderr]    Compiling env_logger v0.9.3
[INFO] [stderr]    Compiling futures-util v0.3.34
[INFO] [stderr]    Compiling yoke v0.8.3
[INFO] [stderr]    Compiling num_enum v0.7.6
[INFO] [stderr]    Compiling ed25519-dalek v1.0.1
[INFO] [stderr]    Compiling hmac v0.12.1
[INFO] [stderr]    Compiling http v0.2.12
[INFO] [stderr]    Compiling darling_macro v0.20.11
[INFO] [stderr]    Compiling darling v0.20.11
[INFO] [stderr]    Compiling serde_with_macros v2.3.3
[INFO] [stderr]    Compiling miraland-sdk v1.19.2
[INFO] [stderr]    Compiling derivation-path v0.2.0
[INFO] [stderr]    Compiling serde_with v2.3.3
[INFO] [stderr]    Compiling ed25519-dalek-bip32 v0.2.0
[INFO] [stderr]    Compiling miraland-logger v1.19.2
[INFO] [stderr]    Compiling qstring v0.7.2
[INFO] [stderr]    Compiling pbkdf2 v0.11.0
[INFO] [stderr]    Compiling uriparse v0.6.4
[INFO] [stderr]    Compiling qualifier_attr v0.2.2
[INFO] [stderr]    Compiling zerovec-derive v0.11.6
[INFO] [stderr]    Compiling openssl-src v300.6.1+3.6.3
[INFO] [stderr]    Compiling siphasher v0.3.11
[INFO] [stderr]    Compiling assert_matches v1.5.0
[INFO] [stderr]    Compiling openssl-sys v0.9.117
[INFO] [stderr]    Compiling tracing-attributes v0.1.31
[INFO] [stderr]    Compiling displaydoc v0.2.7
[INFO] [stderr]    Compiling zerovec v0.11.8
[INFO] [stderr]    Compiling cfg-if v1.0.5
[INFO] [stderr]    Compiling tokio-util v0.7.20
[INFO] [stderr]    Compiling tracing v0.1.44
[INFO] [stderr]    Compiling ring v0.17.14
[INFO] [stderr]    Compiling http-body v0.4.6
[INFO] [stderr]    Compiling httpdate v1.0.3
[INFO] [stderr]    Compiling want v0.3.2
[INFO] [stderr]    Compiling tinystr v0.8.4
[INFO] [stderr]    Compiling socket2 v0.5.10
[INFO] [stderr]    Compiling writeable v0.6.4
[INFO] [stderr]    Compiling h2 v0.3.27
[INFO] [stderr]    Compiling openssl v0.10.81
[INFO] [stderr]    Compiling litemap v0.8.3
[INFO] [stderr]    Compiling icu_locale_core v2.3.0
[INFO] [stderr]    Compiling potential_utf v0.1.6
[INFO] [stderr]    Compiling zerotrie v0.2.5
[INFO] [stderr]    Compiling openssl-macros v0.1.1
[INFO] [stderr]    Compiling icu_normalizer_data v2.3.0
[INFO] [stderr]    Compiling icu_properties_data v2.3.0
[INFO] [stderr]    Compiling icu_collections v2.3.0
[INFO] [stderr]    Compiling icu_provider v2.3.1
[INFO] [stderr]    Compiling native-tls v0.2.18
[INFO] [stderr]    Compiling alloc-no-stdlib v3.0.0
[INFO] [stderr]    Compiling crc32fast v1.5.2
[INFO] [stderr]    Compiling rustls v0.21.12
[INFO] [stderr]    Compiling alloc-stdlib v0.3.0
[INFO] [stderr]    Compiling simd-adler32 v0.3.10
[INFO] [stderr]    Compiling base64 v0.21.7
[INFO] [stderr]    Compiling hyper v0.14.32
[INFO] [stderr]    Compiling miniz_oxide v0.9.1
[INFO] [stderr]    Compiling icu_properties v2.3.0
[INFO] [stderr]    Compiling icu_normalizer v2.3.0
[INFO] [stderr]    Compiling brotli-decompressor v6.0.1
[INFO] [stderr]    Compiling flate2 v1.1.10
[INFO] [stderr]    Compiling idna_adapter v1.2.2
[INFO] [stderr]    Compiling encoding_rs v0.8.42
[INFO] [stderr]    Compiling num-bigint v0.2.6
[INFO] [stderr]    Compiling brotli v9.0.0
[INFO] [stderr]    Compiling sync_wrapper v0.1.2
[INFO] [stderr]    Compiling compression-core v0.4.34
[INFO] [stderr]    Compiling idna v1.1.0
[INFO] [stderr]    Compiling rustls-pemfile v1.0.4
[INFO] [stderr]    Compiling num-rational v0.2.4
[INFO] [stderr]    Compiling num-complex v0.2.4
[INFO] [stderr]    Compiling simdutf8 v0.1.5
[INFO] [stderr]    Compiling multiversion_no_op v1.0.0
[INFO] [stderr]    Compiling core_detect v1.0.0
[INFO] [stderr]    Compiling serde_urlencoded v0.7.1
[INFO] [stderr]    Compiling url v2.5.8
[INFO] [stderr]    Compiling rustls-webpki v0.101.7
[INFO] [stderr]    Compiling sct v0.7.1
[INFO] [stderr]    Compiling compression-codecs v0.4.46
[INFO] [stderr]    Compiling async-compression v0.4.51
[INFO] [stderr]    Compiling scroll_derive v0.11.1
[INFO] [stderr]    Compiling ipnet v2.12.2
[INFO] [stderr]    Compiling webpki-roots v0.25.4
[INFO] [stderr]    Compiling void v1.0.2
[INFO] [stderr]    Compiling unreachable v1.0.0
[INFO] [stderr]    Compiling scroll v0.11.0
[INFO] [stderr]    Compiling inout v0.1.4
[INFO] [stderr]    Compiling num-iter v0.1.46
[INFO] [stderr]    Compiling ascii v0.9.3
[INFO] [stderr]    Compiling plain v0.2.3
[INFO] [stderr]    Compiling tokio-rustls v0.24.1
[INFO] [stderr]    Compiling hyper-rustls v0.24.2
[INFO] [stderr]    Compiling combine v3.8.1
[INFO] [stderr]    Compiling goblin v0.5.4
[INFO] [stderr]    Compiling cipher v0.4.4
[INFO] [stderr]    Compiling num v0.2.1
[INFO] [stderr]    Compiling enum-iterator-derive v1.5.0
[INFO] [stderr]    Compiling hash32 v0.2.1
[INFO] [stderr]    Compiling crossbeam-channel v0.5.17
[INFO] [stderr]    Compiling miraland-program-runtime v1.19.2
[INFO] [stderr]    Compiling gethostname v0.2.3
[INFO] [stderr]    Compiling rustc-demangle v0.1.28
[INFO] [stderr]    Compiling enum-iterator v1.5.0
[INFO] [stderr]    Compiling percentage v0.1.0
[INFO] [stderr]    Compiling universal-hash v0.5.1
[INFO] [stderr]    Compiling eager v0.1.0
[INFO] [stderr]    Compiling polyval v0.6.2
[INFO] [stderr]    Compiling aes v0.8.4
[INFO] [stderr]    Compiling ctr v0.9.2
[INFO] [stderr]    Compiling aead v0.5.2
[INFO] [stderr]    Compiling aes-gcm-siv v0.11.1
[INFO] [stderr]    Compiling sha3 v0.9.1
[INFO] [stderr]    Compiling solana_rbpf v0.8.4
[INFO] [stderr]    Compiling merlin v3.0.0
[INFO] [stderr]    Compiling cpufeatures v0.2.17
[INFO] [stderr]    Compiling rustix v1.1.5
[INFO] [stderr]    Compiling solarti-discriminator-syn v0.1.10
[INFO] [stderr]    Compiling solarti-program-error-derive v0.3.11
[INFO] [stderr]    Compiling regex-syntax v0.8.11
[INFO] [stderr]    Compiling solarti-discriminator-derive v0.1.10
[INFO] [stderr]    Compiling zstd-sys v2.1.2+zstd.1.5.7
[INFO] [stderr]    Compiling prost-derive v0.11.9
[INFO] [stderr]    Compiling heck v0.4.1
[INFO] [stderr]    Compiling miraland-vote-program v1.19.2
[INFO] [stderr]    Compiling glob v0.3.4
[INFO] [stderr]    Compiling rustix v0.38.44
[INFO] [stderr]    Compiling clang-sys v1.9.1
[INFO] [stderr]    Compiling getrandom v0.4.3
[INFO] [stderr]    Compiling hashbrown v0.12.3
[INFO] [stderr]    Compiling lz4-sys v1.11.1+lz4-1.10.0
[INFO] [stderr]    Compiling proc-macro-error-attr v1.0.4
[INFO] [stderr]    Compiling bytes v1.12.1
[INFO] [stderr]    Compiling linux-raw-sys v0.4.15
[INFO] [stderr]    Compiling prettyplease v0.1.25
[INFO] [stderr]    Compiling linux-raw-sys v0.12.1
[INFO] [stderr]    Compiling prettyplease v0.2.37
[INFO] [stderr]    Compiling prost v0.11.9
[INFO] [stderr]    Compiling autotools v0.2.7
[INFO] [stderr]    Compiling proc-macro-error v1.0.4
[INFO] [stderr]    Compiling fixedbitset v0.4.2
[INFO] [stderr]    Compiling fastrand v2.5.0
[INFO] [stderr]    Compiling home v0.5.12
[INFO] [stderr]    Compiling minimal-lexical v0.2.1
[INFO] [stderr]    Compiling nom v7.1.3
[INFO] [stderr]    Compiling which v4.4.2
[INFO] [stderr]    Compiling tempfile v3.27.0
[INFO] [stderr]    Compiling petgraph v0.6.5
[INFO] [stderr]    Compiling protobuf-src v1.1.0+21.5
[INFO] [stderr]    Compiling prost-types v0.11.9
[INFO] [stderr]    Compiling libloading v0.8.9
[INFO] [stderr]    Compiling bzip2-sys v0.1.13+1.0.8
[INFO] [stderr]    Compiling num_cpus v1.17.0
[INFO] [stderr]    Compiling memoffset v0.7.1
[INFO] [stderr]    Compiling indexmap v1.9.3
[INFO] [stderr]    Compiling log v0.4.34
[INFO] [stderr]    Compiling miraland-security-txt v1.1.1
[INFO] [stderr]    Compiling bindgen v0.65.1
[INFO] [stderr]    Compiling multimap v0.8.3
[INFO] [stderr]    Compiling prost-build v0.11.9
[INFO] [stderr]    Compiling cexpr v0.6.0
[INFO] [stderr]    Compiling pin-project-internal v1.1.13
[INFO] [stderr]    Compiling axum-core v0.3.4
[INFO] [stderr]    Compiling miraland-stake-program v1.19.2
[INFO] [stderr]    Compiling instant v0.1.13
[INFO] [stderr]    Compiling peeking_take_while v0.1.2
[INFO] [stderr]    Compiling bitflags v1.3.2
[INFO] [stderr]    Compiling lazycell v1.3.0
[INFO] [stderr]    Compiling tonic-build v0.9.2
[INFO] [stderr]    Compiling pin-project v1.1.13
[INFO] [stderr]    Compiling miraland-rayon-threadlimit v1.19.2
[INFO] [stderr]    Compiling futures-executor v0.3.34
[INFO] [stderr]    Compiling Inflector v0.11.4
[INFO] [stderr]    Compiling solarti-program-error v0.3.11
[INFO] [stderr]    Compiling solarti-discriminator v0.1.10
[INFO] [stderr]    Compiling solarti-memo v4.1.0
[INFO] [stderr]    Compiling solarti-token v4.2.0
[INFO] [stderr]    Compiling modular-bitfield-impl v0.11.2
[INFO] [stderr]    Compiling dlopen2_derive v0.3.0
[INFO] [stderr]    Compiling async-trait v0.1.92
[INFO] [stderr]    Compiling axum v0.6.20
[INFO] [stderr]    Compiling miraland-svm v1.19.2
[INFO] [stderr]    Compiling miraland-perf v1.19.2
[INFO] [stderr]    Compiling miraland-address-lookup-table-program v1.19.2
[INFO] [stderr]    Compiling predicates-core v1.0.10
[INFO] [stderr]    Compiling parking_lot_core v0.8.6
[INFO] [stderr]    Compiling powerfmt v0.2.1
[INFO] [stderr]    Compiling pin-utils v0.1.1
[INFO] [stderr]    Compiling deranged v0.5.9
[INFO] [stderr]    Compiling nix v0.26.4
[INFO] [stderr]    Compiling time v0.3.55
[INFO] [stderr]    Compiling ouroboros_macro v0.15.6
[INFO] [stderr]    Compiling librocksdb-sys v0.11.0+8.1.1
[INFO] [stderr]    Compiling modular-bitfield v0.11.2
[INFO] [stderr]    Compiling dlopen2 v0.5.0
[INFO] [stderr]    Compiling futures v0.3.34
[INFO] [stderr]    Compiling tower v0.4.13
[INFO] [stderr]    Compiling bzip2 v0.4.4
[INFO] [stderr]    Compiling xattr v1.6.1
[INFO] [stderr]    Compiling strum_macros v0.24.3
[INFO] [stderr]    Compiling tokio-io-timeout v1.2.1
[INFO] [stderr]    Compiling headers-core v0.2.0
[INFO] [stderr]    Compiling sha1 v0.10.7
[INFO] [stderr]    Compiling async-stream-impl v0.3.6
[INFO] [stderr]    Compiling float-cmp v0.9.0
[INFO] [stderr]    Compiling miraland-version v1.19.2
[INFO] [stderr]    Compiling miraland-accounts-db v1.19.2
[INFO] [stderr]    Compiling miraland-vote v1.19.2
[INFO] [stderr]    Compiling miraland-cost-model v1.19.2
[INFO] [stderr]    Compiling include_dir_macros v0.7.4
[INFO] [stderr]    Compiling caps v0.5.6
[INFO] [stderr]    Compiling filetime v0.2.29
[INFO] [stderr]    Compiling difflib v0.4.0
[INFO] [stderr]    Compiling matchit v0.7.3
[INFO] [stderr]    Compiling normalize-line-endings v0.3.0
[INFO] [stderr]    Compiling hashbrown v0.14.5
[INFO] [stderr]    Compiling simpl v0.1.0
[INFO] [stderr]    Compiling termtree v0.5.1
[INFO] [stderr]    Compiling aliasable v0.1.3
[INFO] [stderr]    Compiling ouroboros v0.15.6
[INFO] [stderr]    Compiling predicates-tree v1.0.13
[INFO] [stderr]    Compiling dashmap v5.5.3
[INFO] [stderr]    Compiling predicates v2.1.5
[INFO] [stderr]    Compiling include_dir v0.7.4
[INFO] [stderr]    Compiling fast-math v0.1.1
[INFO] [stderr]    Compiling tar v0.4.46
[INFO] [stderr]    Compiling miraland-measure v1.19.2
[INFO] [stderr]    Compiling miraland-zk-token-sdk v1.19.2
[INFO] [stderr]    Compiling miraland-bucket-map v1.19.2
[INFO] [stderr]    Compiling strum v0.24.1
[INFO] [stderr]    Compiling async-stream v0.3.6
[INFO] [stderr]    Compiling headers v0.3.9
[INFO] [stderr]    Compiling hyper-timeout v0.4.1
[INFO] [stderr]    Compiling lz4 v1.28.1
[INFO] [stderr]    Compiling lru v0.7.8
[INFO] [stderr]    Compiling mockall_derive v0.11.4
[INFO] [stderr]    Compiling tokio-stream v0.1.19
[INFO] [stderr]    Compiling seqlock v0.2.0
[INFO] [stderr]    Compiling fragile v2.1.0
[INFO] [stderr]    Compiling reed-solomon-erasure v6.0.0
[INFO] [stderr]    Compiling arc-swap v1.9.3
[INFO] [stderr]    Compiling miraland-runtime v1.19.2
[INFO] [stderr]    Compiling miraland-nohash-hasher v0.2.1
[INFO] [stderr]    Compiling index_list v0.2.17
[INFO] [stderr]    Compiling semver v1.0.28
[INFO] [stderr]    Compiling tonic v0.9.2
[INFO] [stderr]    Compiling parking_lot v0.11.2
[INFO] [stderr]    Compiling mockall v0.11.4
[INFO] [stderr]    Compiling dir-diff v0.3.3
[INFO] [stderr]    Compiling miraland-merkle-tree v1.19.2
[INFO] [stderr]    Compiling aquamarine v0.3.3
[INFO] [stderr]    Compiling backoff v0.4.0
[INFO] [stderr]    Compiling miraland-ledger v1.19.2
[INFO] [stderr]    Compiling spin v0.9.9
[INFO] [stderr]    Compiling symlink v0.1.0
[INFO] [stderr]    Compiling chrono-humanize v0.2.3
[INFO] [stderr]    Compiling fs_extra v1.3.0
[INFO] [stderr]    Compiling trees v0.4.2
[INFO] [stderr]    Compiling core_affinity v0.5.10
[INFO] [stderr] error: could not compile `tonic` (lib)
[INFO] [stderr] 
[INFO] [stderr] Caused by:
[INFO] [stderr]   process didn't exit successfully: `/opt/rustwide/rustup-home/toolchains/1.100.0-beta.1-x86_64-unknown-linux-gnu/bin/rustc --crate-name tonic --edition=2021 /opt/rustwide/cargo-home/registry/src/index.crates.io-1949cf8c6b5b557f/tonic-0.9.2/src/lib.rs --error-format=json --json=diagnostic-rendered-ansi,artifacts,future-incompat,unused-externs-silent --crate-type lib --emit=dep-info,metadata,link -C opt-level=3 -C embed-bitcode=no --cfg 'feature="channel"' --cfg 'feature="codegen"' --cfg 'feature="default"' --cfg 'feature="prost"' --cfg 'feature="tls"' --cfg 'feature="transport"' --check-cfg 'cfg(docsrs,test)' --check-cfg 'cfg(feature, values("channel", "codegen", "default", "gzip", "prost", "tls", "tls-roots", "tls-roots-common", "tls-webpki-roots", "transport"))' -C metadata=8f087d6f048d31f3 -C extra-filename=-5607737a928fb856 --out-dir /opt/rustwide/target/release/build/tonic/5607737a928fb856/out -C strip=debuginfo -L dependency=/opt/rustwide/target/release/build/ahash/159a80838e13ce34/out -L dependency=/opt/rustwide/target/release/build/async-stream-impl/787669311a30cc63/out -L dependency=/opt/rustwide/target/release/build/async-trait/908639ab56f7b360/out -L dependency=/opt/rustwide/target/release/build/axum-core/20f357b53640ca4b/out -L dependency=/opt/rustwide/target/release/build/base64/3f3a561c7d479591/out -L dependency=/opt/rustwide/target/release/build/bitflags/68973b8086863992/out -L dependency=/opt/rustwide/target/release/build/bytes/654f8a7a557a4087/out -L dependency=/opt/rustwide/target/release/build/cfg-if/aebc73b2fc35ea49/out -L dependency=/opt/rustwide/target/release/build/equivalent/edce8fcc016f2345/out -L dependency=/opt/rustwide/target/release/build/errno/02eed075fa89b053/out -L dependency=/opt/rustwide/target/release/build/fnv/98df728fc8020158/out -L dependency=/opt/rustwide/target/release/build/futures-channel/8ac9169392cd26e3/out -L dependency=/opt/rustwide/target/release/build/futures-core/000e9c1bb1a1e1f4/out -L dependency=/opt/rustwide/target/release/build/futures-io/140f40c122dc4703/out -L dependency=/opt/rustwide/target/release/build/futures-macro/83ec0d9b0b0b0d00/out -L dependency=/opt/rustwide/target/release/build/futures-sink/5b1f2e5a11c9433c/out -L dependency=/opt/rustwide/target/release/build/futures-task/5c5534087cfa7016/out -L dependency=/opt/rustwide/target/release/build/futures-util/dd728df526d6bfd6/out -L dependency=/opt/rustwide/target/release/build/getrandom/9263344c4cd23a72/out -L dependency=/opt/rustwide/target/release/build/h2/40e139fc2eb96500/out -L dependency=/opt/rustwide/target/release/build/hashbrown/2e3533f20bd43096/out -L dependency=/opt/rustwide/target/release/build/hashbrown/e584a62dc81c493d/out -L dependency=/opt/rustwide/target/release/build/http-body/f296c3a4efc16f97/out -L dependency=/opt/rustwide/target/release/build/http/cc419af555191242/out -L dependency=/opt/rustwide/target/release/build/httparse/5ae8896e125f1bfe/out -L dependency=/opt/rustwide/target/release/build/httpdate/640331056eb5ecbb/out -L dependency=/opt/rustwide/target/release/build/hyper/f8d1046e42d7c948/out -L dependency=/opt/rustwide/target/release/build/indexmap/1da1ebef1f8689b8/out -L dependency=/opt/rustwide/target/release/build/indexmap/dc25fd61c93c12c6/out -L dependency=/opt/rustwide/target/release/build/itoa/1e9e3b22820c4a15/out -L dependency=/opt/rustwide/target/release/build/libc/70ef44432283a73c/out -L dependency=/opt/rustwide/target/release/build/lock_api/c6ff1e89ed4d34af/out -L dependency=/opt/rustwide/target/release/build/log/d8c2df6ef41c90a5/out -L dependency=/opt/rustwide/target/release/build/matchit/0ab3f88ea1d6385d/out -L dependency=/opt/rustwide/target/release/build/memchr/1561441b0daabd70/out -L dependency=/opt/rustwide/target/release/build/mime/6d6703af1a0641fa/out -L dependency=/opt/rustwide/target/release/build/mio/115efc5d162475f4/out -L dependency=/opt/rustwide/target/release/build/once_cell/a92ce0590bdd2571/out -L dependency=/opt/rustwide/target/release/build/parking_lot/f6e7e49ff4e6030f/out -L dependency=/opt/rustwide/target/release/build/parking_lot_core/844a2266d072cc70/out -L dependency=/opt/rustwide/target/release/build/percent-encoding/6ee9e8dd7e10ccaa/out -L dependency=/opt/rustwide/target/release/build/pin-project-internal/05fadc3aba51c3be/out -L dependency=/opt/rustwide/target/release/build/pin-project-lite/9a89bb36c0c56875/out -L dependency=/opt/rustwide/target/release/build/pin-project/2117956f4391996f/out -L dependency=/opt/rustwide/target/release/build/ppv-lite86/cbc071a7b1ce8658/out -L dependency=/opt/rustwide/target/release/build/prost-derive/293f1a7aa43631a3/out -L dependency=/opt/rustwide/target/release/build/rand/af508d7f1748b865/out -L dependency=/opt/rustwide/target/release/build/rand_chacha/3dc293ad2cb50d0c/out -L dependency=/opt/rustwide/target/release/build/rand_core/2452b1a0fb28259a/out -L dependency=/opt/rustwide/target/release/build/ring/caf837eaccea22ad/out -L dependency=/opt/rustwide/target/release/build/rustls-webpki/9fe009e37430769b/out -L dependency=/opt/rustwide/target/release/build/rustls/03bcb1c523c3f349/out -L dependency=/opt/rustwide/target/release/build/scopeguard/71d6624487ed130b/out -L dependency=/opt/rustwide/target/release/build/sct/8fdc890b3c897d6c/out -L dependency=/opt/rustwide/target/release/build/serde/6457943564b3c58a/out -L dependency=/opt/rustwide/target/release/build/serde_core/1c8f8d03c2b1856e/out -L dependency=/opt/rustwide/target/release/build/serde_derive/417276cfd3f60c07/out -L dependency=/opt/rustwide/target/release/build/signal-hook-registry/e1b8b273504080e6/out -L dependency=/opt/rustwide/target/release/build/slab/fc33110460bc6c9a/out -L dependency=/opt/rustwide/target/release/build/smallvec/d54445d261bbe568/out -L dependency=/opt/rustwide/target/release/build/socket2/06d4b1225f5f78c1/out -L dependency=/opt/rustwide/target/release/build/socket2/c4793464d173204a/out -L dependency=/opt/rustwide/target/release/build/sync_wrapper/549ce4c27f612df6/out -L dependency=/opt/rustwide/target/release/build/tokio-io-timeout/f05166b5f464be0d/out -L dependency=/opt/rustwide/target/release/build/tokio-macros/853bfb54cd24e760/out -L dependency=/opt/rustwide/target/release/build/tokio-util/804aa1232366f963/out -L dependency=/opt/rustwide/target/release/build/tokio/4adc7b9ca06d50c5/out -L dependency=/opt/rustwide/target/release/build/tower-layer/ef066f11b7c6abbf/out -L dependency=/opt/rustwide/target/release/build/tower-service/1eef8393de4ac64f/out -L dependency=/opt/rustwide/target/release/build/tower/bc03f946b30954e0/out -L dependency=/opt/rustwide/target/release/build/tracing-attributes/af5ffecee2f1e1b4/out -L dependency=/opt/rustwide/target/release/build/tracing-core/3e7f99a7051d5219/out -L dependency=/opt/rustwide/target/release/build/tracing/25070b69b65fc7a3/out -L dependency=/opt/rustwide/target/release/build/try-lock/f6d0b473a0eeeda4/out -L dependency=/opt/rustwide/target/release/build/untrusted/5ab0aa40ecba79ee/out -L dependency=/opt/rustwide/target/release/build/want/fdd30a0e84c3b897/out -L dependency=/opt/rustwide/target/release/build/zerocopy/2501ad56a7ef57f6/out --extern async_stream=/opt/rustwide/target/release/build/async-stream/fe76716bdcea1d58/out/libasync_stream-fe76716bdcea1d58.rmeta --extern async_trait=/opt/rustwide/target/release/build/async-trait/908639ab56f7b360/out/libasync_trait-908639ab56f7b360.so --extern axum=/opt/rustwide/target/release/build/axum/ab78f7e80fb3b9d1/out/libaxum-ab78f7e80fb3b9d1.rmeta --extern base64=/opt/rustwide/target/release/build/base64/3f3a561c7d479591/out/libbase64-3f3a561c7d479591.rmeta --extern bytes=/opt/rustwide/target/release/build/bytes/654f8a7a557a4087/out/libbytes-654f8a7a557a4087.rmeta --extern futures_core=/opt/rustwide/target/release/build/futures-core/000e9c1bb1a1e1f4/out/libfutures_core-000e9c1bb1a1e1f4.rmeta --extern futures_util=/opt/rustwide/target/release/build/futures-util/dd728df526d6bfd6/out/libfutures_util-dd728df526d6bfd6.rmeta --extern h2=/opt/rustwide/target/release/build/h2/40e139fc2eb96500/out/libh2-40e139fc2eb96500.rmeta --extern http=/opt/rustwide/target/release/build/http/cc419af555191242/out/libhttp-cc419af555191242.rmeta --extern http_body=/opt/rustwide/target/release/build/http-body/f296c3a4efc16f97/out/libhttp_body-f296c3a4efc16f97.rmeta --extern hyper=/opt/rustwide/target/release/build/hyper/f8d1046e42d7c948/out/libhyper-f8d1046e42d7c948.rmeta --extern hyper_timeout=/opt/rustwide/target/release/build/hyper-timeout/a3cc5299d99fa359/out/libhyper_timeout-a3cc5299d99fa359.rmeta --extern percent_encoding=/opt/rustwide/target/release/build/percent-encoding/6ee9e8dd7e10ccaa/out/libpercent_encoding-6ee9e8dd7e10ccaa.rmeta --extern pin_project=/opt/rustwide/target/release/build/pin-project/2117956f4391996f/out/libpin_project-2117956f4391996f.rmeta --extern prost=/opt/rustwide/target/release/build/prost/b52853e7fa4a68f0/out/libprost-b52853e7fa4a68f0.rmeta --extern rustls_pemfile=/opt/rustwide/target/release/build/rustls-pemfile/b1835c0706fdad90/out/librustls_pemfile-b1835c0706fdad90.rmeta --extern tokio=/opt/rustwide/target/release/build/tokio/4adc7b9ca06d50c5/out/libtokio-4adc7b9ca06d50c5.rmeta --extern tokio_rustls=/opt/rustwide/target/release/build/tokio-rustls/16804f6a94a92c02/out/libtokio_rustls-16804f6a94a92c02.rmeta --extern tokio_stream=/opt/rustwide/target/release/build/tokio-stream/4c62eb1951b4b303/out/libtokio_stream-4c62eb1951b4b303.rmeta --extern tower=/opt/rustwide/target/release/build/tower/bc03f946b30954e0/out/libtower-bc03f946b30954e0.rmeta --extern tower_layer=/opt/rustwide/target/release/build/tower-layer/ef066f11b7c6abbf/out/libtower_layer-ef066f11b7c6abbf.rmeta --extern tower_service=/opt/rustwide/target/release/build/tower-service/1eef8393de4ac64f/out/libtower_service-1eef8393de4ac64f.rmeta --extern tracing=/opt/rustwide/target/release/build/tracing/25070b69b65fc7a3/out/libtracing-25070b69b65fc7a3.rmeta --cap-lints allow --cap-lints=warn --force-warn=unused_crate_dependencies -L native=/opt/rustwide/target/release/build/ring/4662f7bba5789289/out` (signal: 9, SIGKILL: kill)
[INFO] [stderr] warning: build failed, waiting for other jobs to finish...
[INFO] [stderr] error: could not compile `miraland-zk-token-sdk` (lib)
[INFO] [stderr] 
[INFO] [stderr] Caused by:
[INFO] [stderr]   process didn't exit successfully: `/opt/rustwide/rustup-home/toolchains/1.100.0-beta.1-x86_64-unknown-linux-gnu/bin/rustc --crate-name miraland_zk_token_sdk --edition=2021 /opt/rustwide/cargo-home/registry/src/index.crates.io-1949cf8c6b5b557f/miraland-zk-token-sdk-1.19.2/src/lib.rs --error-format=json --json=diagnostic-rendered-ansi,artifacts,future-incompat,unused-externs-silent --crate-type cdylib --crate-type rlib --emit=dep-info,link -C opt-level=3 -C embed-bitcode=no --check-cfg 'cfg(docsrs,test)' --check-cfg 'cfg(feature, values())' -C metadata=f6420f2192aa2e87 --out-dir /opt/rustwide/target/release/build/miraland-zk-token-sdk/d47eea5bbeacdbab/out -C strip=debuginfo -L dependency=/opt/rustwide/target/release/build/aead/ff830f022de7eec0/out -L dependency=/opt/rustwide/target/release/build/aes/78d33d889028f288/out -L dependency=/opt/rustwide/target/release/build/ahash/087c3999578fe56b/out -L dependency=/opt/rustwide/target/release/build/ahash/159a80838e13ce34/out -L dependency=/opt/rustwide/target/release/build/aho-corasick/dbf78813e25217d0/out -L dependency=/opt/rustwide/target/release/build/anyhow/d9d662e7f67d1b3f/out -L dependency=/opt/rustwide/target/release/build/ark-bn254/3d6a755589368378/out -L dependency=/opt/rustwide/target/release/build/ark-ec/b030e906a1411272/out -L dependency=/opt/rustwide/target/release/build/ark-ff-asm/af1884cbc55ad4da/out -L dependency=/opt/rustwide/target/release/build/ark-ff-macros/8edbc5d21b27b063/out -L dependency=/opt/rustwide/target/release/build/ark-ff/cb94235fafe39c68/out -L dependency=/opt/rustwide/target/release/build/ark-poly/c95dae202f3b27fd/out -L dependency=/opt/rustwide/target/release/build/ark-serialize-derive/a3a281ff2cf1268f/out -L dependency=/opt/rustwide/target/release/build/ark-serialize/64f0cb11b879fbf9/out -L dependency=/opt/rustwide/target/release/build/ark-std/fcc0ab6170ea01a9/out -L dependency=/opt/rustwide/target/release/build/arrayref/b29b114356c49262/out -L dependency=/opt/rustwide/target/release/build/arrayvec/92f5d766b347ea38/out -L dependency=/opt/rustwide/target/release/build/assert_matches/6ecb493016f4953b/out -L dependency=/opt/rustwide/target/release/build/atty/aa161003444106b4/out -L dependency=/opt/rustwide/target/release/build/base64/5ba8d8f2fe9c6ccd/out -L dependency=/opt/rustwide/target/release/build/base64/fdc298cbdd0128e2/out -L dependency=/opt/rustwide/target/release/build/bincode/4c3ffc125020589d/out -L dependency=/opt/rustwide/target/release/build/bitflags/2553f323d3512651/out -L dependency=/opt/rustwide/target/release/build/bitmaps/e74f3f83e14c3a47/out -L dependency=/opt/rustwide/target/release/build/blake3/25b49c53b7d59eeb/out -L dependency=/opt/rustwide/target/release/build/block-buffer/4561b959be1b427b/out -L dependency=/opt/rustwide/target/release/build/block-buffer/7d6b780b8e9278b6/out -L dependency=/opt/rustwide/target/release/build/block-buffer/942279a398da6bcf/out -L dependency=/opt/rustwide/target/release/build/block-padding/6eb45692ebd08416/out -L dependency=/opt/rustwide/target/release/build/borsh-derive/1fb60a3e8e55e6ba/out -L dependency=/opt/rustwide/target/release/build/borsh-derive/7d1c707fa1979d40/out -L dependency=/opt/rustwide/target/release/build/borsh-derive/b00d05ebb9d069d6/out -L dependency=/opt/rustwide/target/release/build/borsh/bcd16360483a2cfc/out -L dependency=/opt/rustwide/target/release/build/borsh/dc640f4cab364afa/out -L dependency=/opt/rustwide/target/release/build/borsh/e2805509957d4b34/out -L dependency=/opt/rustwide/target/release/build/bs58/175ca3ad93a97087/out -L dependency=/opt/rustwide/target/release/build/bv/8d4e5e0428140a6b/out -L dependency=/opt/rustwide/target/release/build/bytemuck/1196bee7a5e8d7d9/out -L dependency=/opt/rustwide/target/release/build/bytemuck_derive/94741ec7cc3288de/out -L dependency=/opt/rustwide/target/release/build/byteorder/9166ca444e233940/out -L dependency=/opt/rustwide/target/release/build/cfg-if/aebc73b2fc35ea49/out -L dependency=/opt/rustwide/target/release/build/chrono/bdb74bda9f29964c/out -L dependency=/opt/rustwide/target/release/build/cipher/9712bcc33198cce1/out -L dependency=/opt/rustwide/target/release/build/cmov/ea4f3869cacfa5ce/out -L dependency=/opt/rustwide/target/release/build/constant_time_eq/9c99e83632d3825e/out -L dependency=/opt/rustwide/target/release/build/cpufeatures/23cf29946f1b9be2/out -L dependency=/opt/rustwide/target/release/build/cpufeatures/d130f14a0caf1da0/out -L dependency=/opt/rustwide/target/release/build/crossbeam-deque/ac8078006dde899d/out -L dependency=/opt/rustwide/target/release/build/crossbeam-epoch/7420e210a99d3865/out -L dependency=/opt/rustwide/target/release/build/crossbeam-utils/8cf2abe19b635897/out -L dependency=/opt/rustwide/target/release/build/crunchy/c4e42819d93ef048/out -L dependency=/opt/rustwide/target/release/build/crypto-common/76190249f5de850b/out -L dependency=/opt/rustwide/target/release/build/crypto-common/d6840adf3b7b1cf1/out -L dependency=/opt/rustwide/target/release/build/crypto-mac/692e7f2abcd2973d/out -L dependency=/opt/rustwide/target/release/build/ctr/9a502edb19dc5e7a/out -L dependency=/opt/rustwide/target/release/build/ctutils/34b5ae79b4507f92/out -L dependency=/opt/rustwide/target/release/build/curve25519-dalek/a2dc151bca132c76/out -L dependency=/opt/rustwide/target/release/build/derivation-path/118a1f20de91bdd9/out -L dependency=/opt/rustwide/target/release/build/derivative/380ae4cefacb2404/out -L dependency=/opt/rustwide/target/release/build/digest/3849d43c06d9ef3d/out -L dependency=/opt/rustwide/target/release/build/digest/4a0cf34330201c24/out -L dependency=/opt/rustwide/target/release/build/digest/7ad4ed3e25bab237/out -L dependency=/opt/rustwide/target/release/build/ed25519-dalek-bip32/fb280e52cca98a2a/out -L dependency=/opt/rustwide/target/release/build/ed25519-dalek/f16415f600f43e87/out -L dependency=/opt/rustwide/target/release/build/ed25519/0e47e39fc251d20b/out -L dependency=/opt/rustwide/target/release/build/either/d146d5349d50ab55/out -L dependency=/opt/rustwide/target/release/build/env_logger/bdae1b71f692605e/out -L dependency=/opt/rustwide/target/release/build/fnv/98df728fc8020158/out -L dependency=/opt/rustwide/target/release/build/generic-array/792e1414da39dc48/out -L dependency=/opt/rustwide/target/release/build/getrandom/691232071ed96062/out -L dependency=/opt/rustwide/target/release/build/getrandom/9263344c4cd23a72/out -L dependency=/opt/rustwide/target/release/build/getrandom/fa8c9d01a51ffdc8/out -L dependency=/opt/rustwide/target/release/build/hashbrown/7b2edbb8a18fb82c/out -L dependency=/opt/rustwide/target/release/build/hashbrown/7f3db9b00ffe5157/out -L dependency=/opt/rustwide/target/release/build/hmac-drbg/cef4d801521a8a28/out -L dependency=/opt/rustwide/target/release/build/hmac/4542535b9e0d16cb/out -L dependency=/opt/rustwide/target/release/build/hmac/a93b8735433338d3/out -L dependency=/opt/rustwide/target/release/build/humantime/e7dd7a3109c8f367/out -L dependency=/opt/rustwide/target/release/build/hybrid-array/b252893fa23d74e9/out -L dependency=/opt/rustwide/target/release/build/iana-time-zone/ea2d38d0aead4a1d/out -L dependency=/opt/rustwide/target/release/build/im/e1e2de4f7ae701e9/out -L dependency=/opt/rustwide/target/release/build/inout/81ed614ce7a7fada/out -L dependency=/opt/rustwide/target/release/build/itertools/10f04ae91de1ffbf/out -L dependency=/opt/rustwide/target/release/build/itertools/6614e5a0f298698b/out -L dependency=/opt/rustwide/target/release/build/itoa/1e9e3b22820c4a15/out -L dependency=/opt/rustwide/target/release/build/keccak/e458ca93a75bf98f/out -L dependency=/opt/rustwide/target/release/build/lazy_static/149e86038c126fb0/out -L dependency=/opt/rustwide/target/release/build/libc/70ef44432283a73c/out -L dependency=/opt/rustwide/target/release/build/libsecp256k1-core/04f624b9c5a6f139/out -L dependency=/opt/rustwide/target/release/build/libsecp256k1/995da34761dce6d4/out -L dependency=/opt/rustwide/target/release/build/light-poseidon/bb44992190a9ad79/out -L dependency=/opt/rustwide/target/release/build/log/d8c2df6ef41c90a5/out -L dependency=/opt/rustwide/target/release/build/memchr/1561441b0daabd70/out -L dependency=/opt/rustwide/target/release/build/memmap2/a7e4d0ed912c13da/out -L dependency=/opt/rustwide/target/release/build/memoffset/5c874158ae8b3b1a/out -L dependency=/opt/rustwide/target/release/build/miraland-frozen-abi-macro/61c74ed773439507/out -L dependency=/opt/rustwide/target/release/build/miraland-frozen-abi/8a7164d89960283a/out -L dependency=/opt/rustwide/target/release/build/miraland-logger/2893ff2ff7e6d4b9/out -L dependency=/opt/rustwide/target/release/build/miraland-program/4d986e0673e35a6d/out -L dependency=/opt/rustwide/target/release/build/miraland-sdk-macro/09a8dfe4f2914092/out -L dependency=/opt/rustwide/target/release/build/num-bigint/116535082ad49c10/out -L dependency=/opt/rustwide/target/release/build/num-derive/f0e38b3c854a1600/out -L dependency=/opt/rustwide/target/release/build/num-integer/b0ca112c8cdb7d0c/out -L dependency=/opt/rustwide/target/release/build/num-traits/e3a070e9a3cdac24/out -L dependency=/opt/rustwide/target/release/build/num_enum/189c5d8e97c1b45e/out -L dependency=/opt/rustwide/target/release/build/num_enum_derive/5e948989664f1f36/out -L dependency=/opt/rustwide/target/release/build/once_cell/a92ce0590bdd2571/out -L dependency=/opt/rustwide/target/release/build/opaque-debug/86389052e40c7ac0/out -L dependency=/opt/rustwide/target/release/build/paste/f83aa068d9b8e545/out -L dependency=/opt/rustwide/target/release/build/pbkdf2/417bd5894af6368b/out -L dependency=/opt/rustwide/target/release/build/pbkdf2/d400e24e6392505f/out -L dependency=/opt/rustwide/target/release/build/percent-encoding/6ee9e8dd7e10ccaa/out -L dependency=/opt/rustwide/target/release/build/polyval/71f84d83d2bad12e/out -L dependency=/opt/rustwide/target/release/build/ppv-lite86/cbc071a7b1ce8658/out -L dependency=/opt/rustwide/target/release/build/qstring/60b7022425f44e85/out -L dependency=/opt/rustwide/target/release/build/qualifier_attr/bb03fb82f292cec9/out -L dependency=/opt/rustwide/target/release/build/rand/1d160062d037dc3f/out -L dependency=/opt/rustwide/target/release/build/rand/af508d7f1748b865/out -L dependency=/opt/rustwide/target/release/build/rand_chacha/3dc293ad2cb50d0c/out -L dependency=/opt/rustwide/target/release/build/rand_chacha/520993f3f707840d/out -L dependency=/opt/rustwide/target/release/build/rand_core/2452b1a0fb28259a/out -L dependency=/opt/rustwide/target/release/build/rand_core/90cbb7ef8a925fc3/out -L dependency=/opt/rustwide/target/release/build/rand_xoshiro/67d51004f7a59953/out -L dependency=/opt/rustwide/target/release/build/rayon-core/bab21ae090daaef7/out -L dependency=/opt/rustwide/target/release/build/rayon/a0f84667e9c27936/out -L dependency=/opt/rustwide/target/release/build/regex-automata/9ef1d212113d685c/out -L dependency=/opt/rustwide/target/release/build/regex-syntax/7010b26951f94357/out -L dependency=/opt/rustwide/target/release/build/regex/30227abaa2ff79bd/out -L dependency=/opt/rustwide/target/release/build/rustc-hash/594aa461f15f3238/out -L dependency=/opt/rustwide/target/release/build/rustversion/3441a45122a3ce3a/out -L dependency=/opt/rustwide/target/release/build/serde/6457943564b3c58a/out -L dependency=/opt/rustwide/target/release/build/serde_bytes/76736645f4ac411e/out -L dependency=/opt/rustwide/target/release/build/serde_core/1c8f8d03c2b1856e/out -L dependency=/opt/rustwide/target/release/build/serde_derive/417276cfd3f60c07/out -L dependency=/opt/rustwide/target/release/build/serde_json/083f39ece3afa216/out -L dependency=/opt/rustwide/target/release/build/serde_with/951a3e6619691092/out -L dependency=/opt/rustwide/target/release/build/serde_with_macros/8ca8bbee614b56f3/out -L dependency=/opt/rustwide/target/release/build/sha2/068a6d690b8ca674/out -L dependency=/opt/rustwide/target/release/build/sha2/a3420fea18e4cf6d/out -L dependency=/opt/rustwide/target/release/build/sha3/fdef0c8e12d7c962/out -L dependency=/opt/rustwide/target/release/build/signature/f7c4f192bea33863/out -L dependency=/opt/rustwide/target/release/build/siphasher/0fdc4461e3ac1c8a/out -L dependency=/opt/rustwide/target/release/build/sized-chunks/46572707147aae8b/out -L dependency=/opt/rustwide/target/release/build/subtle/c535b9ad2f7b9dde/out -L dependency=/opt/rustwide/target/release/build/termcolor/7fdbd35a1ab5fb9d/out -L dependency=/opt/rustwide/target/release/build/thiserror-impl/ddd2638339080be5/out -L dependency=/opt/rustwide/target/release/build/thiserror/064a78f4e0678957/out -L dependency=/opt/rustwide/target/release/build/tiny-bip39/0587c1ea8df0c55b/out -L dependency=/opt/rustwide/target/release/build/tinyvec/abef6e7f6a4f188b/out -L dependency=/opt/rustwide/target/release/build/typenum/3b4b0aa317a46d21/out -L dependency=/opt/rustwide/target/release/build/unicode-ident/554c8e4b6c297916/out -L dependency=/opt/rustwide/target/release/build/unicode-normalization/7b83fd9b3481a7e3/out -L dependency=/opt/rustwide/target/release/build/universal-hash/1c9f6da0ee38465a/out -L dependency=/opt/rustwide/target/release/build/uriparse/ad2a6c325ed54954/out -L dependency=/opt/rustwide/target/release/build/wasm-bindgen-macro/7a04045f5dffa589/out -L dependency=/opt/rustwide/target/release/build/wasm-bindgen-shared/4f4cd339e5f0c131/out -L dependency=/opt/rustwide/target/release/build/wasm-bindgen/b62d666b3e03f166/out -L dependency=/opt/rustwide/target/release/build/zerocopy/2501ad56a7ef57f6/out -L dependency=/opt/rustwide/target/release/build/zeroize/9b6f4ed0430013d7/out -L dependency=/opt/rustwide/target/release/build/zeroize_derive/4dba137867ef1486/out -L dependency=/opt/rustwide/target/release/build/zmij/586d023c1dba25b5/out --extern aes_gcm_siv=/opt/rustwide/target/release/build/aes-gcm-siv/e2583eb6f27d2069/out/libaes_gcm_siv-e2583eb6f27d2069.rlib --extern base64=/opt/rustwide/target/release/build/base64/5ba8d8f2fe9c6ccd/out/libbase64-5ba8d8f2fe9c6ccd.rlib --extern bincode=/opt/rustwide/target/release/build/bincode/4c3ffc125020589d/out/libbincode-4c3ffc125020589d.rlib --extern bytemuck=/opt/rustwide/target/release/build/bytemuck/1196bee7a5e8d7d9/out/libbytemuck-1196bee7a5e8d7d9.rlib --extern byteorder=/opt/rustwide/target/release/build/byteorder/9166ca444e233940/out/libbyteorder-9166ca444e233940.rlib --extern curve25519_dalek=/opt/rustwide/target/release/build/curve25519-dalek/a2dc151bca132c76/out/libcurve25519_dalek-a2dc151bca132c76.rlib --extern getrandom=/opt/rustwide/target/release/build/getrandom/691232071ed96062/out/libgetrandom-691232071ed96062.rlib --extern itertools=/opt/rustwide/target/release/build/itertools/6614e5a0f298698b/out/libitertools-6614e5a0f298698b.rlib --extern lazy_static=/opt/rustwide/target/release/build/lazy_static/149e86038c126fb0/out/liblazy_static-149e86038c126fb0.rlib --extern merlin=/opt/rustwide/target/release/build/merlin/179c5a098a9df997/out/libmerlin-179c5a098a9df997.rlib --extern miraland_program=/opt/rustwide/target/release/build/miraland-program/4d986e0673e35a6d/out/libmiraland_program.rlib --extern miraland_sdk=/opt/rustwide/target/release/build/miraland-sdk/d5c5a8e360657210/out/libmiraland_sdk.rlib --extern num_derive=/opt/rustwide/target/release/build/num-derive/f0e38b3c854a1600/out/libnum_derive-f0e38b3c854a1600.so --extern num_traits=/opt/rustwide/target/release/build/num-traits/e3a070e9a3cdac24/out/libnum_traits-e3a070e9a3cdac24.rlib --extern rand=/opt/rustwide/target/release/build/rand/1d160062d037dc3f/out/librand-1d160062d037dc3f.rlib --extern serde=/opt/rustwide/target/release/build/serde/6457943564b3c58a/out/libserde-6457943564b3c58a.rlib --extern serde_json=/opt/rustwide/target/release/build/serde_json/083f39ece3afa216/out/libserde_json-083f39ece3afa216.rlib --extern sha3=/opt/rustwide/target/release/build/sha3/5470ee0609dac9be/out/libsha3-5470ee0609dac9be.rlib --extern subtle=/opt/rustwide/target/release/build/subtle/c535b9ad2f7b9dde/out/libsubtle-c535b9ad2f7b9dde.rlib --extern thiserror=/opt/rustwide/target/release/build/thiserror/064a78f4e0678957/out/libthiserror-064a78f4e0678957.rlib --extern zeroize=/opt/rustwide/target/release/build/zeroize/9b6f4ed0430013d7/out/libzeroize-9b6f4ed0430013d7.rlib --cap-lints allow --cap-lints=warn --force-warn=unused_crate_dependencies -L native=/opt/rustwide/target/release/build/blake3/36c87aba94f007fc/out -L native=/opt/rustwide/target/release/build/blake3/36c87aba94f007fc/out` (signal: 9, SIGKILL: kill)
[INFO] [stderr] error: could not compile `trees` (lib)
[INFO] [stderr] 
[INFO] [stderr] Caused by:
[INFO] [stderr]   process didn't exit successfully: `/opt/rustwide/rustup-home/toolchains/1.100.0-beta.1-x86_64-unknown-linux-gnu/bin/rustc --crate-name trees --edition=2018 /opt/rustwide/cargo-home/registry/src/index.crates.io-1949cf8c6b5b557f/trees-0.4.2/src/lib.rs --error-format=json --json=diagnostic-rendered-ansi,artifacts,future-incompat,unused-externs-silent --crate-type lib --emit=dep-info,metadata,link -C opt-level=3 -C embed-bitcode=no --check-cfg 'cfg(docsrs,test)' --check-cfg 'cfg(feature, values("no_std"))' -C metadata=c7ff9c9120dd0b3f -C extra-filename=-2a8687e90acc3605 --out-dir /opt/rustwide/target/release/build/trees/2a8687e90acc3605/out -C strip=debuginfo --cap-lints allow --cap-lints=warn --force-warn=unused_crate_dependencies` (signal: 9, SIGKILL: kill)
[INFO] [stderr] error: failed to run custom build command for `protobuf-src v1.1.0+21.5`
[INFO] [stderr] note: To improve backtraces for build dependencies, set the CARGO_PROFILE_RELEASE_BUILD_OVERRIDE_DEBUG=true environment variable to enable debug information generation.
[INFO] [stderr] 
[INFO] [stderr] Caused by:
[INFO] [stderr]   process didn't exit successfully: `/opt/rustwide/target/release/build/protobuf-src/ff03005e3e3df12d/out/build_script_build` (exit status: 101)
[INFO] [stderr]   --- stdout
[INFO] [stderr]   running: cd "/opt/rustwide/target/release/build/protobuf-src/a4e98665f60071ef/out/install/build" && CC="cc" CFLAGS="-O0 -ffunction-sections -fdata-sections -fPIC -m64 -w" CXX="c++" CXXFLAGS="-O0 -ffunction-sections -fdata-sections -fPIC -m64 -w" LC_ALL="C" "sh" "-c" "exec \"$0\" \"$@\"" "/opt/rustwide/cargo-home/registry/src/index.crates.io-1949cf8c6b5b557f/protobuf-src-1.1.0+21.5/protobuf/configure" "--prefix=/opt/rustwide/target/release/build/protobuf-src/a4e98665f60071ef/out/install" "--disable-shared" "--enable-static" "--disable-maintainer-mode"
[INFO] [stderr]   checking whether to enable maintainer-specific portions of Makefiles... no
[INFO] [stderr]   checking build system type... x86_64-pc-linux-gnu
[INFO] [stderr]   checking host system type... x86_64-pc-linux-gnu
[INFO] [stderr]   checking target system type... x86_64-pc-linux-gnu
[INFO] [stderr]   checking for a BSD-compatible install... /usr/bin/install -c
[INFO] [stderr]   checking whether build environment is sane... yes
[INFO] [stderr]   checking for a race-free mkdir -p... /usr/bin/mkdir -p
[INFO] [stderr]   checking for gawk... no
[INFO] [stderr]   checking for mawk... mawk
[INFO] [stderr]   checking whether make sets $(MAKE)... yes
[INFO] [stderr]   checking whether make supports nested variables... yes
[INFO] [stderr]   checking whether UID '0' is supported by ustar format... yes
[INFO] [stderr]   checking whether GID '0' is supported by ustar format... yes
[INFO] [stderr]   checking how to create a ustar tar archive... gnutar
[INFO] [stderr]   checking whether make supports nested variables... (cached) yes
[INFO] [stderr]   checking for gcc... cc
[INFO] [stderr]   checking whether the C compiler works... yes
[INFO] [stderr]   checking for C compiler default output file name... a.out
[INFO] [stderr]   checking for suffix of executables... 
[INFO] [stderr]   checking whether we are cross compiling... no
[INFO] [stderr]   checking for suffix of object files... o
[INFO] [stderr]   checking whether the compiler supports GNU C... yes
[INFO] [stderr]   checking whether cc accepts -g... yes
[INFO] [stderr]   checking for cc option to enable C11 features... none needed
[INFO] [stderr]   checking whether cc understands -c and -o together... yes
[INFO] [stderr]   checking whether make supports the include directive... yes (GNU style)
[INFO] [stderr]   checking dependency style of cc... gcc3
[INFO] [stderr]   checking whether the compiler supports GNU C++... yes
[INFO] [stderr]   checking whether c++ accepts -g... yes
[INFO] [stderr]   checking for c++ option to enable C++11 features... none needed
[INFO] [stderr]   checking dependency style of c++... gcc3
[INFO] [stderr]   checking how to run the C preprocessor... cc -E
[INFO] [stderr]   checking for gcc... gcc
[INFO] [stderr]   checking whether the compiler supports GNU C... (cached) yes
[INFO] [stderr]   checking whether gcc accepts -g... yes
[INFO] [stderr]   checking for gcc option to enable C11 features... (cached) none needed
[INFO] [stderr]   checking whether gcc understands -c and -o together... (cached) yes
[INFO] [stderr]   checking dependency style of gcc... (cached) gcc3
[INFO] [stderr]   checking how to run the C preprocessor... gcc -E
[INFO] [stderr]   checking how to run the C++ preprocessor... c++ -E
[INFO] [stderr]   checking for g++... g++
[INFO] [stderr]   checking whether the compiler supports GNU C++... (cached) yes
[INFO] [stderr]   checking whether g++ accepts -g... yes
[INFO] [stderr]   checking for g++ option to enable C++11 features... (cached) none needed
[INFO] [stderr]   checking dependency style of g++... (cached) gcc3
[INFO] [stderr]   checking how to run the C++ preprocessor... g++ -E
[INFO] [stderr]   checking for stdio.h... yes
[INFO] [stderr]   checking for stdlib.h... yes
[INFO] [stderr]   checking for string.h... yes
[INFO] [stderr]   checking for inttypes.h... yes
[INFO] [stderr]   checking for stdint.h... yes
[INFO] [stderr]   checking for strings.h... yes
[INFO] [stderr]   checking for sys/stat.h... yes
[INFO] [stderr]   checking for sys/types.h... yes
[INFO] [stderr]   checking for unistd.h... yes
[INFO] [stderr]   checking for wchar.h... yes
[INFO] [stderr]   checking for minix/config.h... no
[INFO] [stderr]   checking whether it is safe to define __EXTENSIONS__... yes
[INFO] [stderr]   checking whether _XOPEN_SOURCE should be defined... no
[INFO] [stderr]   checking for ar... ar
[INFO] [stderr]   checking the archiver (ar) interface... ar
[INFO] [stderr]   checking C++ compiler flags...... use user-supplied: -O0 -ffunction-sections -fdata-sections -fPIC -m64 -w
[INFO] [stderr]   checking for c++ options needed to detect all undeclared functions... none needed
[INFO] [stderr]   checking whether __SUNPRO_CC is declared... no
[INFO] [stderr]   checking how to print strings... printf
[INFO] [stderr]   checking for a sed that does not truncate output... /usr/bin/sed
[INFO] [stderr]   checking for grep that handles long lines and -e... /usr/bin/grep
[INFO] [stderr]   checking for egrep... /usr/bin/grep -E
[INFO] [stderr]   checking for fgrep... /usr/bin/grep -F
[INFO] [stderr]   checking for ld used by cc... /usr/bin/x86_64-linux-gnu-ld
[INFO] [stderr]   checking if the linker (/usr/bin/x86_64-linux-gnu-ld) is GNU ld... yes
[INFO] [stderr]   checking for BSD- or MS-compatible name lister (nm)... /usr/bin/nm -B
[INFO] [stderr]   checking the name lister (/usr/bin/nm -B) interface... BSD nm
[INFO] [stderr]   checking whether ln -s works... yes
[INFO] [stderr]   checking the maximum length of command line arguments... 1572864
[INFO] [stderr]   checking how to convert x86_64-pc-linux-gnu file names to x86_64-pc-linux-gnu format... func_convert_file_noop
[INFO] [stderr]   checking how to convert x86_64-pc-linux-gnu file names to toolchain format... func_convert_file_noop
[INFO] [stderr]   checking for /usr/bin/x86_64-linux-gnu-ld option to reload object files... -r
[INFO] [stderr]   checking for file... file
[INFO] [stderr]   checking for objdump... objdump
[INFO] [stderr]   checking how to recognize dependent libraries... pass_all
[INFO] [stderr]   checking for dlltool... no
[INFO] [stderr]   checking how to associate runtime and link libraries... printf %s\n
[INFO] [stderr]   checking for archiver @FILE support... @
[INFO] [stderr]   checking for strip... strip
[INFO] [stderr]   checking for ranlib... ranlib
[INFO] [stderr]   checking command to parse /usr/bin/nm -B output from cc object... ok
[INFO] [stderr]   checking for sysroot... no
[INFO] [stderr]   checking for a working dd... /usr/bin/dd
[INFO] [stderr]   checking how to truncate binary pipes... /usr/bin/dd bs=4096 count=1
[INFO] [stderr]   checking for mt... no
[INFO] [stderr]   checking if : is a manifest tool... no
[INFO] [stderr]   checking for dlfcn.h... yes
[INFO] [stderr]   checking for objdir... .libs
[INFO] [stderr]   checking if cc supports -fno-rtti -fno-exceptions... yes
[INFO] [stderr]   checking for cc option to produce PIC... -fPIC -DPIC
[INFO] [stderr]   checking if cc PIC flag -fPIC -DPIC works... yes
[INFO] [stderr]   checking if cc static flag -static works... yes
[INFO] [stderr]   checking if cc supports -c -o file.o... yes
[INFO] [stderr]   checking if cc supports -c -o file.o... (cached) yes
[INFO] [stderr]   checking whether the cc linker (/usr/bin/x86_64-linux-gnu-ld -m elf_x86_64) supports shared libraries... yes
[INFO] [stderr]   checking dynamic linker characteristics... GNU/Linux ld.so
[INFO] [stderr]   checking how to hardcode library paths into programs... immediate
[INFO] [stderr]   checking whether stripping libraries is possible... yes
[INFO] [stderr]   checking if libtool supports shared libraries... yes
[INFO] [stderr]   checking whether to build shared libraries... no
[INFO] [stderr]   checking whether to build static libraries... yes
[INFO] [stderr]   checking how to run the C++ preprocessor... c++ -E
[INFO] [stderr]   checking for ld used by c++... /usr/bin/x86_64-linux-gnu-ld -m elf_x86_64
[INFO] [stderr]   checking if the linker (/usr/bin/x86_64-linux-gnu-ld -m elf_x86_64) is GNU ld... yes
[INFO] [stderr]   checking whether the c++ linker (/usr/bin/x86_64-linux-gnu-ld -m elf_x86_64) supports shared libraries... yes
[INFO] [stderr]   checking for c++ option to produce PIC... -fPIC -DPIC
[INFO] [stderr]   checking if c++ PIC flag -fPIC -DPIC works... yes
[INFO] [stderr]   checking if c++ static flag -static works... yes
[INFO] [stderr]   checking if c++ supports -c -o file.o... yes
[INFO] [stderr]   checking if c++ supports -c -o file.o... (cached) yes
[INFO] [stderr]   checking whether the c++ linker (/usr/bin/x86_64-linux-gnu-ld -m elf_x86_64) supports shared libraries... yes
[INFO] [stderr]   checking dynamic linker characteristics... (cached) GNU/Linux ld.so
[INFO] [stderr]   checking how to hardcode library paths into programs... immediate
[INFO] [stderr]   checking whether the linker supports version scripts... yes
[INFO] [stderr]   checking for egrep... (cached) /usr/bin/grep -E
[INFO] [stderr]   checking for fcntl.h... yes
[INFO] [stderr]   checking for inttypes.h... (cached) yes
[INFO] [stderr]   checking for limits.h... yes
[INFO] [stderr]   checking for stdlib.h... (cached) yes
[INFO] [stderr]   checking for unistd.h... (cached) yes
[INFO] [stderr]   checking for working memcmp... yes
[INFO] [stderr]   checking for working strtod... yes
[INFO] [stderr]   checking for ftruncate... yes
[INFO] [stderr]   checking for memset... yes
[INFO] [stderr]   checking for mkdir... yes
[INFO] [stderr]   checking for strchr... yes
[INFO] [stderr]   checking for strerror... yes
[INFO] [stderr]   checking for strtol... yes
[INFO] [stderr]   checking zlib version... ok (1.2.0.4 or later)
[INFO] [stderr]   checking for library containing zlibVersion... -lz
[INFO] [stderr]   checking whether c++ supports C++11 features by default... yes
[INFO] [stderr]   checking whether -latomic is needed... no
[INFO] [stderr]   checking whether cc is Clang... no
[INFO] [stderr]   checking whether pthreads work with "-pthread" and "-lpthread"... yes
[INFO] [stderr]   checking for joinable pthread attribute... PTHREAD_CREATE_JOINABLE
[INFO] [stderr]   checking whether more special flags are required for pthreads... no
[INFO] [stderr]   checking for PTHREAD_PRIO_INHERIT... yes
[INFO] [stderr]   checking the location of hash_map... <unordered_map>
[INFO] [stderr]   checking whether -llog is needed... no
[INFO] [stderr]   checking that generated files are newer than configure... done
[INFO] [stderr]   configure: creating ./config.status
[INFO] [stderr]   config.status: creating Makefile
[INFO] [stderr]   config.status: creating src/Makefile
[INFO] [stderr]   config.status: creating benchmarks/Makefile
[INFO] [stderr]   config.status: creating conformance/Makefile
[INFO] [stderr]   config.status: creating protobuf.pc
[INFO] [stderr]   config.status: creating protobuf-lite.pc
[INFO] [stderr]   config.status: creating config.h
[INFO] [stderr]   config.status: executing depfiles commands
[INFO] [stderr]   config.status: executing libtool commands
[INFO] [stderr]   === configuring in third_party/googletest (/opt/rustwide/target/release/build/protobuf-src/a4e98665f60071ef/out/install/build/third_party/googletest)
[INFO] [stderr]   configure: running /bin/bash /opt/rustwide/cargo-home/registry/src/index.crates.io-1949cf8c6b5b557f/protobuf-src-1.1.0+21.5/protobuf/third_party/googletest/configure --disable-option-checking '--prefix=/opt/rustwide/target/release/build/protobuf-src/a4e98665f60071ef/out/install'  '--disable-shared' '--enable-static' '--disable-maintainer-mode' 'CC=cc' 'CFLAGS=-O0 -ffunction-sections -fdata-sections -fPIC -m64 -w' 'CXX=c++' 'CXXFLAGS=-O0 -ffunction-sections -fdata-sections -fPIC -m64 -w' --cache-file=/dev/null --srcdir=/opt/rustwide/cargo-home/registry/src/index.crates.io-1949cf8c6b5b557f/protobuf-src-1.1.0+21.5/protobuf/third_party/googletest
[INFO] [stderr]   checking for a BSD-compatible install... /usr/bin/install -c
[INFO] [stderr]   checking whether build environment is sane... yes
[INFO] [stderr]   checking for a race-free mkdir -p... /usr/bin/mkdir -p
[INFO] [stderr]   checking for gawk... no
[INFO] [stderr]   checking for mawk... mawk
[INFO] [stderr]   checking whether make sets $(MAKE)... yes
[INFO] [stderr]   checking whether make supports nested variables... yes
[INFO] [stderr]   checking that generated files are newer than configure... done
[INFO] [stderr]   configure: creating ./config.status
[INFO] [stderr]   config.status: creating Makefile
[INFO] [stderr]   === configuring in googletest (/opt/rustwide/target/release/build/protobuf-src/a4e98665f60071ef/out/install/build/third_party/googletest/googletest)
[INFO] [stderr]   configure: running /bin/bash /opt/rustwide/cargo-home/registry/src/index.crates.io-1949cf8c6b5b557f/protobuf-src-1.1.0+21.5/protobuf/third_party/googletest/googletest/configure --disable-option-checking '--prefix=/opt/rustwide/target/release/build/protobuf-src/a4e98665f60071ef/out/install'  '--disable-shared' '--enable-static' '--disable-maintainer-mode' 'CC=cc' 'CFLAGS=-O0 -ffunction-sections -fdata-sections -fPIC -m64 -w' 'CXX=c++' 'CXXFLAGS=-O0 -ffunction-sections -fdata-sections -fPIC -m64 -w' --cache-file=/dev/null --srcdir=/opt/rustwide/cargo-home/registry/src/index.crates.io-1949cf8c6b5b557f/protobuf-src-1.1.0+21.5/protobuf/third_party/googletest/googletest
[INFO] [stderr]   checking for a BSD-compatible install... /usr/bin/install -c
[INFO] [stderr]   checking whether build environment is sane... yes
[INFO] [stderr]   checking for a race-free mkdir -p... /usr/bin/mkdir -p
[INFO] [stderr]   checking for gawk... no
[INFO] [stderr]   checking for mawk... mawk
[INFO] [stderr]   checking whether make sets $(MAKE)... yes
[INFO] [stderr]   checking whether make supports nested variables... yes
[INFO] [stderr]   checking for gcc... cc
[INFO] [stderr]   checking whether the C compiler works... yes
[INFO] [stderr]   checking for C compiler default output file name... a.out
[INFO] [stderr]   checking for suffix of executables... 
[INFO] [stderr]   checking whether we are cross compiling... no
[INFO] [stderr]   checking for suffix of object files... o
[INFO] [stderr]   checking whether the compiler supports GNU C... yes
[INFO] [stderr]   checking whether cc accepts -g... yes
[INFO] [stderr]   checking for cc option to enable C11 features... none needed
[INFO] [stderr]   checking whether cc understands -c and -o together... yes
[INFO] [stderr]   checking whether make supports the include directive... yes (GNU style)
[INFO] [stderr]   checking dependency style of cc... gcc3
[INFO] [stderr]   checking whether the compiler supports GNU C++... yes
[INFO] [stderr]   checking whether c++ accepts -g... yes
[INFO] [stderr]   checking for c++ option to enable C++11 features... none needed
[INFO] [stderr]   checking dependency style of c++... gcc3
[INFO] [stderr]   checking build system type... x86_64-pc-linux-gnu
[INFO] [stderr]   checking host system type... x86_64-pc-linux-gnu
[INFO] [stderr]   checking how to print strings... printf
[INFO] [stderr]   checking for a sed that does not truncate output... /usr/bin/sed
[INFO] [stderr]   checking for grep that handles long lines and -e... /usr/bin/grep
[INFO] [stderr]   checking for egrep... /usr/bin/grep -E
[INFO] [stderr]   checking for fgrep... /usr/bin/grep -F
[INFO] [stderr]   checking for ld used by cc... /usr/bin/x86_64-linux-gnu-ld
[INFO] [stderr]   checking if the linker (/usr/bin/x86_64-linux-gnu-ld) is GNU ld... yes
[INFO] [stderr]   checking for BSD- or MS-compatible name lister (nm)... /usr/bin/nm -B
[INFO] [stderr]   checking the name lister (/usr/bin/nm -B) interface... BSD nm
[INFO] [stderr]   checking whether ln -s works... yes
[INFO] [stderr]   checking the maximum length of command line arguments... 1572864
[INFO] [stderr]   checking how to convert x86_64-pc-linux-gnu file names to x86_64-pc-linux-gnu format... func_convert_file_noop
[INFO] [stderr]   checking how to convert x86_64-pc-linux-gnu file names to toolchain format... func_convert_file_noop
[INFO] [stderr]   checking for /usr/bin/x86_64-linux-gnu-ld option to reload object files... -r
[INFO] [stderr]   checking for file... file
[INFO] [stderr]   checking for objdump... objdump
[INFO] [stderr]   checking how to recognize dependent libraries... pass_all
[INFO] [stderr]   checking for dlltool... no
[INFO] [stderr]   checking how to associate runtime and link libraries... printf %s\n
[INFO] [stderr]   checking for ar... ar
[INFO] [stderr]   checking for archiver @FILE support... @
[INFO] [stderr]   checking for strip... strip
[INFO] [stderr]   checking for ranlib... ranlib
[INFO] [stderr]   checking command to parse /usr/bin/nm -B output from cc object... ok
[INFO] [stderr]   checking for sysroot... no
[INFO] [stderr]   checking for a working dd... /usr/bin/dd
[INFO] [stderr]   checking how to truncate binary pipes... /usr/bin/dd bs=4096 count=1
[INFO] [stderr]   checking for mt... no
[INFO] [stderr]   checking if : is a manifest tool... no
[INFO] [stderr]   checking for stdio.h... yes
[INFO] [stderr]   checking for stdlib.h... yes
[INFO] [stderr]   checking for string.h... yes
[INFO] [stderr]   checking for inttypes.h... yes
[INFO] [stderr]   checking for stdint.h... yes
[INFO] [stderr]   checking for strings.h... yes
[INFO] [stderr]   checking for sys/stat.h... yes
[INFO] [stderr]   checking for sys/types.h... yes
[INFO] [stderr]   checking for unistd.h... yes
[INFO] [stderr]   checking for dlfcn.h... yes
[INFO] [stderr]   checking for objdir... .libs
[INFO] [stderr]   checking if cc supports -fno-rtti -fno-exceptions... yes
[INFO] [stderr]   checking for cc option to produce PIC... -fPIC -DPIC
[INFO] [stderr]   checking if cc PIC flag -fPIC -DPIC works... yes
[INFO] [stderr]   checking if cc static flag -static works... yes
[INFO] [stderr]   checking if cc supports -c -o file.o... yes
[INFO] [stderr]   checking if cc supports -c -o file.o... (cached) yes
[INFO] [stderr]   checking whether the cc linker (/usr/bin/x86_64-linux-gnu-ld -m elf_x86_64) supports shared libraries... yes
[INFO] [stderr]   checking dynamic linker characteristics... GNU/Linux ld.so
[INFO] [stderr]   checking how to hardcode library paths into programs... immediate
[INFO] [stderr]   checking whether stripping libraries is possible... yes
[INFO] [stderr]   checking if libtool supports shared libraries... yes
[INFO] [stderr]   checking whether to build shared libraries... no
[INFO] [stderr]   checking whether to build static libraries... yes
[INFO] [stderr]   checking how to run the C++ preprocessor... c++ -E
[INFO] [stderr]   checking for ld used by c++... /usr/bin/x86_64-linux-gnu-ld -m elf_x86_64
[INFO] [stderr]   checking if the linker (/usr/bin/x86_64-linux-gnu-ld -m elf_x86_64) is GNU ld... yes
[INFO] [stderr]   checking whether the c++ linker (/usr/bin/x86_64-linux-gnu-ld -m elf_x86_64) supports shared libraries... yes
[INFO] [stderr]   checking for c++ option to produce PIC... -fPIC -DPIC
[INFO] [stderr]   checking if c++ PIC flag -fPIC -DPIC works... yes
[INFO] [stderr]   checking if c++ static flag -static works... yes
[INFO] [stderr]   checking if c++ supports -c -o file.o... yes
[INFO] [stderr]   checking if c++ supports -c -o file.o... (cached) yes
[INFO] [stderr]   checking whether the c++ linker (/usr/bin/x86_64-linux-gnu-ld -m elf_x86_64) supports shared libraries... yes
[INFO] [stderr]   checking dynamic linker characteristics... (cached) GNU/Linux ld.so
[INFO] [stderr]   checking how to hardcode library paths into programs... immediate
[INFO] [stderr]   checking for python... :
[INFO] [stderr]   checking for the pthreads library -lpthreads... no
[INFO] [stderr]   checking whether pthreads work without any flags... yes
[INFO] [stderr]   checking for joinable pthread attribute... PTHREAD_CREATE_JOINABLE
[INFO] [stderr]   checking if more special flags are required for pthreads... no
[INFO] [stderr]   checking whether to check for GCC pthread/shared inconsistencies... yes
[INFO] [stderr]   checking whether -pthread is sufficient with -shared... yes
[INFO] [stderr]   checking that generated files are newer than configure... done
[INFO] [stderr]   configure: creating ./config.status
[INFO] [stderr]   config.status: creating Makefile
[INFO] [stderr]   config.status: creating scripts/gtest-config
[INFO] [stderr]   config.status: creating build-aux/config.h
[INFO] [stderr]   config.status: executing depfiles commands
[INFO] [stderr]   config.status: executing libtool commands
[INFO] [stderr]   === configuring in googlemock (/opt/rustwide/target/release/build/protobuf-src/a4e98665f60071ef/out/install/build/third_party/googletest/googlemock)
[INFO] [stderr]   configure: running /bin/bash /opt/rustwide/cargo-home/registry/src/index.crates.io-1949cf8c6b5b557f/protobuf-src-1.1.0+21.5/protobuf/third_party/googletest/googlemock/configure --disable-option-checking '--prefix=/opt/rustwide/target/release/build/protobuf-src/a4e98665f60071ef/out/install'  '--disable-shared' '--enable-static' '--disable-maintainer-mode' 'CC=cc' 'CFLAGS=-O0 -ffunction-sections -fdata-sections -fPIC -m64 -w' 'CXX=c++' 'CXXFLAGS=-O0 -ffunction-sections -fdata-sections -fPIC -m64 -w' --cache-file=/dev/null --srcdir=/opt/rustwide/cargo-home/registry/src/index.crates.io-1949cf8c6b5b557f/protobuf-src-1.1.0+21.5/protobuf/third_party/googletest/googlemock
[INFO] [stderr]   checking for a BSD-compatible install... /usr/bin/install -c
[INFO] [stderr]   checking whether build environment is sane... yes
[INFO] [stderr]   checking for a race-free mkdir -p... /usr/bin/mkdir -p
[INFO] [stderr]   checking for gawk... no
[INFO] [stderr]   checking for mawk... mawk
[INFO] [stderr]   checking whether make sets $(MAKE)... yes
[INFO] [stderr]   checking whether make supports nested variables... yes
[INFO] [stderr]   checking for gcc... cc
[INFO] [stderr]   checking whether the C compiler works... yes
[INFO] [stderr]   checking for C compiler default output file name... a.out
[INFO] [stderr]   checking for suffix of executables... 
[INFO] [stderr]   checking whether we are cross compiling... no
[INFO] [stderr]   checking for suffix of object files... o
[INFO] [stderr]   checking whether the compiler supports GNU C... yes
[INFO] [stderr]   checking whether cc accepts -g... yes
[INFO] [stderr]   checking for cc option to enable C11 features... none needed
[INFO] [stderr]   checking whether cc understands -c and -o together... yes
[INFO] [stderr]   checking whether make supports the include directive... yes (GNU style)
[INFO] [stderr]   checking dependency style of cc... gcc3
[INFO] [stderr]   checking whether the compiler supports GNU C++... yes
[INFO] [stderr]   checking whether c++ accepts -g... yes
[INFO] [stderr]   checking for c++ option to enable C++11 features... none needed
[INFO] [stderr]   checking dependency style of c++... gcc3
[INFO] [stderr]   checking build system type... x86_64-pc-linux-gnu
[INFO] [stderr]   checking host system type... x86_64-pc-linux-gnu
[INFO] [stderr]   checking how to print strings... printf
[INFO] [stderr]   checking for a sed that does not truncate output... /usr/bin/sed
[INFO] [stderr]   checking for grep that handles long lines and -e... /usr/bin/grep
[INFO] [stderr]   checking for egrep... /usr/bin/grep -E
[INFO] [stderr]   checking for fgrep... /usr/bin/grep -F
[INFO] [stderr]   checking for ld used by cc... /usr/bin/x86_64-linux-gnu-ld
[INFO] [stderr]   checking if the linker (/usr/bin/x86_64-linux-gnu-ld) is GNU ld... yes
[INFO] [stderr]   checking for BSD- or MS-compatible name lister (nm)... /usr/bin/nm -B
[INFO] [stderr]   checking the name lister (/usr/bin/nm -B) interface... BSD nm
[INFO] [stderr]   checking whether ln -s works... yes
[INFO] [stderr]   checking the maximum length of command line arguments... 1572864
[INFO] [stderr]   checking how to convert x86_64-pc-linux-gnu file names to x86_64-pc-linux-gnu format... func_convert_file_noop
[INFO] [stderr]   checking how to convert x86_64-pc-linux-gnu file names to toolchain format... func_convert_file_noop
[INFO] [stderr]   checking for /usr/bin/x86_64-linux-gnu-ld option to reload object files... -r
[INFO] [stderr]   checking for file... file
[INFO] [stderr]   checking for objdump... objdump
[INFO] [stderr]   checking how to recognize dependent libraries... pass_all
[INFO] [stderr]   checking for dlltool... no
[INFO] [stderr]   checking how to associate runtime and link libraries... printf %s\n
[INFO] [stderr]   checking for ar... ar
[INFO] [stderr]   checking for archiver @FILE support... @
[INFO] [stderr]   checking for strip... strip
[INFO] [stderr]   checking for ranlib... ranlib
[INFO] [stderr]   checking command to parse /usr/bin/nm -B output from cc object... ok
[INFO] [stderr]   checking for sysroot... no
[INFO] [stderr]   checking for a working dd... /usr/bin/dd
[INFO] [stderr]   checking how to truncate binary pipes... /usr/bin/dd bs=4096 count=1
[INFO] [stderr]   checking for mt... no
[INFO] [stderr]   checking if : is a manifest tool... no
[INFO] [stderr]   checking for stdio.h... yes
[INFO] [stderr]   checking for stdlib.h... yes
[INFO] [stderr]   checking for string.h... yes
[INFO] [stderr]   checking for inttypes.h... yes
[INFO] [stderr]   checking for stdint.h... yes
[INFO] [stderr]   checking for strings.h... yes
[INFO] [stderr]   checking for sys/stat.h... yes
[INFO] [stderr]   checking for sys/types.h... yes
[INFO] [stderr]   checking for unistd.h... yes
[INFO] [stderr]   checking for dlfcn.h... yes
[INFO] [stderr]   checking for objdir... .libs
[INFO] [stderr]   checking if cc supports -fno-rtti -fno-exceptions... yes
[INFO] [stderr]   checking for cc option to produce PIC... -fPIC -DPIC
[INFO] [stderr]   checking if cc PIC flag -fPIC -DPIC works... yes
[INFO] [stderr]   checking if cc static flag -static works... yes
[INFO] [stderr]   checking if cc supports -c -o file.o... yes
[INFO] [stderr]   checking if cc supports -c -o file.o... (cached) yes
[INFO] [stderr]   checking whether the cc linker (/usr/bin/x86_64-linux-gnu-ld -m elf_x86_64) supports shared libraries... yes
[INFO] [stderr]   checking dynamic linker characteristics... GNU/Linux ld.so
[INFO] [stderr]   checking how to hardcode library paths into programs... immediate
[INFO] [stderr]   checking whether stripping libraries is possible... yes
[INFO] [stderr]   checking if libtool supports shared libraries... yes
[INFO] [stderr]   checking whether to build shared libraries... no
[INFO] [stderr]   checking whether to build static libraries... yes
[INFO] [stderr]   checking how to run the C++ preprocessor... c++ -E
[INFO] [stderr]   checking for ld used by c++... /usr/bin/x86_64-linux-gnu-ld -m elf_x86_64
[INFO] [stderr]   checking if the linker (/usr/bin/x86_64-linux-gnu-ld -m elf_x86_64) is GNU ld... yes
[INFO] [stderr]   checking whether the c++ linker (/usr/bin/x86_64-linux-gnu-ld -m elf_x86_64) supports shared libraries... yes
[INFO] [stderr]   checking for c++ option to produce PIC... -fPIC -DPIC
[INFO] [stderr]   checking if c++ PIC flag -fPIC -DPIC works... yes
[INFO] [stderr]   checking if c++ static flag -static works... yes
[INFO] [stderr]   checking if c++ supports -c -o file.o... yes
[INFO] [stderr]   checking if c++ supports -c -o file.o... (cached) yes
[INFO] [stderr]   checking whether the c++ linker (/usr/bin/x86_64-linux-gnu-ld -m elf_x86_64) supports shared libraries... yes
[INFO] [stderr]   checking dynamic linker characteristics... (cached) GNU/Linux ld.so
[INFO] [stderr]   checking how to hardcode library paths into programs... immediate
[INFO] [stderr]   checking for python... :
[INFO] [stderr]   checking for the pthreads library -lpthreads... no
[INFO] [stderr]   checking whether pthreads work without any flags... yes
[INFO] [stderr]   checking for joinable pthread attribute... PTHREAD_CREATE_JOINABLE
[INFO] [stderr]   checking if more special flags are required for pthreads... no
[INFO] [stderr]   checking whether to check for GCC pthread/shared inconsistencies... yes
[INFO] [stderr]   checking whether -pthread is sufficient with -shared... yes
[INFO] [stderr]   checking for gtest-config... no
[INFO] [stderr]   checking that generated files are newer than configure... done
[INFO] [stderr]   configure: creating ./config.status
[INFO] [stderr]   config.status: creating Makefile
[INFO] [stderr]   config.status: creating scripts/gmock-config
[INFO] [stderr]   config.status: creating build-aux/config.h
[INFO] [stderr]   config.status: executing depfiles commands
[INFO] [stderr]   config.status: executing libtool commands
[INFO] [stderr]   running: cd "/opt/rustwide/target/release/build/protobuf-src/a4e98665f60071ef/out/install/build" && MAKEFLAGS="-j --jobserver-fds=4,5 --jobserver-auth=4,5" "sh" "-c" "exec \"$0\" \"$@\"" "make" "install" "-j8"
[INFO] [stderr]   Making install in .
[INFO] [stderr]   make[1]: Entering directory '/opt/rustwide/target/release/build/protobuf-src/a4e98665f60071ef/out/install/build'
[INFO] [stderr]   make[2]: Entering directory '/opt/rustwide/target/release/build/protobuf-src/a4e98665f60071ef/out/install/build'
[INFO] [stderr]   make[2]: Nothing to be done for 'install-exec-am'.
[INFO] [stderr]    /usr/bin/mkdir -p '/opt/rustwide/target/release/build/protobuf-src/a4e98665f60071ef/out/install/lib/pkgconfig'
[INFO] [stderr]    /usr/bin/install -c -m 644 protobuf.pc protobuf-lite.pc '/opt/rustwide/target/release/build/protobuf-src/a4e98665f60071ef/out/install/lib/pkgconfig'
[INFO] [stderr]   make[2]: Leaving directory '/opt/rustwide/target/release/build/protobuf-src/a4e98665f60071ef/out/install/build'
[INFO] [stderr]   make[1]: Leaving directory '/opt/rustwide/target/release/build/protobuf-src/a4e98665f60071ef/out/install/build'
[INFO] [stderr]   Making install in src
[INFO] [stderr]   make[1]: Entering directory '/opt/rustwide/target/release/build/protobuf-src/a4e98665f60071ef/out/install/build/src'
[INFO] [stderr]     CXX      google/protobuf/wire_format.lo
[INFO] [stderr]     CXX      google/protobuf/wrappers.pb.lo
[INFO] [stderr]     CXX      google/protobuf/compiler/code_generator.lo
[INFO] [stderr]     CXX      google/protobuf/compiler/command_line_interface.lo
[INFO] [stderr]     CXX      google/protobuf/compiler/plugin.lo
[INFO] [stderr]     CXX      google/protobuf/compiler/plugin.pb.lo
[INFO] [stderr]     CXX      google/protobuf/compiler/subprocess.lo
[INFO] [stderr]     CXX      google/protobuf/compiler/zip_writer.lo
[INFO] [stderr]     CXX      google/protobuf/compiler/main.o
[INFO] [stderr]     CXX      google/protobuf/any_lite.lo
[INFO] [stderr]   make[1]: Leaving directory '/opt/rustwide/target/release/build/protobuf-src/a4e98665f60071ef/out/install/build/src'
[INFO] [stderr] 
[INFO] [stderr]   --- stderr
[INFO] [stderr]   make: warning: -j8 forced in submake: resetting jobserver mode.
[INFO] [stderr]   c++: fatal error: Killed signal terminated program cc1plus
[INFO] [stderr]   compilation terminated.
[INFO] [stderr]   make[1]: *** [Makefile:4514: google/protobuf/wire_format.lo] Error 1
[INFO] [stderr]   make[1]: *** Waiting for unfinished jobs....
[INFO] [stderr]   make: *** [Makefile:1757: install-recursive] Error 1
[INFO] [stderr] 
[INFO] [stderr]   thread 'main' (5987) panicked at /opt/rustwide/cargo-home/registry/src/index.crates.io-1949cf8c6b5b557f/autotools-0.2.7/src/lib.rs:790:5:
[INFO] [stderr] 
[INFO] [stderr]   command did not execute successfully, got: exit status: 2
[INFO] [stderr] 
[INFO] [stderr]   build script failed, must exit now
[INFO] [stderr]   stack backtrace:
[INFO] [stderr]      0:     0x62ee3f7b2dc1 - <<std[617be2ca0a6fd877]::sys::backtrace::BacktraceLock>::print::DisplayBacktrace as core[a373ad73a504971]::fmt::Display>::fmt
[INFO] [stderr]      1:     0x62ee3f7c63da - core[a373ad73a504971]::fmt::write
[INFO] [stderr]      2:     0x62ee3f7b854c - <std[617be2ca0a6fd877]::sys::stdio::unix::Stderr as core[a373ad73a504971]::io::write::Write>::write_fmt
[INFO] [stderr]      3:     0x62ee3f791926 - std[617be2ca0a6fd877]::panicking::default_hook::{closure#0}
[INFO] [stderr]      4:     0x62ee3f7ad9a1 - std[617be2ca0a6fd877]::panicking::default_hook
[INFO] [stderr]      5:     0x62ee3f7adb5b - std[617be2ca0a6fd877]::panicking::panic_with_hook
[INFO] [stderr]      6:     0x62ee3f7919d2 - std[617be2ca0a6fd877]::panicking::panic_handler::{closure#0}
[INFO] [stderr]      7:     0x62ee3f78a619 - std[617be2ca0a6fd877]::sys::backtrace::__rust_end_short_backtrace::<std[617be2ca0a6fd877]::panicking::panic_handler::{closure#0}, !>
[INFO] [stderr]      8:     0x62ee3f7922ad - __rustc[ea4f61d10b84890b]::rust_begin_unwind
[INFO] [stderr]      9:     0x62ee3f7c6b4c - core[a373ad73a504971]::panicking::panic_fmt
[INFO] [stderr]     10:     0x62ee3f709c67 - autotools[c53702b8d67a24be]::fail
[INFO] [stderr]     11:     0x62ee3f70d438 - <autotools[c53702b8d67a24be]::Config>::build
[INFO] [stderr]     12:     0x62ee3f706aed - build_script_build[99ca96e8159392b0]::main
[INFO] [stderr]     13:     0x62ee3f707da3 - <fn() -> core[a373ad73a504971]::result::Result<(), alloc[2e1b2a31b91974c5]::boxed::Box<dyn core[a373ad73a504971]::error::Error>> as core[a373ad73a504971]::ops::function::FnOnce<()>>::call_once
[INFO] [stderr]     14:     0x62ee3f706766 - std[617be2ca0a6fd877]::sys::backtrace::__rust_begin_short_backtrace::<fn() -> core[a373ad73a504971]::result::Result<(), alloc[2e1b2a31b91974c5]::boxed::Box<dyn core[a373ad73a504971]::error::Error>>, core[a373ad73a504971]::result::Result<(), alloc[2e1b2a31b91974c5]::boxed::Box<dyn core[a373ad73a504971]::error::Error>>>
[INFO] [stderr]     15:     0x62ee3f7067b9 - std[617be2ca0a6fd877]::rt::lang_start::<core[a373ad73a504971]::result::Result<(), alloc[2e1b2a31b91974c5]::boxed::Box<dyn core[a373ad73a504971]::error::Error>>>::{closure#0}
[INFO] [stderr]     16:     0x62ee3f7ac918 - std[617be2ca0a6fd877]::rt::lang_start_internal
[INFO] [stderr]     17:     0x62ee3f706281 - std[617be2ca0a6fd877]::rt::lang_start::<core[a373ad73a504971]::result::Result<(), alloc[2e1b2a31b91974c5]::boxed::Box<dyn core[a373ad73a504971]::error::Error>>>
[INFO] [stderr]     18:     0x62ee3f707e65 - main
[INFO] [stderr]     19:     0x74deda0c9601 - <unknown>
[INFO] [stderr]     20:     0x74deda0c9718 - __libc_start_main
[INFO] [stderr]     21:     0x62ee3f704d75 - _start
[INFO] [stderr]     22:                0x0 - <unknown>
[ERROR] error running command: command timed out after 900 seconds
[INFO] running `Command { std: "docker" "inspect" "499c24f416605b267f386f3927086045d53ff477cd9b728d7949299ee3c96f5a", kill_on_drop: false }`
[INFO] running `Command { std: "docker" "rm" "-f" "499c24f416605b267f386f3927086045d53ff477cd9b728d7949299ee3c96f5a", kill_on_drop: false }`
[INFO] [stdout] 499c24f416605b267f386f3927086045d53ff477cd9b728d7949299ee3c96f5a
