[INFO] fetching crate miraland-gossip 1.19.2...
[INFO] testing miraland-gossip-1.19.2 against 1.100.0-beta.1+cargoflags=--release for beta-release-1.100-2
[INFO] extracting crate miraland-gossip 1.19.2 into /workspace/builds/worker-7-tc2/source
[INFO] started tweaking crates.io crate miraland-gossip 1.19.2
[INFO] finished tweaking crates.io crate miraland-gossip 1.19.2
[INFO] tweaked toml for crates.io crate miraland-gossip 1.19.2 written to /workspace/builds/worker-7-tc2/source/Cargo.toml
[INFO] validating manifest of crates.io crate miraland-gossip 1.19.2 on toolchain 1.100.0-beta.1
[INFO] running `Command { std: CARGO_HOME="/workspace/cargo-home" RUSTUP_HOME="/workspace/rustup-home" "/workspace/cargo-home/bin/cargo" "+1.100.0-beta.1" "metadata" "--manifest-path" "Cargo.toml" "--no-deps", kill_on_drop: false }`
[INFO] crate crates.io crate miraland-gossip 1.19.2 already has a lockfile, it will not be regenerated
[INFO] running `Command { std: CARGO_HOME="/workspace/cargo-home" RUSTUP_HOME="/workspace/rustup-home" "/workspace/cargo-home/bin/cargo" "+1.100.0-beta.1" "fetch" "--manifest-path" "Cargo.toml", kill_on_drop: false }`
[INFO] running `Command { std: "docker" "create" "-v" "/var/lib/crater-agent-workspace/builds/worker-7-tc2/source:/opt/rustwide/workdir:ro,Z" "-v" "/var/lib/crater-agent-workspace/builds/worker-7-tc2/target:/opt/rustwide/target:rw,Z" "-v" "/var/lib/crater-agent-workspace/cargo-home:/opt/rustwide/cargo-home:ro,Z" "-v" "/var/lib/crater-agent-workspace/rustup-home:/opt/rustwide/rustup-home:ro,Z" "-m" "1610612736" "--network" "none" "ghcr.io/rust-lang/crates-build-env/linux@sha256:77db811e55d90add9212f6832c23229e3de5f1c1f9905e8cb07319ea15df73ac" "sleep" "infinity", kill_on_drop: false }`
[INFO] [stdout] bde1dc5f82063b8eac4f3ea55980686f3232899160e6a83cd51f9c26292ce918
[INFO] running `Command { std: "docker" "start" "bde1dc5f82063b8eac4f3ea55980686f3232899160e6a83cd51f9c26292ce918", kill_on_drop: false }`
[INFO] running `Command { std: "docker" "inspect" "bde1dc5f82063b8eac4f3ea55980686f3232899160e6a83cd51f9c26292ce918", kill_on_drop: false }`
[INFO] running `Command { std: "docker" "exec" "-e" "SOURCE_DIR=/opt/rustwide/workdir" "-e" "CARGO_HOME=/opt/rustwide/cargo-home" "-e" "RUSTUP_HOME=/opt/rustwide/rustup-home" "-e" "CARGO_TARGET_DIR=/opt/rustwide/target" "-w" "/opt/rustwide/workdir" "--user" "0:0" "bde1dc5f82063b8eac4f3ea55980686f3232899160e6a83cd51f9c26292ce918" "/opt/rustwide/cargo-home/bin/cargo" "+1.100.0-beta.1" "metadata" "--no-deps" "--format-version=1", kill_on_drop: false }`
[INFO] running `Command { std: "docker" "inspect" "bde1dc5f82063b8eac4f3ea55980686f3232899160e6a83cd51f9c26292ce918", kill_on_drop: false }`
[INFO] running `Command { std: "docker" "exec" "-e" "SOURCE_DIR=/opt/rustwide/workdir" "-e" "CARGO_HOME=/opt/rustwide/cargo-home" "-e" "RUSTUP_HOME=/opt/rustwide/rustup-home" "-e" "CARGO_TARGET_DIR=/opt/rustwide/target" "-e" "CARGO_INCREMENTAL=0" "-e" "RUST_BACKTRACE=full" "-e" "RUSTFLAGS=--cap-lints=warn" "-e" "RUSTDOCFLAGS=--cap-lints=warn" "-w" "/opt/rustwide/workdir" "--user" "0:0" "bde1dc5f82063b8eac4f3ea55980686f3232899160e6a83cd51f9c26292ce918" "/opt/rustwide/cargo-home/bin/cargo" "+1.100.0-beta.1" "build" "--frozen" "--message-format=json" "--release", kill_on_drop: false }`
[INFO] [stderr]    Compiling proc-macro2 v1.0.89
[INFO] [stderr]    Compiling unicode-ident v1.0.13
[INFO] [stderr]    Compiling libc v0.2.162
[INFO] [stderr]    Compiling serde v1.0.214
[INFO] [stderr]    Compiling syn v1.0.109
[INFO] [stderr]    Compiling generic-array v0.14.7
[INFO] [stderr]    Compiling semver v1.0.23
[INFO] [stderr]    Compiling once_cell v1.20.2
[INFO] [stderr]    Compiling memchr v2.7.4
[INFO] [stderr]    Compiling byteorder v1.5.0
[INFO] [stderr]    Compiling log v0.4.22
[INFO] [stderr]    Compiling itoa v1.0.11
[INFO] [stderr]    Compiling either v1.13.0
[INFO] [stderr]    Compiling crossbeam-utils v0.8.20
[INFO] [stderr]    Compiling rustc_version v0.4.1
[INFO] [stderr]    Compiling thiserror v1.0.68
[INFO] [stderr]    Compiling rayon-core v1.12.1
[INFO] [stderr]    Compiling typenum v1.17.0
[INFO] [stderr]    Compiling cpufeatures v0.2.14
[INFO] [stderr]    Compiling anyhow v1.0.93
[INFO] [stderr]    Compiling smallvec v1.13.2
[INFO] [stderr]    Compiling ahash v0.7.8
[INFO] [stderr]    Compiling jobserver v0.1.32
[INFO] [stderr]    Compiling hashbrown v0.15.1
[INFO] [stderr]    Compiling quote v1.0.37
[INFO] [stderr]    Compiling cc v1.1.36
[INFO] [stderr]    Compiling syn v2.0.87
[INFO] [stderr]    Compiling crossbeam-epoch v0.9.18
[INFO] [stderr]    Compiling crossbeam-deque v0.8.5
[INFO] [stderr]    Compiling rustversion v1.0.18
[INFO] [stderr]    Compiling equivalent v1.0.1
[INFO] [stderr]    Compiling indexmap v2.6.0
[INFO] [stderr]    Compiling crunchy v0.2.2
[INFO] [stderr]    Compiling getrandom v0.2.15
[INFO] [stderr]    Compiling rand_core v0.6.4
[INFO] [stderr]    Compiling rayon v1.10.0
[INFO] [stderr]    Compiling num-traits v0.2.19
[INFO] [stderr]    Compiling getrandom v0.1.16
[INFO] [stderr]    Compiling pin-project-lite v0.2.15
[INFO] [stderr]    Compiling bytes v1.8.0
[INFO] [stderr]    Compiling ahash v0.8.11
[INFO] [stderr]    Compiling rand_core v0.5.1
[INFO] [stderr]    Compiling itertools v0.10.5
[INFO] [stderr]    Compiling scopeguard v1.2.0
[INFO] [stderr]    Compiling lock_api v0.4.12
[INFO] [stderr]    Compiling digest v0.9.0
[INFO] [stderr]    Compiling num-integer v0.1.46
[INFO] [stderr]    Compiling serde_json v1.0.132
[INFO] [stderr]    Compiling ryu v1.0.18
[INFO] [stderr]    Compiling num-bigint v0.4.6
[INFO] [stderr]    Compiling winnow v0.6.20
[INFO] [stderr]    Compiling wasm-bindgen-shared v0.2.95
[INFO] [stderr]    Compiling subtle v2.6.1
[INFO] [stderr]    Compiling libsecp256k1-core v0.2.2
[INFO] [stderr]    Compiling tinyvec v1.8.0
[INFO] [stderr]    Compiling parking_lot_core v0.9.10
[INFO] [stderr]    Compiling bumpalo v3.16.0
[INFO] [stderr]    Compiling feature-probe v0.1.1
[INFO] [stderr]    Compiling bv v0.11.1
[INFO] [stderr]    Compiling wasm-bindgen-backend v0.2.95
[INFO] [stderr]    Compiling libsecp256k1-gen-ecmult v0.2.1
[INFO] [stderr]    Compiling libsecp256k1-gen-genmult v0.2.1
[INFO] [stderr]    Compiling miraland-frozen-abi-macro v1.19.2
[INFO] [stderr]    Compiling toml_edit v0.22.22
[INFO] [stderr]    Compiling bitmaps v2.1.0
[INFO] [stderr]    Compiling im v15.1.0
[INFO] [stderr]    Compiling rustc-hash v1.1.0
[INFO] [stderr]    Compiling keccak v0.1.5
[INFO] [stderr]    Compiling borsh v1.5.2
[INFO] [stderr]    Compiling libsecp256k1 v0.6.0
[INFO] [stderr]    Compiling sized-chunks v0.6.5
[INFO] [stderr]    Compiling borsh-schema-derive-internal v0.9.3
[INFO] [stderr]    Compiling borsh-derive-internal v0.9.3
[INFO] [stderr]    Compiling borsh-schema-derive-internal v0.10.4
[INFO] [stderr]    Compiling toml v0.5.11
[INFO] [stderr]    Compiling wasm-bindgen-macro-support v0.2.95
[INFO] [stderr]    Compiling serde_derive v1.0.214
[INFO] [stderr]    Compiling zerocopy-derive v0.7.35
[INFO] [stderr]    Compiling thiserror-impl v1.0.68
[INFO] [stderr]    Compiling zeroize_derive v1.4.2
[INFO] [stderr]    Compiling ark-serialize-derive v0.4.2
[INFO] [stderr]    Compiling zeroize v1.3.0
[INFO] [stderr]    Compiling zerocopy v0.7.35
[INFO] [stderr]    Compiling ark-ff-macros v0.4.2
[INFO] [stderr]    Compiling ark-ff-asm v0.4.2
[INFO] [stderr]    Compiling derivative v2.2.0
[INFO] [stderr]    Compiling proc-macro-crate v0.1.5
[INFO] [stderr]    Compiling proc-macro-crate v3.2.0
[INFO] [stderr]    Compiling ppv-lite86 v0.2.20
[INFO] [stderr]    Compiling borsh-derive-internal v0.10.4
[INFO] [stderr]    Compiling parking_lot v0.12.3
[INFO] [stderr]    Compiling blake3 v1.5.1
[INFO] [stderr]    Compiling rand_xoshiro v0.6.0
[INFO] [stderr]    Compiling hashbrown v0.13.2
[INFO] [stderr]    Compiling miraland-frozen-abi v1.19.2
[INFO] [stderr]    Compiling memoffset v0.9.1
[INFO] [stderr]    Compiling wasm-bindgen v0.2.95
[INFO] [stderr]    Compiling arrayref v0.3.9
[INFO] [stderr]    Compiling rand_chacha v0.3.1
[INFO] [stderr]    Compiling rand_chacha v0.2.2
[INFO] [stderr]    Compiling rand v0.8.5
[INFO] [stderr]    Compiling rand v0.7.3
[INFO] [stderr]    Compiling borsh-derive v1.5.2
[INFO] [stderr]    Compiling borsh-derive v0.10.4
[INFO] [stderr]    Compiling borsh-derive v0.9.3
[INFO] [stderr]    Compiling wasm-bindgen-macro v0.2.95
[INFO] [stderr]    Compiling bytemuck_derive v1.8.0
[INFO] [stderr]    Compiling unicode-normalization v0.1.24
[INFO] [stderr]    Compiling ark-std v0.4.0
[INFO] [stderr]    Compiling miraland-program v1.19.2
[INFO] [stderr]    Compiling hashbrown v0.11.2
[INFO] [stderr]    Compiling memmap2 v0.5.10
[INFO] [stderr]    Compiling aho-corasick v1.1.3
[INFO] [stderr]    Compiling bs58 v0.5.1
[INFO] [stderr]    Compiling regex-syntax v0.8.5
[INFO] [stderr]    Compiling base64 v0.12.3
[INFO] [stderr]    Compiling constant_time_eq v0.3.1
[INFO] [stderr]    Compiling arrayvec v0.7.6
[INFO] [stderr]    Compiling borsh v0.9.3
[INFO] [stderr]    Compiling bytemuck v1.19.0
[INFO] [stderr]    Compiling miraland-sdk-macro v1.19.2
[INFO] [stderr]    Compiling borsh v0.10.4
[INFO] [stderr]    Compiling num-derive v0.4.2
[INFO] [stderr]    Compiling socket2 v0.5.7
[INFO] [stderr]    Compiling itertools v0.12.1
[INFO] [stderr]    Compiling tokio-macros v2.4.0
[INFO] [stderr]    Compiling signal-hook-registry v1.4.2
[INFO] [stderr]    Compiling regex-automata v0.4.8
[INFO] [stderr]    Compiling mio v1.0.2
[INFO] [stderr]    Compiling darling_core v0.20.10
[INFO] [stderr]    Compiling synstructure v0.13.1
[INFO] [stderr]    Compiling bitflags v2.6.0
[INFO] [stderr]    Compiling crypto-common v0.1.6
[INFO] [stderr]    Compiling block-buffer v0.10.4
[INFO] [stderr]    Compiling digest v0.10.7
[INFO] [stderr]    Compiling block-buffer v0.9.0
[INFO] [stderr]    Compiling ark-serialize v0.4.2
[INFO] [stderr]    Compiling crypto-mac v0.8.0
[INFO] [stderr]    Compiling sha2 v0.9.9
[INFO] [stderr]    Compiling ark-ff v0.4.2
[INFO] [stderr]    Compiling hmac v0.8.1
[INFO] [stderr]    Compiling curve25519-dalek v3.2.1
[INFO] [stderr]    Compiling sha2 v0.10.8
[INFO] [stderr]    Compiling hmac-drbg v0.3.0
[INFO] [stderr]    Compiling pbkdf2 v0.4.0
[INFO] [stderr]    Compiling serde_bytes v0.11.15
[INFO] [stderr]    Compiling tiny-bip39 v0.8.2
[INFO] [stderr]    Compiling sha3 v0.10.8
[INFO] [stderr]    Compiling bincode v1.3.3
[INFO] [stderr]    Compiling regex v1.11.1
[INFO] [stderr]    Compiling tokio v1.41.1
[INFO] [stderr]    Compiling atty v0.2.14
[INFO] [stderr]    Compiling darling_macro v0.20.10
[INFO] [stderr]    Compiling displaydoc v0.2.5
[INFO] [stderr]    Compiling termcolor v1.4.1
[INFO] [stderr]    Compiling signature v1.6.4
[INFO] [stderr]    Compiling ed25519 v1.5.3
[INFO] [stderr]    Compiling darling v0.20.10
[INFO] [stderr]    Compiling zerofrom-derive v0.1.4
[INFO] [stderr]    Compiling num_enum_derive v0.7.3
[INFO] [stderr]    Compiling iana-time-zone v0.1.61
[INFO] [stderr]    Compiling num_enum v0.7.3
[INFO] [stderr]    Compiling chrono v0.4.38
[INFO] [stderr]    Compiling ark-poly v0.4.2
[INFO] [stderr]    Compiling env_logger v0.9.3
[INFO] [stderr]    Compiling zerofrom v0.1.4
[INFO] [stderr]    Compiling ed25519-dalek v1.0.1
[INFO] [stderr]    Compiling serde_with_macros v2.3.3
[INFO] [stderr]    Compiling ark-ec v0.4.2
[INFO] [stderr]    Compiling hmac v0.12.1
[INFO] [stderr]    Compiling yoke-derive v0.7.4
[INFO] [stderr]    Compiling miraland-sdk v1.19.2
[INFO] [stderr]    Compiling derivation-path v0.2.0
[INFO] [stderr]    Compiling ed25519-dalek-bip32 v0.2.0
[INFO] [stderr]    Compiling serde_with v2.3.3
[INFO] [stderr]    Compiling miraland-logger v1.19.2
[INFO] [stderr]    Compiling yoke v0.7.4
[INFO] [stderr]    Compiling pbkdf2 v0.11.0
[INFO] [stderr]    Compiling futures-macro v0.3.31
[INFO] [stderr]    Compiling qualifier_attr v0.2.2
[INFO] [stderr]    Compiling zerovec-derive v0.10.3
[INFO] [stderr]    Compiling qstring v0.7.2
[INFO] [stderr]    Compiling uriparse v0.6.4
[INFO] [stderr]    Compiling assert_matches v1.5.0
[INFO] [stderr]    Compiling siphasher v0.3.11
[INFO] [stderr]    Compiling futures-io v0.3.31
[INFO] [stderr]    Compiling http v0.2.12
[INFO] [stderr]    Compiling futures-util v0.3.31
[INFO] [stderr]    Compiling zerovec v0.10.4
[INFO] [stderr]    Compiling ark-bn254 v0.4.0
[INFO] [stderr]    Compiling ring v0.17.8
[INFO] [stderr]    Compiling light-poseidon v0.2.0
[INFO] [stderr]    Compiling tracing-attributes v0.1.27
[INFO] [stderr]    Compiling tracing-core v0.1.32
[INFO] [stderr]    Compiling spin v0.9.8
[INFO] [stderr]    Compiling tinystr v0.7.6
[INFO] [stderr]    Compiling litemap v0.7.3
[INFO] [stderr]    Compiling icu_provider_macros v1.5.0
[INFO] [stderr]    Compiling tracing v0.1.40
[INFO] [stderr]    Compiling icu_locid v1.5.0
[INFO] [stderr]    Compiling openssl-src v300.4.0+3.4.0
[INFO] [stderr]    Compiling httparse v1.9.5
[INFO] [stderr]    Compiling icu_collections v1.5.0
[INFO] [stderr]    Compiling openssl-sys v0.9.104
[INFO] [stderr]    Compiling tokio-util v0.7.12
[INFO] [stderr]    Compiling icu_provider v1.5.0
[INFO] [stderr]    Compiling icu_locid_transform v1.5.0
[INFO] [stderr]    Compiling rustls v0.21.12
[INFO] [stderr]    Compiling http-body v0.4.6
[INFO] [stderr]    Compiling openssl v0.10.68
[INFO] [stderr]    Compiling openssl-probe v0.1.5
[INFO] [stderr]    Compiling openssl-macros v0.1.1
[INFO] [stderr]    Compiling cfg-if v1.0.0
[INFO] [stderr]    Compiling native-tls v0.2.12
[INFO] [stderr]    Compiling alloc-no-stdlib v2.0.4
[INFO] [stderr]    Compiling alloc-stdlib v0.2.2
[INFO] [stderr]    Compiling icu_properties v1.5.1
[INFO] [stderr]    Compiling adler2 v2.0.0
[INFO] [stderr]    Compiling h2 v0.3.26
[INFO] [stderr]    Compiling miniz_oxide v0.8.0
[INFO] [stderr]    Compiling brotli-decompressor v4.0.1
[INFO] [stderr]    Compiling icu_normalizer v1.5.0
[INFO] [stderr]    Compiling idna_adapter v1.2.0
[INFO] [stderr]    Compiling crc32fast v1.4.2
[INFO] [stderr]    Compiling idna v1.0.3
[INFO] [stderr]    Compiling flate2 v1.0.34
[INFO] [stderr]    Compiling url v2.5.3
[INFO] [stderr]    Compiling brotli v7.0.0
[INFO] [stderr]    Compiling num-bigint v0.2.6
[INFO] [stderr]    Compiling serde_urlencoded v0.7.1
[INFO] [stderr]    Compiling num-complex v0.2.4
[INFO] [stderr]    Compiling num-rational v0.2.4
[INFO] [stderr]    Compiling encoding_rs v0.8.35
[INFO] [stderr]    Compiling hyper v0.14.31
[INFO] [stderr]    Compiling ipnet v2.10.1
[INFO] [stderr]    Compiling rustls-webpki v0.101.7
[INFO] [stderr]    Compiling sct v0.7.1
[INFO] [stderr]    Compiling async-compression v0.4.17
[INFO] [stderr]    Compiling scroll_derive v0.11.1
[INFO] [stderr]    Compiling crossbeam-channel v0.5.13
[INFO] [stderr]    Compiling void v1.0.2
[INFO] [stderr]    Compiling unreachable v1.0.0
[INFO] [stderr]    Compiling scroll v0.11.0
[INFO] [stderr]    Compiling tokio-rustls v0.24.1
[INFO] [stderr]    Compiling hyper-rustls v0.24.2
[INFO] [stderr]    Compiling gethostname v0.2.3
[INFO] [stderr]    Compiling num-iter v0.1.45
[INFO] [stderr]    Compiling ascii v0.9.3
[INFO] [stderr]    Compiling plain v0.2.3
[INFO] [stderr]    Compiling goblin v0.5.4
[INFO] [stderr]    Compiling combine v3.8.1
[INFO] [stderr]    Compiling num v0.2.1
[INFO] [stderr]    Compiling enum-iterator-derive v1.4.0
[INFO] [stderr]    Compiling miraland-program-runtime v1.19.2
[INFO] [stderr]    Compiling hash32 v0.2.1
[INFO] [stderr]    Compiling rustc-demangle v0.1.24
[INFO] [stderr]    Compiling enum-iterator v1.5.0
[INFO] [stderr]    Compiling percentage v0.1.0
[INFO] [stderr]    Compiling inout v0.1.3
[INFO] [stderr]    Compiling eager v0.1.0
[INFO] [stderr]    Compiling cipher v0.4.4
[INFO] [stderr]    Compiling universal-hash v0.5.1
[INFO] [stderr]    Compiling polyval v0.6.2
[INFO] [stderr]    Compiling aes v0.8.4
[INFO] [stderr]    Compiling ctr v0.9.2
[INFO] [stderr]    Compiling aead v0.5.2
[INFO] [stderr]    Compiling aes-gcm-siv v0.11.1
[INFO] [stderr]    Compiling sha3 v0.9.1
[INFO] [stderr]    Compiling merlin v3.0.0
[INFO] [stderr]    Compiling solana_rbpf v0.8.4
[INFO] [stderr]    Compiling rustix v0.38.39
[INFO] [stderr]    Compiling zstd-sys v2.0.13+zstd.1.5.6
[INFO] [stderr]    Compiling solarti-discriminator-syn v0.1.10
[INFO] [stderr]    Compiling solarti-program-error-derive v0.3.11
[INFO] [stderr]    Compiling solarti-discriminator-derive v0.1.10
[INFO] [stderr]    Compiling miraland-vote-program v1.19.2
[INFO] [stderr]    Compiling zstd-safe v5.0.2+zstd.1.5.2
[INFO] [stderr]    Compiling miraland-security-txt v1.1.1
[INFO] [stderr]    Compiling futures-executor v0.3.31
[INFO] [stderr]    Compiling hashbrown v0.12.3
[INFO] [stderr]    Compiling miraland-version v1.19.2
[INFO] [stderr]    Compiling time-macros v0.2.18
[INFO] [stderr]    Compiling futures v0.3.31
[INFO] [stderr]    Compiling Inflector v0.11.4
[INFO] [stderr]    Compiling async-trait v0.1.83
[INFO] [stderr]    Compiling linux-raw-sys v0.4.14
[INFO] [stderr]    Compiling time v0.3.36
[INFO] [stderr]    Compiling prost-derive v0.11.9
[INFO] [stderr]    Compiling indexmap v1.9.3
[INFO] [stderr]    Compiling heck v0.4.1
[INFO] [stderr]    Compiling num_cpus v1.16.0
[INFO] [stderr]    Compiling base64 v0.13.1
[INFO] [stderr]    Compiling fastrand v2.2.0
[INFO] [stderr]    Compiling glob v0.3.1
[INFO] [stderr]    Compiling nom v7.1.3
[INFO] [stderr]    Compiling synstructure v0.12.6
[INFO] [stderr]    Compiling clang-sys v1.8.1
[INFO] [stderr]    Compiling tempfile v3.14.0
[INFO] [stderr]    Compiling miraland-rayon-threadlimit v1.19.2
[INFO] [stderr]    Compiling nix v0.26.4
[INFO] [stderr]    Compiling console v0.15.8
[INFO] [stderr]    Compiling sha1 v0.10.6
[INFO] [stderr]    Compiling dlopen2_derive v0.3.0
[INFO] [stderr]    Compiling lz4-sys v1.11.1+lz4-1.10.0
[INFO] [stderr]    Compiling miraland-perf v1.19.2
[INFO] [stderr]    Compiling prettyplease v0.2.25
[INFO] [stderr]    Compiling prettyplease v0.1.25
[INFO] [stderr]    Compiling data-encoding v2.6.0
[INFO] [stderr]    Compiling prost v0.11.9
[INFO] [stderr]    Compiling dlopen2 v0.5.0
[INFO] [stderr]    Compiling rusticata-macros v4.1.0
[INFO] [stderr]    Compiling asn1-rs-derive v0.4.0
[INFO] [stderr]    Compiling jsonrpc-core v18.0.0
[INFO] [stderr]    Compiling caps v0.5.5
[INFO] [stderr]    Compiling asn1-rs-impl v0.1.0
[INFO] [stderr]    Compiling ring v0.16.20
[INFO] [stderr]    Compiling autotools v0.2.7
[INFO] [stderr]    Compiling home v0.5.9
[INFO] [stderr]    Compiling portable-atomic v1.9.0
[INFO] [stderr]    Compiling fixedbitset v0.4.2
[INFO] [stderr]    Compiling petgraph v0.6.5
[INFO] [stderr]    Compiling which v4.4.2
[INFO] [stderr]    Compiling protobuf-src v1.1.0+21.5
[INFO] [stderr]    Compiling asn1-rs v0.5.2
[INFO] [stderr]    Compiling prost-types v0.11.9
[INFO] [stderr]    Compiling proc-macro-error-attr v1.0.4
[INFO] [stderr]    Compiling libloading v0.8.5
[INFO] [stderr]    Compiling bzip2-sys v0.1.11+1.0.8
[INFO] [stderr]    Compiling bindgen v0.65.1
[INFO] [stderr]    Compiling oid-registry v0.6.1
[INFO] [stderr]    Compiling multimap v0.8.3
[INFO] [stderr]    Compiling prost-build v0.11.9
[INFO] [stderr]    Compiling proc-macro-error v1.0.4
[INFO] [stderr]    Compiling cexpr v0.6.0
[INFO] [stderr]    Compiling solarti-program-error v0.3.11
[INFO] [stderr]    Compiling solarti-discriminator v0.1.10
[INFO] [stderr]    Compiling solarti-memo v4.1.0
[INFO] [stderr]    Compiling solarti-token v4.2.0
[INFO] [stderr]    Compiling rustls-native-certs v0.6.3
[INFO] [stderr]    Compiling tokio-stream v0.1.16
[INFO] [stderr]    Compiling pin-project-internal v1.1.7
[INFO] [stderr]    Compiling axum-core v0.3.4
[INFO] [stderr]    Compiling miraland-stake-program v1.19.2
[INFO] [stderr]    Compiling peeking_take_while v0.1.2
[INFO] [stderr]    Compiling lazycell v1.3.0
[INFO] [stderr]    Compiling os_str_bytes v6.6.1
[INFO] [stderr]    Compiling clap_lex v0.2.4
[INFO] [stderr]    Compiling pin-project v1.1.7
[INFO] [stderr]    Compiling indicatif v0.17.8
[INFO] [stderr]    Compiling quinn-proto v0.10.6
[INFO] [stderr]    Compiling tonic-build v0.9.2
[INFO] [stderr]    Compiling der-parser v8.2.0
[INFO] [stderr]    Compiling webpki-roots v0.24.0
[INFO] [stderr]    Compiling quinn-udp v0.4.1
[INFO] [stderr]    Compiling modular-bitfield-impl v0.11.2
[INFO] [stderr]    Compiling axum v0.6.20
[INFO] [stderr]    Compiling concurrent-queue v2.5.0
[INFO] [stderr]    Compiling miraland-address-lookup-table-program v1.19.2
[INFO] [stderr]    Compiling miraland-svm v1.19.2
[INFO] [stderr]    Compiling static_assertions v1.1.0
[INFO] [stderr]    Compiling textwrap v0.16.1
[INFO] [stderr]    Compiling shell-words v1.1.0
[INFO] [stderr]    Compiling predicates-core v1.0.8
[INFO] [stderr]    Compiling miraland-measure v1.19.2
[INFO] [stderr]    Compiling miraland-zk-token-sdk v1.19.2
[INFO] [stderr]    Compiling hashbrown v0.14.5
[INFO] [stderr]    Compiling parking_lot_core v0.8.6
[INFO] [stderr]    Compiling tungstenite v0.20.1
[INFO] [stderr]    Compiling dashmap v5.5.3
[INFO] [stderr]    Compiling clap v3.2.25
[INFO] [stderr]    Compiling ouroboros_macro v0.15.6
[INFO] [stderr]    Compiling modular-bitfield v0.11.2
[INFO] [stderr]    Compiling dialoguer v0.10.4
[INFO] [stderr]    Compiling async-channel v1.9.0
[INFO] [stderr]    Compiling quinn v0.10.2
[INFO] [stderr]    Compiling librocksdb-sys v0.11.0+8.1.1
[INFO] [stderr]    Compiling x509-parser v0.14.0
[INFO] [stderr]    Compiling bzip2 v0.4.4
[INFO] [stderr]    Compiling tower v0.4.13
[INFO] [stderr]    Compiling solarti-pod v0.1.10
[INFO] [stderr]    Compiling solarti-type-length-value v0.3.9
[INFO] [stderr]    Compiling solarti-token-group-interface v0.1.6
[INFO] [stderr]    Compiling solarti-tlv-account-resolution v0.5.5
[INFO] [stderr]    Compiling solarti-token-metadata-interface v0.2.8
[INFO] [stderr]    Compiling solarti-transfer-hook-interface v0.4.5
[INFO] [stderr]    Compiling xattr v1.3.1
[INFO] [stderr]    Compiling pem v1.1.1
[INFO] [stderr] error: could not compile `pem` (lib)
[INFO] [stderr] 
[INFO] [stderr] Caused by:
[INFO] [stderr]   process didn't exit successfully: `/opt/rustwide/rustup-home/toolchains/1.100.0-beta.1-x86_64-unknown-linux-gnu/bin/rustc --crate-name pem --edition=2018 /opt/rustwide/cargo-home/registry/src/index.crates.io-1949cf8c6b5b557f/pem-1.1.1/src/lib.rs --error-format=json --json=diagnostic-rendered-ansi,artifacts,future-incompat,unused-externs-silent --crate-type lib --emit=dep-info,metadata,link -C opt-level=3 -C embed-bitcode=no --check-cfg 'cfg(docsrs,test)' --check-cfg 'cfg(feature, values("serde"))' -C metadata=a6d228e7452243ba -C extra-filename=-a41a843729240be1 --out-dir /opt/rustwide/target/release/build/pem/a41a843729240be1/out -C strip=debuginfo --extern base64=/opt/rustwide/target/release/build/base64/8681e94812f2261e/out/libbase64-8681e94812f2261e.rmeta --cap-lints allow --cap-lints=warn --force-warn=unused_crate_dependencies` (signal: 9, SIGKILL: kill)
[INFO] [stderr] warning: build failed, waiting for other jobs to finish...
[INFO] [stderr] error: could not compile `clap` (lib)
[INFO] [stderr] 
[INFO] [stderr] Caused by:
[INFO] [stderr]   process didn't exit successfully: `/opt/rustwide/rustup-home/toolchains/1.100.0-beta.1-x86_64-unknown-linux-gnu/bin/rustc --crate-name clap --edition=2021 /opt/rustwide/cargo-home/registry/src/index.crates.io-1949cf8c6b5b557f/clap-3.2.25/src/lib.rs --error-format=json --json=diagnostic-rendered-ansi,artifacts,future-incompat,unused-externs-silent --crate-type lib --emit=dep-info,metadata,link -C opt-level=3 -C embed-bitcode=no --cfg 'feature="atty"' --cfg 'feature="cargo"' --cfg 'feature="color"' --cfg 'feature="default"' --cfg 'feature="once_cell"' --cfg 'feature="std"' --cfg 'feature="strsim"' --cfg 'feature="suggestions"' --cfg 'feature="termcolor"' --check-cfg 'cfg(docsrs,test)' --check-cfg 'cfg(feature, values("atty", "backtrace", "cargo", "clap_derive", "color", "debug", "default", "deprecated", "derive", "env", "once_cell", "regex", "std", "strsim", "suggestions", "termcolor", "terminal_size", "unicase", "unicode", "unstable-doc", "unstable-grouped", "unstable-replace", "unstable-v4", "wrap_help", "yaml", "yaml-rust"))' -C metadata=3402716cb579a532 -C extra-filename=-91f88380ff08e46f --out-dir /opt/rustwide/target/release/build/clap/91f88380ff08e46f/out -C strip=debuginfo -L dependency=/opt/rustwide/target/release/build/ahash/5b19fe254bc7ffda/out -L dependency=/opt/rustwide/target/release/build/cfg-if/193575a6b29a3ab9/out -L dependency=/opt/rustwide/target/release/build/getrandom/4bbd8c81d3d28be3/out -L dependency=/opt/rustwide/target/release/build/hashbrown/e33aecd375c29d5c/out -L dependency=/opt/rustwide/target/release/build/libc/ab2928799228b2e5/out -L dependency=/opt/rustwide/target/release/build/once_cell/d14ac526d2a459d4/out -L dependency=/opt/rustwide/target/release/build/os_str_bytes/0c7ba5e35e79d6f6/out --extern atty=/opt/rustwide/target/release/build/atty/247e89f86f7a84f4/out/libatty-247e89f86f7a84f4.rmeta --extern bitflags=/opt/rustwide/target/release/build/bitflags/68973b8086863992/out/libbitflags-68973b8086863992.rmeta --extern clap_lex=/opt/rustwide/target/release/build/clap_lex/48e02e3fb1510b95/out/libclap_lex-48e02e3fb1510b95.rmeta --extern indexmap=/opt/rustwide/target/release/build/indexmap/7eca6122f0a9c377/out/libindexmap-7eca6122f0a9c377.rmeta --extern once_cell=/opt/rustwide/target/release/build/once_cell/d14ac526d2a459d4/out/libonce_cell-d14ac526d2a459d4.rmeta --extern strsim=/opt/rustwide/target/release/build/strsim/4d90d417acaad1e9/out/libstrsim-4d90d417acaad1e9.rmeta --extern termcolor=/opt/rustwide/target/release/build/termcolor/7fdbd35a1ab5fb9d/out/libtermcolor-7fdbd35a1ab5fb9d.rmeta --extern textwrap=/opt/rustwide/target/release/build/textwrap/2b65e8244b2b4bfc/out/libtextwrap-2b65e8244b2b4bfc.rmeta --cap-lints allow --cap-lints=warn --force-warn=unused_crate_dependencies` (signal: 9, SIGKILL: kill)
[INFO] [stderr] error: could not compile `x509-parser` (lib)
[INFO] [stderr] 
[INFO] [stderr] Caused by:
[INFO] [stderr]   process didn't exit successfully: `/opt/rustwide/rustup-home/toolchains/1.100.0-beta.1-x86_64-unknown-linux-gnu/bin/rustc --crate-name x509_parser --edition=2018 /opt/rustwide/cargo-home/registry/src/index.crates.io-1949cf8c6b5b557f/x509-parser-0.14.0/src/lib.rs --error-format=json --json=diagnostic-rendered-ansi,artifacts,future-incompat,unused-externs-silent --crate-type lib --emit=dep-info,metadata,link -C opt-level=3 -C embed-bitcode=no --cfg 'feature="default"' --check-cfg 'cfg(docsrs,test)' --check-cfg 'cfg(feature, values("default", "ring", "validate", "verify"))' -C metadata=d31906ae8a979058 -C extra-filename=-5d9c92de03f203e8 --out-dir /opt/rustwide/target/release/build/x509-parser/5d9c92de03f203e8/out -C strip=debuginfo -L dependency=/opt/rustwide/target/release/build/asn1-rs-derive/933d8b5b49e14fde/out -L dependency=/opt/rustwide/target/release/build/asn1-rs-impl/e0c3fb223aa0ba6e/out -L dependency=/opt/rustwide/target/release/build/asn1-rs/59f4ff1a21722011/out -L dependency=/opt/rustwide/target/release/build/deranged/1f70f8b519309e42/out -L dependency=/opt/rustwide/target/release/build/displaydoc/4838da17bad2d50d/out -L dependency=/opt/rustwide/target/release/build/itoa/4bdee31416ae7e90/out -L dependency=/opt/rustwide/target/release/build/memchr/6c5d0eada52e5daf/out -L dependency=/opt/rustwide/target/release/build/minimal-lexical/c3019790908bdb22/out -L dependency=/opt/rustwide/target/release/build/nom/d0ea933e6a8c583c/out -L dependency=/opt/rustwide/target/release/build/num-bigint/da6da15ee45a4d11/out -L dependency=/opt/rustwide/target/release/build/num-conv/ea2b56a62748def3/out -L dependency=/opt/rustwide/target/release/build/num-integer/bb83a65ef345d306/out -L dependency=/opt/rustwide/target/release/build/num-traits/9b30c3642cb535eb/out -L dependency=/opt/rustwide/target/release/build/powerfmt/36b72e9804a215c5/out -L dependency=/opt/rustwide/target/release/build/rusticata-macros/47a24b57ff1556bd/out -L dependency=/opt/rustwide/target/release/build/thiserror-impl/f324294c405f721c/out -L dependency=/opt/rustwide/target/release/build/thiserror/5194a5823851640e/out -L dependency=/opt/rustwide/target/release/build/time-core/6e0d7409dd707a3b/out -L dependency=/opt/rustwide/target/release/build/time-macros/e32173f1d8caec0f/out -L dependency=/opt/rustwide/target/release/build/time/8a370a20a1d815ba/out --extern asn1_rs=/opt/rustwide/target/release/build/asn1-rs/59f4ff1a21722011/out/libasn1_rs-59f4ff1a21722011.rmeta --extern base64=/opt/rustwide/target/release/build/base64/8681e94812f2261e/out/libbase64-8681e94812f2261e.rmeta --extern data_encoding=/opt/rustwide/target/release/build/data-encoding/b7b37a6cf8010037/out/libdata_encoding-b7b37a6cf8010037.rmeta --extern der_parser=/opt/rustwide/target/release/build/der-parser/c2e5c8d6175fbd85/out/libder_parser-c2e5c8d6175fbd85.rmeta --extern lazy_static=/opt/rustwide/target/release/build/lazy_static/fdd6af0286056ca3/out/liblazy_static-fdd6af0286056ca3.rmeta --extern nom=/opt/rustwide/target/release/build/nom/d0ea933e6a8c583c/out/libnom-d0ea933e6a8c583c.rmeta --extern oid_registry=/opt/rustwide/target/release/build/oid-registry/bd1519d7c02acd7b/out/liboid_registry-bd1519d7c02acd7b.rmeta --extern rusticata_macros=/opt/rustwide/target/release/build/rusticata-macros/47a24b57ff1556bd/out/librusticata_macros-47a24b57ff1556bd.rmeta --extern thiserror=/opt/rustwide/target/release/build/thiserror/5194a5823851640e/out/libthiserror-5194a5823851640e.rmeta --extern time=/opt/rustwide/target/release/build/time/8a370a20a1d815ba/out/libtime-8a370a20a1d815ba.rmeta --cap-lints allow --cap-lints=warn --force-warn=unused_crate_dependencies` (signal: 9, SIGKILL: kill)
[INFO] [stderr] error: failed to run custom build command for `protobuf-src v1.1.0+21.5`
[INFO] [stderr] note: To improve backtraces for build dependencies, set the CARGO_PROFILE_RELEASE_BUILD_OVERRIDE_DEBUG=true environment variable to enable debug information generation.
[INFO] [stderr] 
[INFO] [stderr] Caused by:
[INFO] [stderr]   process didn't exit successfully: `/opt/rustwide/target/release/build/protobuf-src/565a61c0a1099778/out/build_script_build` (exit status: 101)
[INFO] [stderr]   --- stdout
[INFO] [stderr]   running: cd "/opt/rustwide/target/release/build/protobuf-src/748662a9b4884bf3/out/install/build" && CC="cc" CFLAGS="-O0 -ffunction-sections -fdata-sections -fPIC -m64" CXX="c++" CXXFLAGS="-O0 -ffunction-sections -fdata-sections -fPIC -m64" "sh" "-c" "exec \"$0\" \"$@\"" "/opt/rustwide/cargo-home/registry/src/index.crates.io-1949cf8c6b5b557f/protobuf-src-1.1.0+21.5/protobuf/configure" "--prefix=/opt/rustwide/target/release/build/protobuf-src/748662a9b4884bf3/out/install" "--disable-shared" "--enable-static" "--disable-maintainer-mode"
[INFO] [stderr]   checking whether to enable maintainer-specific portions of Makefiles... no
[INFO] [stderr]   checking build system type... x86_64-pc-linux-gnu
[INFO] [stderr]   checking host system type... x86_64-pc-linux-gnu
[INFO] [stderr]   checking target system type... x86_64-pc-linux-gnu
[INFO] [stderr]   checking for a BSD-compatible install... /usr/bin/install -c
[INFO] [stderr]   checking whether build environment is sane... yes
[INFO] [stderr]   checking for a race-free mkdir -p... /usr/bin/mkdir -p
[INFO] [stderr]   checking for gawk... no
[INFO] [stderr]   checking for mawk... mawk
[INFO] [stderr]   checking whether make sets $(MAKE)... yes
[INFO] [stderr]   checking whether make supports nested variables... yes
[INFO] [stderr]   checking whether UID '0' is supported by ustar format... yes
[INFO] [stderr]   checking whether GID '0' is supported by ustar format... yes
[INFO] [stderr]   checking how to create a ustar tar archive... gnutar
[INFO] [stderr]   checking whether make supports nested variables... (cached) yes
[INFO] [stderr]   checking for gcc... cc
[INFO] [stderr]   checking whether the C compiler works... yes
[INFO] [stderr]   checking for C compiler default output file name... a.out
[INFO] [stderr]   checking for suffix of executables... 
[INFO] [stderr]   checking whether we are cross compiling... no
[INFO] [stderr]   checking for suffix of object files... o
[INFO] [stderr]   checking whether the compiler supports GNU C... yes
[INFO] [stderr]   checking whether cc accepts -g... yes
[INFO] [stderr]   checking for cc option to enable C11 features... none needed
[INFO] [stderr]   checking whether cc understands -c and -o together... yes
[INFO] [stderr]   checking whether make supports the include directive... yes (GNU style)
[INFO] [stderr]   checking dependency style of cc... gcc3
[INFO] [stderr]   checking whether the compiler supports GNU C++... yes
[INFO] [stderr]   checking whether c++ accepts -g... yes
[INFO] [stderr]   checking for c++ option to enable C++11 features... none needed
[INFO] [stderr]   checking dependency style of c++... gcc3
[INFO] [stderr]   checking how to run the C preprocessor... cc -E
[INFO] [stderr]   checking for gcc... gcc
[INFO] [stderr]   checking whether the compiler supports GNU C... (cached) yes
[INFO] [stderr]   checking whether gcc accepts -g... yes
[INFO] [stderr]   checking for gcc option to enable C11 features... (cached) none needed
[INFO] [stderr]   checking whether gcc understands -c and -o together... (cached) yes
[INFO] [stderr]   checking dependency style of gcc... (cached) gcc3
[INFO] [stderr]   checking how to run the C preprocessor... gcc -E
[INFO] [stderr]   checking how to run the C++ preprocessor... c++ -E
[INFO] [stderr]   checking for g++... g++
[INFO] [stderr]   checking whether the compiler supports GNU C++... (cached) yes
[INFO] [stderr]   checking whether g++ accepts -g... yes
[INFO] [stderr]   checking for g++ option to enable C++11 features... (cached) none needed
[INFO] [stderr]   checking dependency style of g++... (cached) gcc3
[INFO] [stderr]   checking how to run the C++ preprocessor... g++ -E
[INFO] [stderr]   checking for stdio.h... yes
[INFO] [stderr]   checking for stdlib.h... yes
[INFO] [stderr]   checking for string.h... yes
[INFO] [stderr]   checking for inttypes.h... yes
[INFO] [stderr]   checking for stdint.h... yes
[INFO] [stderr]   checking for strings.h... yes
[INFO] [stderr]   checking for sys/stat.h... yes
[INFO] [stderr]   checking for sys/types.h... yes
[INFO] [stderr]   checking for unistd.h... yes
[INFO] [stderr]   checking for wchar.h... yes
[INFO] [stderr]   checking for minix/config.h... no
[INFO] [stderr]   checking whether it is safe to define __EXTENSIONS__... yes
[INFO] [stderr]   checking whether _XOPEN_SOURCE should be defined... no
[INFO] [stderr]   checking for ar... ar
[INFO] [stderr]   checking the archiver (ar) interface... ar
[INFO] [stderr]   checking C++ compiler flags...... use user-supplied: -O0 -ffunction-sections -fdata-sections -fPIC -m64
[INFO] [stderr]   checking for c++ options needed to detect all undeclared functions... none needed
[INFO] [stderr]   checking whether __SUNPRO_CC is declared... no
[INFO] [stderr]   checking how to print strings... printf
[INFO] [stderr]   checking for a sed that does not truncate output... /usr/bin/sed
[INFO] [stderr]   checking for grep that handles long lines and -e... /usr/bin/grep
[INFO] [stderr]   checking for egrep... /usr/bin/grep -E
[INFO] [stderr]   checking for fgrep... /usr/bin/grep -F
[INFO] [stderr]   checking for ld used by cc... /usr/bin/x86_64-linux-gnu-ld
[INFO] [stderr]   checking if the linker (/usr/bin/x86_64-linux-gnu-ld) is GNU ld... yes
[INFO] [stderr]   checking for BSD- or MS-compatible name lister (nm)... /usr/bin/nm -B
[INFO] [stderr]   checking the name lister (/usr/bin/nm -B) interface... BSD nm
[INFO] [stderr]   checking whether ln -s works... yes
[INFO] [stderr]   checking the maximum length of command line arguments... 1572864
[INFO] [stderr]   checking how to convert x86_64-pc-linux-gnu file names to x86_64-pc-linux-gnu format... func_convert_file_noop
[INFO] [stderr]   checking how to convert x86_64-pc-linux-gnu file names to toolchain format... func_convert_file_noop
[INFO] [stderr]   checking for /usr/bin/x86_64-linux-gnu-ld option to reload object files... -r
[INFO] [stderr]   checking for file... file
[INFO] [stderr]   checking for objdump... objdump
[INFO] [stderr]   checking how to recognize dependent libraries... pass_all
[INFO] [stderr]   checking for dlltool... no
[INFO] [stderr]   checking how to associate runtime and link libraries... printf %s\n
[INFO] [stderr]   checking for archiver @FILE support... @
[INFO] [stderr]   checking for strip... strip
[INFO] [stderr]   checking for ranlib... ranlib
[INFO] [stderr]   checking command to parse /usr/bin/nm -B output from cc object... ok
[INFO] [stderr]   checking for sysroot... no
[INFO] [stderr]   checking for a working dd... /usr/bin/dd
[INFO] [stderr]   checking how to truncate binary pipes... /usr/bin/dd bs=4096 count=1
[INFO] [stderr]   checking for mt... no
[INFO] [stderr]   checking if : is a manifest tool... no
[INFO] [stderr]   checking for dlfcn.h... yes
[INFO] [stderr]   checking for objdir... .libs
[INFO] [stderr]   checking if cc supports -fno-rtti -fno-exceptions... no
[INFO] [stderr]   checking for cc option to produce PIC... -fPIC -DPIC
[INFO] [stderr]   checking if cc PIC flag -fPIC -DPIC works... yes
[INFO] [stderr]   checking if cc static flag -static works... yes
[INFO] [stderr]   checking if cc supports -c -o file.o... yes
[INFO] [stderr]   checking if cc supports -c -o file.o... (cached) yes
[INFO] [stderr]   checking whether the cc linker (/usr/bin/x86_64-linux-gnu-ld -m elf_x86_64) supports shared libraries... yes
[INFO] [stderr]   checking dynamic linker characteristics... GNU/Linux ld.so
[INFO] [stderr]   checking how to hardcode library paths into programs... immediate
[INFO] [stderr]   checking whether stripping libraries is possible... yes
[INFO] [stderr]   checking if libtool supports shared libraries... yes
[INFO] [stderr]   checking whether to build shared libraries... no
[INFO] [stderr]   checking whether to build static libraries... yes
[INFO] [stderr]   checking how to run the C++ preprocessor... c++ -E
[INFO] [stderr]   checking for ld used by c++... /usr/bin/x86_64-linux-gnu-ld -m elf_x86_64
[INFO] [stderr]   checking if the linker (/usr/bin/x86_64-linux-gnu-ld -m elf_x86_64) is GNU ld... yes
[INFO] [stderr]   checking whether the c++ linker (/usr/bin/x86_64-linux-gnu-ld -m elf_x86_64) supports shared libraries... yes
[INFO] [stderr]   checking for c++ option to produce PIC... -fPIC -DPIC
[INFO] [stderr]   checking if c++ PIC flag -fPIC -DPIC works... yes
[INFO] [stderr]   checking if c++ static flag -static works... yes
[INFO] [stderr]   checking if c++ supports -c -o file.o... yes
[INFO] [stderr]   checking if c++ supports -c -o file.o... (cached) yes
[INFO] [stderr]   checking whether the c++ linker (/usr/bin/x86_64-linux-gnu-ld -m elf_x86_64) supports shared libraries... yes
[INFO] [stderr]   checking dynamic linker characteristics... (cached) GNU/Linux ld.so
[INFO] [stderr]   checking how to hardcode library paths into programs... immediate
[INFO] [stderr]   checking whether the linker supports version scripts... yes
[INFO] [stderr]   checking for egrep... (cached) /usr/bin/grep -E
[INFO] [stderr]   checking for fcntl.h... yes
[INFO] [stderr]   checking for inttypes.h... (cached) yes
[INFO] [stderr]   checking for limits.h... yes
[INFO] [stderr]   checking for stdlib.h... (cached) yes
[INFO] [stderr]   checking for unistd.h... (cached) yes
[INFO] [stderr]   checking for working memcmp... yes
[INFO] [stderr]   checking for working strtod... yes
[INFO] [stderr]   checking for ftruncate... yes
[INFO] [stderr]   checking for memset... yes
[INFO] [stderr]   checking for mkdir... yes
[INFO] [stderr]   checking for strchr... yes
[INFO] [stderr]   checking for strerror... yes
[INFO] [stderr]   checking for strtol... yes
[INFO] [stderr]   checking zlib version... ok (1.2.0.4 or later)
[INFO] [stderr]   checking for library containing zlibVersion... -lz
[INFO] [stderr]   checking whether c++ supports C++11 features by default... yes
[INFO] [stderr]   checking whether -latomic is needed... no
[INFO] [stderr]   checking whether cc is Clang... no
[INFO] [stderr]   checking whether pthreads work with "-pthread" and "-lpthread"... yes
[INFO] [stderr]   checking for joinable pthread attribute... PTHREAD_CREATE_JOINABLE
[INFO] [stderr]   checking whether more special flags are required for pthreads... no
[INFO] [stderr]   checking for PTHREAD_PRIO_INHERIT... yes
[INFO] [stderr]   checking the location of hash_map... <unordered_map>
[INFO] [stderr]   checking whether -llog is needed... no
[INFO] [stderr]   checking that generated files are newer than configure... done
[INFO] [stderr]   configure: creating ./config.status
[INFO] [stderr]   config.status: creating Makefile
[INFO] [stderr]   config.status: creating src/Makefile
[INFO] [stderr]   config.status: creating benchmarks/Makefile
[INFO] [stderr]   config.status: creating conformance/Makefile
[INFO] [stderr]   config.status: creating protobuf.pc
[INFO] [stderr]   config.status: creating protobuf-lite.pc
[INFO] [stderr]   config.status: creating config.h
[INFO] [stderr]   config.status: executing depfiles commands
[INFO] [stderr]   config.status: executing libtool commands
[INFO] [stderr]   === configuring in third_party/googletest (/opt/rustwide/target/release/build/protobuf-src/748662a9b4884bf3/out/install/build/third_party/googletest)
[INFO] [stderr]   configure: running /bin/bash /opt/rustwide/cargo-home/registry/src/index.crates.io-1949cf8c6b5b557f/protobuf-src-1.1.0+21.5/protobuf/third_party/googletest/configure --disable-option-checking '--prefix=/opt/rustwide/target/release/build/protobuf-src/748662a9b4884bf3/out/install'  '--disable-shared' '--enable-static' '--disable-maintainer-mode' 'CC=cc' 'CFLAGS=-O0 -ffunction-sections -fdata-sections -fPIC -m64' 'CXX=c++' 'CXXFLAGS=-O0 -ffunction-sections -fdata-sections -fPIC -m64' --cache-file=/dev/null --srcdir=/opt/rustwide/cargo-home/registry/src/index.crates.io-1949cf8c6b5b557f/protobuf-src-1.1.0+21.5/protobuf/third_party/googletest
[INFO] [stderr]   checking for a BSD-compatible install... /usr/bin/install -c
[INFO] [stderr]   checking whether build environment is sane... yes
[INFO] [stderr]   checking for a race-free mkdir -p... /usr/bin/mkdir -p
[INFO] [stderr]   checking for gawk... no
[INFO] [stderr]   checking for mawk... mawk
[INFO] [stderr]   checking whether make sets $(MAKE)... yes
[INFO] [stderr]   checking whether make supports nested variables... yes
[INFO] [stderr]   checking that generated files are newer than configure... done
[INFO] [stderr]   configure: creating ./config.status
[INFO] [stderr]   config.status: creating Makefile
[INFO] [stderr]   === configuring in googletest (/opt/rustwide/target/release/build/protobuf-src/748662a9b4884bf3/out/install/build/third_party/googletest/googletest)
[INFO] [stderr]   configure: running /bin/bash /opt/rustwide/cargo-home/registry/src/index.crates.io-1949cf8c6b5b557f/protobuf-src-1.1.0+21.5/protobuf/third_party/googletest/googletest/configure --disable-option-checking '--prefix=/opt/rustwide/target/release/build/protobuf-src/748662a9b4884bf3/out/install'  '--disable-shared' '--enable-static' '--disable-maintainer-mode' 'CC=cc' 'CFLAGS=-O0 -ffunction-sections -fdata-sections -fPIC -m64' 'CXX=c++' 'CXXFLAGS=-O0 -ffunction-sections -fdata-sections -fPIC -m64' --cache-file=/dev/null --srcdir=/opt/rustwide/cargo-home/registry/src/index.crates.io-1949cf8c6b5b557f/protobuf-src-1.1.0+21.5/protobuf/third_party/googletest/googletest
[INFO] [stderr]   checking for a BSD-compatible install... /usr/bin/install -c
[INFO] [stderr]   checking whether build environment is sane... yes
[INFO] [stderr]   checking for a race-free mkdir -p... /usr/bin/mkdir -p
[INFO] [stderr]   checking for gawk... no
[INFO] [stderr]   checking for mawk... mawk
[INFO] [stderr]   checking whether make sets $(MAKE)... yes
[INFO] [stderr]   checking whether make supports nested variables... yes
[INFO] [stderr]   checking for gcc... cc
[INFO] [stderr]   checking whether the C compiler works... yes
[INFO] [stderr]   checking for C compiler default output file name... a.out
[INFO] [stderr]   checking for suffix of executables... 
[INFO] [stderr]   checking whether we are cross compiling... no
[INFO] [stderr]   checking for suffix of object files... o
[INFO] [stderr]   checking whether the compiler supports GNU C... yes
[INFO] [stderr]   checking whether cc accepts -g... yes
[INFO] [stderr]   checking for cc option to enable C11 features... none needed
[INFO] [stderr]   checking whether cc understands -c and -o together... yes
[INFO] [stderr]   checking whether make supports the include directive... yes (GNU style)
[INFO] [stderr]   checking dependency style of cc... gcc3
[INFO] [stderr]   checking whether the compiler supports GNU C++... yes
[INFO] [stderr]   checking whether c++ accepts -g... yes
[INFO] [stderr]   checking for c++ option to enable C++11 features... none needed
[INFO] [stderr]   checking dependency style of c++... gcc3
[INFO] [stderr]   checking build system type... x86_64-pc-linux-gnu
[INFO] [stderr]   checking host system type... x86_64-pc-linux-gnu
[INFO] [stderr]   checking how to print strings... printf
[INFO] [stderr]   checking for a sed that does not truncate output... /usr/bin/sed
[INFO] [stderr]   checking for grep that handles long lines and -e... /usr/bin/grep
[INFO] [stderr]   checking for egrep... /usr/bin/grep -E
[INFO] [stderr]   checking for fgrep... /usr/bin/grep -F
[INFO] [stderr]   checking for ld used by cc... /usr/bin/x86_64-linux-gnu-ld
[INFO] [stderr]   checking if the linker (/usr/bin/x86_64-linux-gnu-ld) is GNU ld... yes
[INFO] [stderr]   checking for BSD- or MS-compatible name lister (nm)... /usr/bin/nm -B
[INFO] [stderr]   checking the name lister (/usr/bin/nm -B) interface... BSD nm
[INFO] [stderr]   checking whether ln -s works... yes
[INFO] [stderr]   checking the maximum length of command line arguments... 1572864
[INFO] [stderr]   checking how to convert x86_64-pc-linux-gnu file names to x86_64-pc-linux-gnu format... func_convert_file_noop
[INFO] [stderr]   checking how to convert x86_64-pc-linux-gnu file names to toolchain format... func_convert_file_noop
[INFO] [stderr]   checking for /usr/bin/x86_64-linux-gnu-ld option to reload object files... -r
[INFO] [stderr]   checking for file... file
[INFO] [stderr]   checking for objdump... objdump
[INFO] [stderr]   checking how to recognize dependent libraries... pass_all
[INFO] [stderr]   checking for dlltool... no
[INFO] [stderr]   checking how to associate runtime and link libraries... printf %s\n
[INFO] [stderr]   checking for ar... ar
[INFO] [stderr]   checking for archiver @FILE support... @
[INFO] [stderr]   checking for strip... strip
[INFO] [stderr]   checking for ranlib... ranlib
[INFO] [stderr]   checking command to parse /usr/bin/nm -B output from cc object... ok
[INFO] [stderr]   checking for sysroot... no
[INFO] [stderr]   checking for a working dd... /usr/bin/dd
[INFO] [stderr]   checking how to truncate binary pipes... /usr/bin/dd bs=4096 count=1
[INFO] [stderr]   checking for mt... no
[INFO] [stderr]   checking if : is a manifest tool... no
[INFO] [stderr]   checking for stdio.h... yes
[INFO] [stderr]   checking for stdlib.h... yes
[INFO] [stderr]   checking for string.h... yes
[INFO] [stderr]   checking for inttypes.h... yes
[INFO] [stderr]   checking for stdint.h... yes
[INFO] [stderr]   checking for strings.h... yes
[INFO] [stderr]   checking for sys/stat.h... yes
[INFO] [stderr]   checking for sys/types.h... yes
[INFO] [stderr]   checking for unistd.h... yes
[INFO] [stderr]   checking for dlfcn.h... yes
[INFO] [stderr]   checking for objdir... .libs
[INFO] [stderr]   checking if cc supports -fno-rtti -fno-exceptions... no
[INFO] [stderr]   checking for cc option to produce PIC... -fPIC -DPIC
[INFO] [stderr]   checking if cc PIC flag -fPIC -DPIC works... yes
[INFO] [stderr]   checking if cc static flag -static works... yes
[INFO] [stderr]   checking if cc supports -c -o file.o... yes
[INFO] [stderr]   checking if cc supports -c -o file.o... (cached) yes
[INFO] [stderr]   checking whether the cc linker (/usr/bin/x86_64-linux-gnu-ld -m elf_x86_64) supports shared libraries... yes
[INFO] [stderr]   checking dynamic linker characteristics... GNU/Linux ld.so
[INFO] [stderr]   checking how to hardcode library paths into programs... immediate
[INFO] [stderr]   checking whether stripping libraries is possible... yes
[INFO] [stderr]   checking if libtool supports shared libraries... yes
[INFO] [stderr]   checking whether to build shared libraries... no
[INFO] [stderr]   checking whether to build static libraries... yes
[INFO] [stderr]   checking how to run the C++ preprocessor... c++ -E
[INFO] [stderr]   checking for ld used by c++... /usr/bin/x86_64-linux-gnu-ld -m elf_x86_64
[INFO] [stderr]   checking if the linker (/usr/bin/x86_64-linux-gnu-ld -m elf_x86_64) is GNU ld... yes
[INFO] [stderr]   checking whether the c++ linker (/usr/bin/x86_64-linux-gnu-ld -m elf_x86_64) supports shared libraries... yes
[INFO] [stderr]   checking for c++ option to produce PIC... -fPIC -DPIC
[INFO] [stderr]   checking if c++ PIC flag -fPIC -DPIC works... yes
[INFO] [stderr]   checking if c++ static flag -static works... yes
[INFO] [stderr]   checking if c++ supports -c -o file.o... yes
[INFO] [stderr]   checking if c++ supports -c -o file.o... (cached) yes
[INFO] [stderr]   checking whether the c++ linker (/usr/bin/x86_64-linux-gnu-ld -m elf_x86_64) supports shared libraries... yes
[INFO] [stderr]   checking dynamic linker characteristics... (cached) GNU/Linux ld.so
[INFO] [stderr]   checking how to hardcode library paths into programs... immediate
[INFO] [stderr]   checking for python... :
[INFO] [stderr]   checking for the pthreads library -lpthreads... no
[INFO] [stderr]   checking whether pthreads work without any flags... yes
[INFO] [stderr]   checking for joinable pthread attribute... PTHREAD_CREATE_JOINABLE
[INFO] [stderr]   checking if more special flags are required for pthreads... no
[INFO] [stderr]   checking whether to check for GCC pthread/shared inconsistencies... yes
[INFO] [stderr]   checking whether -pthread is sufficient with -shared... yes
[INFO] [stderr]   checking that generated files are newer than configure... done
[INFO] [stderr]   configure: creating ./config.status
[INFO] [stderr]   config.status: creating Makefile
[INFO] [stderr]   config.status: creating scripts/gtest-config
[INFO] [stderr]   config.status: creating build-aux/config.h
[INFO] [stderr]   config.status: executing depfiles commands
[INFO] [stderr]   config.status: executing libtool commands
[INFO] [stderr]   === configuring in googlemock (/opt/rustwide/target/release/build/protobuf-src/748662a9b4884bf3/out/install/build/third_party/googletest/googlemock)
[INFO] [stderr]   configure: running /bin/bash /opt/rustwide/cargo-home/registry/src/index.crates.io-1949cf8c6b5b557f/protobuf-src-1.1.0+21.5/protobuf/third_party/googletest/googlemock/configure --disable-option-checking '--prefix=/opt/rustwide/target/release/build/protobuf-src/748662a9b4884bf3/out/install'  '--disable-shared' '--enable-static' '--disable-maintainer-mode' 'CC=cc' 'CFLAGS=-O0 -ffunction-sections -fdata-sections -fPIC -m64' 'CXX=c++' 'CXXFLAGS=-O0 -ffunction-sections -fdata-sections -fPIC -m64' --cache-file=/dev/null --srcdir=/opt/rustwide/cargo-home/registry/src/index.crates.io-1949cf8c6b5b557f/protobuf-src-1.1.0+21.5/protobuf/third_party/googletest/googlemock
[INFO] [stderr]   checking for a BSD-compatible install... /usr/bin/install -c
[INFO] [stderr]   checking whether build environment is sane... yes
[INFO] [stderr]   checking for a race-free mkdir -p... /usr/bin/mkdir -p
[INFO] [stderr]   checking for gawk... no
[INFO] [stderr]   checking for mawk... mawk
[INFO] [stderr]   checking whether make sets $(MAKE)... yes
[INFO] [stderr]   checking whether make supports nested variables... yes
[INFO] [stderr]   checking for gcc... cc
[INFO] [stderr]   checking whether the C compiler works... yes
[INFO] [stderr]   checking for C compiler default output file name... a.out
[INFO] [stderr]   checking for suffix of executables... 
[INFO] [stderr]   checking whether we are cross compiling... no
[INFO] [stderr]   checking for suffix of object files... o
[INFO] [stderr]   checking whether the compiler supports GNU C... yes
[INFO] [stderr]   checking whether cc accepts -g... yes
[INFO] [stderr]   checking for cc option to enable C11 features... none needed
[INFO] [stderr]   checking whether cc understands -c and -o together... yes
[INFO] [stderr]   checking whether make supports the include directive... yes (GNU style)
[INFO] [stderr]   checking dependency style of cc... gcc3
[INFO] [stderr]   checking whether the compiler supports GNU C++... yes
[INFO] [stderr]   checking whether c++ accepts -g... yes
[INFO] [stderr]   checking for c++ option to enable C++11 features... none needed
[INFO] [stderr]   checking dependency style of c++... gcc3
[INFO] [stderr]   checking build system type... x86_64-pc-linux-gnu
[INFO] [stderr]   checking host system type... x86_64-pc-linux-gnu
[INFO] [stderr]   checking how to print strings... printf
[INFO] [stderr]   checking for a sed that does not truncate output... /usr/bin/sed
[INFO] [stderr]   checking for grep that handles long lines and -e... /usr/bin/grep
[INFO] [stderr]   checking for egrep... /usr/bin/grep -E
[INFO] [stderr]   checking for fgrep... /usr/bin/grep -F
[INFO] [stderr]   checking for ld used by cc... /usr/bin/x86_64-linux-gnu-ld
[INFO] [stderr]   checking if the linker (/usr/bin/x86_64-linux-gnu-ld) is GNU ld... yes
[INFO] [stderr]   checking for BSD- or MS-compatible name lister (nm)... /usr/bin/nm -B
[INFO] [stderr]   checking the name lister (/usr/bin/nm -B) interface... BSD nm
[INFO] [stderr]   checking whether ln -s works... yes
[INFO] [stderr]   checking the maximum length of command line arguments... 1572864
[INFO] [stderr]   checking how to convert x86_64-pc-linux-gnu file names to x86_64-pc-linux-gnu format... func_convert_file_noop
[INFO] [stderr]   checking how to convert x86_64-pc-linux-gnu file names to toolchain format... func_convert_file_noop
[INFO] [stderr]   checking for /usr/bin/x86_64-linux-gnu-ld option to reload object files... -r
[INFO] [stderr]   checking for file... file
[INFO] [stderr]   checking for objdump... objdump
[INFO] [stderr]   checking how to recognize dependent libraries... pass_all
[INFO] [stderr]   checking for dlltool... no
[INFO] [stderr]   checking how to associate runtime and link libraries... printf %s\n
[INFO] [stderr]   checking for ar... ar
[INFO] [stderr]   checking for archiver @FILE support... @
[INFO] [stderr]   checking for strip... strip
[INFO] [stderr]   checking for ranlib... ranlib
[INFO] [stderr]   checking command to parse /usr/bin/nm -B output from cc object... ok
[INFO] [stderr]   checking for sysroot... no
[INFO] [stderr]   checking for a working dd... /usr/bin/dd
[INFO] [stderr]   checking how to truncate binary pipes... /usr/bin/dd bs=4096 count=1
[INFO] [stderr]   checking for mt... no
[INFO] [stderr]   checking if : is a manifest tool... no
[INFO] [stderr]   checking for stdio.h... yes
[INFO] [stderr]   checking for stdlib.h... yes
[INFO] [stderr]   checking for string.h... yes
[INFO] [stderr]   checking for inttypes.h... yes
[INFO] [stderr]   checking for stdint.h... yes
[INFO] [stderr]   checking for strings.h... yes
[INFO] [stderr]   checking for sys/stat.h... yes
[INFO] [stderr]   checking for sys/types.h... yes
[INFO] [stderr]   checking for unistd.h... yes
[INFO] [stderr]   checking for dlfcn.h... yes
[INFO] [stderr]   checking for objdir... .libs
[INFO] [stderr]   checking if cc supports -fno-rtti -fno-exceptions... no
[INFO] [stderr]   checking for cc option to produce PIC... -fPIC -DPIC
[INFO] [stderr]   checking if cc PIC flag -fPIC -DPIC works... yes
[INFO] [stderr]   checking if cc static flag -static works... yes
[INFO] [stderr]   checking if cc supports -c -o file.o... yes
[INFO] [stderr]   checking if cc supports -c -o file.o... (cached) yes
[INFO] [stderr]   checking whether the cc linker (/usr/bin/x86_64-linux-gnu-ld -m elf_x86_64) supports shared libraries... yes
[INFO] [stderr]   checking dynamic linker characteristics... GNU/Linux ld.so
[INFO] [stderr]   checking how to hardcode library paths into programs... immediate
[INFO] [stderr]   checking whether stripping libraries is possible... yes
[INFO] [stderr]   checking if libtool supports shared libraries... yes
[INFO] [stderr]   checking whether to build shared libraries... no
[INFO] [stderr]   checking whether to build static libraries... yes
[INFO] [stderr]   checking how to run the C++ preprocessor... c++ -E
[INFO] [stderr]   checking for ld used by c++... /usr/bin/x86_64-linux-gnu-ld -m elf_x86_64
[INFO] [stderr]   checking if the linker (/usr/bin/x86_64-linux-gnu-ld -m elf_x86_64) is GNU ld... yes
[INFO] [stderr]   checking whether the c++ linker (/usr/bin/x86_64-linux-gnu-ld -m elf_x86_64) supports shared libraries... yes
[INFO] [stderr]   checking for c++ option to produce PIC... -fPIC -DPIC
[INFO] [stderr]   checking if c++ PIC flag -fPIC -DPIC works... yes
[INFO] [stderr]   checking if c++ static flag -static works... yes
[INFO] [stderr]   checking if c++ supports -c -o file.o... yes
[INFO] [stderr]   checking if c++ supports -c -o file.o... (cached) yes
[INFO] [stderr]   checking whether the c++ linker (/usr/bin/x86_64-linux-gnu-ld -m elf_x86_64) supports shared libraries... yes
[INFO] [stderr]   checking dynamic linker characteristics... (cached) GNU/Linux ld.so
[INFO] [stderr]   checking how to hardcode library paths into programs... immediate
[INFO] [stderr]   checking for python... :
[INFO] [stderr]   checking for the pthreads library -lpthreads... no
[INFO] [stderr]   checking whether pthreads work without any flags... yes
[INFO] [stderr]   checking for joinable pthread attribute... PTHREAD_CREATE_JOINABLE
[INFO] [stderr]   checking if more special flags are required for pthreads... no
[INFO] [stderr]   checking whether to check for GCC pthread/shared inconsistencies... yes
[INFO] [stderr]   checking whether -pthread is sufficient with -shared... yes
[INFO] [stderr]   checking for gtest-config... no
[INFO] [stderr]   checking that generated files are newer than configure... done
[INFO] [stderr]   configure: creating ./config.status
[INFO] [stderr]   config.status: creating Makefile
[INFO] [stderr]   config.status: creating scripts/gmock-config
[INFO] [stderr]   config.status: creating build-aux/config.h
[INFO] [stderr]   config.status: executing depfiles commands
[INFO] [stderr]   config.status: executing libtool commands
[INFO] [stderr]   running: cd "/opt/rustwide/target/release/build/protobuf-src/748662a9b4884bf3/out/install/build" && MAKEFLAGS="-j --jobserver-fds=4,5 --jobserver-auth=4,5" "sh" "-c" "exec \"$0\" \"$@\"" "make" "install" "-j8"
[INFO] [stderr]   Making install in .
[INFO] [stderr]   make[1]: Entering directory '/opt/rustwide/target/release/build/protobuf-src/748662a9b4884bf3/out/install/build'
[INFO] [stderr]   make[2]: Entering directory '/opt/rustwide/target/release/build/protobuf-src/748662a9b4884bf3/out/install/build'
[INFO] [stderr]   make[2]: Nothing to be done for 'install-exec-am'.
[INFO] [stderr]    /usr/bin/mkdir -p '/opt/rustwide/target/release/build/protobuf-src/748662a9b4884bf3/out/install/lib/pkgconfig'
[INFO] [stderr]    /usr/bin/install -c -m 644 protobuf.pc protobuf-lite.pc '/opt/rustwide/target/release/build/protobuf-src/748662a9b4884bf3/out/install/lib/pkgconfig'
[INFO] [stderr]   make[2]: Leaving directory '/opt/rustwide/target/release/build/protobuf-src/748662a9b4884bf3/out/install/build'
[INFO] [stderr]   make[1]: Leaving directory '/opt/rustwide/target/release/build/protobuf-src/748662a9b4884bf3/out/install/build'
[INFO] [stderr]   Making install in src
[INFO] [stderr]   make[1]: Entering directory '/opt/rustwide/target/release/build/protobuf-src/748662a9b4884bf3/out/install/build/src'
[INFO] [stderr]     CXX      google/protobuf/compiler/importer.lo
[INFO] [stderr]     CXX      google/protobuf/compiler/parser.lo
[INFO] [stderr]     CXX      google/protobuf/wire_format.lo
[INFO] [stderr]     CXX      google/protobuf/wrappers.pb.lo
[INFO] [stderr]     CXX      google/protobuf/compiler/code_generator.lo
[INFO] [stderr]     CXX      google/protobuf/compiler/command_line_interface.lo
[INFO] [stderr]     CXX      google/protobuf/compiler/plugin.lo
[INFO] [stderr]     CXX      google/protobuf/compiler/plugin.pb.lo
[INFO] [stderr]   make[1]: Leaving directory '/opt/rustwide/target/release/build/protobuf-src/748662a9b4884bf3/out/install/build/src'
[INFO] [stderr] 
[INFO] [stderr]   --- stderr
[INFO] [stderr]   make: warning: -j8 forced in submake: resetting jobserver mode.
[INFO] [stderr]   c++: fatal error: Killed signal terminated program cc1plus
[INFO] [stderr]   compilation terminated.
[INFO] [stderr]   make[1]: *** [Makefile:4514: google/protobuf/compiler/importer.lo] Error 1
[INFO] [stderr]   make[1]: *** Waiting for unfinished jobs....
[INFO] [stderr]   make: *** [Makefile:1757: install-recursive] Error 1
[INFO] [stderr] 
[INFO] [stderr]   thread 'main' (6982) panicked at /opt/rustwide/cargo-home/registry/src/index.crates.io-1949cf8c6b5b557f/autotools-0.2.7/src/lib.rs:790:5:
[INFO] [stderr] 
[INFO] [stderr]   command did not execute successfully, got: exit status: 2
[INFO] [stderr] 
[INFO] [stderr]   build script failed, must exit now
[INFO] [stderr]   stack backtrace:
[INFO] [stderr]      0:     0x5f5447dd7af1 - <<std[617be2ca0a6fd877]::sys::backtrace::BacktraceLock>::print::DisplayBacktrace as core[a373ad73a504971]::fmt::Display>::fmt
[INFO] [stderr]      1:     0x5f5447deb0ea - core[a373ad73a504971]::fmt::write
[INFO] [stderr]      2:     0x5f5447ddd25c - <std[617be2ca0a6fd877]::sys::stdio::unix::Stderr as core[a373ad73a504971]::io::write::Write>::write_fmt
[INFO] [stderr]      3:     0x5f5447db7526 - std[617be2ca0a6fd877]::panicking::default_hook::{closure#0}
[INFO] [stderr]      4:     0x5f5447dd26d1 - std[617be2ca0a6fd877]::panicking::default_hook
[INFO] [stderr]      5:     0x5f5447dd288b - std[617be2ca0a6fd877]::panicking::panic_with_hook
[INFO] [stderr]      6:     0x5f5447db75d2 - std[617be2ca0a6fd877]::panicking::panic_handler::{closure#0}
[INFO] [stderr]      7:     0x5f5447db01e9 - std[617be2ca0a6fd877]::sys::backtrace::__rust_end_short_backtrace::<std[617be2ca0a6fd877]::panicking::panic_handler::{closure#0}, !>
[INFO] [stderr]      8:     0x5f5447db7ead - __rustc[ea4f61d10b84890b]::rust_begin_unwind
[INFO] [stderr]      9:     0x5f5447deb85c - core[a373ad73a504971]::panicking::panic_fmt
[INFO] [stderr]     10:     0x5f5447d554d7 - autotools[a46854712ced0bb5]::fail
[INFO] [stderr]     11:     0x5f5447d58ca8 - <autotools[a46854712ced0bb5]::Config>::build
[INFO] [stderr]     12:     0x5f5447d52449 - build_script_build[c900aa8962173461]::main
[INFO] [stderr]     13:     0x5f5447d53693 - <fn() -> core[a373ad73a504971]::result::Result<(), alloc[2e1b2a31b91974c5]::boxed::Box<dyn core[a373ad73a504971]::error::Error>> as core[a373ad73a504971]::ops::function::FnOnce<()>>::call_once
[INFO] [stderr]     14:     0x5f5447d520c6 - std[617be2ca0a6fd877]::sys::backtrace::__rust_begin_short_backtrace::<fn() -> core[a373ad73a504971]::result::Result<(), alloc[2e1b2a31b91974c5]::boxed::Box<dyn core[a373ad73a504971]::error::Error>>, core[a373ad73a504971]::result::Result<(), alloc[2e1b2a31b91974c5]::boxed::Box<dyn core[a373ad73a504971]::error::Error>>>
[INFO] [stderr]     15:     0x5f5447d52119 - std[617be2ca0a6fd877]::rt::lang_start::<core[a373ad73a504971]::result::Result<(), alloc[2e1b2a31b91974c5]::boxed::Box<dyn core[a373ad73a504971]::error::Error>>>::{closure#0}
[INFO] [stderr]     16:     0x5f5447dd19d8 - std[617be2ca0a6fd877]::rt::lang_start_internal
[INFO] [stderr]     17:     0x5f5447d51be1 - std[617be2ca0a6fd877]::rt::lang_start::<core[a373ad73a504971]::result::Result<(), alloc[2e1b2a31b91974c5]::boxed::Box<dyn core[a373ad73a504971]::error::Error>>>
[INFO] [stderr]     18:     0x5f5447d53755 - main
[INFO] [stderr]     19:     0x772efce3c601 - <unknown>
[INFO] [stderr]     20:     0x772efce3c718 - __libc_start_main
[INFO] [stderr]     21:     0x5f5447d50675 - _start
[INFO] [stderr]     22:                0x0 - <unknown>
[ERROR] error running command: command timed out after 900 seconds
[INFO] running `Command { std: "docker" "inspect" "bde1dc5f82063b8eac4f3ea55980686f3232899160e6a83cd51f9c26292ce918", kill_on_drop: false }`
[INFO] running `Command { std: "docker" "rm" "-f" "bde1dc5f82063b8eac4f3ea55980686f3232899160e6a83cd51f9c26292ce918", kill_on_drop: false }`
[INFO] [stdout] bde1dc5f82063b8eac4f3ea55980686f3232899160e6a83cd51f9c26292ce918
