[INFO] fetching crate minutus 0.5.0...
[INFO] testing minutus-0.5.0 against 1.100.0-beta.1+cargoflags=--release for beta-release-1.100-2
[INFO] extracting crate minutus 0.5.0 into /workspace/builds/worker-4-tc2/source
[INFO] started tweaking crates.io crate minutus 0.5.0
[INFO] finished tweaking crates.io crate minutus 0.5.0
[INFO] tweaked toml for crates.io crate minutus 0.5.0 written to /workspace/builds/worker-4-tc2/source/Cargo.toml
[INFO] validating manifest of crates.io crate minutus 0.5.0 on toolchain 1.100.0-beta.1
[INFO] running `Command { std: CARGO_HOME="/workspace/cargo-home" RUSTUP_HOME="/workspace/rustup-home" "/workspace/cargo-home/bin/cargo" "+1.100.0-beta.1" "metadata" "--manifest-path" "Cargo.toml" "--no-deps", kill_on_drop: false }`
[INFO] running `Command { std: CARGO_HOME="/workspace/cargo-home" RUSTUP_HOME="/workspace/rustup-home" "/workspace/cargo-home/bin/cargo" "+1.100.0-beta.1" "generate-lockfile" "--manifest-path" "Cargo.toml", kill_on_drop: false }`
[INFO] [stderr]     Updating crates.io index
[INFO] [stderr]     Blocking waiting for file lock on package cache
[INFO] [stderr]      Locking 192 packages to highest compatible versions
[INFO] [stderr]       Adding bindgen v0.69.5 (available: v0.73.2)
[INFO] running `Command { std: CARGO_HOME="/workspace/cargo-home" RUSTUP_HOME="/workspace/rustup-home" "/workspace/cargo-home/bin/cargo" "+1.100.0-beta.1" "fetch" "--manifest-path" "Cargo.toml", kill_on_drop: false }`
[INFO] running `Command { std: "docker" "create" "-v" "/var/lib/crater-agent-workspace/builds/worker-4-tc2/source:/opt/rustwide/workdir:ro,Z" "-v" "/var/lib/crater-agent-workspace/builds/worker-4-tc2/target:/opt/rustwide/target:rw,Z" "-v" "/var/lib/crater-agent-workspace/cargo-home:/opt/rustwide/cargo-home:ro,Z" "-v" "/var/lib/crater-agent-workspace/rustup-home:/opt/rustwide/rustup-home:ro,Z" "-m" "1610612736" "--network" "none" "ghcr.io/rust-lang/crates-build-env/linux@sha256:77db811e55d90add9212f6832c23229e3de5f1c1f9905e8cb07319ea15df73ac" "sleep" "infinity", kill_on_drop: false }`
[INFO] [stdout] a2ade8ecb42805998b4e04290399589419257a0e39608cc43ee95ad95dcbf5d3
[INFO] running `Command { std: "docker" "start" "a2ade8ecb42805998b4e04290399589419257a0e39608cc43ee95ad95dcbf5d3", kill_on_drop: false }`
[INFO] running `Command { std: "docker" "inspect" "a2ade8ecb42805998b4e04290399589419257a0e39608cc43ee95ad95dcbf5d3", kill_on_drop: false }`
[INFO] running `Command { std: "docker" "exec" "-e" "SOURCE_DIR=/opt/rustwide/workdir" "-e" "CARGO_HOME=/opt/rustwide/cargo-home" "-e" "RUSTUP_HOME=/opt/rustwide/rustup-home" "-e" "CARGO_TARGET_DIR=/opt/rustwide/target" "-w" "/opt/rustwide/workdir" "--user" "0:0" "a2ade8ecb42805998b4e04290399589419257a0e39608cc43ee95ad95dcbf5d3" "/opt/rustwide/cargo-home/bin/cargo" "+1.100.0-beta.1" "metadata" "--no-deps" "--format-version=1", kill_on_drop: false }`
[INFO] running `Command { std: "docker" "inspect" "a2ade8ecb42805998b4e04290399589419257a0e39608cc43ee95ad95dcbf5d3", kill_on_drop: false }`
[INFO] running `Command { std: "docker" "exec" "-e" "SOURCE_DIR=/opt/rustwide/workdir" "-e" "CARGO_HOME=/opt/rustwide/cargo-home" "-e" "RUSTUP_HOME=/opt/rustwide/rustup-home" "-e" "CARGO_TARGET_DIR=/opt/rustwide/target" "-e" "CARGO_INCREMENTAL=0" "-e" "RUST_BACKTRACE=full" "-e" "RUSTFLAGS=--cap-lints=warn" "-e" "RUSTDOCFLAGS=--cap-lints=warn" "-w" "/opt/rustwide/workdir" "--user" "0:0" "a2ade8ecb42805998b4e04290399589419257a0e39608cc43ee95ad95dcbf5d3" "/opt/rustwide/cargo-home/bin/cargo" "+1.100.0-beta.1" "build" "--frozen" "--message-format=json" "--release", kill_on_drop: false }`
[INFO] [stderr]    Compiling unicode-ident v1.0.27
[INFO] [stderr]    Compiling libc v0.2.191
[INFO] [stderr]    Compiling shlex v2.0.1
[INFO] [stderr]    Compiling find-msvc-tools v0.1.14
[INFO] [stderr]    Compiling pkg-config v0.3.34
[INFO] [stderr]    Compiling icu_properties_data v2.3.0
[INFO] [stderr]    Compiling icu_normalizer_data v2.3.0
[INFO] [stderr]    Compiling stable_deref_trait v1.2.1
[INFO] [stderr]    Compiling cfg-if v1.0.5
[INFO] [stderr]    Compiling openssl v0.10.81
[INFO] [stderr]    Compiling bitflags v2.13.2
[INFO] [stderr]    Compiling native-tls v0.2.18
[INFO] [stderr]    Compiling pin-project-lite v0.2.17
[INFO] [stderr]    Compiling fnv v1.0.7
[INFO] [stderr]    Compiling serde v1.0.229
[INFO] [stderr]    Compiling bytes v1.12.1
[INFO] [stderr]    Compiling rustix v1.1.5
[INFO] [stderr]    Compiling writeable v0.6.4
[INFO] [stderr]    Compiling memchr v2.8.3
[INFO] [stderr]    Compiling litemap v0.8.3
[INFO] [stderr]    Compiling proc-macro2 v1.0.107
[INFO] [stderr]    Compiling encoding_rs v0.8.42
[INFO] [stderr]    Compiling crc32fast v1.5.2
[INFO] [stderr]    Compiling utf8_iter v1.0.4
[INFO] [stderr]    Compiling futures-core v0.3.34
[INFO] [stderr]    Compiling cc v1.8.0
[INFO] [stderr]    Compiling once_cell v1.21.4
[INFO] [stderr]    Compiling foreign-types-shared v0.1.1
[INFO] [stderr]    Compiling foreign-types v0.3.2
[INFO] [stderr]    Compiling equivalent v1.0.3
[INFO] [stderr]    Compiling multiversion_no_op v1.0.0
[INFO] [stderr]    Compiling slab v0.4.12
[INFO] [stderr]    Compiling futures-task v0.3.34
[INFO] [stderr]    Compiling smallvec v1.16.3
[INFO] [stderr]    Compiling futures-io v0.3.34
[INFO] [stderr]    Compiling log v0.4.34
[INFO] [stderr]    Compiling anyhow v1.0.104
[INFO] [stderr]    Compiling hashbrown v0.17.1
[INFO] [stderr]    Compiling futures-sink v0.3.34
[INFO] [stderr]    Compiling tracing-core v0.1.36
[INFO] [stderr]    Compiling serde_core v1.0.229
[INFO] [stderr]    Compiling httparse v1.10.1
[INFO] [stderr]    Compiling openssl-probe v0.2.1
[INFO] [stderr]    Compiling try-lock v0.2.5
[INFO] [stderr]    Compiling percent-encoding v2.3.2
[INFO] [stderr]    Compiling glob v0.3.4
[INFO] [stderr]    Compiling want v0.3.2
[INFO] [stderr]    Compiling quote v1.0.47
[INFO] [stderr]    Compiling http v0.2.12
[INFO] [stderr]    Compiling syn v3.0.9
[INFO] [stderr]    Compiling syn v2.0.119
[INFO] [stderr]    Compiling futures-util v0.3.34
[INFO] [stderr]    Compiling form_urlencoded v1.2.2
[INFO] [stderr]    Compiling clang-sys v1.9.1
[INFO] [stderr]    Compiling futures-channel v0.3.34
[INFO] [stderr]    Compiling tower-service v0.3.3
[INFO] [stderr]    Compiling prettyplease v0.2.37
[INFO] [stderr]    Compiling rustix v0.38.44
[INFO] [stderr]    Compiling linux-raw-sys v0.12.1
[INFO] [stderr]    Compiling tracing v0.1.44
[INFO] [stderr]    Compiling httpdate v1.0.3
[INFO] [stderr]    Compiling indexmap v2.14.2
[INFO] [stderr]    Compiling http-body v0.4.6
[INFO] [stderr]    Compiling scopeguard v1.2.0
[INFO] [stderr]    Compiling adler2 v2.0.1
[INFO] [stderr]    Compiling regex-syntax v0.8.11
[INFO] [stderr]    Compiling base64 v0.21.7
[INFO] [stderr]    Compiling mio v1.2.4
[INFO] [stderr]    Compiling socket2 v0.6.5
[INFO] [stderr]    Compiling socket2 v0.5.10
[INFO] [stderr]    Compiling core_detect v1.0.0
[INFO] [stderr]    Compiling linux-raw-sys v0.4.15
[INFO] [stderr]    Compiling minimal-lexical v0.2.1
[INFO] [stderr]    Compiling either v1.19.0
[INFO] [stderr]    Compiling tokio v1.53.3
[INFO] [stderr]    Compiling simd-adler32 v0.3.10
[INFO] [stderr]    Compiling simdutf8 v0.1.5
[INFO] [stderr]    Compiling ryu v1.0.23
[INFO] [stderr]    Compiling miniz_oxide v0.9.1
[INFO] [stderr]    Compiling nom v7.1.3
[INFO] [stderr]    Compiling openssl-sys v0.9.117
[INFO] [stderr]    Compiling regex-automata v0.4.18
[INFO] [stderr]    Compiling rustls-pemfile v1.0.4
[INFO] [stderr]    Compiling filetime v0.2.29
[INFO] [stderr]    Compiling libloading v0.8.9
[INFO] [stderr]    Compiling xattr v1.6.1
[INFO] [stderr]    Compiling bindgen v0.69.5
[INFO] [stderr]    Compiling ipnet v2.12.2
[INFO] [stderr]    Compiling serde_urlencoded v0.7.1
[INFO] [stderr]    Compiling home v0.5.12
[INFO] [stderr]    Compiling mime v0.3.17
[INFO] [stderr]    Compiling sync_wrapper v0.1.2
[INFO] [stderr]    Compiling darling_core v0.20.11
[INFO] [stderr]    Compiling tar v0.4.46
[INFO] [stderr]    Compiling which v4.4.2
[INFO] [stderr]    Compiling synstructure v0.14.0
[INFO] [stderr]    Compiling cexpr v0.6.0
[INFO] [stderr]    Compiling flate2 v1.1.10
[INFO] [stderr]    Compiling itertools v0.12.1
[INFO] [stderr]    Compiling lazy_static v1.5.1
[INFO] [stderr]    Compiling syn v1.0.109
[INFO] [stderr]    Compiling rustc-hash v1.1.0
[INFO] [stderr]    Compiling lazycell v1.3.0
[INFO] [stderr]    Compiling openssl-macros v0.1.1
[INFO] [stderr]    Compiling regex v1.13.1
[INFO] [stderr]    Compiling unicode-segmentation v1.13.3
[INFO] [stderr]    Compiling zerofrom-derive v0.1.8
[INFO] [stderr]    Compiling yoke-derive v0.8.4
[INFO] [stderr]    Compiling zerovec-derive v0.11.6
[INFO] [stderr]    Compiling displaydoc v0.2.7
[INFO] [stderr]    Compiling tokio-util v0.7.20
[INFO] [stderr]    Compiling darling_macro v0.20.11
[INFO] [stderr]    Compiling darling v0.20.11
[INFO] [stderr]    Compiling zerofrom v0.1.8
[INFO] [stderr]    Compiling yoke v0.8.3
[INFO] [stderr]    Compiling convert_case v0.6.0
[INFO] [stderr]    Compiling zerovec v0.11.8
[INFO] [stderr]    Compiling zerotrie v0.2.5
[INFO] [stderr]    Compiling h2 v0.3.27
[INFO] [stderr]    Compiling tinystr v0.8.4
[INFO] [stderr]    Compiling icu_locale_core v2.3.0
[INFO] [stderr]    Compiling potential_utf v0.1.6
[INFO] [stderr]    Compiling icu_collections v2.3.0
[INFO] [stderr]    Compiling icu_provider v2.3.1
[INFO] [stderr]    Compiling tokio-native-tls v0.3.1
[INFO] [stderr]    Compiling icu_normalizer v2.3.0
[INFO] [stderr]    Compiling icu_properties v2.3.0
[INFO] [stderr]    Compiling hyper v0.14.32
[INFO] [stderr]    Compiling idna_adapter v1.2.2
[INFO] [stderr]    Compiling idna v1.1.0
[INFO] [stderr]    Compiling url v2.5.8
[INFO] [stderr]    Compiling minutus-macros v0.5.0
[INFO] [stdout] error[E0308]: mismatched types
[INFO] [stdout]   --> /opt/rustwide/cargo-home/registry/src/index.crates.io-1949cf8c6b5b557f/minutus-macros-0.5.0/src/class_deriviation_generator.rs:76:19
[INFO] [stdout]    |
[INFO] [stdout] 76 |     class_method: Vec<String>,
[INFO] [stdout]    |                   ^^^
[INFO] [stdout]    |                   |
[INFO] [stdout]    |                   expected fn pointer, found fn item
[INFO] [stdout]    |                   arguments to this function are incorrect
[INFO] [stdout]    |
[INFO] [stdout]    = note: expected fn pointer `for<'a> fn(&'a syn::Meta) -> Result<_, _>`
[INFO] [stdout]                  found fn item `for<'a> fn(&'a darling::export::syn::Meta) -> Result<_, _> {<_ as FromMeta>::from_meta}`
[INFO] [stdout] help: the return type of this call is `for<'a> fn(&'a darling::export::syn::Meta) -> Result<_, darling::Error> {<_ as FromMeta>::from_meta}` due to the type of the argument passed
[INFO] [stdout]   --> /opt/rustwide/cargo-home/registry/src/index.crates.io-1949cf8c6b5b557f/minutus-macros-0.5.0/src/class_deriviation_generator.rs:76:19
[INFO] [stdout]    |
[INFO] [stdout] 76 |     class_method: Vec<String>,
[INFO] [stdout]    |                   ^^^ this argument influences the return type of `identity`
[INFO] [stdout] note: function defined here
[INFO] [stdout]   --> /rustc/e3feeb59cd1bdd011a2bfcc0747b55125d9b8527/library/core/src/convert/mod.rs:105:13
[INFO] [stdout] 
[INFO] [stdout] 
[INFO] [stdout] error[E0308]: mismatched types
[INFO] [stdout]    --> /opt/rustwide/cargo-home/registry/src/index.crates.io-1949cf8c6b5b557f/minutus-macros-0.5.0/src/class_deriviation_generator.rs:76:19
[INFO] [stdout]     |
[INFO] [stdout]  76 |     class_method: Vec<String>,
[INFO] [stdout]     |                   ^^^
[INFO] [stdout]     |                   |
[INFO] [stdout]     |                   expected `syn::Meta`, found `darling::export::syn::Meta`
[INFO] [stdout]     |                   arguments to this function are incorrect
[INFO] [stdout]     |
[INFO] [stdout] note: there are multiple different versions of crate `syn` in the dependency graph
[INFO] [stdout]    --> /opt/rustwide/cargo-home/registry/src/index.crates.io-1949cf8c6b5b557f/syn-1.0.109/src/macros.rs:170:26
[INFO] [stdout]     |
[INFO] [stdout] 170 |           $mac!([$(#[$m])* $pub] $($t)*);
[INFO] [stdout]     |                            ^^^^ this is the expected type
[INFO] [stdout]     |
[INFO] [stdout]    ::: /opt/rustwide/cargo-home/registry/src/index.crates.io-1949cf8c6b5b557f/syn-2.0.119/src/macros.rs:49:27
[INFO] [stdout]     |
[INFO] [stdout]  49 |           $(#[$enum_attr])* $pub $enum $name $body
[INFO] [stdout]     |                             ---------------------- this is the found type
[INFO] [stdout]     |
[INFO] [stdout]    ::: /opt/rustwide/cargo-home/registry/src/index.crates.io-1949cf8c6b5b557f/syn-1.0.109/src/attr.rs:336:1
[INFO] [stdout]     |
[INFO] [stdout] 336 | / ast_enum_of_structs! {
[INFO] [stdout] 337 | |     /// Content of a compile-time structured attribute.
[INFO] [stdout] 338 | |     ///
[INFO] [stdout] 339 | |     /// *This type is available only if Syn is built with the `"derive"` or `"full"`
[INFO] [stdout] ...   |
[INFO] [stdout] 370 | | }
[INFO] [stdout]     | |_- in this macro invocation
[INFO] [stdout]     = help: you can use `cargo tree` to explore your dependency tree
[INFO] [stdout]     = note: this error originates in the macro `strip_attrs_pub` which comes from the expansion of the macro `ast_enum_of_structs` (in Nightly builds, run with -Z macro-backtrace for more info)
[INFO] [stdout] 
[INFO] [stdout] 
[INFO] [stdout] error[E0308]: mismatched types
[INFO] [stdout]   --> /opt/rustwide/cargo-home/registry/src/index.crates.io-1949cf8c6b5b557f/minutus-macros-0.5.0/src/class_deriviation_generator.rs:78:13
[INFO] [stdout]    |
[INFO] [stdout] 78 |     method: Vec<String>,
[INFO] [stdout]    |             ^^^
[INFO] [stdout]    |             |
[INFO] [stdout]    |             expected fn pointer, found fn item
[INFO] [stdout]    |             arguments to this function are incorrect
[INFO] [stdout]    |
[INFO] [stdout]    = note: expected fn pointer `for<'a> fn(&'a syn::Meta) -> Result<_, _>`
[INFO] [stdout]                  found fn item `for<'a> fn(&'a darling::export::syn::Meta) -> Result<_, _> {<_ as FromMeta>::from_meta}`
[INFO] [stdout] help: the return type of this call is `for<'a> fn(&'a darling::export::syn::Meta) -> Result<_, darling::Error> {<_ as FromMeta>::from_meta}` due to the type of the argument passed
[INFO] [stdout]   --> /opt/rustwide/cargo-home/registry/src/index.crates.io-1949cf8c6b5b557f/minutus-macros-0.5.0/src/class_deriviation_generator.rs:78:13
[INFO] [stdout]    |
[INFO] [stdout] 78 |     method: Vec<String>,
[INFO] [stdout]    |             ^^^ this argument influences the return type of `identity`
[INFO] [stdout] note: function defined here
[INFO] [stdout]   --> /rustc/e3feeb59cd1bdd011a2bfcc0747b55125d9b8527/library/core/src/convert/mod.rs:105:13
[INFO] [stdout] 
[INFO] [stdout] 
[INFO] [stdout] error[E0308]: mismatched types
[INFO] [stdout]    --> /opt/rustwide/cargo-home/registry/src/index.crates.io-1949cf8c6b5b557f/minutus-macros-0.5.0/src/class_deriviation_generator.rs:78:13
[INFO] [stdout]     |
[INFO] [stdout]  78 |     method: Vec<String>,
[INFO] [stdout]     |             ^^^
[INFO] [stdout]     |             |
[INFO] [stdout]     |             expected `syn::Meta`, found `darling::export::syn::Meta`
[INFO] [stdout]     |             arguments to this function are incorrect
[INFO] [stdout]     |
[INFO] [stdout] note: there are multiple different versions of crate `syn` in the dependency graph
[INFO] [stdout]    --> /opt/rustwide/cargo-home/registry/src/index.crates.io-1949cf8c6b5b557f/syn-1.0.109/src/macros.rs:170:26
[INFO] [stdout]     |
[INFO] [stdout] 170 |           $mac!([$(#[$m])* $pub] $($t)*);
[INFO] [stdout]     |                            ^^^^ this is the expected type
[INFO] [stdout]     |
[INFO] [stdout]    ::: /opt/rustwide/cargo-home/registry/src/index.crates.io-1949cf8c6b5b557f/syn-2.0.119/src/macros.rs:49:27
[INFO] [stdout]     |
[INFO] [stdout]  49 |           $(#[$enum_attr])* $pub $enum $name $body
[INFO] [stdout]     |                             ---------------------- this is the found type
[INFO] [stdout]     |
[INFO] [stdout]    ::: /opt/rustwide/cargo-home/registry/src/index.crates.io-1949cf8c6b5b557f/syn-1.0.109/src/attr.rs:336:1
[INFO] [stdout]     |
[INFO] [stdout] 336 | / ast_enum_of_structs! {
[INFO] [stdout] 337 | |     /// Content of a compile-time structured attribute.
[INFO] [stdout] 338 | |     ///
[INFO] [stdout] 339 | |     /// *This type is available only if Syn is built with the `"derive"` or `"full"`
[INFO] [stdout] ...   |
[INFO] [stdout] 370 | | }
[INFO] [stdout]     | |_- in this macro invocation
[INFO] [stdout]     = help: you can use `cargo tree` to explore your dependency tree
[INFO] [stdout]     = note: this error originates in the macro `strip_attrs_pub` which comes from the expansion of the macro `ast_enum_of_structs` (in Nightly builds, run with -Z macro-backtrace for more info)
[INFO] [stdout] 
[INFO] [stdout] 
[INFO] [stdout] For more information about this error, try `rustc --explain E0308`.
[INFO] [stdout] 
[INFO] [stderr] error: could not compile `minutus-macros` (lib) due to 4 previous errors
[INFO] [stderr] warning: build failed, waiting for other jobs to finish...
[INFO] running `Command { std: "docker" "inspect" "a2ade8ecb42805998b4e04290399589419257a0e39608cc43ee95ad95dcbf5d3", kill_on_drop: false }`
[INFO] running `Command { std: "docker" "rm" "-f" "a2ade8ecb42805998b4e04290399589419257a0e39608cc43ee95ad95dcbf5d3", kill_on_drop: false }`
[INFO] [stdout] a2ade8ecb42805998b4e04290399589419257a0e39608cc43ee95ad95dcbf5d3
