[INFO] fetching crate millipede-http 0.1.0...
[INFO] testing millipede-http-0.1.0 against 1.99.0-beta.8+cargoflags=--release for beta-release-1.100-2
[INFO] extracting crate millipede-http 0.1.0 into /workspace/builds/worker-0-tc1/source
[INFO] started tweaking crates.io crate millipede-http 0.1.0
[INFO] removed 0 missing tests
[INFO] finished tweaking crates.io crate millipede-http 0.1.0
[INFO] tweaked toml for crates.io crate millipede-http 0.1.0 written to /workspace/builds/worker-0-tc1/source/Cargo.toml
[INFO] validating manifest of crates.io crate millipede-http 0.1.0 on toolchain 1.99.0-beta.8
[INFO] running `Command { std: CARGO_HOME="/workspace/cargo-home" RUSTUP_HOME="/workspace/rustup-home" "/workspace/cargo-home/bin/cargo" "+1.99.0-beta.8" "metadata" "--manifest-path" "Cargo.toml" "--no-deps", kill_on_drop: false }`
[INFO] crate crates.io crate millipede-http 0.1.0 already has a lockfile, it will not be regenerated
[INFO] running `Command { std: CARGO_HOME="/workspace/cargo-home" RUSTUP_HOME="/workspace/rustup-home" "/workspace/cargo-home/bin/cargo" "+1.99.0-beta.8" "fetch" "--manifest-path" "Cargo.toml", kill_on_drop: false }`
[INFO] [stderr]     Updating crates.io index
[INFO] [stderr]  Downloading crates ...
[INFO] [stderr]   Downloaded windows-link v0.1.3
[INFO] [stderr]   Downloaded alloc-stdlib v0.2.2
[INFO] [stderr]   Downloaded alloc-no-stdlib v2.0.4
[INFO] [stderr]   Downloaded psl-types v2.0.11
[INFO] [stderr]   Downloaded time-core v0.1.7
[INFO] [stderr]   Downloaded millipede-fingerprint v0.1.0
[INFO] [stderr]   Downloaded h2 v0.4.13
[INFO] [stderr]   Downloaded compression-core v0.4.32
[INFO] [stderr]   Downloaded async-stream v0.3.6
[INFO] [stderr]   Downloaded async-stream-impl v0.3.6
[INFO] [stderr]   Downloaded deadpool v0.10.0
[INFO] [stderr]   Downloaded compression-codecs v0.4.38
[INFO] [stderr]   Downloaded time-macros v0.2.25
[INFO] [stderr]   Downloaded wasm-bindgen-futures v0.4.58
[INFO] [stderr]   Downloaded simd-adler32 v0.3.9
[INFO] [stderr]   Downloaded globset v0.4.19
[INFO] [stderr]   Downloaded matchit v0.7.3
[INFO] [stderr]   Downloaded cookie_store v0.21.1
[INFO] [stderr]   Downloaded prost-derive v0.13.5
[INFO] [stderr]   Downloaded axum-core v0.4.5
[INFO] [stderr]   Downloaded wasm-streams v0.4.2
[INFO] [stderr]   Downloaded anyhow v1.0.103
[INFO] [stderr]   Downloaded prost v0.13.5
[INFO] [stderr]   Downloaded hyper-timeout v0.5.2
[INFO] [stderr]   Downloaded console-api v0.8.1
[INFO] [stderr]   Downloaded wiremock v0.6.4
[INFO] [stderr]   Downloaded indexmap v1.9.3
[INFO] [stderr]   Downloaded prost-types v0.13.5
[INFO] [stderr]   Downloaded wit-bindgen v0.46.0
[INFO] [stderr]   Downloaded rustls-webpki v0.103.10
[INFO] [stderr]   Downloaded cc v1.2.57
[INFO] [stderr]   Downloaded publicsuffix v2.3.0
[INFO] [stderr]   Downloaded tonic v0.12.3
[INFO] [stderr]   Downloaded rand v0.8.7
[INFO] [stderr]   Downloaded hashbrown v0.12.3
[INFO] [stderr]   Downloaded async-compression v0.4.42
[INFO] [stderr]   Downloaded zerocopy-derive v0.8.54
[INFO] [stderr]   Downloaded wasip2 v1.0.1+wasi-0.2.4
[INFO] [stderr]   Downloaded console-subscriber v0.4.1
[INFO] [stderr]   Downloaded millipede-core v0.1.0
[INFO] [stderr]   Downloaded regex v1.13.0
[INFO] [stderr]   Downloaded reqwest v0.12.28
[INFO] [stderr]   Downloaded iri-string v0.7.11
[INFO] [stderr]   Downloaded axum v0.7.9
[INFO] [stderr]   Downloaded brotli-decompressor v5.0.0
[INFO] [stderr]   Downloaded quick-xml v0.37.5
[INFO] [stderr]   Downloaded psl v2.1.219
[INFO] [stderr]   Downloaded time v0.3.45
[INFO] [stderr]   Downloaded webpki-roots v1.0.6
[INFO] [stderr]   Downloaded sysinfo v0.36.1
[INFO] [stderr]   Downloaded zerocopy v0.8.54
[INFO] [stderr]   Downloaded rustls v0.23.37
[INFO] [stderr]   Downloaded hdrhistogram v7.5.4
[INFO] [stderr]   Downloaded bstr v1.13.0
[INFO] [stderr]   Downloaded regex-automata v0.4.15
[INFO] [stderr]   Downloaded brotli v8.0.2
[INFO] [stderr]   Downloaded web-sys v0.3.85
[INFO] [stderr]   Downloaded windows v0.61.3
[INFO] running `Command { std: "docker" "create" "-v" "/var/lib/crater-agent-workspace/builds/worker-0-tc1/source:/opt/rustwide/workdir:ro,Z" "-v" "/var/lib/crater-agent-workspace/builds/worker-0-tc1/target:/opt/rustwide/target:rw,Z" "-v" "/var/lib/crater-agent-workspace/cargo-home:/opt/rustwide/cargo-home:ro,Z" "-v" "/var/lib/crater-agent-workspace/rustup-home:/opt/rustwide/rustup-home:ro,Z" "-m" "1610612736" "--network" "none" "ghcr.io/rust-lang/crates-build-env/linux@sha256:77db811e55d90add9212f6832c23229e3de5f1c1f9905e8cb07319ea15df73ac" "sleep" "infinity", kill_on_drop: false }`
[INFO] [stdout] bcb7a0d660b5469b563f68cf0c91db9917999eb06c7ab0dbd1692748e8b1ceac
[INFO] running `Command { std: "docker" "start" "bcb7a0d660b5469b563f68cf0c91db9917999eb06c7ab0dbd1692748e8b1ceac", kill_on_drop: false }`
[INFO] running `Command { std: "docker" "inspect" "bcb7a0d660b5469b563f68cf0c91db9917999eb06c7ab0dbd1692748e8b1ceac", kill_on_drop: false }`
[INFO] running `Command { std: "docker" "exec" "-e" "SOURCE_DIR=/opt/rustwide/workdir" "-e" "CARGO_HOME=/opt/rustwide/cargo-home" "-e" "RUSTUP_HOME=/opt/rustwide/rustup-home" "-e" "CARGO_TARGET_DIR=/opt/rustwide/target" "-w" "/opt/rustwide/workdir" "--user" "0:0" "bcb7a0d660b5469b563f68cf0c91db9917999eb06c7ab0dbd1692748e8b1ceac" "/opt/rustwide/cargo-home/bin/cargo" "+1.99.0-beta.8" "metadata" "--no-deps" "--format-version=1", kill_on_drop: false }`
[INFO] running `Command { std: "docker" "inspect" "bcb7a0d660b5469b563f68cf0c91db9917999eb06c7ab0dbd1692748e8b1ceac", kill_on_drop: false }`
[INFO] running `Command { std: "docker" "exec" "-e" "SOURCE_DIR=/opt/rustwide/workdir" "-e" "CARGO_HOME=/opt/rustwide/cargo-home" "-e" "RUSTUP_HOME=/opt/rustwide/rustup-home" "-e" "CARGO_TARGET_DIR=/opt/rustwide/target" "-e" "CARGO_INCREMENTAL=0" "-e" "RUST_BACKTRACE=full" "-e" "RUSTFLAGS=--cap-lints=warn" "-e" "RUSTDOCFLAGS=--cap-lints=warn" "-w" "/opt/rustwide/workdir" "--user" "0:0" "bcb7a0d660b5469b563f68cf0c91db9917999eb06c7ab0dbd1692748e8b1ceac" "/opt/rustwide/cargo-home/bin/cargo" "+1.99.0-beta.8" "build" "--frozen" "--message-format=json" "--release", kill_on_drop: false }`
[INFO] [stderr]    Compiling quote v1.0.46
[INFO] [stderr]    Compiling serde_core v1.0.228
[INFO] [stderr]    Compiling serde v1.0.228
[INFO] [stderr]    Compiling smallvec v1.15.2
[INFO] [stderr]    Compiling memchr v2.8.3
[INFO] [stderr]    Compiling find-msvc-tools v0.1.9
[INFO] [stderr]    Compiling shlex v1.3.0
[INFO] [stderr]    Compiling slab v0.4.12
[INFO] [stderr]    Compiling crc32fast v1.5.0
[INFO] [stderr]    Compiling tracing-core v0.1.36
[INFO] [stderr]    Compiling zeroize v1.8.2
[INFO] [stderr]    Compiling mio v1.2.1
[INFO] [stderr]    Compiling socket2 v0.6.4
[INFO] [stderr]    Compiling alloc-no-stdlib v2.0.4
[INFO] [stderr]    Compiling simd-adler32 v0.3.9
[INFO] [stderr]    Compiling adler2 v2.0.1
[INFO] [stderr]    Compiling alloc-stdlib v0.2.2
[INFO] [stderr]    Compiling cc v1.2.57
[INFO] [stderr]    Compiling rustls-pki-types v1.14.0
[INFO] [stderr]    Compiling getrandom v0.2.17
[INFO] [stderr]    Compiling hashbrown v0.16.1
[INFO] [stderr]    Compiling parking_lot_core v0.9.12
[INFO] [stderr]    Compiling miniz_oxide v0.8.9
[INFO] [stderr]    Compiling serde_json v1.0.150
[INFO] [stderr]    Compiling untrusted v0.9.0
[INFO] [stderr]    Compiling brotli-decompressor v5.0.0
[INFO] [stderr]    Compiling form_urlencoded v1.2.2
[INFO] [stderr]    Compiling rustls v0.23.37
[INFO] [stderr]    Compiling powerfmt v0.2.0
[INFO] [stderr]    Compiling num-conv v0.1.0
[INFO] [stderr]    Compiling syn v2.0.118
[INFO] [stderr]    Compiling parking_lot v0.12.5
[INFO] [stderr]    Compiling fnv v1.0.7
[INFO] [stderr]    Compiling time-core v0.1.7
[INFO] [stderr]    Compiling cookie v0.18.1
[INFO] [stderr]    Compiling futures-channel v0.3.32
[INFO] [stderr]    Compiling time-macros v0.2.25
[INFO] [stderr]    Compiling aho-corasick v1.1.4
[INFO] [stderr]    Compiling pin-utils v0.1.0
[INFO] [stderr]    Compiling psl-types v2.0.11
[INFO] [stderr]    Compiling regex-syntax v0.8.11
[INFO] [stderr]    Compiling flate2 v1.1.9
[INFO] [stderr]    Compiling subtle v2.6.1
[INFO] [stderr]    Compiling compression-core v0.4.32
[INFO] [stderr]    Compiling log v0.4.33
[INFO] [stderr]    Compiling litrs v1.0.0
[INFO] [stderr]    Compiling anyhow v1.0.103
[INFO] [stderr]    Compiling bstr v1.13.0
[INFO] [stderr]    Compiling webpki-roots v1.0.6
[INFO] [stderr]    Compiling indexmap v2.13.0
[INFO] [stderr]    Compiling iri-string v0.7.11
[INFO] [stderr]    Compiling bitflags v2.13.0
[INFO] [stderr]    Compiling psl v2.1.219
[INFO] [stderr]    Compiling brotli v8.0.2
[INFO] [stderr]    Compiling document-features v0.2.12
[INFO] [stderr]    Compiling sysinfo v0.36.1
[INFO] [stderr]    Compiling ring v0.17.14
[INFO] [stderr]    Compiling quick-xml v0.37.5
[INFO] [stderr]    Compiling deranged v0.5.8
[INFO] [stderr]    Compiling regex-automata v0.4.15
[INFO] [stderr]    Compiling synstructure v0.13.2
[INFO] [stderr]    Compiling compression-codecs v0.4.38
[INFO] [stderr]    Compiling time v0.3.45
[INFO] [stderr]    Compiling serde_derive v1.0.228
[INFO] [stderr]    Compiling zerofrom-derive v0.1.7
[INFO] [stderr]    Compiling yoke-derive v0.8.2
[INFO] [stderr]    Compiling zerovec-derive v0.11.3
[INFO] [stderr]    Compiling displaydoc v0.2.6
[INFO] [stderr]    Compiling tokio-macros v2.7.0
[INFO] [stderr]    Compiling futures-macro v0.3.32
[INFO] [stderr]    Compiling tracing-attributes v0.1.31
[INFO] [stderr]    Compiling thiserror-impl v2.0.18
[INFO] [stderr]    Compiling async-trait v0.1.89
[INFO] [stderr]    Compiling futures-util v0.3.32
[INFO] [stderr]    Compiling zerofrom v0.1.8
[INFO] [stderr]    Compiling yoke v0.8.3
[INFO] [stderr]    Compiling zerovec v0.11.6
[INFO] [stderr]    Compiling zerotrie v0.2.4
[INFO] [stderr]    Compiling regex v1.13.0
[INFO] [stderr]    Compiling globset v0.4.19
[INFO] [stderr]    Compiling tracing v0.1.44
[INFO] [stderr]    Compiling thiserror v2.0.18
[INFO] [stderr]    Compiling tinystr v0.8.3
[INFO] [stderr]    Compiling potential_utf v0.1.5
[INFO] [stderr]    Compiling bytes v1.12.1
[INFO] [stderr]    Compiling icu_collections v2.1.1
[INFO] [stderr]    Compiling serde_urlencoded v0.7.1
[INFO] [stderr]    Compiling icu_locale_core v2.1.1
[INFO] [stderr]    Compiling millipede-fingerprint v0.1.0
[INFO] [stderr]    Compiling tokio v1.52.3
[INFO] [stderr]    Compiling http v1.4.2
[INFO] [stderr]    Compiling icu_provider v2.1.1
[INFO] [stderr]    Compiling icu_normalizer v2.1.1
[INFO] [stderr]    Compiling icu_properties v2.1.2
[INFO] [stderr]    Compiling http-body v1.0.1
[INFO] [stderr]    Compiling http-body-util v0.1.3
[INFO] [stderr]    Compiling idna_adapter v1.2.1
[INFO] [stderr]    Compiling idna v1.1.0
[INFO] [stderr]    Compiling url v2.5.8
[INFO] [stderr]    Compiling publicsuffix v2.3.0
[INFO] [stderr]    Compiling cookie_store v0.21.1
[INFO] [stderr]    Compiling rustls-webpki v0.103.10
[INFO] [stderr]    Compiling tokio-util v0.7.18
[INFO] [stderr]    Compiling tower v0.5.3
[INFO] [stderr]    Compiling async-compression v0.4.42
[INFO] [stderr]    Compiling h2 v0.4.13
[INFO] [stderr]    Compiling tower-http v0.6.8
[INFO] [stderr]    Compiling millipede-core v0.1.0
[INFO] [stderr]    Compiling hyper v1.8.1
[INFO] [stderr]    Compiling tokio-rustls v0.26.4
[INFO] [stderr]    Compiling hyper-util v0.1.20
[INFO] [stderr]    Compiling hyper-rustls v0.27.7
[INFO] [stderr]    Compiling reqwest v0.12.28
[INFO] [stderr]    Compiling millipede-http v0.1.0 (/opt/rustwide/workdir)
[INFO] [stderr]     Finished `release` profile [optimized] target(s) in 2m 41s
[INFO] running `Command { std: "docker" "inspect" "bcb7a0d660b5469b563f68cf0c91db9917999eb06c7ab0dbd1692748e8b1ceac", kill_on_drop: false }`
[INFO] running `Command { std: "docker" "exec" "-e" "SOURCE_DIR=/opt/rustwide/workdir" "-e" "CARGO_HOME=/opt/rustwide/cargo-home" "-e" "RUSTUP_HOME=/opt/rustwide/rustup-home" "-e" "CARGO_TARGET_DIR=/opt/rustwide/target" "-e" "CARGO_INCREMENTAL=0" "-e" "RUST_BACKTRACE=full" "-e" "RUSTFLAGS=--cap-lints=warn" "-e" "RUSTDOCFLAGS=--cap-lints=warn" "-w" "/opt/rustwide/workdir" "--user" "0:0" "bcb7a0d660b5469b563f68cf0c91db9917999eb06c7ab0dbd1692748e8b1ceac" "/opt/rustwide/cargo-home/bin/cargo" "+1.99.0-beta.8" "test" "--frozen" "--no-run" "--message-format=json" "--release", kill_on_drop: false }`
[INFO] [stderr]    Compiling tokio v1.52.3
[INFO] [stderr]    Compiling futures-util v0.3.32
[INFO] [stderr]    Compiling tracing v0.1.44
[INFO] [stderr]    Compiling autocfg v1.5.1
[INFO] [stderr]    Compiling httpdate v1.0.3
[INFO] [stderr]    Compiling zerocopy v0.8.54
[INFO] [stderr]    Compiling regex-automata v0.4.15
[INFO] [stderr]    Compiling anyhow v1.0.103
[INFO] [stderr]    Compiling rustversion v1.0.22
[INFO] [stderr]    Compiling either v1.16.0
[INFO] [stderr]    Compiling ring v0.17.14
[INFO] [stderr]    Compiling pin-project-internal v1.1.13
[INFO] [stderr]    Compiling mime v0.3.17
[INFO] [stderr]    Compiling hashbrown v0.12.3
[INFO] [stderr]    Compiling async-stream-impl v0.3.6
[INFO] [stderr]    Compiling matchit v0.7.3
[INFO] [stderr]    Compiling itertools v0.14.0
[INFO] [stderr]    Compiling crossbeam-utils v0.8.22
[INFO] [stderr]    Compiling socket2 v0.5.10
[INFO] [stderr]    Compiling indexmap v1.9.3
[INFO] [stderr]    Compiling num-traits v0.2.19
[INFO] [stderr]    Compiling sharded-slab v0.1.7
[INFO] [stderr]    Compiling nom v7.1.3
[INFO] [stderr]    Compiling async-stream v0.3.6
[INFO] [stderr]    Compiling thread_local v1.1.10
[INFO] [stderr]    Compiling num_cpus v1.17.0
[INFO] [stderr]    Compiling byteorder v1.5.0
[INFO] [stderr]    Compiling base64 v0.21.7
[INFO] [stderr]    Compiling deadpool-runtime v0.1.4
[INFO] [stderr]    Compiling assert-json-diff v2.0.2
[INFO] [stderr]    Compiling pin-project v1.1.13
[INFO] [stderr]    Compiling humantime v2.4.0
[INFO] [stderr]    Compiling crossbeam-channel v0.5.16
[INFO] [stderr]    Compiling rustls-webpki v0.103.10
[INFO] [stderr]    Compiling prost-derive v0.13.5
[INFO] [stderr]    Compiling rustls v0.23.37
[INFO] [stderr]    Compiling hdrhistogram v7.5.4
[INFO] [stderr]    Compiling axum-core v0.4.5
[INFO] [stderr]    Compiling futures-executor v0.3.32
[INFO] [stderr]    Compiling prost v0.13.5
[INFO] [stderr]    Compiling futures v0.3.32
[INFO] [stderr]    Compiling prost-types v0.13.5
[INFO] [stderr]    Compiling regex v1.13.0
[INFO] [stderr]    Compiling globset v0.4.19
[INFO] [stderr]    Compiling matchers v0.2.0
[INFO] [stderr]    Compiling tracing-subscriber v0.3.23
[INFO] [stderr]    Compiling ppv-lite86 v0.2.21
[INFO] [stderr]    Compiling tokio-util v0.7.18
[INFO] [stderr]    Compiling tower v0.5.3
[INFO] [stderr]    Compiling rand_chacha v0.3.1
[INFO] [stderr]    Compiling rand v0.8.7
[INFO] [stderr]    Compiling h2 v0.4.13
[INFO] [stderr]    Compiling axum v0.7.9
[INFO] [stderr]    Compiling tokio-rustls v0.26.4
[INFO] [stderr]    Compiling tokio-stream v0.1.18
[INFO] [stderr]    Compiling async-compression v0.4.42
[INFO] [stderr]    Compiling millipede-core v0.1.0
[INFO] [stderr]    Compiling deadpool v0.10.0
[INFO] [stderr]    Compiling tower-http v0.6.8
[INFO] [stderr]    Compiling tower v0.4.13
[INFO] [stderr]    Compiling hyper v1.8.1
[INFO] [stderr]    Compiling hyper-util v0.1.20
[INFO] [stderr]    Compiling hyper-timeout v0.5.2
[INFO] [stderr]    Compiling hyper-rustls v0.27.7
[INFO] [stderr]    Compiling wiremock v0.6.4
[INFO] [stderr]    Compiling reqwest v0.12.28
[INFO] [stderr]    Compiling tonic v0.12.3
[INFO] [stderr]    Compiling millipede-http v0.1.0 (/opt/rustwide/workdir)
[INFO] [stderr]    Compiling console-api v0.8.1
[INFO] [stderr]    Compiling console-subscriber v0.4.1
[INFO] [stdout] error[E0432]: unresolved import `millipede_storage_memory`
[INFO] [stdout]   --> tests/router_http.rs:13:5
[INFO] [stdout]    |
[INFO] [stdout] 13 | use millipede_storage_memory::MemoryStorageClient;
[INFO] [stdout]    |     ^^^^^^^^^^^^^^^^^^^^^^^^ use of unresolved module or unlinked crate `millipede_storage_memory`
[INFO] [stdout]    |
[INFO] [stdout]    = help: if you wanted to use a crate named `millipede_storage_memory`, use `cargo add millipede_storage_memory` to add it to your `Cargo.toml`
[INFO] [stdout] 
[INFO] [stdout] 
[INFO] [stdout] error[E0432]: unresolved import `millipede_storage_memory`
[INFO] [stdout]   --> tests/http_crawler.rs:23:5
[INFO] [stdout]    |
[INFO] [stdout] 23 | use millipede_storage_memory::MemoryStorageClient;
[INFO] [stdout]    |     ^^^^^^^^^^^^^^^^^^^^^^^^ use of unresolved module or unlinked crate `millipede_storage_memory`
[INFO] [stdout]    |
[INFO] [stdout]    = help: if you wanted to use a crate named `millipede_storage_memory`, use `cargo add millipede_storage_memory` to add it to your `Cargo.toml`
[INFO] [stdout] 
[INFO] [stdout] 
[INFO] [stdout] For more information about this error, try `rustc --explain E0432`.
[INFO] [stdout] 
[INFO] [stderr] error: could not compile `millipede-http` (test "router_http") due to 1 previous error
[INFO] [stderr] warning: build failed, waiting for other jobs to finish...
[INFO] [stdout] warning: method call on a diverging inference variable
[INFO] [stdout]    --> tests/http_crawler.rs:414:10
[INFO] [stdout]     |
[INFO] [stdout] 414 |         .get_bytes(SESSION_POOL_PERSIST_KEY)
[INFO] [stdout]     |          ^^^^^^^^^
[INFO] [stdout]     |
[INFO] [stdout]     = help: consider providing a type annotation
[INFO] [stdout]     = warning: this was previously accepted by the compiler but is being phased out; it will become a hard error in a future release!
[INFO] [stdout]     = note: for more information, see issue #156047 <https://github.com/rust-lang/rust/issues/156047>
[INFO] [stdout]     = note: `#[warn(method_call_on_diverging_infer_var)]` (part of `#[warn(future_incompatible)]`) on by default
[INFO] [stdout] 
[INFO] [stdout] 
[INFO] [stdout] error[E0599]: no method named `get_bytes` found for type `!` in the current scope
[INFO] [stdout]    --> tests/http_crawler.rs:414:10
[INFO] [stdout]     |
[INFO] [stdout] 413 |       let persisted = kvs
[INFO] [stdout]     |  _____________________-
[INFO] [stdout] 414 | |         .get_bytes(SESSION_POOL_PERSIST_KEY)
[INFO] [stdout]     | |         -^^^^^^^^^ method not found in `!`
[INFO] [stdout]     | |_________|
[INFO] [stdout]     |
[INFO] [stdout] 
[INFO] [stdout] 
[INFO] [stdout] warning: method call on a diverging inference variable
[INFO] [stdout]    --> tests/http_crawler.rs:416:10
[INFO] [stdout]     |
[INFO] [stdout] 416 |         .expect("stop must persist the session pool to the configured default KVS");
[INFO] [stdout]     |          ^^^^^^
[INFO] [stdout]     |
[INFO] [stdout]     = help: consider providing a type annotation
[INFO] [stdout]     = warning: this was previously accepted by the compiler but is being phased out; it will become a hard error in a future release!
[INFO] [stdout]     = note: for more information, see issue #156047 <https://github.com/rust-lang/rust/issues/156047>
[INFO] [stdout] 
[INFO] [stdout] 
[INFO] [stdout] error[E0599]: no method named `expect` found for type `_` in the current scope
[INFO] [stdout]    --> tests/http_crawler.rs:416:10
[INFO] [stdout]     |
[INFO] [stdout] 413 |       let persisted = kvs
[INFO] [stdout]     |  _____________________-
[INFO] [stdout] 414 | |         .get_bytes(SESSION_POOL_PERSIST_KEY)
[INFO] [stdout] 415 | |         .await?
[INFO] [stdout] 416 | |         .expect("stop must persist the session pool to the configured default KVS");
[INFO] [stdout]     | |_________-^^^^^^
[INFO] [stdout]     |
[INFO] [stdout] help: there is a method `exec` with a similar name, but with different arguments
[INFO] [stdout]    --> /rustc/dfb0accb7f508ae8be965d8629557221c889dd98/library/std/src/os/unix/process.rs:163:4
[INFO] [stdout] 
[INFO] [stdout] 
[INFO] [stdout] warning: method call on a diverging inference variable
[INFO] [stdout]    --> tests/http_crawler.rs:452:17
[INFO] [stdout]     |
[INFO] [stdout] 452 |     assert!(kvs.get_bytes(SESSION_POOL_PERSIST_KEY).await?.is_none());
[INFO] [stdout]     |                 ^^^^^^^^^
[INFO] [stdout]     |
[INFO] [stdout]     = help: consider providing a type annotation
[INFO] [stdout]     = warning: this was previously accepted by the compiler but is being phased out; it will become a hard error in a future release!
[INFO] [stdout]     = note: for more information, see issue #156047 <https://github.com/rust-lang/rust/issues/156047>
[INFO] [stdout] 
[INFO] [stdout] 
[INFO] [stdout] error[E0599]: no method named `get_bytes` found for type `!` in the current scope
[INFO] [stdout]    --> tests/http_crawler.rs:452:17
[INFO] [stdout]     |
[INFO] [stdout] 452 |     assert!(kvs.get_bytes(SESSION_POOL_PERSIST_KEY).await?.is_none());
[INFO] [stdout]     |                 ^^^^^^^^^ method not found in `!`
[INFO] [stdout] 
[INFO] [stdout] 
[INFO] [stdout] warning: method call on a diverging inference variable
[INFO] [stdout]    --> tests/http_crawler.rs:452:60
[INFO] [stdout]     |
[INFO] [stdout] 452 |     assert!(kvs.get_bytes(SESSION_POOL_PERSIST_KEY).await?.is_none());
[INFO] [stdout]     |                                                            ^^^^^^^
[INFO] [stdout]     |
[INFO] [stdout]     = help: consider providing a type annotation
[INFO] [stdout]     = warning: this was previously accepted by the compiler but is being phased out; it will become a hard error in a future release!
[INFO] [stdout]     = note: for more information, see issue #156047 <https://github.com/rust-lang/rust/issues/156047>
[INFO] [stdout] 
[INFO] [stdout] 
[INFO] [stdout] error[E0599]: no method named `is_none` found for type `_` in the current scope
[INFO] [stdout]    --> tests/http_crawler.rs:452:60
[INFO] [stdout]     |
[INFO] [stdout] 452 |     assert!(kvs.get_bytes(SESSION_POOL_PERSIST_KEY).await?.is_none());
[INFO] [stdout]     |                                                            ^^^^^^^
[INFO] [stdout]     |
[INFO] [stdout] help: there is a method `is_one` with a similar name
[INFO] [stdout]     |
[INFO] [stdout] 452 -     assert!(kvs.get_bytes(SESSION_POOL_PERSIST_KEY).await?.is_none());
[INFO] [stdout] 452 +     assert!(kvs.get_bytes(SESSION_POOL_PERSIST_KEY).await?.is_one());
[INFO] [stdout]     |
[INFO] [stdout] 
[INFO] [stdout] 
[INFO] [stdout] Some errors have detailed explanations: E0432, E0599.
[INFO] [stdout] 
[INFO] [stdout] For more information about an error, try `rustc --explain E0432`.
[INFO] [stdout] 
[INFO] [stderr] error: could not compile `millipede-http` (test "http_crawler") due to 5 previous errors; 8 warnings emitted
[INFO] running `Command { std: "docker" "inspect" "bcb7a0d660b5469b563f68cf0c91db9917999eb06c7ab0dbd1692748e8b1ceac", kill_on_drop: false }`
[INFO] running `Command { std: "docker" "rm" "-f" "bcb7a0d660b5469b563f68cf0c91db9917999eb06c7ab0dbd1692748e8b1ceac", kill_on_drop: false }`
[INFO] [stdout] bcb7a0d660b5469b563f68cf0c91db9917999eb06c7ab0dbd1692748e8b1ceac
