[INFO] fetching crate mil_verify 0.5.0...
[INFO] testing mil_verify-0.5.0 against 1.99.0-beta.8+cargoflags=--release for beta-release-1.100-2
[INFO] extracting crate mil_verify 0.5.0 into /workspace/builds/worker-4-tc1/source
[INFO] started tweaking crates.io crate mil_verify 0.5.0
[INFO] removed 0 missing examples
[INFO] removed 0 missing tests
[INFO] finished tweaking crates.io crate mil_verify 0.5.0
[INFO] tweaked toml for crates.io crate mil_verify 0.5.0 written to /workspace/builds/worker-4-tc1/source/Cargo.toml
[INFO] validating manifest of crates.io crate mil_verify 0.5.0 on toolchain 1.99.0-beta.8
[INFO] running `Command { std: CARGO_HOME="/workspace/cargo-home" RUSTUP_HOME="/workspace/rustup-home" "/workspace/cargo-home/bin/cargo" "+1.99.0-beta.8" "metadata" "--manifest-path" "Cargo.toml" "--no-deps", kill_on_drop: false }`
[INFO] crate crates.io crate mil_verify 0.5.0 already has a lockfile, it will not be regenerated
[INFO] running `Command { std: CARGO_HOME="/workspace/cargo-home" RUSTUP_HOME="/workspace/rustup-home" "/workspace/cargo-home/bin/cargo" "+1.99.0-beta.8" "fetch" "--manifest-path" "Cargo.toml", kill_on_drop: false }`
[INFO] [stderr]     Updating crates.io index
[INFO] [stderr]  Downloading crates ...
[INFO] [stderr]   Downloaded mil_lint v0.2.1
[INFO] [stderr]   Downloaded mil_passes v0.2.0
[INFO] [stderr]   Downloaded mil_compile v0.2.0
[INFO] [stderr]   Downloaded mil_spec v0.4.1
[INFO] [stderr]   Downloaded mil_convert v0.5.0
[INFO] running `Command { std: "docker" "create" "-v" "/var/lib/crater-agent-workspace/builds/worker-4-tc1/source:/opt/rustwide/workdir:ro,Z" "-v" "/var/lib/crater-agent-workspace/builds/worker-4-tc1/target:/opt/rustwide/target:rw,Z" "-v" "/var/lib/crater-agent-workspace/cargo-home:/opt/rustwide/cargo-home:ro,Z" "-v" "/var/lib/crater-agent-workspace/rustup-home:/opt/rustwide/rustup-home:ro,Z" "-m" "1610612736" "--network" "none" "ghcr.io/rust-lang/crates-build-env/linux@sha256:77db811e55d90add9212f6832c23229e3de5f1c1f9905e8cb07319ea15df73ac" "sleep" "infinity", kill_on_drop: false }`
[INFO] [stdout] aaae674b69439e253db9b19ccd441cb0a4b4119ff3ec1da484cdc87da2308e5f
[INFO] running `Command { std: "docker" "start" "aaae674b69439e253db9b19ccd441cb0a4b4119ff3ec1da484cdc87da2308e5f", kill_on_drop: false }`
[INFO] running `Command { std: "docker" "inspect" "aaae674b69439e253db9b19ccd441cb0a4b4119ff3ec1da484cdc87da2308e5f", kill_on_drop: false }`
[INFO] running `Command { std: "docker" "exec" "-e" "SOURCE_DIR=/opt/rustwide/workdir" "-e" "CARGO_HOME=/opt/rustwide/cargo-home" "-e" "RUSTUP_HOME=/opt/rustwide/rustup-home" "-e" "CARGO_TARGET_DIR=/opt/rustwide/target" "-w" "/opt/rustwide/workdir" "--user" "0:0" "aaae674b69439e253db9b19ccd441cb0a4b4119ff3ec1da484cdc87da2308e5f" "/opt/rustwide/cargo-home/bin/cargo" "+1.99.0-beta.8" "metadata" "--no-deps" "--format-version=1", kill_on_drop: false }`
[INFO] running `Command { std: "docker" "inspect" "aaae674b69439e253db9b19ccd441cb0a4b4119ff3ec1da484cdc87da2308e5f", kill_on_drop: false }`
[INFO] running `Command { std: "docker" "exec" "-e" "SOURCE_DIR=/opt/rustwide/workdir" "-e" "CARGO_HOME=/opt/rustwide/cargo-home" "-e" "RUSTUP_HOME=/opt/rustwide/rustup-home" "-e" "CARGO_TARGET_DIR=/opt/rustwide/target" "-e" "CARGO_INCREMENTAL=0" "-e" "RUST_BACKTRACE=full" "-e" "RUSTFLAGS=--cap-lints=warn" "-e" "RUSTDOCFLAGS=--cap-lints=warn" "-w" "/opt/rustwide/workdir" "--user" "0:0" "aaae674b69439e253db9b19ccd441cb0a4b4119ff3ec1da484cdc87da2308e5f" "/opt/rustwide/cargo-home/bin/cargo" "+1.99.0-beta.8" "build" "--frozen" "--message-format=json" "--release", kill_on_drop: false }`
[INFO] [stderr]    Compiling unicode-ident v1.0.26
[INFO] [stderr]    Compiling zerocopy v0.8.59
[INFO] [stderr]    Compiling serde_core v1.0.229
[INFO] [stderr]    Compiling serde_json v1.0.151
[INFO] [stderr]    Compiling proc-macro2 v1.0.107
[INFO] [stderr]    Compiling quote v1.0.47
[INFO] [stderr]    Compiling syn v2.0.119
[INFO] [stderr]    Compiling zerocopy-derive v0.8.59
[INFO] [stderr]    Compiling half v2.7.1
[INFO] [stderr]    Compiling mil_spec v0.4.1
[INFO] [stderr]    Compiling mil_lint v0.2.1
[INFO] [stderr]    Compiling mil_passes v0.2.0
[INFO] [stderr]    Compiling mil_compile v0.2.0
[INFO] [stderr]    Compiling mil_convert v0.5.0
[INFO] [stderr]    Compiling mil_verify v0.5.0 (/opt/rustwide/workdir)
[INFO] [stderr]     Finished `release` profile [optimized] target(s) in 34.67s
[INFO] running `Command { std: "docker" "inspect" "aaae674b69439e253db9b19ccd441cb0a4b4119ff3ec1da484cdc87da2308e5f", kill_on_drop: false }`
[INFO] running `Command { std: "docker" "exec" "-e" "SOURCE_DIR=/opt/rustwide/workdir" "-e" "CARGO_HOME=/opt/rustwide/cargo-home" "-e" "RUSTUP_HOME=/opt/rustwide/rustup-home" "-e" "CARGO_TARGET_DIR=/opt/rustwide/target" "-e" "CARGO_INCREMENTAL=0" "-e" "RUST_BACKTRACE=full" "-e" "RUSTFLAGS=--cap-lints=warn" "-e" "RUSTDOCFLAGS=--cap-lints=warn" "-w" "/opt/rustwide/workdir" "--user" "0:0" "aaae674b69439e253db9b19ccd441cb0a4b4119ff3ec1da484cdc87da2308e5f" "/opt/rustwide/cargo-home/bin/cargo" "+1.99.0-beta.8" "test" "--frozen" "--no-run" "--message-format=json" "--release", kill_on_drop: false }`
[INFO] [stderr]    Compiling mil_verify v0.5.0 (/opt/rustwide/workdir)
[INFO] [stdout] error[E0432]: unresolved import `mil_infer`
[INFO] [stdout]    --> tests/pipeline.rs:219:9
[INFO] [stdout]     |
[INFO] [stdout] 219 |     use mil_infer::{ComputeUnits, Input, Model};
[INFO] [stdout]     |         ^^^^^^^^^ use of unresolved module or unlinked crate `mil_infer`
[INFO] [stdout]     |
[INFO] [stdout]     = help: if you wanted to use a crate named `mil_infer`, use `cargo add mil_infer` to add it to your `Cargo.toml`
[INFO] [stdout] 
[INFO] [stdout] 
[INFO] [stdout] error[E0433]: cannot find module or crate `mil_infer` in this scope
[INFO] [stdout]    --> tests/golden_e2e.rs:165:17
[INFO] [stdout]     |
[INFO] [stdout] 165 |     let model = mil_infer::Model::load(compiled, cu).map_err(|e| e.to_string())?;
[INFO] [stdout]     |                 ^^^^^^^^^ use of unresolved module or unlinked crate `mil_infer`
[INFO] [stdout]     |
[INFO] [stdout]     = help: if you wanted to use a crate named `mil_infer`, use `cargo add mil_infer` to add it to your `Cargo.toml`
[INFO] [stdout] 
[INFO] [stdout] 
[INFO] [stdout] error[E0433]: cannot find module or crate `mil_infer` in this scope
[INFO] [stdout]    --> tests/golden_e2e.rs:265:9
[INFO] [stdout]     |
[INFO] [stdout] 265 |         mil_infer::ComputeUnits::CpuOnly,
[INFO] [stdout]     |         ^^^^^^^^^ use of unresolved module or unlinked crate `mil_infer`
[INFO] [stdout]     |
[INFO] [stdout]     = help: if you wanted to use a crate named `mil_infer`, use `cargo add mil_infer` to add it to your `Cargo.toml`
[INFO] [stdout] 
[INFO] [stdout] 
[INFO] [stdout] error[E0433]: cannot find module or crate `mil_infer` in this scope
[INFO] [stdout]    --> tests/golden_e2e.rs:278:9
[INFO] [stdout]     |
[INFO] [stdout] 278 |         mil_infer::ComputeUnits::CpuOnly,
[INFO] [stdout]     |         ^^^^^^^^^ use of unresolved module or unlinked crate `mil_infer`
[INFO] [stdout]     |
[INFO] [stdout]     = help: if you wanted to use a crate named `mil_infer`, use `cargo add mil_infer` to add it to your `Cargo.toml`
[INFO] [stdout] 
[INFO] [stdout] 
[INFO] [stdout] error[E0433]: cannot find module or crate `mil_infer` in this scope
[INFO] [stdout]    --> tests/golden_e2e.rs:298:14
[INFO] [stdout]     |
[INFO] [stdout] 298 |             (mil_infer::ComputeUnits::All, "all"),
[INFO] [stdout]     |              ^^^^^^^^^ use of unresolved module or unlinked crate `mil_infer`
[INFO] [stdout]     |
[INFO] [stdout]     = help: if you wanted to use a crate named `mil_infer`, use `cargo add mil_infer` to add it to your `Cargo.toml`
[INFO] [stdout] 
[INFO] [stdout] 
[INFO] [stdout] error[E0433]: cannot find module or crate `mil_infer` in this scope
[INFO] [stdout]    --> tests/golden_e2e.rs:299:14
[INFO] [stdout]     |
[INFO] [stdout] 299 |             (mil_infer::ComputeUnits::CpuAndGpu, "gpu"),
[INFO] [stdout]     |              ^^^^^^^^^ use of unresolved module or unlinked crate `mil_infer`
[INFO] [stdout]     |
[INFO] [stdout]     = help: if you wanted to use a crate named `mil_infer`, use `cargo add mil_infer` to add it to your `Cargo.toml`
[INFO] [stdout] 
[INFO] [stdout] 
[INFO] [stdout] error[E0432]: unresolved import `mil_infer`
[INFO] [stdout]   --> tests/ane_numerics.rs:10:5
[INFO] [stdout]    |
[INFO] [stdout] 10 | use mil_infer::{ComputeUnits, Input, Model};
[INFO] [stdout]    |     ^^^^^^^^^ use of unresolved module or unlinked crate `mil_infer`
[INFO] [stdout]    |
[INFO] [stdout]    = help: if you wanted to use a crate named `mil_infer`, use `cargo add mil_infer` to add it to your `Cargo.toml`
[INFO] [stdout] 
[INFO] [stdout] 
[INFO] [stdout] error[E0433]: cannot find module or crate `mil_infer` in this scope
[INFO] [stdout]    --> tests/golden_e2e.rs:300:14
[INFO] [stdout]     |
[INFO] [stdout] 300 |             (mil_infer::ComputeUnits::CpuAndNeuralEngine, "ane"),
[INFO] [stdout]     |              ^^^^^^^^^ use of unresolved module or unlinked crate `mil_infer`
[INFO] [stdout]     |
[INFO] [stdout]     = help: if you wanted to use a crate named `mil_infer`, use `cargo add mil_infer` to add it to your `Cargo.toml`
[INFO] [stdout] 
[INFO] [stdout] 
[INFO] [stdout] error[E0433]: cannot find module or crate `mil_infer` in this scope
[INFO] [stdout]    --> tests/golden_e2e.rs:378:9
[INFO] [stdout]     |
[INFO] [stdout] 378 |         mil_infer::ComputeUnits::CpuOnly,
[INFO] [stdout]     |         ^^^^^^^^^ use of unresolved module or unlinked crate `mil_infer`
[INFO] [stdout]     |
[INFO] [stdout]     = help: if you wanted to use a crate named `mil_infer`, use `cargo add mil_infer` to add it to your `Cargo.toml`
[INFO] [stdout] 
[INFO] [stdout] 
[INFO] [stdout] error[E0433]: cannot find module or crate `mil_infer` in this scope
[INFO] [stdout]    --> tests/golden_e2e.rs:417:9
[INFO] [stdout]     |
[INFO] [stdout] 417 |         mil_infer::ComputeUnits::CpuOnly,
[INFO] [stdout]     |         ^^^^^^^^^ use of unresolved module or unlinked crate `mil_infer`
[INFO] [stdout]     |
[INFO] [stdout]     = help: if you wanted to use a crate named `mil_infer`, use `cargo add mil_infer` to add it to your `Cargo.toml`
[INFO] [stdout] 
[INFO] [stdout] 
[INFO] [stdout] error[E0432]: unresolved import `mil_infer`
[INFO] [stdout]    --> tests/lora_e2e.rs:494:9
[INFO] [stdout]     |
[INFO] [stdout] 494 |     use mil_infer::{ComputeUnits, Input, Model};
[INFO] [stdout]     |         ^^^^^^^^^ use of unresolved module or unlinked crate `mil_infer`
[INFO] [stdout]     |
[INFO] [stdout]     = help: if you wanted to use a crate named `mil_infer`, use `cargo add mil_infer` to add it to your `Cargo.toml`
[INFO] [stdout] 
[INFO] [stdout] 
[INFO] [stdout] error[E0432]: unresolved import `mil_infer`
[INFO] [stdout]    --> tests/lora_e2e.rs:675:9
[INFO] [stdout]     |
[INFO] [stdout] 675 |     use mil_infer::{ComputeUnits, Input, Model};
[INFO] [stdout]     |         ^^^^^^^^^ use of unresolved module or unlinked crate `mil_infer`
[INFO] [stdout]     |
[INFO] [stdout]     = help: if you wanted to use a crate named `mil_infer`, use `cargo add mil_infer` to add it to your `Cargo.toml`
[INFO] [stdout] 
[INFO] [stdout] 
[INFO] [stdout] error[E0433]: cannot find module or crate `mil_infer` in this scope
[INFO] [stdout]   --> examples/golden.rs:83:18
[INFO] [stdout]    |
[INFO] [stdout] 83 |         "cpu" => mil_infer::ComputeUnits::CpuOnly,
[INFO] [stdout]    |                  ^^^^^^^^^ use of unresolved module or unlinked crate `mil_infer`
[INFO] [stdout]    |
[INFO] [stdout]    = help: if you wanted to use a crate named `mil_infer`, use `cargo add mil_infer` to add it to your `Cargo.toml`
[INFO] [stdout] 
[INFO] [stdout] 
[INFO] [stdout] error[E0433]: cannot find module or crate `mil_infer` in this scope
[INFO] [stdout]   --> examples/golden.rs:84:18
[INFO] [stdout]    |
[INFO] [stdout] 84 |         "all" => mil_infer::ComputeUnits::All,
[INFO] [stdout]    |                  ^^^^^^^^^ use of unresolved module or unlinked crate `mil_infer`
[INFO] [stdout]    |
[INFO] [stdout]    = help: if you wanted to use a crate named `mil_infer`, use `cargo add mil_infer` to add it to your `Cargo.toml`
[INFO] [stdout] 
[INFO] [stdout] 
[INFO] [stdout] error[E0433]: cannot find module or crate `mil_infer` in this scope
[INFO] [stdout]   --> examples/golden.rs:85:18
[INFO] [stdout]    |
[INFO] [stdout] 85 |         "gpu" => mil_infer::ComputeUnits::CpuAndGpu,
[INFO] [stdout]    |                  ^^^^^^^^^ use of unresolved module or unlinked crate `mil_infer`
[INFO] [stdout]    |
[INFO] [stdout]    = help: if you wanted to use a crate named `mil_infer`, use `cargo add mil_infer` to add it to your `Cargo.toml`
[INFO] [stdout] 
[INFO] [stdout] 
[INFO] [stdout] error[E0433]: cannot find module or crate `mil_infer` in this scope
[INFO] [stdout]    --> tests/pipeline.rs:235:42
[INFO] [stdout]     |
[INFO] [stdout] 235 |     let run = |pos: i32, xb: &[u8], st: &mil_infer::State| -> Vec<f32> {
[INFO] [stdout]     |                                          ^^^^^^^^^ use of unresolved module or unlinked crate `mil_infer`
[INFO] [stdout]     |
[INFO] [stdout]     = help: if you wanted to use a crate named `mil_infer`, use `cargo add mil_infer` to add it to your `Cargo.toml`
[INFO] [stdout] 
[INFO] [stdout] 
[INFO] [stdout] Some errors have detailed explanations: E0432, E0433.
[INFO] [stdout] 
[INFO] [stdout] For more information about an error, try `rustc --explain E0432`.
[INFO] [stdout] 
[INFO] [stderr] error: could not compile `mil_verify` (test "pipeline") due to 2 previous errors
[INFO] [stderr] warning: build failed, waiting for other jobs to finish...
[INFO] [stdout] error[E0433]: cannot find module or crate `mil_infer` in this scope
[INFO] [stdout]   --> examples/golden.rs:86:18
[INFO] [stdout]    |
[INFO] [stdout] 86 |         "ane" => mil_infer::ComputeUnits::CpuAndNeuralEngine,
[INFO] [stdout]    |                  ^^^^^^^^^ use of unresolved module or unlinked crate `mil_infer`
[INFO] [stdout]    |
[INFO] [stdout]    = help: if you wanted to use a crate named `mil_infer`, use `cargo add mil_infer` to add it to your `Cargo.toml`
[INFO] [stdout] 
[INFO] [stdout] 
[INFO] [stdout] error[E0433]: cannot find module or crate `mil_infer` in this scope
[INFO] [stdout]    --> tests/reference_e2e.rs:590:17
[INFO] [stdout]     |
[INFO] [stdout] 590 |         ("cpu", mil_infer::ComputeUnits::CpuOnly, !flex_pkg),
[INFO] [stdout]     |                 ^^^^^^^^^ use of unresolved module or unlinked crate `mil_infer`
[INFO] [stdout]     |
[INFO] [stdout]     = help: if you wanted to use a crate named `mil_infer`, use `cargo add mil_infer` to add it to your `Cargo.toml`
[INFO] [stdout] 
[INFO] [stdout] 
[INFO] [stdout] error[E0433]: cannot find module or crate `mil_infer` in this scope
[INFO] [stdout]    --> tests/golden_e2e.rs:134:9
[INFO] [stdout]     |
[INFO] [stdout] 134 |     cu: mil_infer::ComputeUnits,
[INFO] [stdout]     |         ^^^^^^^^^ use of unresolved module or unlinked crate `mil_infer`
[INFO] [stdout]     |
[INFO] [stdout]     = help: if you wanted to use a crate named `mil_infer`, use `cargo add mil_infer` to add it to your `Cargo.toml`
[INFO] [stdout] 
[INFO] [stdout] 
[INFO] [stdout] error[E0433]: cannot find module or crate `mil_infer` in this scope
[INFO] [stdout]    --> tests/golden_e2e.rs:149:9
[INFO] [stdout]     |
[INFO] [stdout] 149 |     cu: mil_infer::ComputeUnits,
[INFO] [stdout]     |         ^^^^^^^^^ use of unresolved module or unlinked crate `mil_infer`
[INFO] [stdout]     |
[INFO] [stdout]     = help: if you wanted to use a crate named `mil_infer`, use `cargo add mil_infer` to add it to your `Cargo.toml`
[INFO] [stdout] 
[INFO] [stdout] 
[INFO] [stdout] error[E0433]: cannot find module or crate `mil_infer` in this scope
[INFO] [stdout]    --> tests/golden_e2e.rs:156:21
[INFO] [stdout]     |
[INFO] [stdout] 156 |     let inputs: Vec<mil_infer::Input> = prepped
[INFO] [stdout]     |                     ^^^^^^^^^ use of unresolved module or unlinked crate `mil_infer`
[INFO] [stdout]     |
[INFO] [stdout]     = help: if you wanted to use a crate named `mil_infer`, use `cargo add mil_infer` to add it to your `Cargo.toml`
[INFO] [stdout] 
[INFO] [stdout] 
[INFO] [stdout] error[E0433]: cannot find module or crate `mil_infer` in this scope
[INFO] [stdout]    --> tests/golden_e2e.rs:158:18
[INFO] [stdout]     |
[INFO] [stdout] 158 |         .map(|p| mil_infer::Input {
[INFO] [stdout]     |                  ^^^^^^^^^ use of unresolved module or unlinked crate `mil_infer`
[INFO] [stdout]     |
[INFO] [stdout]     = help: if you wanted to use a crate named `mil_infer`, use `cargo add mil_infer` to add it to your `Cargo.toml`
[INFO] [stdout] 
[INFO] [stdout] 
[INFO] [stdout] error[E0433]: cannot find module or crate `mil_infer` in this scope
[INFO] [stdout]    --> tests/golden_e2e.rs:182:20
[INFO] [stdout]     |
[INFO] [stdout] 182 |     candidates: &[(mil_infer::ComputeUnits, &'static str)],
[INFO] [stdout]     |                    ^^^^^^^^^ use of unresolved module or unlinked crate `mil_infer`
[INFO] [stdout]     |
[INFO] [stdout]     = help: if you wanted to use a crate named `mil_infer`, use `cargo add mil_infer` to add it to your `Cargo.toml`
[INFO] [stdout] 
[INFO] [stdout] 
[INFO] [stdout] error[E0433]: cannot find module or crate `mil_infer` in this scope
[INFO] [stdout]    --> tests/golden_e2e.rs:186:14
[INFO] [stdout]     |
[INFO] [stdout] 186 | ) -> Option<(mil_infer::ComputeUnits, &'static str, Vec<Vec<f32>>)> {
[INFO] [stdout]     |              ^^^^^^^^^ use of unresolved module or unlinked crate `mil_infer`
[INFO] [stdout]     |
[INFO] [stdout]     = help: if you wanted to use a crate named `mil_infer`, use `cargo add mil_infer` to add it to your `Cargo.toml`
[INFO] [stdout] 
[INFO] [stdout] 
[INFO] [stdout] For more information about this error, try `rustc --explain E0433`.
[INFO] [stdout] 
[INFO] [stdout] error[E0433]: cannot find module or crate `mil_infer` in this scope
[INFO] [stdout]    --> tests/reference_e2e.rs:591:17
[INFO] [stdout]     |
[INFO] [stdout] 591 |         ("all", mil_infer::ComputeUnits::All, flex_pkg),
[INFO] [stdout]     |                 ^^^^^^^^^ use of unresolved module or unlinked crate `mil_infer`
[INFO] [stdout]     |
[INFO] [stdout]     = help: if you wanted to use a crate named `mil_infer`, use `cargo add mil_infer` to add it to your `Cargo.toml`
[INFO] [stdout] 
[INFO] [stdout] 
[INFO] [stderr] error: could not compile `mil_verify` (test "golden_e2e") due to 14 previous errors
[INFO] [stdout] error[E0433]: cannot find module or crate `mil_infer` in this scope
[INFO] [stdout]    --> tests/reference_e2e.rs:596:33
[INFO] [stdout]     |
[INFO] [stdout] 596 |         units.insert(0, ("gpu", mil_infer::ComputeUnits::CpuAndGpu, false));
[INFO] [stdout]     |                                 ^^^^^^^^^ use of unresolved module or unlinked crate `mil_infer`
[INFO] [stdout]     |
[INFO] [stdout]     = help: if you wanted to use a crate named `mil_infer`, use `cargo add mil_infer` to add it to your `Cargo.toml`
[INFO] [stdout] 
[INFO] [stdout] 
[INFO] [stdout] error[E0433]: cannot find module or crate `mil_infer` in this scope
[INFO] [stdout]    --> tests/reference_e2e.rs:599:21
[INFO] [stdout]     |
[INFO] [stdout] 599 |             ("ane", mil_infer::ComputeUnits::CpuAndNeuralEngine, false),
[INFO] [stdout]     |                     ^^^^^^^^^ use of unresolved module or unlinked crate `mil_infer`
[INFO] [stdout]     |
[INFO] [stdout]     = help: if you wanted to use a crate named `mil_infer`, use `cargo add mil_infer` to add it to your `Cargo.toml`
[INFO] [stdout] 
[INFO] [stdout] 
[INFO] [stdout] error[E0433]: cannot find module or crate `mil_infer` in this scope
[INFO] [stdout]    --> tests/reference_e2e.rs:603:23
[INFO] [stdout]     |
[INFO] [stdout] 603 |         let m = match mil_infer::Model::load(&mc.path, cu) {
[INFO] [stdout]     |                       ^^^^^^^^^ use of unresolved module or unlinked crate `mil_infer`
[INFO] [stdout]     |
[INFO] [stdout]     = help: if you wanted to use a crate named `mil_infer`, use `cargo add mil_infer` to add it to your `Cargo.toml`
[INFO] [stdout] 
[INFO] [stdout] 
[INFO] [stdout] For more information about this error, try `rustc --explain E0432`.
[INFO] [stdout] 
[INFO] [stderr] error: could not compile `mil_verify` (test "lora_e2e") due to 2 previous errors
[INFO] [stdout] For more information about this error, try `rustc --explain E0432`.
[INFO] [stdout] 
[INFO] [stderr] error: could not compile `mil_verify` (test "ane_numerics") due to 1 previous error
[INFO] [stdout] error[E0433]: cannot find module or crate `mil_infer` in this scope
[INFO] [stdout]    --> examples/golden.rs:111:17
[INFO] [stdout]     |
[INFO] [stdout] 111 |     let model = mil_infer::Model::load(compiled, cu).expect("load compiled model");
[INFO] [stdout]     |                 ^^^^^^^^^ use of unresolved module or unlinked crate `mil_infer`
[INFO] [stdout]     |
[INFO] [stdout]     = help: if you wanted to use a crate named `mil_infer`, use `cargo add mil_infer` to add it to your `Cargo.toml`
[INFO] [stdout] 
[INFO] [stdout] 
[INFO] [stdout] error[E0433]: cannot find module or crate `mil_infer` in this scope
[INFO] [stdout]    --> tests/reference_e2e.rs:862:17
[INFO] [stdout]     |
[INFO] [stdout] 862 |         ("cpu", mil_infer::ComputeUnits::CpuOnly, true),
[INFO] [stdout]     |                 ^^^^^^^^^ use of unresolved module or unlinked crate `mil_infer`
[INFO] [stdout]     |
[INFO] [stdout]     = help: if you wanted to use a crate named `mil_infer`, use `cargo add mil_infer` to add it to your `Cargo.toml`
[INFO] [stdout] 
[INFO] [stdout] 
[INFO] [stdout] error[E0433]: cannot find module or crate `mil_infer` in this scope
[INFO] [stdout]    --> tests/reference_e2e.rs:863:17
[INFO] [stdout]     |
[INFO] [stdout] 863 |         ("all", mil_infer::ComputeUnits::All, false),
[INFO] [stdout]     |                 ^^^^^^^^^ use of unresolved module or unlinked crate `mil_infer`
[INFO] [stdout]     |
[INFO] [stdout]     = help: if you wanted to use a crate named `mil_infer`, use `cargo add mil_infer` to add it to your `Cargo.toml`
[INFO] [stdout] 
[INFO] [stdout] 
[INFO] [stdout] error[E0433]: cannot find module or crate `mil_infer` in this scope
[INFO] [stdout]    --> examples/golden.rs:180:20
[INFO] [stdout]     |
[INFO] [stdout] 180 |         .unwrap_or(mil_infer::ComputeUnits::CpuOnly);
[INFO] [stdout]     |                    ^^^^^^^^^ use of unresolved module or unlinked crate `mil_infer`
[INFO] [stdout]     |
[INFO] [stdout]     = help: if you wanted to use a crate named `mil_infer`, use `cargo add mil_infer` to add it to your `Cargo.toml`
[INFO] [stdout] 
[INFO] [stdout] 
[INFO] [stdout] error[E0433]: cannot find module or crate `mil_infer` in this scope
[INFO] [stdout]    --> tests/reference_e2e.rs:865:18
[INFO] [stdout]     |
[INFO] [stdout] 865 |         let mc = mil_infer::Model::load(&cm.path, cu).unwrap();
[INFO] [stdout]     |                  ^^^^^^^^^ use of unresolved module or unlinked crate `mil_infer`
[INFO] [stdout]     |
[INFO] [stdout]     = help: if you wanted to use a crate named `mil_infer`, use `cargo add mil_infer` to add it to your `Cargo.toml`
[INFO] [stdout] 
[INFO] [stdout] 
[INFO] [stdout] error[E0433]: cannot find module or crate `mil_infer` in this scope
[INFO] [stdout]    --> examples/golden.rs:227:9
[INFO] [stdout]     |
[INFO] [stdout] 227 |         mil_infer::ComputeUnits::CpuOnly,
[INFO] [stdout]     |         ^^^^^^^^^ use of unresolved module or unlinked crate `mil_infer`
[INFO] [stdout]     |
[INFO] [stdout]     = help: if you wanted to use a crate named `mil_infer`, use `cargo add mil_infer` to add it to your `Cargo.toml`
[INFO] [stdout] 
[INFO] [stdout] 
[INFO] [stdout] error[E0433]: cannot find module or crate `mil_infer` in this scope
[INFO] [stdout]    --> examples/golden.rs:235:9
[INFO] [stdout]     |
[INFO] [stdout] 235 |         mil_infer::ComputeUnits::All,
[INFO] [stdout]     |         ^^^^^^^^^ use of unresolved module or unlinked crate `mil_infer`
[INFO] [stdout]     |
[INFO] [stdout]     = help: if you wanted to use a crate named `mil_infer`, use `cargo add mil_infer` to add it to your `Cargo.toml`
[INFO] [stdout] 
[INFO] [stdout] 
[INFO] [stdout] warning: method call on a diverging inference variable
[INFO] [stdout]    --> tests/reference_e2e.rs:611:20
[INFO] [stdout]     |
[INFO] [stdout] 611 |         let st = m.new_state().expect("state");
[INFO] [stdout]     |                    ^^^^^^^^^
[INFO] [stdout]     |
[INFO] [stdout]     = help: consider providing a type annotation
[INFO] [stdout]     = warning: this was previously accepted by the compiler but is being phased out; it will become a hard error in a future release!
[INFO] [stdout]     = note: for more information, see issue #156047 <https://github.com/rust-lang/rust/issues/156047>
[INFO] [stdout]     = note: `#[warn(method_call_on_diverging_infer_var)]` (part of `#[warn(future_incompatible)]`) on by default
[INFO] [stdout] 
[INFO] [stdout] 
[INFO] [stdout] error[E0599]: no method named `new_state` found for type `!` in the current scope
[INFO] [stdout]    --> tests/reference_e2e.rs:611:20
[INFO] [stdout]     |
[INFO] [stdout] 611 |         let st = m.new_state().expect("state");
[INFO] [stdout]     |                    ^^^^^^^^^ method not found in `!`
[INFO] [stdout] 
[INFO] [stdout] 
[INFO] [stdout] error[E0599]: no method named `predict_with_state` found for type `!` in the current scope
[INFO] [stdout]    --> tests/reference_e2e.rs:612:20
[INFO] [stdout]     |
[INFO] [stdout] 612 |         let pr = m.predict_with_state(Some(&st), &inputs).expect("predict");
[INFO] [stdout]     |                    ^^^^^^^^^^^^^^^^^^ method not found in `!`
[INFO] [stdout] 
[INFO] [stdout] 
[INFO] [stdout] warning: unreachable expression
[INFO] [stdout]    --> tests/reference_e2e.rs:612:39
[INFO] [stdout]     |
[INFO] [stdout] 612 |         let pr = m.predict_with_state(Some(&st), &inputs).expect("predict");
[INFO] [stdout]     |                  -                    ^^^^^^^^^ unreachable expression
[INFO] [stdout]     |                  |
[INFO] [stdout]     |                  any code following this expression is unreachable
[INFO] [stdout]     |
[INFO] [stdout]     = note: `#[warn(unreachable_code)]` (part of `#[warn(unused)]`) on by default
[INFO] [stdout] 
[INFO] [stdout] 
[INFO] [stdout] error[E0599]: no method named `new_state` found for type `!` in the current scope
[INFO] [stdout]    --> tests/reference_e2e.rs:617:32
[INFO] [stdout]     |
[INFO] [stdout] 617 |                     let st = m.new_state().expect("state");
[INFO] [stdout]     |                                ^^^^^^^^^ method not found in `!`
[INFO] [stdout] 
[INFO] [stdout] 
[INFO] [stdout] warning: unreachable call
[INFO] [stdout]    --> tests/reference_e2e.rs:617:32
[INFO] [stdout]     |
[INFO] [stdout] 617 |                     let st = m.new_state().expect("state");
[INFO] [stdout]     |                              - ^^^^^^^^^ unreachable call
[INFO] [stdout]     |                              |
[INFO] [stdout]     |                              any code following this expression is unreachable
[INFO] [stdout] 
[INFO] [stdout] 
[INFO] [stdout] error[E0599]: no method named `predict_with_state` found for type `!` in the current scope
[INFO] [stdout]    --> tests/reference_e2e.rs:619:23
[INFO] [stdout]     |
[INFO] [stdout] 619 |                     m.predict_with_state(Some(&st), &inputs).expect("predict");
[INFO] [stdout]     |                       ^^^^^^^^^^^^^^^^^^ method not found in `!`
[INFO] [stdout] 
[INFO] [stdout] 
[INFO] [stdout] warning: unreachable expression
[INFO] [stdout]    --> tests/reference_e2e.rs:619:42
[INFO] [stdout]     |
[INFO] [stdout] 619 |                     m.predict_with_state(Some(&st), &inputs).expect("predict");
[INFO] [stdout]     |                     -                    ^^^^^^^^^ unreachable expression
[INFO] [stdout]     |                     |
[INFO] [stdout]     |                     any code following this expression is unreachable
[INFO] [stdout] 
[INFO] [stdout] 
[INFO] [stdout] error[E0433]: cannot find module or crate `mil_infer` in this scope
[INFO] [stdout]   --> examples/golden.rs:81:22
[INFO] [stdout]    |
[INFO] [stdout] 81 | fn units(s: &str) -> mil_infer::ComputeUnits {
[INFO] [stdout]    |                      ^^^^^^^^^ use of unresolved module or unlinked crate `mil_infer`
[INFO] [stdout]    |
[INFO] [stdout]    = help: if you wanted to use a crate named `mil_infer`, use `cargo add mil_infer` to add it to your `Cargo.toml`
[INFO] [stdout] 
[INFO] [stdout] 
[INFO] [stdout] error[E0433]: cannot find module or crate `mil_infer` in this scope
[INFO] [stdout]   --> examples/golden.rs:95:9
[INFO] [stdout]    |
[INFO] [stdout] 95 |     cu: mil_infer::ComputeUnits,
[INFO] [stdout]    |         ^^^^^^^^^ use of unresolved module or unlinked crate `mil_infer`
[INFO] [stdout]    |
[INFO] [stdout]    = help: if you wanted to use a crate named `mil_infer`, use `cargo add mil_infer` to add it to your `Cargo.toml`
[INFO] [stdout] 
[INFO] [stdout] 
[INFO] [stdout] error[E0433]: cannot find module or crate `mil_infer` in this scope
[INFO] [stdout]    --> examples/golden.rs:102:21
[INFO] [stdout]     |
[INFO] [stdout] 102 |     let inputs: Vec<mil_infer::Input> = prepped
[INFO] [stdout]     |                     ^^^^^^^^^ use of unresolved module or unlinked crate `mil_infer`
[INFO] [stdout]     |
[INFO] [stdout]     = help: if you wanted to use a crate named `mil_infer`, use `cargo add mil_infer` to add it to your `Cargo.toml`
[INFO] [stdout] 
[INFO] [stdout] 
[INFO] [stdout] error[E0433]: cannot find module or crate `mil_infer` in this scope
[INFO] [stdout]    --> examples/golden.rs:104:18
[INFO] [stdout]     |
[INFO] [stdout] 104 |         .map(|p| mil_infer::Input {
[INFO] [stdout]     |                  ^^^^^^^^^ use of unresolved module or unlinked crate `mil_infer`
[INFO] [stdout]     |
[INFO] [stdout]     = help: if you wanted to use a crate named `mil_infer`, use `cargo add mil_infer` to add it to your `Cargo.toml`
[INFO] [stdout] 
[INFO] [stdout] 
[INFO] [stdout] For more information about this error, try `rustc --explain E0433`.
[INFO] [stdout] 
[INFO] [stderr] error: could not compile `mil_verify` (example "golden") due to 12 previous errors
[INFO] [stdout] error[E0433]: cannot find module or crate `mil_infer` in this scope
[INFO] [stdout]    --> tests/reference_e2e.rs:539:9
[INFO] [stdout]     |
[INFO] [stdout] 539 |         mil_infer::Input {
[INFO] [stdout]     |         ^^^^^^^^^ use of unresolved module or unlinked crate `mil_infer`
[INFO] [stdout]     |
[INFO] [stdout]     = help: if you wanted to use a crate named `mil_infer`, use `cargo add mil_infer` to add it to your `Cargo.toml`
[INFO] [stdout] 
[INFO] [stdout] 
[INFO] [stdout] error[E0433]: cannot find module or crate `mil_infer` in this scope
[INFO] [stdout]    --> tests/reference_e2e.rs:545:9
[INFO] [stdout]     |
[INFO] [stdout] 545 |         mil_infer::Input {
[INFO] [stdout]     |         ^^^^^^^^^ use of unresolved module or unlinked crate `mil_infer`
[INFO] [stdout]     |
[INFO] [stdout]     = help: if you wanted to use a crate named `mil_infer`, use `cargo add mil_infer` to add it to your `Cargo.toml`
[INFO] [stdout] 
[INFO] [stdout] 
[INFO] [stdout] error[E0433]: cannot find module or crate `mil_infer` in this scope
[INFO] [stdout]    --> tests/reference_e2e.rs:551:9
[INFO] [stdout]     |
[INFO] [stdout] 551 |         mil_infer::Input {
[INFO] [stdout]     |         ^^^^^^^^^ use of unresolved module or unlinked crate `mil_infer`
[INFO] [stdout]     |
[INFO] [stdout]     = help: if you wanted to use a crate named `mil_infer`, use `cargo add mil_infer` to add it to your `Cargo.toml`
[INFO] [stdout] 
[INFO] [stdout] 
[INFO] [stdout] error[E0433]: cannot find module or crate `mil_infer` in this scope
[INFO] [stdout]    --> tests/reference_e2e.rs:557:9
[INFO] [stdout]     |
[INFO] [stdout] 557 |         mil_infer::Input {
[INFO] [stdout]     |         ^^^^^^^^^ use of unresolved module or unlinked crate `mil_infer`
[INFO] [stdout]     |
[INFO] [stdout]     = help: if you wanted to use a crate named `mil_infer`, use `cargo add mil_infer` to add it to your `Cargo.toml`
[INFO] [stdout] 
[INFO] [stdout] 
[INFO] [stdout] error[E0433]: cannot find module or crate `mil_infer` in this scope
[INFO] [stdout]    --> tests/reference_e2e.rs:563:9
[INFO] [stdout]     |
[INFO] [stdout] 563 |         mil_infer::Input {
[INFO] [stdout]     |         ^^^^^^^^^ use of unresolved module or unlinked crate `mil_infer`
[INFO] [stdout]     |
[INFO] [stdout]     = help: if you wanted to use a crate named `mil_infer`, use `cargo add mil_infer` to add it to your `Cargo.toml`
[INFO] [stdout] 
[INFO] [stdout] 
[INFO] [stdout] error[E0433]: cannot find module or crate `mil_infer` in this scope
[INFO] [stdout]    --> tests/reference_e2e.rs:572:21
[INFO] [stdout]     |
[INFO] [stdout] 572 |         inputs.push(mil_infer::Input {
[INFO] [stdout]     |                     ^^^^^^^^^ use of unresolved module or unlinked crate `mil_infer`
[INFO] [stdout]     |
[INFO] [stdout]     = help: if you wanted to use a crate named `mil_infer`, use `cargo add mil_infer` to add it to your `Cargo.toml`
[INFO] [stdout] 
[INFO] [stdout] 
[INFO] [stdout] error[E0433]: cannot find module or crate `mil_infer` in this scope
[INFO] [stdout]    --> tests/reference_e2e.rs:826:9
[INFO] [stdout]     |
[INFO] [stdout] 826 |         mil_infer::Input {
[INFO] [stdout]     |         ^^^^^^^^^ use of unresolved module or unlinked crate `mil_infer`
[INFO] [stdout]     |
[INFO] [stdout]     = help: if you wanted to use a crate named `mil_infer`, use `cargo add mil_infer` to add it to your `Cargo.toml`
[INFO] [stdout] 
[INFO] [stdout] 
[INFO] [stdout] error[E0433]: cannot find module or crate `mil_infer` in this scope
[INFO] [stdout]    --> tests/reference_e2e.rs:832:9
[INFO] [stdout]     |
[INFO] [stdout] 832 |         mil_infer::Input {
[INFO] [stdout]     |         ^^^^^^^^^ use of unresolved module or unlinked crate `mil_infer`
[INFO] [stdout]     |
[INFO] [stdout]     = help: if you wanted to use a crate named `mil_infer`, use `cargo add mil_infer` to add it to your `Cargo.toml`
[INFO] [stdout] 
[INFO] [stdout] 
[INFO] [stdout] error[E0433]: cannot find module or crate `mil_infer` in this scope
[INFO] [stdout]    --> tests/reference_e2e.rs:838:9
[INFO] [stdout]     |
[INFO] [stdout] 838 |         mil_infer::Input {
[INFO] [stdout]     |         ^^^^^^^^^ use of unresolved module or unlinked crate `mil_infer`
[INFO] [stdout]     |
[INFO] [stdout]     = help: if you wanted to use a crate named `mil_infer`, use `cargo add mil_infer` to add it to your `Cargo.toml`
[INFO] [stdout] 
[INFO] [stdout] 
[INFO] [stdout] error[E0433]: cannot find module or crate `mil_infer` in this scope
[INFO] [stdout]    --> tests/reference_e2e.rs:844:9
[INFO] [stdout]     |
[INFO] [stdout] 844 |         mil_infer::Input {
[INFO] [stdout]     |         ^^^^^^^^^ use of unresolved module or unlinked crate `mil_infer`
[INFO] [stdout]     |
[INFO] [stdout]     = help: if you wanted to use a crate named `mil_infer`, use `cargo add mil_infer` to add it to your `Cargo.toml`
[INFO] [stdout] 
[INFO] [stdout] 
[INFO] [stdout] error[E0433]: cannot find module or crate `mil_infer` in this scope
[INFO] [stdout]    --> tests/reference_e2e.rs:850:9
[INFO] [stdout]     |
[INFO] [stdout] 850 |         mil_infer::Input {
[INFO] [stdout]     |         ^^^^^^^^^ use of unresolved module or unlinked crate `mil_infer`
[INFO] [stdout]     |
[INFO] [stdout]     = help: if you wanted to use a crate named `mil_infer`, use `cargo add mil_infer` to add it to your `Cargo.toml`
[INFO] [stdout] 
[INFO] [stdout] 
[INFO] [stdout] Some errors have detailed explanations: E0433, E0599.
[INFO] [stdout] 
[INFO] [stdout] For more information about an error, try `rustc --explain E0433`.
[INFO] [stdout] 
[INFO] [stderr] error: could not compile `mil_verify` (test "reference_e2e") due to 23 previous errors; 5 warnings emitted
[INFO] running `Command { std: "docker" "inspect" "aaae674b69439e253db9b19ccd441cb0a4b4119ff3ec1da484cdc87da2308e5f", kill_on_drop: false }`
[INFO] running `Command { std: "docker" "rm" "-f" "aaae674b69439e253db9b19ccd441cb0a4b4119ff3ec1da484cdc87da2308e5f", kill_on_drop: false }`
[INFO] [stdout] aaae674b69439e253db9b19ccd441cb0a4b4119ff3ec1da484cdc87da2308e5f
