[INFO] fetching crate miku-hyper 1.5.2...
[INFO] testing miku-hyper-1.5.2 against 1.99.0-beta.8+cargoflags=--release for beta-release-1.100-2
[INFO] extracting crate miku-hyper 1.5.2 into /workspace/builds/worker-4-tc1/source
[INFO] started tweaking crates.io crate miku-hyper 1.5.2
[INFO] finished tweaking crates.io crate miku-hyper 1.5.2
[INFO] tweaked toml for crates.io crate miku-hyper 1.5.2 written to /workspace/builds/worker-4-tc1/source/Cargo.toml
[INFO] validating manifest of crates.io crate miku-hyper 1.5.2 on toolchain 1.99.0-beta.8
[INFO] running `Command { std: CARGO_HOME="/workspace/cargo-home" RUSTUP_HOME="/workspace/rustup-home" "/workspace/cargo-home/bin/cargo" "+1.99.0-beta.8" "metadata" "--manifest-path" "Cargo.toml" "--no-deps", kill_on_drop: false }`
[INFO] crate crates.io crate miku-hyper 1.5.2 already has a lockfile, it will not be regenerated
[INFO] running `Command { std: CARGO_HOME="/workspace/cargo-home" RUSTUP_HOME="/workspace/rustup-home" "/workspace/cargo-home/bin/cargo" "+1.99.0-beta.8" "fetch" "--manifest-path" "Cargo.toml", kill_on_drop: false }`
[INFO] [stderr]     Updating crates.io index
[INFO] [stderr]     Blocking waiting for file lock on package cache
[INFO] [stderr]  Downloading crates ...
[INFO] [stderr]   Downloaded spmc v0.3.0
[INFO] [stderr]   Downloaded pretty_env_logger v0.5.0
[INFO] [stderr]   Downloaded miku-h2 v0.4.7
[INFO] running `Command { std: "docker" "create" "-v" "/var/lib/crater-agent-workspace/builds/worker-4-tc1/source:/opt/rustwide/workdir:ro,Z" "-v" "/var/lib/crater-agent-workspace/builds/worker-4-tc1/target:/opt/rustwide/target:rw,Z" "-v" "/var/lib/crater-agent-workspace/cargo-home:/opt/rustwide/cargo-home:ro,Z" "-v" "/var/lib/crater-agent-workspace/rustup-home:/opt/rustwide/rustup-home:ro,Z" "-m" "1610612736" "--network" "none" "ghcr.io/rust-lang/crates-build-env/linux@sha256:77db811e55d90add9212f6832c23229e3de5f1c1f9905e8cb07319ea15df73ac" "sleep" "infinity", kill_on_drop: false }`
[INFO] [stdout] a656d9bdf3e6fe3d7e7ac56f280c1e7aeb0becd2c87890b57733b22e4d0d0d76
[INFO] running `Command { std: "docker" "start" "a656d9bdf3e6fe3d7e7ac56f280c1e7aeb0becd2c87890b57733b22e4d0d0d76", kill_on_drop: false }`
[INFO] running `Command { std: "docker" "inspect" "a656d9bdf3e6fe3d7e7ac56f280c1e7aeb0becd2c87890b57733b22e4d0d0d76", kill_on_drop: false }`
[INFO] running `Command { std: "docker" "exec" "-e" "SOURCE_DIR=/opt/rustwide/workdir" "-e" "CARGO_HOME=/opt/rustwide/cargo-home" "-e" "RUSTUP_HOME=/opt/rustwide/rustup-home" "-e" "CARGO_TARGET_DIR=/opt/rustwide/target" "-w" "/opt/rustwide/workdir" "--user" "0:0" "a656d9bdf3e6fe3d7e7ac56f280c1e7aeb0becd2c87890b57733b22e4d0d0d76" "/opt/rustwide/cargo-home/bin/cargo" "+1.99.0-beta.8" "metadata" "--no-deps" "--format-version=1", kill_on_drop: false }`
[INFO] running `Command { std: "docker" "inspect" "a656d9bdf3e6fe3d7e7ac56f280c1e7aeb0becd2c87890b57733b22e4d0d0d76", kill_on_drop: false }`
[INFO] running `Command { std: "docker" "exec" "-e" "SOURCE_DIR=/opt/rustwide/workdir" "-e" "CARGO_HOME=/opt/rustwide/cargo-home" "-e" "RUSTUP_HOME=/opt/rustwide/rustup-home" "-e" "CARGO_TARGET_DIR=/opt/rustwide/target" "-e" "CARGO_INCREMENTAL=0" "-e" "RUST_BACKTRACE=full" "-e" "RUSTFLAGS=--cap-lints=warn" "-e" "RUSTDOCFLAGS=--cap-lints=warn" "-w" "/opt/rustwide/workdir" "--user" "0:0" "a656d9bdf3e6fe3d7e7ac56f280c1e7aeb0becd2c87890b57733b22e4d0d0d76" "/opt/rustwide/cargo-home/bin/cargo" "+1.99.0-beta.8" "build" "--frozen" "--message-format=json" "--release", kill_on_drop: false }`
[INFO] [stderr]    Compiling fnv v1.0.7
[INFO] [stderr]    Compiling bytes v1.6.0
[INFO] [stderr]    Compiling itoa v1.0.11
[INFO] [stderr]    Compiling pin-project-lite v0.2.14
[INFO] [stderr]    Compiling tokio v1.38.0
[INFO] [stderr]    Compiling http v1.1.0
[INFO] [stderr]    Compiling http-body v1.0.0
[INFO] [stderr]    Compiling miku-hyper v1.5.2 (/opt/rustwide/workdir)
[INFO] [stderr]     Finished `release` profile [optimized] target(s) in 3.24s
[INFO] running `Command { std: "docker" "inspect" "a656d9bdf3e6fe3d7e7ac56f280c1e7aeb0becd2c87890b57733b22e4d0d0d76", kill_on_drop: false }`
[INFO] running `Command { std: "docker" "exec" "-e" "SOURCE_DIR=/opt/rustwide/workdir" "-e" "CARGO_HOME=/opt/rustwide/cargo-home" "-e" "RUSTUP_HOME=/opt/rustwide/rustup-home" "-e" "CARGO_TARGET_DIR=/opt/rustwide/target" "-e" "CARGO_INCREMENTAL=0" "-e" "RUST_BACKTRACE=full" "-e" "RUSTFLAGS=--cap-lints=warn" "-e" "RUSTDOCFLAGS=--cap-lints=warn" "-w" "/opt/rustwide/workdir" "--user" "0:0" "a656d9bdf3e6fe3d7e7ac56f280c1e7aeb0becd2c87890b57733b22e4d0d0d76" "/opt/rustwide/cargo-home/bin/cargo" "+1.99.0-beta.8" "test" "--frozen" "--no-run" "--message-format=json" "--release", kill_on_drop: false }`
[INFO] [stderr]    Compiling syn v2.0.66
[INFO] [stderr]    Compiling libc v0.2.155
[INFO] [stderr]    Compiling futures-core v0.3.30
[INFO] [stderr]    Compiling memchr v2.7.2
[INFO] [stderr]    Compiling regex-syntax v0.8.3
[INFO] [stderr]    Compiling serde v1.0.203
[INFO] [stderr]    Compiling futures-sink v0.3.30
[INFO] [stderr]    Compiling termcolor v1.4.1
[INFO] [stderr]    Compiling humantime v2.1.0
[INFO] [stderr]    Compiling serde_json v1.0.117
[INFO] [stderr]    Compiling log v0.4.21
[INFO] [stderr]    Compiling futures-task v0.3.30
[INFO] [stderr]    Compiling ryu v1.0.18
[INFO] [stderr]    Compiling percent-encoding v2.3.1
[INFO] [stderr]    Compiling pin-utils v0.1.0
[INFO] [stderr]    Compiling spmc v0.3.0
[INFO] [stderr]    Compiling http-body-util v0.1.1
[INFO] [stderr]    Compiling futures-channel v0.3.30
[INFO] [stderr]    Compiling form_urlencoded v1.2.1
[INFO] [stderr]    Compiling futures-util v0.3.30
[INFO] [stderr]    Compiling num_cpus v1.16.0
[INFO] [stderr]    Compiling mio v0.8.11
[INFO] [stderr]    Compiling socket2 v0.5.7
[INFO] [stderr]    Compiling is-terminal v0.4.12
[INFO] [stderr]    Compiling aho-corasick v1.1.3
[INFO] [stderr]    Compiling regex-automata v0.4.6
[INFO] [stderr]    Compiling tokio-macros v2.3.0
[INFO] [stderr]    Compiling serde_derive v1.0.203
[INFO] [stderr]    Compiling async-stream-impl v0.3.5
[INFO] [stderr]    Compiling async-stream v0.3.5
[INFO] [stderr]    Compiling tokio v1.38.0
[INFO] [stderr]    Compiling regex v1.10.4
[INFO] [stderr]    Compiling env_logger v0.10.2
[INFO] [stderr]    Compiling pretty_env_logger v0.5.0
[INFO] [stderr]    Compiling tokio-stream v0.1.15
[INFO] [stderr]    Compiling tokio-util v0.7.11
[INFO] [stderr]    Compiling miku-hyper v1.5.2 (/opt/rustwide/workdir)
[INFO] [stderr]    Compiling tokio-test v0.4.4
[INFO] [stdout] error[E0432]: unresolved imports `super::DecodedLength`, `super::Sender`
[INFO] [stdout]    --> src/body/incoming.rs:463:23
[INFO] [stdout]     |
[INFO] [stdout] 463 |     use super::{Body, DecodedLength, Incoming, Sender, SizeHint};
[INFO] [stdout]     |                       ^^^^^^^^^^^^^            ^^^^^^ no `Sender` in `body::incoming`
[INFO] [stdout]     |                       |
[INFO] [stdout]     |                       no `DecodedLength` in `body::incoming`
[INFO] [stdout]     |
[INFO] [stdout] note: found an item that was configured out
[INFO] [stdout]    --> src/body/incoming.rs:25:12
[INFO] [stdout]     |
[INFO] [stdout]  22 |     any(feature = "http1", feature = "http2"),
[INFO] [stdout]     |        -------------------------------------- the item is gated here
[INFO] [stdout] ...
[INFO] [stdout]  25 | use super::DecodedLength;
[INFO] [stdout]     |            ^^^^^^^^^^^^^
[INFO] [stdout]     = help: consider importing this struct instead:
[INFO] [stdout]             std::sync::mpsc::Sender
[INFO] [stdout] note: found an item that was configured out
[INFO] [stdout]    --> src/body/incoming.rs:91:19
[INFO] [stdout]     |
[INFO] [stdout]  90 | #[cfg(all(feature = "http1", any(feature = "client", feature = "server")))]
[INFO] [stdout]     |           ----------------- the item is gated behind the `http1` feature
[INFO] [stdout]  91 | pub(crate) struct Sender {
[INFO] [stdout]     |                   ^^^^^^
[INFO] [stdout] 
[INFO] [stdout] 
[INFO] [stdout] error[E0425]: cannot find type `Sender` in this scope
[INFO] [stdout]    --> src/body/incoming.rs:108:33
[INFO] [stdout]     |
[INFO] [stdout] 108 |     pub(crate) fn channel() -> (Sender, Incoming) {
[INFO] [stdout]     |                                 ^^^^^^
[INFO] [stdout]     |
[INFO] [stdout]    --> /rustc/dfb0accb7f508ae8be965d8629557221c889dd98/library/core/src/marker.rs:92:0
[INFO] [stdout]     |
[INFO] [stdout]     = note: similarly named trait `Send` defined here
[INFO] [stdout] help: a trait with a similar name exists
[INFO] [stdout]     |
[INFO] [stdout] 108 -     pub(crate) fn channel() -> (Sender, Incoming) {
[INFO] [stdout] 108 +     pub(crate) fn channel() -> (Send, Incoming) {
[INFO] [stdout]     |
[INFO] [stdout] help: consider importing this struct
[INFO] [stdout]     |
[INFO] [stdout]   1 + use std::sync::mpsc::Sender;
[INFO] [stdout]     |
[INFO] [stdout] 
[INFO] [stdout] 
[INFO] [stdout] error[E0599]: no associated function or constant named `new_channel` found for struct `incoming::Incoming` in the current scope
[INFO] [stdout]    --> src/body/incoming.rs:109:15
[INFO] [stdout]     |
[INFO] [stdout]  52 | pub struct Incoming {
[INFO] [stdout]     | ------------------- associated function or constant `new_channel` not found for this struct
[INFO] [stdout] ...
[INFO] [stdout] 109 |         Self::new_channel(DecodedLength::CHUNKED, /*wanter =*/ false)
[INFO] [stdout]     |               ^^^^^^^^^^^ associated function or constant not found in `incoming::Incoming`
[INFO] [stdout]     |
[INFO] [stdout] note: if you're trying to build a new `incoming::Incoming` consider using one of the following associated functions:
[INFO] [stdout]       incoming::Incoming::new
[INFO] [stdout]       incoming::Incoming::empty
[INFO] [stdout]    --> src/body/incoming.rs:138:5
[INFO] [stdout]     |
[INFO] [stdout] 138 |     fn new(kind: Kind) -> Incoming {
[INFO] [stdout]     |     ^^^^^^^^^^^^^^^^^^^^^^^^^^^^^^
[INFO] [stdout] ...
[INFO] [stdout] 143 |     pub(crate) fn empty() -> Incoming {
[INFO] [stdout]     |     ^^^^^^^^^^^^^^^^^^^^^^^^^^^^^^^^^
[INFO] [stdout] help: there is an associated function `channel` with a similar name
[INFO] [stdout]    --> src/body/incoming.rs:108:5
[INFO] [stdout]     |
[INFO] [stdout] 108 |     pub(crate) fn channel() -> (Sender, Incoming) {
[INFO] [stdout]     |     ^^^^^^^^^^^^^^^^^^^^^^^^^^^^^^^^^^^^^^^^^^^^^
[INFO] [stdout] 
[INFO] [stdout] 
[INFO] [stdout] error[E0433]: cannot find type `DecodedLength` in this scope
[INFO] [stdout]    --> src/body/incoming.rs:109:27
[INFO] [stdout]     |
[INFO] [stdout] 109 |         Self::new_channel(DecodedLength::CHUNKED, /*wanter =*/ false)
[INFO] [stdout]     |                           ^^^^^^^^^^^^^ use of undeclared type `DecodedLength`
[INFO] [stdout] 
[INFO] [stdout] 
[INFO] [stdout] error[E0599]: no associated function or constant named `new_channel` found for struct `incoming::Incoming` in the current scope
[INFO] [stdout]    --> src/body/incoming.rs:508:23
[INFO] [stdout]     |
[INFO] [stdout]  52 | pub struct Incoming {
[INFO] [stdout]     | ------------------- associated function or constant `new_channel` not found for this struct
[INFO] [stdout] ...
[INFO] [stdout] 508 |             Incoming::new_channel(DecodedLength::new(4), /*wanter =*/ false).1,
[INFO] [stdout]     |                       ^^^^^^^^^^^ associated function or constant not found in `incoming::Incoming`
[INFO] [stdout]     |
[INFO] [stdout] note: if you're trying to build a new `incoming::Incoming` consider using one of the following associated functions:
[INFO] [stdout]       incoming::Incoming::new
[INFO] [stdout]       incoming::Incoming::empty
[INFO] [stdout]    --> src/body/incoming.rs:138:5
[INFO] [stdout]     |
[INFO] [stdout] 138 |     fn new(kind: Kind) -> Incoming {
[INFO] [stdout]     |     ^^^^^^^^^^^^^^^^^^^^^^^^^^^^^^
[INFO] [stdout] ...
[INFO] [stdout] 143 |     pub(crate) fn empty() -> Incoming {
[INFO] [stdout]     |     ^^^^^^^^^^^^^^^^^^^^^^^^^^^^^^^^^
[INFO] [stdout] help: there is an associated function `channel` with a similar name
[INFO] [stdout]    --> src/body/incoming.rs:108:5
[INFO] [stdout]     |
[INFO] [stdout] 108 |     pub(crate) fn channel() -> (Sender, Incoming) {
[INFO] [stdout]     |     ^^^^^^^^^^^^^^^^^^^^^^^^^^^^^^^^^^^^^^^^^^^^^
[INFO] [stdout] 
[INFO] [stdout] 
[INFO] [stdout] error[E0599]: no associated function or constant named `new_channel` found for struct `incoming::Incoming` in the current scope
[INFO] [stdout]    --> src/body/incoming.rs:569:39
[INFO] [stdout]     |
[INFO] [stdout]  52 | pub struct Incoming {
[INFO] [stdout]     | ------------------- associated function or constant `new_channel` not found for this struct
[INFO] [stdout] ...
[INFO] [stdout] 569 |         let (mut tx, _rx) = Incoming::new_channel(DecodedLength::CHUNKED, /*wanter = */ false);
[INFO] [stdout]     |                                       ^^^^^^^^^^^ associated function or constant not found in `incoming::Incoming`
[INFO] [stdout]     |
[INFO] [stdout] note: if you're trying to build a new `incoming::Incoming` consider using one of the following associated functions:
[INFO] [stdout]       incoming::Incoming::new
[INFO] [stdout]       incoming::Incoming::empty
[INFO] [stdout]    --> src/body/incoming.rs:138:5
[INFO] [stdout]     |
[INFO] [stdout] 138 |     fn new(kind: Kind) -> Incoming {
[INFO] [stdout]     |     ^^^^^^^^^^^^^^^^^^^^^^^^^^^^^^
[INFO] [stdout] ...
[INFO] [stdout] 143 |     pub(crate) fn empty() -> Incoming {
[INFO] [stdout]     |     ^^^^^^^^^^^^^^^^^^^^^^^^^^^^^^^^^
[INFO] [stdout] help: there is an associated function `channel` with a similar name
[INFO] [stdout]    --> src/body/incoming.rs:108:5
[INFO] [stdout]     |
[INFO] [stdout] 108 |     pub(crate) fn channel() -> (Sender, Incoming) {
[INFO] [stdout]     |     ^^^^^^^^^^^^^^^^^^^^^^^^^^^^^^^^^^^^^^^^^^^^^
[INFO] [stdout] 
[INFO] [stdout] 
[INFO] [stdout] error[E0599]: no associated function or constant named `new_channel` found for struct `incoming::Incoming` in the current scope
[INFO] [stdout]    --> src/body/incoming.rs:579:23
[INFO] [stdout]     |
[INFO] [stdout]  52 | pub struct Incoming {
[INFO] [stdout]     | ------------------- associated function or constant `new_channel` not found for this struct
[INFO] [stdout] ...
[INFO] [stdout] 579 |             Incoming::new_channel(DecodedLength::CHUNKED, /*wanter = */ true);
[INFO] [stdout]     |                       ^^^^^^^^^^^ associated function or constant not found in `incoming::Incoming`
[INFO] [stdout]     |
[INFO] [stdout] note: if you're trying to build a new `incoming::Incoming` consider using one of the following associated functions:
[INFO] [stdout]       incoming::Incoming::new
[INFO] [stdout]       incoming::Incoming::empty
[INFO] [stdout]    --> src/body/incoming.rs:138:5
[INFO] [stdout]     |
[INFO] [stdout] 138 |     fn new(kind: Kind) -> Incoming {
[INFO] [stdout]     |     ^^^^^^^^^^^^^^^^^^^^^^^^^^^^^^
[INFO] [stdout] ...
[INFO] [stdout] 143 |     pub(crate) fn empty() -> Incoming {
[INFO] [stdout]     |     ^^^^^^^^^^^^^^^^^^^^^^^^^^^^^^^^^
[INFO] [stdout] help: there is an associated function `channel` with a similar name
[INFO] [stdout]    --> src/body/incoming.rs:108:5
[INFO] [stdout]     |
[INFO] [stdout] 108 |     pub(crate) fn channel() -> (Sender, Incoming) {
[INFO] [stdout]     |     ^^^^^^^^^^^^^^^^^^^^^^^^^^^^^^^^^^^^^^^^^^^^^
[INFO] [stdout] 
[INFO] [stdout] 
[INFO] [stdout] error[E0599]: no associated function or constant named `new_channel` found for struct `incoming::Incoming` in the current scope
[INFO] [stdout]    --> src/body/incoming.rs:600:38
[INFO] [stdout]     |
[INFO] [stdout]  52 | pub struct Incoming {
[INFO] [stdout]     | ------------------- associated function or constant `new_channel` not found for this struct
[INFO] [stdout] ...
[INFO] [stdout] 600 |         let (mut tx, rx) = Incoming::new_channel(DecodedLength::CHUNKED, /*wanter = */ true);
[INFO] [stdout]     |                                      ^^^^^^^^^^^ associated function or constant not found in `incoming::Incoming`
[INFO] [stdout]     |
[INFO] [stdout] note: if you're trying to build a new `incoming::Incoming` consider using one of the following associated functions:
[INFO] [stdout]       incoming::Incoming::new
[INFO] [stdout]       incoming::Incoming::empty
[INFO] [stdout]    --> src/body/incoming.rs:138:5
[INFO] [stdout]     |
[INFO] [stdout] 138 |     fn new(kind: Kind) -> Incoming {
[INFO] [stdout]     |     ^^^^^^^^^^^^^^^^^^^^^^^^^^^^^^
[INFO] [stdout] ...
[INFO] [stdout] 143 |     pub(crate) fn empty() -> Incoming {
[INFO] [stdout]     |     ^^^^^^^^^^^^^^^^^^^^^^^^^^^^^^^^^
[INFO] [stdout] help: there is an associated function `channel` with a similar name
[INFO] [stdout]    --> src/body/incoming.rs:108:5
[INFO] [stdout]     |
[INFO] [stdout] 108 |     pub(crate) fn channel() -> (Sender, Incoming) {
[INFO] [stdout]     |     ^^^^^^^^^^^^^^^^^^^^^^^^^^^^^^^^^^^^^^^^^^^^^
[INFO] [stdout] 
[INFO] [stdout] 
[INFO] [stdout] Some errors have detailed explanations: E0425, E0432, E0433, E0599.
[INFO] [stdout] 
[INFO] [stdout] For more information about an error, try `rustc --explain E0425`.
[INFO] [stdout] 
[INFO] [stderr] error: could not compile `miku-hyper` (lib test) due to 8 previous errors
[INFO] running `Command { std: "docker" "inspect" "a656d9bdf3e6fe3d7e7ac56f280c1e7aeb0becd2c87890b57733b22e4d0d0d76", kill_on_drop: false }`
[INFO] running `Command { std: "docker" "rm" "-f" "a656d9bdf3e6fe3d7e7ac56f280c1e7aeb0becd2c87890b57733b22e4d0d0d76", kill_on_drop: false }`
[INFO] [stdout] a656d9bdf3e6fe3d7e7ac56f280c1e7aeb0becd2c87890b57733b22e4d0d0d76
