[INFO] fetching crate midnight-storage 2.0.3...
[INFO] testing midnight-storage-2.0.3 against 1.100.0-beta.1+cargoflags=--release for beta-release-1.100-2
[INFO] extracting crate midnight-storage 2.0.3 into /workspace/builds/worker-5-tc2/source
[INFO] started tweaking crates.io crate midnight-storage 2.0.3
[INFO] removed 0 missing examples
[INFO] removed 0 missing tests
[INFO] finished tweaking crates.io crate midnight-storage 2.0.3
[INFO] tweaked toml for crates.io crate midnight-storage 2.0.3 written to /workspace/builds/worker-5-tc2/source/Cargo.toml
[INFO] validating manifest of crates.io crate midnight-storage 2.0.3 on toolchain 1.100.0-beta.1
[INFO] running `Command { std: CARGO_HOME="/workspace/cargo-home" RUSTUP_HOME="/workspace/rustup-home" "/workspace/cargo-home/bin/cargo" "+1.100.0-beta.1" "metadata" "--manifest-path" "Cargo.toml" "--no-deps", kill_on_drop: false }`
[INFO] crate crates.io crate midnight-storage 2.0.3 already has a lockfile, it will not be regenerated
[INFO] running `Command { std: CARGO_HOME="/workspace/cargo-home" RUSTUP_HOME="/workspace/rustup-home" "/workspace/cargo-home/bin/cargo" "+1.100.0-beta.1" "fetch" "--manifest-path" "Cargo.toml", kill_on_drop: false }`
[INFO] running `Command { std: "docker" "create" "-v" "/var/lib/crater-agent-workspace/builds/worker-5-tc2/source:/opt/rustwide/workdir:ro,Z" "-v" "/var/lib/crater-agent-workspace/builds/worker-5-tc2/target:/opt/rustwide/target:rw,Z" "-v" "/var/lib/crater-agent-workspace/cargo-home:/opt/rustwide/cargo-home:ro,Z" "-v" "/var/lib/crater-agent-workspace/rustup-home:/opt/rustwide/rustup-home:ro,Z" "-m" "1610612736" "--network" "none" "ghcr.io/rust-lang/crates-build-env/linux@sha256:77db811e55d90add9212f6832c23229e3de5f1c1f9905e8cb07319ea15df73ac" "sleep" "infinity", kill_on_drop: false }`
[INFO] [stdout] 3c5249be3fdae30e84009b55c17818d05198cfe7ad1e8e7b024c7193755b1720
[INFO] running `Command { std: "docker" "start" "3c5249be3fdae30e84009b55c17818d05198cfe7ad1e8e7b024c7193755b1720", kill_on_drop: false }`
[INFO] running `Command { std: "docker" "inspect" "3c5249be3fdae30e84009b55c17818d05198cfe7ad1e8e7b024c7193755b1720", kill_on_drop: false }`
[INFO] running `Command { std: "docker" "exec" "-e" "SOURCE_DIR=/opt/rustwide/workdir" "-e" "CARGO_HOME=/opt/rustwide/cargo-home" "-e" "RUSTUP_HOME=/opt/rustwide/rustup-home" "-e" "CARGO_TARGET_DIR=/opt/rustwide/target" "-w" "/opt/rustwide/workdir" "--user" "0:0" "3c5249be3fdae30e84009b55c17818d05198cfe7ad1e8e7b024c7193755b1720" "/opt/rustwide/cargo-home/bin/cargo" "+1.100.0-beta.1" "metadata" "--no-deps" "--format-version=1", kill_on_drop: false }`
[INFO] running `Command { std: "docker" "inspect" "3c5249be3fdae30e84009b55c17818d05198cfe7ad1e8e7b024c7193755b1720", kill_on_drop: false }`
[INFO] running `Command { std: "docker" "exec" "-e" "SOURCE_DIR=/opt/rustwide/workdir" "-e" "CARGO_HOME=/opt/rustwide/cargo-home" "-e" "RUSTUP_HOME=/opt/rustwide/rustup-home" "-e" "CARGO_TARGET_DIR=/opt/rustwide/target" "-e" "CARGO_INCREMENTAL=0" "-e" "RUST_BACKTRACE=full" "-e" "RUSTFLAGS=--cap-lints=warn" "-e" "RUSTDOCFLAGS=--cap-lints=warn" "-w" "/opt/rustwide/workdir" "--user" "0:0" "3c5249be3fdae30e84009b55c17818d05198cfe7ad1e8e7b024c7193755b1720" "/opt/rustwide/cargo-home/bin/cargo" "+1.100.0-beta.1" "build" "--frozen" "--message-format=json" "--release", kill_on_drop: false }`
[INFO] [stderr]    Compiling libc v0.2.186
[INFO] [stderr]    Compiling aws-lc-rs v1.17.0
[INFO] [stderr]    Compiling jobserver v0.1.34
[INFO] [stderr]    Compiling rustls v0.23.40
[INFO] [stderr]    Compiling zeroize_derive v1.4.3
[INFO] [stderr]    Compiling futures-util v0.3.32
[INFO] [stderr]    Compiling bitvec v1.0.1
[INFO] [stderr]    Compiling darling_core v0.20.11
[INFO] [stderr]    Compiling serdect v0.2.0
[INFO] [stderr]    Compiling tracing v0.1.44
[INFO] [stderr]    Compiling nix v0.30.1
[INFO] [stderr]    Compiling typewit v1.15.2
[INFO] [stderr]    Compiling icu_normalizer v2.2.0
[INFO] [stderr]    Compiling midnight-serialize-macros v1.0.0
[INFO] [stderr]    Compiling konst_proc_macros v0.4.1
[INFO] [stderr]    Compiling syn v1.0.109
[INFO] [stderr]    Compiling serde_bytes v0.11.19
[INFO] [stderr]    Compiling deunicode v1.6.2
[INFO] [stderr]    Compiling const-hex v1.19.0
[INFO] [stderr]    Compiling ethnum v1.5.3
[INFO] [stderr]    Compiling zeroize v1.8.2
[INFO] [stderr]    Compiling pastey v0.2.2
[INFO] [stderr]    Compiling lru v0.16.4
[INFO] [stderr]    Compiling midnight-storage-macros v1.0.0
[INFO] [stderr]    Compiling cc v1.2.62
[INFO] [stderr]    Compiling const_panic v0.2.15
[INFO] [stderr]    Compiling derive-where v1.6.1
[INFO] [stderr]    Compiling generic-array v0.14.9
[INFO] [stderr]    Compiling rustls-pki-types v1.14.1
[INFO] [stderr]    Compiling der v0.7.10
[INFO] [stderr]    Compiling idna_adapter v1.2.2
[INFO] [stderr]    Compiling konst v0.4.3
[INFO] [stderr]    Compiling crypto-common v0.1.6
[INFO] [stderr]    Compiling block-buffer v0.10.4
[INFO] [stderr]    Compiling idna v1.1.0
[INFO] [stderr]    Compiling digest v0.10.7
[INFO] [stderr]    Compiling archery v1.2.2
[INFO] [stderr]    Compiling getrandom v0.2.17
[INFO] [stderr]    Compiling mio v1.2.0
[INFO] [stderr]    Compiling socket2 v0.6.3
[INFO] [stderr]    Compiling getrandom v0.3.4
[INFO] [stderr]    Compiling rand_core v0.6.4
[INFO] [stderr]    Compiling spki v0.7.3
[INFO] [stderr]    Compiling crypto-bigint v0.5.5
[INFO] [stderr]    Compiling rand_core v0.9.5
[INFO] [stderr]    Compiling tokio v1.52.3
[INFO] [stderr]    Compiling pkcs8 v0.10.2
[INFO] [stderr]    Compiling sec1 v0.7.3
[INFO] [stderr]    Compiling hmac v0.12.1
[INFO] [stderr]    Compiling rfc6979 v0.4.0
[INFO] [stderr]    Compiling rand_chacha v0.9.0
[INFO] [stderr]    Compiling rand_chacha v0.3.1
[INFO] [stderr]    Compiling signature v2.2.0
[INFO] [stderr]    Compiling ff v0.13.1
[INFO] [stderr]    Compiling cmake v0.1.58
[INFO] [stderr]    Compiling group v0.13.0
[INFO] [stderr]    Compiling rustls-native-certs v0.8.3
[INFO] [stderr]    Compiling url v2.5.8
[INFO] [stderr]    Compiling rand v0.9.4
[INFO] [stderr]    Compiling rand v0.8.6
[INFO] [stderr]    Compiling sha2 v0.10.9
[INFO] [stderr]    Compiling crypto v0.5.1
[INFO] [stderr]    Compiling elliptic-curve v0.13.8
[INFO] [stderr]    Compiling midnight-serialize v1.1.1
[INFO] [stderr]    Compiling parking_lot_core v0.9.12
[INFO] [stderr]    Compiling getrandom v0.4.2
[INFO] [stderr]    Compiling ecdsa v0.16.9
[INFO] [stderr]    Compiling parking_lot v0.12.5
[INFO] [stderr]    Compiling tempfile v3.27.0
[INFO] [stderr]    Compiling sysinfo v0.34.2
[INFO] [stderr]    Compiling aws-lc-sys v0.41.0
[INFO] [stderr]    Compiling futures-executor v0.3.32
[INFO] [stderr]    Compiling futures v0.3.32
[INFO] [stderr]    Compiling darling_macro v0.20.11
[INFO] [stderr]    Compiling darling v0.20.11
[INFO] [stderr]    Compiling dummy v0.8.0
[INFO] [stderr]    Compiling k256 v0.13.4
[INFO] [stderr]    Compiling midnight-base-crypto-derive v1.0.0
[INFO] [stderr]    Compiling fake v2.10.0
[INFO] [stderr]    Compiling atomic-write-file v0.3.0
[INFO] [stderr]    Compiling hyper v1.9.0
[INFO] [stderr]    Compiling tower v0.5.3
[INFO] [stderr]    Compiling tokio-util v0.7.18
[INFO] [stderr]    Compiling tower-http v0.6.10
[INFO] [stderr]    Compiling hyper-util v0.1.20
[INFO] [stderr]    Compiling rustls-webpki v0.103.13
[INFO] [stderr]    Compiling tokio-rustls v0.26.4
[INFO] [stderr]    Compiling rustls-platform-verifier v0.6.2
[INFO] [stderr]    Compiling hyper-rustls v0.27.9
[INFO] [stderr]    Compiling reqwest v0.13.1
[INFO] [stderr]    Compiling midnight-base-crypto v1.0.1
[INFO] [stderr]    Compiling midnight-storage-core v1.2.1
[INFO] [stderr]    Compiling midnight-storage v2.0.3 (/opt/rustwide/workdir)
[INFO] [stderr]     Finished `release` profile [optimized] target(s) in 1m 52s
[INFO] [stderr] warning: the following packages contain code that will be rejected by a future version of Rust: nix v0.30.1
[INFO] [stderr] note: to see what the problems were, use the option `--future-incompat-report`, or run `cargo report future-incompatibilities --id 1`
[INFO] running `Command { std: "docker" "inspect" "3c5249be3fdae30e84009b55c17818d05198cfe7ad1e8e7b024c7193755b1720", kill_on_drop: false }`
[INFO] running `Command { std: "docker" "exec" "-e" "SOURCE_DIR=/opt/rustwide/workdir" "-e" "CARGO_HOME=/opt/rustwide/cargo-home" "-e" "RUSTUP_HOME=/opt/rustwide/rustup-home" "-e" "CARGO_TARGET_DIR=/opt/rustwide/target" "-e" "CARGO_INCREMENTAL=0" "-e" "RUST_BACKTRACE=full" "-e" "RUSTFLAGS=--cap-lints=warn" "-e" "RUSTDOCFLAGS=--cap-lints=warn" "-w" "/opt/rustwide/workdir" "--user" "0:0" "3c5249be3fdae30e84009b55c17818d05198cfe7ad1e8e7b024c7193755b1720" "/opt/rustwide/cargo-home/bin/cargo" "+1.100.0-beta.1" "test" "--frozen" "--no-run" "--message-format=json" "--release", kill_on_drop: false }`
[INFO] [stderr]    Compiling crossbeam-epoch v0.9.20
[INFO] [stderr]    Compiling crossbeam-deque v0.8.6
[INFO] [stderr]    Compiling rayon-core v1.13.0
[INFO] [stderr]    Compiling rayon v1.12.0
[INFO] [stderr]    Compiling midnight-storage v2.0.3 (/opt/rustwide/workdir)
[INFO] [stdout] error[E0599]: no method named `to_binary_repr` found for struct `Vec<midnight_storage_core::arena::Sp<rcmap::ChildRef<midnight_storage_core::db::InMemoryDB>>>` in the current scope
[INFO] [stdout]    --> src/delta_tracking/rcmap.rs:357:17
[INFO] [stdout]     |
[INFO] [stdout] 357 |         keyrefs.to_binary_repr(&mut bytes).unwrap();
[INFO] [stdout]     |                 ^^^^^^^^^^^^^^ method not found in `Vec<midnight_storage_core::arena::Sp<rcmap::ChildRef<midnight_storage_core::db::InMemoryDB>>>`
[INFO] [stdout] 
[INFO] [stdout] 
[INFO] [stdout] error[E0599]: no method named `children` found for struct `Vec<midnight_storage_core::arena::Sp<rcmap::ChildRef<midnight_storage_core::db::InMemoryDB>>>` in the current scope
[INFO] [stdout]    --> src/delta_tracking/rcmap.rs:359:38
[INFO] [stdout]     |
[INFO] [stdout] 359 |         let mut child_iter = keyrefs.children().into_iter();
[INFO] [stdout]     |                                      ^^^^^^^^ method not found in `Vec<midnight_storage_core::arena::Sp<rcmap::ChildRef<midnight_storage_core::db::InMemoryDB>>>`
[INFO] [stdout] 
[INFO] [stdout] 
[INFO] [stdout] error[E0277]: the trait bound `Vec<Sp<ChildRef<InMemoryDB>>>: Storable<_>` is not satisfied
[INFO] [stdout]    --> src/delta_tracking/rcmap.rs:363:13
[INFO] [stdout]     |
[INFO] [stdout] 363 |             Storable::from_binary_repr(&mut reader, &mut child_iter, &loader).unwrap();
[INFO] [stdout]     |             ^^^^^^^^^^^^^^^^^^^^^^^^^^^^^^^^^^^^^^^^^^^^^^^^^^^^^^^^^^^^^^^^^ unsatisfied trait bound
[INFO] [stdout]     |
[INFO] [stdout]     = help: the trait `midnight_storage_core::Storable<_>` is not implemented for `Vec<midnight_storage_core::arena::Sp<rcmap::ChildRef<midnight_storage_core::db::InMemoryDB>>>`
[INFO] [stdout]     = help: the following other types implement trait `midnight_storage_core::Storable<D>`:
[INFO] [stdout]               `()` implements `midnight_storage_core::Storable<D>`
[INFO] [stdout]               `(midnight_storage_core::arena::Sp<A, D1>,)` implements `midnight_storage_core::Storable<D1>`
[INFO] [stdout]               `(midnight_storage_core::arena::Sp<A, D1>, midnight_storage_core::arena::Sp<B, D1>)` implements `midnight_storage_core::Storable<D1>`
[INFO] [stdout]               `(Sp<A, D1>, Sp<B, D1>, Sp<C, D1>)` implements `midnight_storage_core::Storable<D1>`
[INFO] [stdout]               `(Sp<A, D1>, Sp<B, D1>, Sp<C, D1>, Sp<D, D1>)` implements `midnight_storage_core::Storable<D1>`
[INFO] [stdout]               `(Sp<A, D1>, Sp<B, D1>, Sp<C, D1>, Sp<D, D1>, Sp<E, D1>)` implements `midnight_storage_core::Storable<D1>`
[INFO] [stdout]               `(Sp<A, D1>, Sp<B, D1>, Sp<C, D1>, Sp<D, D1>, Sp<E, D1>, Sp<F, D1>)` implements `midnight_storage_core::Storable<D1>`
[INFO] [stdout]               `(Sp<A, D1>, Sp<B, D1>, Sp<C, D1>, Sp<D, D1>, Sp<E, D1>, Sp<F, D1>, _)` implements `midnight_storage_core::Storable<D1>`
[INFO] [stdout]             and 52 others
[INFO] [stdout]     = note: the full name for the type has been written to '/opt/rustwide/target/release/build/midnight-storage/2e4668683c4d521c/out/midnight_storage-2e4668683c4d521c.long-type-18372534612397390513.txt'
[INFO] [stdout]     = note: consider using `--verbose` to print the full type name to the console
[INFO] [stdout] 
[INFO] [stdout] 
[INFO] [stdout] error[E0277]: the trait bound `Vec<Sp<Node<D>, D>>: Storable<D>` is not satisfied
[INFO] [stdout]    --> src/delta_tracking/mod.rs:367:9
[INFO] [stdout]     |
[INFO] [stdout] 361 |     #[derive(Storable, Debug, Hash)]
[INFO] [stdout]     |              -------- required by a bound introduced by this call
[INFO] [stdout] ...
[INFO] [stdout] 367 |         children: Vec<Sp<Node<D>, D>>,
[INFO] [stdout]     |         ^^^^^^^^ unsatisfied trait bound
[INFO] [stdout]     |
[INFO] [stdout]     = help: the trait `midnight_storage_core::Storable<D>` is not implemented for `Vec<midnight_storage_core::arena::Sp<delta_tracking::tests::Node<D>, D>>`
[INFO] [stdout]     = help: the following other types implement trait `midnight_storage_core::Storable<D>`:
[INFO] [stdout]               ()
[INFO] [stdout]               AlignedValue
[INFO] [stdout]               ArenaHash<<D as midnight_storage_core::db::DB>::Hasher>
[INFO] [stdout]               HashOutput
[INFO] [stdout]               Opaque<D>
[INFO] [stdout]               RunningCost
[INFO] [stdout]               Signature
[INFO] [stdout]               String
[INFO] [stdout]             and 24 others
[INFO] [stdout]     = note: the full name for the type has been written to '/opt/rustwide/target/release/build/midnight-storage/2e4668683c4d521c/out/midnight_storage-2e4668683c4d521c.long-type-2664530407324552958.txt'
[INFO] [stdout]     = note: consider using `--verbose` to print the full type name to the console
[INFO] [stdout] 
[INFO] [stdout] 
[INFO] [stdout] error[E0277]: the trait bound `Vec<Sp<Node<D>, D>>: Storable<D>` is not satisfied
[INFO] [stdout]    --> src/delta_tracking/mod.rs:361:14
[INFO] [stdout]     |
[INFO] [stdout] 361 |     #[derive(Storable, Debug, Hash)]
[INFO] [stdout]     |              ^^^^^^^^ unsatisfied trait bound
[INFO] [stdout]     |
[INFO] [stdout]     = help: the trait `midnight_storage_core::Storable<D>` is not implemented for `Vec<midnight_storage_core::arena::Sp<delta_tracking::tests::Node<D>, D>>`
[INFO] [stdout]     = help: the following other types implement trait `midnight_storage_core::Storable<D>`:
[INFO] [stdout]               ()
[INFO] [stdout]               AlignedValue
[INFO] [stdout]               ArenaHash<<D as midnight_storage_core::db::DB>::Hasher>
[INFO] [stdout]               HashOutput
[INFO] [stdout]               Opaque<D>
[INFO] [stdout]               RunningCost
[INFO] [stdout]               Signature
[INFO] [stdout]               String
[INFO] [stdout]             and 24 others
[INFO] [stdout]     = note: the full name for the type has been written to '/opt/rustwide/target/release/build/midnight-storage/2e4668683c4d521c/out/midnight_storage-2e4668683c4d521c.long-type-2664530407324552958.txt'
[INFO] [stdout]     = note: consider using `--verbose` to print the full type name to the console
[INFO] [stdout]     = note: this error originates in the derive macro `Storable` (in Nightly builds, run with -Z macro-backtrace for more info)
[INFO] [stdout] 
[INFO] [stdout] 
[INFO] [stdout] Some errors have detailed explanations: E0277, E0599.
[INFO] [stdout] 
[INFO] [stdout] For more information about an error, try `rustc --explain E0277`.
[INFO] [stdout] 
[INFO] [stderr] error: could not compile `midnight-storage` (lib test) due to 5 previous errors
[INFO] running `Command { std: "docker" "inspect" "3c5249be3fdae30e84009b55c17818d05198cfe7ad1e8e7b024c7193755b1720", kill_on_drop: false }`
[INFO] running `Command { std: "docker" "rm" "-f" "3c5249be3fdae30e84009b55c17818d05198cfe7ad1e8e7b024c7193755b1720", kill_on_drop: false }`
[INFO] [stdout] 3c5249be3fdae30e84009b55c17818d05198cfe7ad1e8e7b024c7193755b1720
