[INFO] fetching crate midnight-storage-macros 1.0.0...
[INFO] testing midnight-storage-macros-1.0.0 against 1.99.0-beta.8+cargoflags=--release for beta-release-1.100-2
[INFO] extracting crate midnight-storage-macros 1.0.0 into /workspace/builds/worker-6-tc1/source
[INFO] started tweaking crates.io crate midnight-storage-macros 1.0.0
[INFO] removed 0 missing tests
[INFO] finished tweaking crates.io crate midnight-storage-macros 1.0.0
[INFO] tweaked toml for crates.io crate midnight-storage-macros 1.0.0 written to /workspace/builds/worker-6-tc1/source/Cargo.toml
[INFO] validating manifest of crates.io crate midnight-storage-macros 1.0.0 on toolchain 1.99.0-beta.8
[INFO] running `Command { std: CARGO_HOME="/workspace/cargo-home" RUSTUP_HOME="/workspace/rustup-home" "/workspace/cargo-home/bin/cargo" "+1.99.0-beta.8" "metadata" "--manifest-path" "Cargo.toml" "--no-deps", kill_on_drop: false }`
[INFO] crate crates.io crate midnight-storage-macros 1.0.0 already has a lockfile, it will not be regenerated
[INFO] running `Command { std: CARGO_HOME="/workspace/cargo-home" RUSTUP_HOME="/workspace/rustup-home" "/workspace/cargo-home/bin/cargo" "+1.99.0-beta.8" "fetch" "--manifest-path" "Cargo.toml", kill_on_drop: false }`
[INFO] [stderr]     Updating crates.io index
[INFO] [stderr]  Downloading crates ...
[INFO] [stderr]   Downloaded unarray v0.1.4
[INFO] [stderr]   Downloaded zerocopy-derive v0.8.38
[INFO] [stderr]   Downloaded bit-set v0.8.0
[INFO] [stderr]   Downloaded midnight-serialize-macros v1.0.0
[INFO] [stderr]   Downloaded wait-timeout v0.2.1
[INFO] [stderr]   Downloaded pastey v0.1.1
[INFO] [stderr]   Downloaded rand_xorshift v0.3.0
[INFO] [stderr]   Downloaded quick-error v1.2.3
[INFO] [stderr]   Downloaded bit-vec v0.8.0
[INFO] [stderr]   Downloaded rusty-fork v0.3.1
[INFO] [stderr]   Downloaded tempfile v3.24.0
[INFO] [stderr]   Downloaded proptest-derive v0.5.1
[INFO] [stderr]   Downloaded derive-where v1.6.0
[INFO] [stderr]   Downloaded proptest v1.6.0
[INFO] [stderr]   Downloaded zerocopy v0.8.38
[INFO] running `Command { std: "docker" "create" "-v" "/var/lib/crater-agent-workspace/builds/worker-6-tc1/source:/opt/rustwide/workdir:ro,Z" "-v" "/var/lib/crater-agent-workspace/builds/worker-6-tc1/target:/opt/rustwide/target:rw,Z" "-v" "/var/lib/crater-agent-workspace/cargo-home:/opt/rustwide/cargo-home:ro,Z" "-v" "/var/lib/crater-agent-workspace/rustup-home:/opt/rustwide/rustup-home:ro,Z" "-m" "1610612736" "--network" "none" "ghcr.io/rust-lang/crates-build-env/linux@sha256:77db811e55d90add9212f6832c23229e3de5f1c1f9905e8cb07319ea15df73ac" "sleep" "infinity", kill_on_drop: false }`
[INFO] [stdout] 8c9e216f5e9c3f9d63d963ddfc0e5e6ec88c071119275143c26af9d342cd8b2d
[INFO] running `Command { std: "docker" "start" "8c9e216f5e9c3f9d63d963ddfc0e5e6ec88c071119275143c26af9d342cd8b2d", kill_on_drop: false }`
[INFO] running `Command { std: "docker" "inspect" "8c9e216f5e9c3f9d63d963ddfc0e5e6ec88c071119275143c26af9d342cd8b2d", kill_on_drop: false }`
[INFO] running `Command { std: "docker" "exec" "-e" "SOURCE_DIR=/opt/rustwide/workdir" "-e" "CARGO_HOME=/opt/rustwide/cargo-home" "-e" "RUSTUP_HOME=/opt/rustwide/rustup-home" "-e" "CARGO_TARGET_DIR=/opt/rustwide/target" "-w" "/opt/rustwide/workdir" "--user" "0:0" "8c9e216f5e9c3f9d63d963ddfc0e5e6ec88c071119275143c26af9d342cd8b2d" "/opt/rustwide/cargo-home/bin/cargo" "+1.99.0-beta.8" "metadata" "--no-deps" "--format-version=1", kill_on_drop: false }`
[INFO] running `Command { std: "docker" "inspect" "8c9e216f5e9c3f9d63d963ddfc0e5e6ec88c071119275143c26af9d342cd8b2d", kill_on_drop: false }`
[INFO] running `Command { std: "docker" "exec" "-e" "SOURCE_DIR=/opt/rustwide/workdir" "-e" "CARGO_HOME=/opt/rustwide/cargo-home" "-e" "RUSTUP_HOME=/opt/rustwide/rustup-home" "-e" "CARGO_TARGET_DIR=/opt/rustwide/target" "-e" "CARGO_INCREMENTAL=0" "-e" "RUST_BACKTRACE=full" "-e" "RUSTFLAGS=--cap-lints=warn" "-e" "RUSTDOCFLAGS=--cap-lints=warn" "-w" "/opt/rustwide/workdir" "--user" "0:0" "8c9e216f5e9c3f9d63d963ddfc0e5e6ec88c071119275143c26af9d342cd8b2d" "/opt/rustwide/cargo-home/bin/cargo" "+1.99.0-beta.8" "build" "--frozen" "--message-format=json" "--release", kill_on_drop: false }`
[INFO] [stderr]    Compiling proc-macro2 v1.0.106
[INFO] [stderr]    Compiling quote v1.0.44
[INFO] [stderr]    Compiling syn v2.0.114
[INFO] [stderr]    Compiling midnight-serialize-macros v1.0.0
[INFO] [stderr]    Compiling midnight-storage-macros v1.0.0 (/opt/rustwide/workdir)
[INFO] [stderr]     Finished `release` profile [optimized] target(s) in 10.59s
[INFO] running `Command { std: "docker" "inspect" "8c9e216f5e9c3f9d63d963ddfc0e5e6ec88c071119275143c26af9d342cd8b2d", kill_on_drop: false }`
[INFO] running `Command { std: "docker" "exec" "-e" "SOURCE_DIR=/opt/rustwide/workdir" "-e" "CARGO_HOME=/opt/rustwide/cargo-home" "-e" "RUSTUP_HOME=/opt/rustwide/rustup-home" "-e" "CARGO_TARGET_DIR=/opt/rustwide/target" "-e" "CARGO_INCREMENTAL=0" "-e" "RUST_BACKTRACE=full" "-e" "RUSTFLAGS=--cap-lints=warn" "-e" "RUSTDOCFLAGS=--cap-lints=warn" "-w" "/opt/rustwide/workdir" "--user" "0:0" "8c9e216f5e9c3f9d63d963ddfc0e5e6ec88c071119275143c26af9d342cd8b2d" "/opt/rustwide/cargo-home/bin/cargo" "+1.99.0-beta.8" "test" "--frozen" "--no-run" "--message-format=json" "--release", kill_on_drop: false }`
[INFO] [stderr]    Compiling libc v0.2.180
[INFO] [stderr]    Compiling zerocopy v0.8.38
[INFO] [stderr]    Compiling rustix v1.1.3
[INFO] [stderr]    Compiling cfg-if v1.0.4
[INFO] [stderr]    Compiling bitflags v2.10.0
[INFO] [stderr]    Compiling linux-raw-sys v0.11.0
[INFO] [stderr]    Compiling fastrand v2.3.0
[INFO] [stderr]    Compiling once_cell v1.21.3
[INFO] [stderr]    Compiling num-traits v0.2.19
[INFO] [stderr]    Compiling getrandom v0.3.4
[INFO] [stderr]    Compiling proc-macro2 v1.0.106
[INFO] [stderr]    Compiling unicode-ident v1.0.22
[INFO] [stderr]    Compiling quick-error v1.2.3
[INFO] [stderr]    Compiling fnv v1.0.7
[INFO] [stderr]    Compiling syn v2.0.114
[INFO] [stderr]    Compiling bit-vec v0.8.0
[INFO] [stderr]    Compiling quote v1.0.44
[INFO] [stderr]    Compiling pastey v0.1.1
[INFO] [stderr]    Compiling lazy_static v1.5.0
[INFO] [stderr]    Compiling regex-syntax v0.8.9
[INFO] [stderr]    Compiling unarray v0.1.4
[INFO] [stderr]    Compiling bit-set v0.8.0
[INFO] [stderr]    Compiling getrandom v0.2.17
[INFO] [stderr]    Compiling wait-timeout v0.2.1
[INFO] [stderr]    Compiling rand_core v0.6.4
[INFO] [stderr]    Compiling rand_xorshift v0.3.0
[INFO] [stderr]    Compiling tempfile v3.24.0
[INFO] [stderr]    Compiling rusty-fork v0.3.1
[INFO] [stderr]    Compiling midnight-serialize-macros v1.0.0
[INFO] [stderr]    Compiling proptest-derive v0.5.1
[INFO] [stderr]    Compiling derive-where v1.6.0
[INFO] [stderr]    Compiling midnight-storage-macros v1.0.0 (/opt/rustwide/workdir)
[INFO] [stderr]    Compiling ppv-lite86 v0.2.21
[INFO] [stderr]    Compiling rand_chacha v0.3.1
[INFO] [stderr]    Compiling rand v0.8.5
[INFO] [stderr]    Compiling proptest v1.6.0
[INFO] [stdout] error[E0432]: unresolved import `serialize`
[INFO] [stdout]   --> tests/storable.rs:20:5
[INFO] [stdout]    |
[INFO] [stdout] 20 | use serialize::{
[INFO] [stdout]    |     ^^^^^^^^^ use of unresolved module or unlinked crate `serialize`
[INFO] [stdout]    |
[INFO] [stdout]    = help: if you wanted to use a crate named `serialize`, use `cargo add serialize` to add it to your `Cargo.toml`
[INFO] [stdout] 
[INFO] [stdout] 
[INFO] [stdout] error[E0433]: cannot find module or crate `storage` in this scope
[INFO] [stdout]   --> tests/storable.rs:25:5
[INFO] [stdout]    |
[INFO] [stdout] 25 | use storage::{
[INFO] [stdout]    |     ^^^^^^^ use of unresolved module or unlinked crate `storage`
[INFO] [stdout]    |
[INFO] [stdout]    = help: if you wanted to use a crate named `storage`, use `cargo add storage` to add it to your `Cargo.toml`
[INFO] [stdout] 
[INFO] [stdout] 
[INFO] [stdout] error[E0432]: unresolved import `storage`
[INFO] [stdout]   --> tests/storable.rs:25:5
[INFO] [stdout]    |
[INFO] [stdout] 25 | use storage::{
[INFO] [stdout]    |     ^^^^^^^ use of unresolved module or unlinked crate `storage`
[INFO] [stdout]    |
[INFO] [stdout]    = help: if you wanted to use a crate named `storage`, use `cargo add storage` to add it to your `Cargo.toml`
[INFO] [stdout] 
[INFO] [stdout] 
[INFO] [stdout] error[E0433]: cannot find module or crate `storage` in this scope
[INFO] [stdout]   --> tests/storable.rs:34:10
[INFO] [stdout]    |
[INFO] [stdout] 34 | #[derive(Storable, Arbitrary)]
[INFO] [stdout]    |          ^^^^^^^^ use of unresolved module or unlinked crate `storage`
[INFO] [stdout]    |
[INFO] [stdout]    = help: if you wanted to use a crate named `storage`, use `cargo add storage` to add it to your `Cargo.toml`
[INFO] [stdout]    = note: this error originates in the derive macro `Storable` (in Nightly builds, run with -Z macro-backtrace for more info)
[INFO] [stdout] 
[INFO] [stdout] 
[INFO] [stdout] error[E0433]: cannot find module or crate `storage` in this scope
[INFO] [stdout]   --> tests/storable.rs:46:17
[INFO] [stdout]    |
[INFO] [stdout] 46 | #[derive(Debug, Storable, Clone, PartialEq, Arbitrary)]
[INFO] [stdout]    |                 ^^^^^^^^ use of unresolved module or unlinked crate `storage`
[INFO] [stdout]    |
[INFO] [stdout]    = help: if you wanted to use a crate named `storage`, use `cargo add storage` to add it to your `Cargo.toml`
[INFO] [stdout]    = note: this error originates in the derive macro `Storable` (in Nightly builds, run with -Z macro-backtrace for more info)
[INFO] [stdout] 
[INFO] [stdout] 
[INFO] [stdout] error[E0433]: cannot find module or crate `storage` in this scope
[INFO] [stdout]   --> tests/storable.rs:53:17
[INFO] [stdout]    |
[INFO] [stdout] 53 | #[derive(Debug, Storable, Clone, PartialEq, Arbitrary)]
[INFO] [stdout]    |                 ^^^^^^^^ use of unresolved module or unlinked crate `storage`
[INFO] [stdout]    |
[INFO] [stdout]    = help: if you wanted to use a crate named `storage`, use `cargo add storage` to add it to your `Cargo.toml`
[INFO] [stdout]    = note: this error originates in the derive macro `Storable` (in Nightly builds, run with -Z macro-backtrace for more info)
[INFO] [stdout] 
[INFO] [stdout] 
[INFO] [stdout] error[E0433]: cannot find module or crate `storage` in this scope
[INFO] [stdout]   --> tests/storable.rs:63:17
[INFO] [stdout]    |
[INFO] [stdout] 63 | #[derive(Debug, Storable, Clone, PartialEq, Arbitrary)]
[INFO] [stdout]    |                 ^^^^^^^^ use of unresolved module or unlinked crate `storage`
[INFO] [stdout]    |
[INFO] [stdout]    = help: if you wanted to use a crate named `storage`, use `cargo add storage` to add it to your `Cargo.toml`
[INFO] [stdout]    = note: this error originates in the derive macro `Storable` (in Nightly builds, run with -Z macro-backtrace for more info)
[INFO] [stdout] 
[INFO] [stdout] 
[INFO] [stdout] error[E0433]: cannot find module or crate `storage` in this scope
[INFO] [stdout]   --> tests/storable.rs:78:17
[INFO] [stdout]    |
[INFO] [stdout] 78 | #[derive(Debug, Storable, Clone, PartialEq)]
[INFO] [stdout]    |                 ^^^^^^^^ use of unresolved module or unlinked crate `storage`
[INFO] [stdout]    |
[INFO] [stdout]    = help: if you wanted to use a crate named `storage`, use `cargo add storage` to add it to your `Cargo.toml`
[INFO] [stdout]    = note: this error originates in the derive macro `Storable` (in Nightly builds, run with -Z macro-backtrace for more info)
[INFO] [stdout] 
[INFO] [stdout] 
[INFO] [stdout] error[E0433]: cannot find module or crate `storage` in this scope
[INFO] [stdout]   --> tests/storable.rs:85:17
[INFO] [stdout]    |
[INFO] [stdout] 85 | #[derive(Debug, Storable, PartialEq)]
[INFO] [stdout]    |                 ^^^^^^^^ use of unresolved module or unlinked crate `storage`
[INFO] [stdout]    |
[INFO] [stdout]    = help: if you wanted to use a crate named `storage`, use `cargo add storage` to add it to your `Cargo.toml`
[INFO] [stdout]    = note: this error originates in the derive macro `Storable` (in Nightly builds, run with -Z macro-backtrace for more info)
[INFO] [stdout] 
[INFO] [stdout] 
[INFO] [stdout] error[E0433]: cannot find module or crate `storage` in this scope
[INFO] [stdout]    --> tests/storable.rs:154:17
[INFO] [stdout]     |
[INFO] [stdout] 154 | #[derive(Debug, Storable, Clone, PartialEq, Arbitrary)]
[INFO] [stdout]     |                 ^^^^^^^^ use of unresolved module or unlinked crate `storage`
[INFO] [stdout]     |
[INFO] [stdout]     = help: if you wanted to use a crate named `storage`, use `cargo add storage` to add it to your `Cargo.toml`
[INFO] [stdout]     = note: this error originates in the derive macro `Storable` (in Nightly builds, run with -Z macro-backtrace for more info)
[INFO] [stdout] 
[INFO] [stdout] 
[INFO] [stdout] error[E0433]: cannot find module or crate `storage` in this scope
[INFO] [stdout]    --> tests/storable.rs:160:17
[INFO] [stdout]     |
[INFO] [stdout] 160 | #[derive(Debug, Storable, Clone, PartialEq, Arbitrary)]
[INFO] [stdout]     |                 ^^^^^^^^ use of unresolved module or unlinked crate `storage`
[INFO] [stdout]     |
[INFO] [stdout]     = help: if you wanted to use a crate named `storage`, use `cargo add storage` to add it to your `Cargo.toml`
[INFO] [stdout]     = note: this error originates in the derive macro `Storable` (in Nightly builds, run with -Z macro-backtrace for more info)
[INFO] [stdout] 
[INFO] [stdout] 
[INFO] [stdout] error[E0433]: cannot find module or crate `storage` in this scope
[INFO] [stdout]    --> tests/storable.rs:164:17
[INFO] [stdout]     |
[INFO] [stdout] 164 | #[derive(Debug, Storable, Clone, PartialEq, Arbitrary)]
[INFO] [stdout]     |                 ^^^^^^^^ use of unresolved module or unlinked crate `storage`
[INFO] [stdout]     |
[INFO] [stdout]     = help: if you wanted to use a crate named `storage`, use `cargo add storage` to add it to your `Cargo.toml`
[INFO] [stdout]     = note: this error originates in the derive macro `Storable` (in Nightly builds, run with -Z macro-backtrace for more info)
[INFO] [stdout] 
[INFO] [stdout] 
[INFO] [stdout] warning: unused import: `std::marker::PhantomData`
[INFO] [stdout]   --> tests/storable.rs:24:5
[INFO] [stdout]    |
[INFO] [stdout] 24 | use std::marker::PhantomData;
[INFO] [stdout]    |     ^^^^^^^^^^^^^^^^^^^^^^^^
[INFO] [stdout]    |
[INFO] [stdout]    = note: `#[warn(unused_imports)]` (part of `#[warn(unused)]`) on by default
[INFO] [stdout] 
[INFO] [stdout] 
[INFO] [stdout] Some errors have detailed explanations: E0432, E0433.
[INFO] [stdout] 
[INFO] [stdout] For more information about an error, try `rustc --explain E0432`.
[INFO] [stdout] 
[INFO] [stderr] error: could not compile `midnight-storage-macros` (test "storable") due to 12 previous errors; 1 warning emitted
[INFO] running `Command { std: "docker" "inspect" "8c9e216f5e9c3f9d63d963ddfc0e5e6ec88c071119275143c26af9d342cd8b2d", kill_on_drop: false }`
[INFO] running `Command { std: "docker" "rm" "-f" "8c9e216f5e9c3f9d63d963ddfc0e5e6ec88c071119275143c26af9d342cd8b2d", kill_on_drop: false }`
[INFO] [stdout] 8c9e216f5e9c3f9d63d963ddfc0e5e6ec88c071119275143c26af9d342cd8b2d
