[INFO] fetching crate midnight-storage-core 1.2.1...
[INFO] testing midnight-storage-core-1.2.1 against 1.100.0-beta.1+cargoflags=--release for beta-release-1.100-2
[INFO] extracting crate midnight-storage-core 1.2.1 into /workspace/builds/worker-7-tc2/source
[INFO] started tweaking crates.io crate midnight-storage-core 1.2.1
[INFO] finished tweaking crates.io crate midnight-storage-core 1.2.1
[INFO] tweaked toml for crates.io crate midnight-storage-core 1.2.1 written to /workspace/builds/worker-7-tc2/source/Cargo.toml
[INFO] validating manifest of crates.io crate midnight-storage-core 1.2.1 on toolchain 1.100.0-beta.1
[INFO] running `Command { std: CARGO_HOME="/workspace/cargo-home" RUSTUP_HOME="/workspace/rustup-home" "/workspace/cargo-home/bin/cargo" "+1.100.0-beta.1" "metadata" "--manifest-path" "Cargo.toml" "--no-deps", kill_on_drop: false }`
[INFO] crate crates.io crate midnight-storage-core 1.2.1 already has a lockfile, it will not be regenerated
[INFO] running `Command { std: CARGO_HOME="/workspace/cargo-home" RUSTUP_HOME="/workspace/rustup-home" "/workspace/cargo-home/bin/cargo" "+1.100.0-beta.1" "fetch" "--manifest-path" "Cargo.toml", kill_on_drop: false }`
[INFO] running `Command { std: "docker" "create" "-v" "/var/lib/crater-agent-workspace/builds/worker-7-tc2/source:/opt/rustwide/workdir:ro,Z" "-v" "/var/lib/crater-agent-workspace/builds/worker-7-tc2/target:/opt/rustwide/target:rw,Z" "-v" "/var/lib/crater-agent-workspace/cargo-home:/opt/rustwide/cargo-home:ro,Z" "-v" "/var/lib/crater-agent-workspace/rustup-home:/opt/rustwide/rustup-home:ro,Z" "-m" "1610612736" "--network" "none" "ghcr.io/rust-lang/crates-build-env/linux@sha256:77db811e55d90add9212f6832c23229e3de5f1c1f9905e8cb07319ea15df73ac" "sleep" "infinity", kill_on_drop: false }`
[INFO] [stdout] c4b8eb077ad50783de594d0e1818eead474c56a1ccdb8b5fc4793becea0dd16a
[INFO] running `Command { std: "docker" "start" "c4b8eb077ad50783de594d0e1818eead474c56a1ccdb8b5fc4793becea0dd16a", kill_on_drop: false }`
[INFO] running `Command { std: "docker" "inspect" "c4b8eb077ad50783de594d0e1818eead474c56a1ccdb8b5fc4793becea0dd16a", kill_on_drop: false }`
[INFO] running `Command { std: "docker" "exec" "-e" "SOURCE_DIR=/opt/rustwide/workdir" "-e" "CARGO_HOME=/opt/rustwide/cargo-home" "-e" "RUSTUP_HOME=/opt/rustwide/rustup-home" "-e" "CARGO_TARGET_DIR=/opt/rustwide/target" "-w" "/opt/rustwide/workdir" "--user" "0:0" "c4b8eb077ad50783de594d0e1818eead474c56a1ccdb8b5fc4793becea0dd16a" "/opt/rustwide/cargo-home/bin/cargo" "+1.100.0-beta.1" "metadata" "--no-deps" "--format-version=1", kill_on_drop: false }`
[INFO] running `Command { std: "docker" "inspect" "c4b8eb077ad50783de594d0e1818eead474c56a1ccdb8b5fc4793becea0dd16a", kill_on_drop: false }`
[INFO] running `Command { std: "docker" "exec" "-e" "SOURCE_DIR=/opt/rustwide/workdir" "-e" "CARGO_HOME=/opt/rustwide/cargo-home" "-e" "RUSTUP_HOME=/opt/rustwide/rustup-home" "-e" "CARGO_TARGET_DIR=/opt/rustwide/target" "-e" "CARGO_INCREMENTAL=0" "-e" "RUST_BACKTRACE=full" "-e" "RUSTFLAGS=--cap-lints=warn" "-e" "RUSTDOCFLAGS=--cap-lints=warn" "-w" "/opt/rustwide/workdir" "--user" "0:0" "c4b8eb077ad50783de594d0e1818eead474c56a1ccdb8b5fc4793becea0dd16a" "/opt/rustwide/cargo-home/bin/cargo" "+1.100.0-beta.1" "build" "--frozen" "--message-format=json" "--release", kill_on_drop: false }`
[INFO] [stderr]    Compiling libc v0.2.186
[INFO] [stderr]    Compiling subtle v2.6.1
[INFO] [stderr]    Compiling generic-array v0.14.9
[INFO] [stderr]    Compiling typenum v1.20.0
[INFO] [stderr]    Compiling const-oid v0.9.6
[INFO] [stderr]    Compiling zeroize_derive v1.4.3
[INFO] [stderr]    Compiling zerofrom v0.1.8
[INFO] [stderr]    Compiling cc v1.2.62
[INFO] [stderr]    Compiling yoke v0.8.2
[INFO] [stderr]    Compiling displaydoc v0.2.5
[INFO] [stderr]    Compiling serde_core v1.0.228
[INFO] [stderr]    Compiling zerovec v0.11.6
[INFO] [stderr]    Compiling aws-lc-rs v1.17.0
[INFO] [stderr]    Compiling zeroize v1.8.2
[INFO] [stderr]    Compiling zerocopy v0.8.48
[INFO] [stderr]    Compiling serde v1.0.228
[INFO] [stderr]    Compiling radium v0.7.0
[INFO] [stderr]    Compiling zerotrie v0.2.4
[INFO] [stderr]    Compiling futures-util v0.3.32
[INFO] [stderr]    Compiling tinystr v0.8.3
[INFO] [stderr]    Compiling cmake v0.1.58
[INFO] [stderr]    Compiling icu_locale_core v2.2.0
[INFO] [stderr]    Compiling potential_utf v0.1.5
[INFO] [stderr]    Compiling crypto-common v0.1.6
[INFO] [stderr]    Compiling block-buffer v0.10.4
[INFO] [stderr]    Compiling icu_collections v2.2.0
[INFO] [stderr]    Compiling digest v0.10.7
[INFO] [stderr]    Compiling aws-lc-sys v0.41.0
[INFO] [stderr]    Compiling rustls-pki-types v1.14.1
[INFO] [stderr]    Compiling getrandom v0.2.17
[INFO] [stderr]    Compiling rand_core v0.6.4
[INFO] [stderr]    Compiling mio v1.2.0
[INFO] [stderr]    Compiling socket2 v0.6.3
[INFO] [stderr]    Compiling tokio v1.52.3
[INFO] [stderr]    Compiling icu_provider v2.2.0
[INFO] [stderr]    Compiling tap v1.0.1
[INFO] [stderr]    Compiling wyz v0.5.1
[INFO] [stderr]    Compiling der v0.7.10
[INFO] [stderr]    Compiling rustls v0.23.40
[INFO] [stderr]    Compiling getrandom v0.3.4
[INFO] [stderr]    Compiling funty v2.0.0
[INFO] [stderr]    Compiling icu_properties v2.2.0
[INFO] [stderr]    Compiling icu_normalizer v2.2.0
[INFO] [stderr]    Compiling base16ct v0.2.0
[INFO] [stderr]    Compiling bitvec v1.0.1
[INFO] [stderr]    Compiling darling_core v0.20.11
[INFO] [stderr]    Compiling ppv-lite86 v0.2.21
[INFO] [stderr]    Compiling idna_adapter v1.2.2
[INFO] [stderr]    Compiling spki v0.7.3
[INFO] [stderr]    Compiling serdect v0.2.0
[INFO] [stderr]    Compiling tracing-attributes v0.1.31
[INFO] [stderr]    Compiling nix v0.30.1
[INFO] [stderr]    Compiling rand_core v0.9.5
[INFO] [stderr]    Compiling sec1 v0.7.3
[INFO] [stderr]    Compiling pkcs8 v0.10.2
[INFO] [stderr]    Compiling idna v1.1.0
[INFO] [stderr]    Compiling crypto-bigint v0.5.5
[INFO] [stderr]    Compiling hmac v0.12.1
[INFO] [stderr]    Compiling typewit v1.15.2
[INFO] [stderr]    Compiling tracing v0.1.44
[INFO] [stderr]    Compiling ff v0.13.1
[INFO] [stderr]    Compiling group v0.13.0
[INFO] [stderr]    Compiling syn v1.0.109
[INFO] [stderr]    Compiling url v2.5.8
[INFO] [stderr]    Compiling rustls-native-certs v0.8.3
[INFO] [stderr]    Compiling const_panic v0.2.15
[INFO] [stderr]    Compiling darling_macro v0.20.11
[INFO] [stderr]    Compiling darling v0.20.11
[INFO] [stderr]    Compiling rfc6979 v0.4.0
[INFO] [stderr]    Compiling rand_chacha v0.9.0
[INFO] [stderr]    Compiling elliptic-curve v0.13.8
[INFO] [stderr]    Compiling hyper v1.9.0
[INFO] [stderr]    Compiling tower v0.5.3
[INFO] [stderr]    Compiling rand_chacha v0.3.1
[INFO] [stderr]    Compiling signature v2.2.0
[INFO] [stderr]    Compiling midnight-serialize-macros v1.0.0
[INFO] [stderr]    Compiling getrandom v0.4.2
[INFO] [stderr]    Compiling konst_proc_macros v0.4.1
[INFO] [stderr]    Compiling ecdsa v0.16.9
[INFO] [stderr]    Compiling rand v0.8.6
[INFO] [stderr]    Compiling tower-http v0.6.10
[INFO] [stderr]    Compiling hyper-util v0.1.20
[INFO] [stderr]    Compiling konst v0.4.3
[INFO] [stderr]    Compiling rand v0.9.4
[INFO] [stderr]    Compiling tokio-util v0.7.18
[INFO] [stderr]    Compiling dummy v0.8.0
[INFO] [stderr]    Compiling sha2 v0.10.9
[INFO] [stderr]    Compiling futures-executor v0.3.32
[INFO] [stderr]    Compiling serde_bytes v0.11.19
[INFO] [stderr]    Compiling crypto v0.5.1
[INFO] [stderr]    Compiling allocator-api2 v0.2.21
[INFO] [stderr]    Compiling deunicode v1.6.2
[INFO] [stderr]    Compiling fake v2.10.0
[INFO] [stderr]    Compiling midnight-serialize v1.1.1
[INFO] [stderr]    Compiling hashbrown v0.16.1
[INFO] [stderr]    Compiling futures v0.3.32
[INFO] [stderr]    Compiling k256 v0.13.4
[INFO] [stderr]    Compiling atomic-write-file v0.3.0
[INFO] [stderr]    Compiling serde_json v1.0.149
[INFO] [stderr]    Compiling parking_lot_core v0.9.12
[INFO] [stderr]    Compiling const-hex v1.19.0
[INFO] [stderr]    Compiling pastey v0.2.2
[INFO] [stderr]    Compiling ethnum v1.5.3
[INFO] [stderr]    Compiling itertools v0.14.0
[INFO] [stderr]    Compiling tempfile v3.27.0
[INFO] [stderr]    Compiling lru v0.16.4
[INFO] [stderr]    Compiling parking_lot v0.12.5
[INFO] [stderr]    Compiling midnight-storage-macros v1.0.0
[INFO] [stderr]    Compiling sysinfo v0.34.2
[INFO] [stderr]    Compiling midnight-base-crypto-derive v1.0.0
[INFO] [stderr]    Compiling derive-where v1.6.1
[INFO] [stderr]    Compiling archery v1.2.2
[INFO] [stderr]    Compiling rustls-webpki v0.103.13
[INFO] [stderr]    Compiling tokio-rustls v0.26.4
[INFO] [stderr]    Compiling rustls-platform-verifier v0.6.2
[INFO] [stderr]    Compiling hyper-rustls v0.27.9
[INFO] [stderr]    Compiling reqwest v0.13.1
[INFO] [stderr]    Compiling midnight-base-crypto v1.0.1
[INFO] [stderr]    Compiling midnight-storage-core v1.2.1 (/opt/rustwide/workdir)
[INFO] [stderr] warning: unused dependency `archery`
[INFO] [stderr]  --> Cargo.toml:1:15
[INFO] [stderr]   |
[INFO] [stderr] 1 | [dependencies.archery]
[INFO] [stderr]   |               ^^^^^^^^
[INFO] [stderr]   |
[INFO] [stderr]   = note: `cargo::unused_dependencies` is set to `warn` by default
[INFO] [stderr] help: consider removing the dependency on `archery`
[INFO] [stderr] warning: unused dependency `itertools`
[INFO] [stderr]   --> Cargo.toml:34:15
[INFO] [stderr]    |
[INFO] [stderr] 34 | [dependencies.itertools]
[INFO] [stderr]    |               ^^^^^^^^^^
[INFO] [stderr]    |
[INFO] [stderr] help: consider removing the dependency on `itertools`
[INFO] [stderr] warning: unused dependency `sysinfo`
[INFO] [stderr]   --> Cargo.toml:95:15
[INFO] [stderr]    |
[INFO] [stderr] 95 | [dependencies.sysinfo]
[INFO] [stderr]    |               ^^^^^^^^
[INFO] [stderr]    |
[INFO] [stderr] help: consider removing the dependency on `sysinfo`
[INFO] [stderr] warning: unused dependency `tempfile`
[INFO] [stderr]   --> Cargo.toml:98:15
[INFO] [stderr]    |
[INFO] [stderr] 98 | [dependencies.tempfile]
[INFO] [stderr]    |               ^^^^^^^^^
[INFO] [stderr]    |
[INFO] [stderr] help: consider removing the dependency on `tempfile`
[INFO] [stderr] warning: `midnight-storage-core` (manifest) generated 4 warnings
[INFO] [stderr]     Finished `release` profile [optimized] target(s) in 4m 16s
[INFO] [stderr] warning: the following packages contain code that will be rejected by a future version of Rust: nix v0.30.1
[INFO] [stderr] note: to see what the problems were, use the option `--future-incompat-report`, or run `cargo report future-incompatibilities --id 4`
[INFO] running `Command { std: "docker" "inspect" "c4b8eb077ad50783de594d0e1818eead474c56a1ccdb8b5fc4793becea0dd16a", kill_on_drop: false }`
[INFO] running `Command { std: "docker" "exec" "-e" "SOURCE_DIR=/opt/rustwide/workdir" "-e" "CARGO_HOME=/opt/rustwide/cargo-home" "-e" "RUSTUP_HOME=/opt/rustwide/rustup-home" "-e" "CARGO_TARGET_DIR=/opt/rustwide/target" "-e" "CARGO_INCREMENTAL=0" "-e" "RUST_BACKTRACE=full" "-e" "RUSTFLAGS=--cap-lints=warn" "-e" "RUSTDOCFLAGS=--cap-lints=warn" "-w" "/opt/rustwide/workdir" "--user" "0:0" "c4b8eb077ad50783de594d0e1818eead474c56a1ccdb8b5fc4793becea0dd16a" "/opt/rustwide/cargo-home/bin/cargo" "+1.100.0-beta.1" "test" "--frozen" "--no-run" "--message-format=json" "--release", kill_on_drop: false }`
[INFO] [stderr]    Compiling crossbeam-epoch v0.9.20
[INFO] [stderr]    Compiling rayon-core v1.13.0
[INFO] [stderr]    Compiling crossbeam-deque v0.8.6
[INFO] [stderr]    Compiling rayon v1.12.0
[INFO] [stderr]    Compiling midnight-storage-core v1.2.1 (/opt/rustwide/workdir)
[INFO] [stdout] error[E0433]: cannot find `test` in the crate root
[INFO] [stdout]    --> src/db.rs:625:28
[INFO] [stdout]     |
[INFO] [stdout] 625 |         let mut t = crate::test::Timer::new("test_bulk_read");
[INFO] [stdout]     |                            ^^^^ could not find `test` in the crate root
[INFO] [stdout]     |
[INFO] [stdout] note: found an item that was configured out
[INFO] [stdout]    --> src/lib.rs:38:9
[INFO] [stdout]     |
[INFO] [stdout]  37 | #[cfg(feature = "test-utilities")]
[INFO] [stdout]     |       -------------------------- the item is gated behind the `test-utilities` feature
[INFO] [stdout]  38 | pub mod test;
[INFO] [stdout]     |         ^^^^
[INFO] [stdout] 
[INFO] [stdout] 
[INFO] [stdout] error[E0433]: cannot find `test` in the crate root
[INFO] [stdout]    --> src/db.rs:718:28
[INFO] [stdout]     |
[INFO] [stdout] 718 |         let mut t = crate::test::Timer::new("test_all_ops");
[INFO] [stdout]     |                            ^^^^ could not find `test` in the crate root
[INFO] [stdout]     |
[INFO] [stdout] note: found an item that was configured out
[INFO] [stdout]    --> src/lib.rs:38:9
[INFO] [stdout]     |
[INFO] [stdout]  37 | #[cfg(feature = "test-utilities")]
[INFO] [stdout]     |       -------------------------- the item is gated behind the `test-utilities` feature
[INFO] [stdout]  38 | pub mod test;
[INFO] [stdout]     |         ^^^^
[INFO] [stdout] 
[INFO] [stdout] 
[INFO] [stdout] error[E0277]: the trait bound `Vec<arena::Sp<LabeledNode<D>, D>>: storable::Storable<D>` is not satisfied
[INFO] [stdout]     --> src/backend.rs:1580:9
[INFO] [stdout]      |
[INFO] [stdout] 1575 |     #[derive(Debug, Storable)]
[INFO] [stdout]      |                     -------- required by a bound introduced by this call
[INFO] [stdout] ...
[INFO] [stdout] 1580 |         children: std::vec::Vec<Sp<Self, D>>,
[INFO] [stdout]      |         ^^^^^^^^ the trait `storable::Storable<D>` is not implemented for `Vec<arena::Sp<LabeledNode<D>, D>>`
[INFO] [stdout]      |
[INFO] [stdout]      = help: the following other types implement trait `storable::Storable<D>`:
[INFO] [stdout]                ()
[INFO] [stdout]                AlignedValue
[INFO] [stdout]                HashOutput
[INFO] [stdout]                LabeledNode<D>
[INFO] [stdout]                Opaque<D>
[INFO] [stdout]                RunningCost
[INFO] [stdout]                Signature
[INFO] [stdout]                SizeAnn
[INFO] [stdout]              and 23 others
[INFO] [stdout] 
[INFO] [stdout] 
[INFO] [stdout] error[E0277]: the trait bound `Vec<arena::Sp<LabeledNode<D>, D>>: storable::Storable<D>` is not satisfied
[INFO] [stdout]     --> src/backend.rs:1575:21
[INFO] [stdout]      |
[INFO] [stdout] 1575 |     #[derive(Debug, Storable)]
[INFO] [stdout]      |                     ^^^^^^^^ the trait `storable::Storable<D>` is not implemented for `Vec<arena::Sp<LabeledNode<D>, D>>`
[INFO] [stdout]      |
[INFO] [stdout]      = help: the following other types implement trait `storable::Storable<D>`:
[INFO] [stdout]                ()
[INFO] [stdout]                AlignedValue
[INFO] [stdout]                HashOutput
[INFO] [stdout]                LabeledNode<D>
[INFO] [stdout]                Opaque<D>
[INFO] [stdout]                RunningCost
[INFO] [stdout]                Signature
[INFO] [stdout]                SizeAnn
[INFO] [stdout]              and 23 others
[INFO] [stdout]      = note: this error originates in the derive macro `Storable` (in Nightly builds, run with -Z macro-backtrace for more info)
[INFO] [stdout] 
[INFO] [stdout] 
[INFO] [stdout] Some errors have detailed explanations: E0277, E0433.
[INFO] [stdout] 
[INFO] [stdout] For more information about an error, try `rustc --explain E0277`.
[INFO] [stdout] 
[INFO] [stderr] error: could not compile `midnight-storage-core` (lib test) due to 4 previous errors
[INFO] [stderr] warning: unused dependency `archery`
[INFO] [stderr]  --> Cargo.toml:1:15
[INFO] [stderr]   |
[INFO] [stderr] 1 | [dependencies.archery]
[INFO] [stderr]   |               ^^^^^^^^
[INFO] [stderr]   |
[INFO] [stderr]   = note: `cargo::unused_dependencies` is set to `warn` by default
[INFO] [stderr] help: consider removing the dependency on `archery`
[INFO] [stderr] warning: unused dependency `itertools`
[INFO] [stderr]   --> Cargo.toml:34:15
[INFO] [stderr]    |
[INFO] [stderr] 34 | [dependencies.itertools]
[INFO] [stderr]    |               ^^^^^^^^^^
[INFO] [stderr]    |
[INFO] [stderr] help: consider removing the dependency on `itertools`
[INFO] [stderr] help: to still use for development builds, move to `dev-dependencies`
[INFO] [stderr] warning: unused dependency `sysinfo`
[INFO] [stderr]   --> Cargo.toml:95:15
[INFO] [stderr]    |
[INFO] [stderr] 95 | [dependencies.sysinfo]
[INFO] [stderr]    |               ^^^^^^^^
[INFO] [stderr]    |
[INFO] [stderr] help: consider removing the dependency on `sysinfo`
[INFO] [stderr] warning: unused dependency `tempfile`
[INFO] [stderr]   --> Cargo.toml:98:15
[INFO] [stderr]    |
[INFO] [stderr] 98 | [dependencies.tempfile]
[INFO] [stderr]    |               ^^^^^^^^^
[INFO] [stderr]    |
[INFO] [stderr] help: consider removing the dependency on `tempfile`
[INFO] [stderr] warning: `midnight-storage-core` (manifest) generated 4 warnings
[INFO] running `Command { std: "docker" "inspect" "c4b8eb077ad50783de594d0e1818eead474c56a1ccdb8b5fc4793becea0dd16a", kill_on_drop: false }`
[INFO] running `Command { std: "docker" "rm" "-f" "c4b8eb077ad50783de594d0e1818eead474c56a1ccdb8b5fc4793becea0dd16a", kill_on_drop: false }`
[INFO] [stdout] c4b8eb077ad50783de594d0e1818eead474c56a1ccdb8b5fc4793becea0dd16a
