[INFO] fetching crate mfem-sys 0.2.0...
[INFO] testing mfem-sys-0.2.0 against 1.99.0-beta.8+cargoflags=--release for beta-release-1.100-2
[INFO] extracting crate mfem-sys 0.2.0 into /workspace/builds/worker-7-tc1/source
[INFO] started tweaking crates.io crate mfem-sys 0.2.0
[INFO] finished tweaking crates.io crate mfem-sys 0.2.0
[INFO] tweaked toml for crates.io crate mfem-sys 0.2.0 written to /workspace/builds/worker-7-tc1/source/Cargo.toml
[INFO] validating manifest of crates.io crate mfem-sys 0.2.0 on toolchain 1.99.0-beta.8
[INFO] running `Command { std: CARGO_HOME="/workspace/cargo-home" RUSTUP_HOME="/workspace/rustup-home" "/workspace/cargo-home/bin/cargo" "+1.99.0-beta.8" "metadata" "--manifest-path" "Cargo.toml" "--no-deps", kill_on_drop: false }`
[INFO] crate crates.io crate mfem-sys 0.2.0 already has a lockfile, it will not be regenerated
[INFO] running `Command { std: CARGO_HOME="/workspace/cargo-home" RUSTUP_HOME="/workspace/rustup-home" "/workspace/cargo-home/bin/cargo" "+1.99.0-beta.8" "fetch" "--manifest-path" "Cargo.toml", kill_on_drop: false }`
[INFO] [stderr]     Updating crates.io index
[INFO] [stderr]  Downloading crates ...
[INFO] [stderr]   Downloaded cmake v0.1.50
[INFO] [stderr]   Downloaded semver v1.0.22
[INFO] [stderr]   Downloaded cc v1.0.95
[INFO] [stderr]   Downloaded anstyle-query v1.0.2
[INFO] [stderr]   Downloaded scratch v1.0.7
[INFO] [stderr]   Downloaded anstyle v1.0.6
[INFO] [stderr]   Downloaded cxxbridge-flags v1.0.121
[INFO] [stderr]   Downloaded anstyle-wincon v3.0.2
[INFO] [stderr]   Downloaded link-cplusplus v1.0.9
[INFO] [stderr]   Downloaded anstream v0.6.13
[INFO] [stderr]   Downloaded anstyle-parse v0.2.3
[INFO] [stderr]   Downloaded cxx-build v1.0.121
[INFO] [stderr]   Downloaded proc-macro2 v1.0.81
[INFO] [stderr]   Downloaded cxxbridge-macro v1.0.121
[INFO] [stderr]   Downloaded syn v2.0.60
[INFO] [stderr]   Downloaded cxx v1.0.121
[INFO] [stderr]   Downloaded mfem-cpp v0.2.0+mfem-4.6.0
[INFO] running `Command { std: "docker" "create" "-v" "/var/lib/crater-agent-workspace/builds/worker-7-tc1/source:/opt/rustwide/workdir:ro,Z" "-v" "/var/lib/crater-agent-workspace/builds/worker-7-tc1/target:/opt/rustwide/target:rw,Z" "-v" "/var/lib/crater-agent-workspace/cargo-home:/opt/rustwide/cargo-home:ro,Z" "-v" "/var/lib/crater-agent-workspace/rustup-home:/opt/rustwide/rustup-home:ro,Z" "-m" "1610612736" "--network" "none" "ghcr.io/rust-lang/crates-build-env/linux@sha256:77db811e55d90add9212f6832c23229e3de5f1c1f9905e8cb07319ea15df73ac" "sleep" "infinity", kill_on_drop: false }`
[INFO] [stdout] 879b1bbc2c2ee053ad8349c38315dfd1411b8839dd38aa4032553d3cfdbfa1bc
[INFO] running `Command { std: "docker" "start" "879b1bbc2c2ee053ad8349c38315dfd1411b8839dd38aa4032553d3cfdbfa1bc", kill_on_drop: false }`
[INFO] running `Command { std: "docker" "inspect" "879b1bbc2c2ee053ad8349c38315dfd1411b8839dd38aa4032553d3cfdbfa1bc", kill_on_drop: false }`
[INFO] running `Command { std: "docker" "exec" "-e" "SOURCE_DIR=/opt/rustwide/workdir" "-e" "CARGO_HOME=/opt/rustwide/cargo-home" "-e" "RUSTUP_HOME=/opt/rustwide/rustup-home" "-e" "CARGO_TARGET_DIR=/opt/rustwide/target" "-w" "/opt/rustwide/workdir" "--user" "0:0" "879b1bbc2c2ee053ad8349c38315dfd1411b8839dd38aa4032553d3cfdbfa1bc" "/opt/rustwide/cargo-home/bin/cargo" "+1.99.0-beta.8" "metadata" "--no-deps" "--format-version=1", kill_on_drop: false }`
[INFO] running `Command { std: "docker" "inspect" "879b1bbc2c2ee053ad8349c38315dfd1411b8839dd38aa4032553d3cfdbfa1bc", kill_on_drop: false }`
[INFO] running `Command { std: "docker" "exec" "-e" "SOURCE_DIR=/opt/rustwide/workdir" "-e" "CARGO_HOME=/opt/rustwide/cargo-home" "-e" "RUSTUP_HOME=/opt/rustwide/rustup-home" "-e" "CARGO_TARGET_DIR=/opt/rustwide/target" "-e" "CARGO_INCREMENTAL=0" "-e" "RUST_BACKTRACE=full" "-e" "RUSTFLAGS=--cap-lints=warn" "-e" "RUSTDOCFLAGS=--cap-lints=warn" "-w" "/opt/rustwide/workdir" "--user" "0:0" "879b1bbc2c2ee053ad8349c38315dfd1411b8839dd38aa4032553d3cfdbfa1bc" "/opt/rustwide/cargo-home/bin/cargo" "+1.99.0-beta.8" "build" "--frozen" "--message-format=json" "--release", kill_on_drop: false }`
[INFO] [stderr]    Compiling cc v1.0.95
[INFO] [stderr]    Compiling proc-macro2 v1.0.81
[INFO] [stderr]    Compiling scratch v1.0.7
[INFO] [stderr]    Compiling termcolor v1.4.1
[INFO] [stderr]    Compiling cxxbridge-flags v1.0.121
[INFO] [stderr]    Compiling unicode-width v0.1.11
[INFO] [stderr]    Compiling semver v1.0.22
[INFO] [stderr]    Compiling once_cell v1.19.0
[INFO] [stderr]    Compiling codespan-reporting v0.11.1
[INFO] [stderr]    Compiling quote v1.0.36
[INFO] [stderr]    Compiling cmake v0.1.50
[INFO] [stderr]    Compiling syn v2.0.60
[INFO] [stderr]    Compiling link-cplusplus v1.0.9
[INFO] [stderr]    Compiling cxx v1.0.121
[INFO] [stderr]    Compiling mfem-cpp v0.2.0+mfem-4.6.0
[INFO] [stderr]    Compiling cxx-build v1.0.121
[INFO] [stderr]    Compiling cxxbridge-macro v1.0.121
[INFO] [stderr] error: could not compile `cxxbridge-macro` (lib)
[INFO] [stderr] 
[INFO] [stderr] Caused by:
[INFO] [stderr]   process didn't exit successfully: `/opt/rustwide/rustup-home/toolchains/1.99.0-beta.8-x86_64-unknown-linux-gnu/bin/rustc --crate-name cxxbridge_macro --edition=2021 /opt/rustwide/cargo-home/registry/src/index.crates.io-1949cf8c6b5b557f/cxxbridge-macro-1.0.121/src/lib.rs --error-format=json --json=diagnostic-rendered-ansi,artifacts,future-incompat --crate-type proc-macro --emit=dep-info,link -C prefer-dynamic -C embed-bitcode=no -C debug-assertions=off --check-cfg 'cfg(docsrs,test)' --check-cfg 'cfg(feature, values("clang-ast", "experimental-async-fn", "experimental-enum-variants-from-header", "flate2", "memmap", "serde", "serde_derive", "serde_json"))' -C metadata=d480d69d63f57754 -C extra-filename=-a7e235404f0fe5bf --out-dir /opt/rustwide/target/release/deps -C strip=debuginfo -L dependency=/opt/rustwide/target/release/deps --extern proc_macro2=/opt/rustwide/target/release/deps/libproc_macro2-194ad2e939f9bfe9.rlib --extern quote=/opt/rustwide/target/release/deps/libquote-63b83a9eb7b0d098.rlib --extern syn=/opt/rustwide/target/release/deps/libsyn-f85c48d33535a3f6.rlib --extern proc_macro --cap-lints allow --cap-lints=warn` (signal: 9, SIGKILL: kill)
[INFO] [stderr] warning: build failed, waiting for other jobs to finish...
[INFO] [stderr] error: could not compile `cxx-build` (lib)
[INFO] [stderr] 
[INFO] [stderr] Caused by:
[INFO] [stderr]   process didn't exit successfully: `/opt/rustwide/rustup-home/toolchains/1.99.0-beta.8-x86_64-unknown-linux-gnu/bin/rustc --crate-name cxx_build --edition=2021 /opt/rustwide/cargo-home/registry/src/index.crates.io-1949cf8c6b5b557f/cxx-build-1.0.121/src/lib.rs --error-format=json --json=diagnostic-rendered-ansi,artifacts,future-incompat --crate-type lib --emit=dep-info,metadata,link -C embed-bitcode=no -C debug-assertions=off --check-cfg 'cfg(docsrs,test)' --check-cfg 'cfg(feature, values("experimental-async-fn", "parallel"))' -C metadata=4b4962d148e1f37a -C extra-filename=-1a40d90cca41df0d --out-dir /opt/rustwide/target/release/deps -C strip=debuginfo -L dependency=/opt/rustwide/target/release/deps --extern cc=/opt/rustwide/target/release/deps/libcc-96518779e99911ba.rmeta --extern codespan_reporting=/opt/rustwide/target/release/deps/libcodespan_reporting-20c9f9bc861df798.rmeta --extern once_cell=/opt/rustwide/target/release/deps/libonce_cell-fa91879afc6c052c.rmeta --extern proc_macro2=/opt/rustwide/target/release/deps/libproc_macro2-194ad2e939f9bfe9.rmeta --extern quote=/opt/rustwide/target/release/deps/libquote-63b83a9eb7b0d098.rmeta --extern scratch=/opt/rustwide/target/release/deps/libscratch-1de93cd76f432191.rmeta --extern syn=/opt/rustwide/target/release/deps/libsyn-f85c48d33535a3f6.rmeta --cap-lints allow --cap-lints=warn` (signal: 9, SIGKILL: kill)
[INFO] [stderr] error: failed to run custom build command for `mfem-cpp v0.2.0+mfem-4.6.0`
[INFO] [stderr] note: To improve backtraces for build dependencies, set the CARGO_PROFILE_RELEASE_BUILD_OVERRIDE_DEBUG=true environment variable to enable debug information generation.
[INFO] [stderr] 
[INFO] [stderr] Caused by:
[INFO] [stderr]   process didn't exit successfully: `/opt/rustwide/target/release/build/mfem-cpp-b2b8cb71d4df008e/build-script-build` (exit status: 101)
[INFO] [stderr]   --- stdout
[INFO] [stderr]   CMAKE_TOOLCHAIN_FILE_x86_64-unknown-linux-gnu = None
[INFO] [stderr]   CMAKE_TOOLCHAIN_FILE_x86_64_unknown_linux_gnu = None
[INFO] [stderr]   HOST_CMAKE_TOOLCHAIN_FILE = None
[INFO] [stderr]   CMAKE_TOOLCHAIN_FILE = None
[INFO] [stderr]   CMAKE_GENERATOR_x86_64-unknown-linux-gnu = None
[INFO] [stderr]   CMAKE_GENERATOR_x86_64_unknown_linux_gnu = None
[INFO] [stderr]   HOST_CMAKE_GENERATOR = None
[INFO] [stderr]   CMAKE_GENERATOR = None
[INFO] [stderr]   CMAKE_PREFIX_PATH_x86_64-unknown-linux-gnu = None
[INFO] [stderr]   CMAKE_PREFIX_PATH_x86_64_unknown_linux_gnu = None
[INFO] [stderr]   HOST_CMAKE_PREFIX_PATH = None
[INFO] [stderr]   CMAKE_PREFIX_PATH = None
[INFO] [stderr]   CMAKE_x86_64-unknown-linux-gnu = None
[INFO] [stderr]   CMAKE_x86_64_unknown_linux_gnu = None
[INFO] [stderr]   HOST_CMAKE = None
[INFO] [stderr]   CMAKE = None
[INFO] [stderr]   running: cd "/opt/rustwide/target/release/build/mfem-cpp-966beed0895cb5e2/out/build" && CMAKE_PREFIX_PATH="" "cmake" "/opt/rustwide/cargo-home/registry/src/index.crates.io-1949cf8c6b5b557f/mfem-cpp-0.2.0+mfem-4.6.0/mfem" "-DBUILD_LIBRARY_TYPE=Static" "-DINSTALL_DIR_LIB=lib" "-DINSTALL_DIR_INCLUDE=include" "-DCMAKE_INSTALL_PREFIX=/opt/rustwide/target/release/build/mfem-cpp-966beed0895cb5e2/out" "-DCMAKE_C_FLAGS= -ffunction-sections -fdata-sections -fPIC -m64" "-DCMAKE_C_COMPILER=/usr/bin/cc" "-DCMAKE_CXX_FLAGS= -ffunction-sections -fdata-sections -fPIC -m64" "-DCMAKE_CXX_COMPILER=/usr/bin/c++" "-DCMAKE_ASM_FLAGS= -ffunction-sections -fdata-sections -fPIC -m64" "-DCMAKE_ASM_COMPILER=/usr/bin/cc" "-DCMAKE_BUILD_TYPE=Debug"
[INFO] [stderr]   -- CMake version: 4.2.3
[INFO] [stderr]   -- Loading USER_CONFIG = /opt/rustwide/cargo-home/registry/src/index.crates.io-1949cf8c6b5b557f/mfem-cpp-0.2.0+mfem-4.6.0/mfem/config/user.cmake (NOTFOUND)
[INFO] [stderr]   -- USE_XSDK_DEFAULTS = 'OFF'
[INFO] [stderr]   -- The CXX compiler identification is GNU 15.2.0
[INFO] [stderr]   -- Detecting CXX compiler ABI info
[INFO] [stderr]   -- Detecting CXX compiler ABI info - done
[INFO] [stderr]   -- Check for working CXX compiler: /usr/bin/c++ - skipped
[INFO] [stderr]   -- Detecting CXX compile features
[INFO] [stderr]   -- Detecting CXX compile features - done
[INFO] [stderr]   -- Looking for POSIXClocks ...
[INFO] [stderr]   --    checking library: <standard c/c++>
[INFO] [stderr]   -- Found POSIXClocks: TRUE
[INFO] [stderr]   -- Performing Test CMAKE_HAVE_LIBC_PTHREAD
[INFO] [stderr]   -- Performing Test CMAKE_HAVE_LIBC_PTHREAD - Success
[INFO] [stderr]   -- Found Threads: TRUE
[INFO] [stderr]   -- MFEM: using package POSIXCLOCKS
[INFO] [stderr]   -- MFEM shared library: BUILD_SHARED_LIBS = OFF
[INFO] [stderr]   -- MFEM build type: CMAKE_BUILD_TYPE = Debug
[INFO] [stderr]   -- MFEM version: v4.6.0
[INFO] [stderr]   -- MFEM git string: (unknown)
[INFO] [stderr]   -- TPL_INCLUDE_DIRS = 
[INFO] [stderr]   -- Writing substitute header --> "mfem.hpp"
[INFO] [stderr]   -- Writing substitute header --> "mfem-performance.hpp"
[INFO] [stderr]   -- performance_ex1: add flags "-march=native -Wall -pedantic --param max-completely-peel-times=3"
[INFO] [stderr]   -- Could NOT find Doxygen (missing: DOXYGEN_EXECUTABLE) 
[INFO] [stderr]   -- CMAKE_INSTALL_PREFIX = /opt/rustwide/target/release/build/mfem-cpp-966beed0895cb5e2/out
[INFO] [stderr]   -- Configuring done (1.6s)
[INFO] [stderr]   -- Generating done (0.6s)
[INFO] [stderr]   -- Build files have been written to: /opt/rustwide/target/release/build/mfem-cpp-966beed0895cb5e2/out/build
[INFO] [stderr]   running: cd "/opt/rustwide/target/release/build/mfem-cpp-966beed0895cb5e2/out/build" && MAKEFLAGS="-j --jobserver-fds=4,5 --jobserver-auth=4,5" "cmake" "--build" "." "--target" "install" "--config" "Debug"
[INFO] [stderr]   [  0%] Building CXX object CMakeFiles/mfem.dir/general/binaryio.cpp.o
[INFO] [stderr]   [  2%] Building CXX object CMakeFiles/mfem.dir/general/error.cpp.o
[INFO] [stderr]   [  2%] Building CXX object CMakeFiles/mfem.dir/general/gecko.cpp.o
[INFO] [stderr]   [  2%] Building CXX object CMakeFiles/mfem.dir/general/globals.cpp.o
[INFO] [stderr]   [  2%] Building CXX object CMakeFiles/mfem.dir/general/isockstream.cpp.o
[INFO] [stderr]   [  4%] Building CXX object CMakeFiles/mfem.dir/general/array.cpp.o
[INFO] [stderr]   [  4%] Building CXX object CMakeFiles/mfem.dir/general/optparser.cpp.o
[INFO] [stderr]   [  4%] Building CXX object CMakeFiles/mfem.dir/general/device.cpp.o
[INFO] [stderr]   [  4%] Building CXX object CMakeFiles/mfem.dir/general/cuda.cpp.o
[INFO] [stderr]   [  4%] Building CXX object CMakeFiles/mfem.dir/general/occa.cpp.o
[INFO] [stderr]   [  4%] Building CXX object CMakeFiles/mfem.dir/general/osockstream.cpp.o
[INFO] [stderr]   [  7%] Building CXX object CMakeFiles/mfem.dir/general/mem_manager.cpp.o
[INFO] [stderr]   [  7%] Building CXX object CMakeFiles/mfem.dir/general/hash.cpp.o
[INFO] [stderr]   [  7%] Building CXX object CMakeFiles/mfem.dir/general/sets.cpp.o
[INFO] [stderr]   [  9%] Building CXX object CMakeFiles/mfem.dir/general/socketstream.cpp.o
[INFO] [stderr]   [  9%] Building CXX object CMakeFiles/mfem.dir/general/stable3d.cpp.o
[INFO] [stderr]   [  9%] Building CXX object CMakeFiles/mfem.dir/general/table.cpp.o
[INFO] [stderr]   [  9%] Building CXX object CMakeFiles/mfem.dir/general/tic_toc.cpp.o
[INFO] [stderr]   [  9%] Building CXX object CMakeFiles/mfem.dir/general/tinyxml2.cpp.o
[INFO] [stderr]   [ 11%] Building CXX object CMakeFiles/mfem.dir/general/version.cpp.o
[INFO] [stderr]   [ 11%] Building CXX object CMakeFiles/mfem.dir/general/hip.cpp.o
[INFO] [stderr]   [ 11%] Building CXX object CMakeFiles/mfem.dir/linalg/auxiliary.cpp.o
[INFO] [stderr]   [ 11%] Building CXX object CMakeFiles/mfem.dir/linalg/blockmatrix.cpp.o
[INFO] [stderr]   [ 14%] Building CXX object CMakeFiles/mfem.dir/linalg/blockoperator.cpp.o
[INFO] [stderr]   [ 14%] Building CXX object CMakeFiles/mfem.dir/linalg/blockvector.cpp.o
[INFO] [stderr]   [ 14%] Building CXX object CMakeFiles/mfem.dir/linalg/complex_densemat.cpp.o
[INFO] [stderr]   [ 14%] Building CXX object CMakeFiles/mfem.dir/linalg/complex_operator.cpp.o
[INFO] [stderr]   [ 16%] Building CXX object CMakeFiles/mfem.dir/linalg/densemat.cpp.o
[INFO] [stderr]   [ 16%] Building CXX object CMakeFiles/mfem.dir/linalg/constraints.cpp.o
[INFO] [stderr]   [ 16%] Building CXX object CMakeFiles/mfem.dir/linalg/symmat.cpp.o
[INFO] [stderr]   [ 16%] Building CXX object CMakeFiles/mfem.dir/linalg/handle.cpp.o
[INFO] [stderr]   [ 16%] Building CXX object CMakeFiles/mfem.dir/linalg/matrix.cpp.o
[INFO] [stderr]   [ 16%] Building CXX object CMakeFiles/mfem.dir/linalg/ode.cpp.o
[INFO] [stderr]   [ 19%] Building CXX object CMakeFiles/mfem.dir/linalg/operator.cpp.o
[INFO] [stderr]   [ 19%] Building CXX object CMakeFiles/mfem.dir/linalg/solvers.cpp.o
[INFO] [stderr]   [ 19%] Building CXX object CMakeFiles/mfem.dir/linalg/sparsemat.cpp.o
[INFO] [stderr]   [ 19%] Building CXX object CMakeFiles/mfem.dir/linalg/sparsesmoothers.cpp.o
[INFO] [stderr]   [ 19%] Building CXX object CMakeFiles/mfem.dir/linalg/vector.cpp.o
[INFO] [stderr]   [ 21%] Building CXX object CMakeFiles/mfem.dir/mesh/element.cpp.o
[INFO] [stderr]   [ 21%] Building CXX object CMakeFiles/mfem.dir/mesh/gmsh.cpp.o
[INFO] [stderr]   [ 21%] Building CXX object CMakeFiles/mfem.dir/mesh/hexahedron.cpp.o
[INFO] [stderr]   [ 21%] Building CXX object CMakeFiles/mfem.dir/mesh/mesh.cpp.o
[INFO] [stderr]   [ 23%] Building CXX object CMakeFiles/mfem.dir/mesh/mesh_operators.cpp.o
[INFO] [stderr]   [ 23%] Building CXX object CMakeFiles/mfem.dir/mesh/mesh_readers.cpp.o
[INFO] [stderr]   [ 23%] Building CXX object CMakeFiles/mfem.dir/mesh/ncmesh.cpp.o
[INFO] [stderr]   [ 23%] Building CXX object CMakeFiles/mfem.dir/mesh/nurbs.cpp.o
[INFO] [stderr]   [ 26%] Building CXX object CMakeFiles/mfem.dir/mesh/point.cpp.o
[INFO] [stderr]   [ 26%] Building CXX object CMakeFiles/mfem.dir/mesh/pyramid.cpp.o
[INFO] [stderr] 
[INFO] [stderr]   --- stderr
[INFO] [stderr]   CMake Deprecation Warning at CMakeLists.txt:15 (cmake_minimum_required):
[INFO] [stderr]     Compatibility with CMake < 3.10 will be removed from a future version of
[INFO] [stderr]     CMake.
[INFO] [stderr] 
[INFO] [stderr]     Update the VERSION argument <min> value.  Or, use the <min>...<max> syntax
[INFO] [stderr]     to tell CMake that the project requires at least <min> but has been updated
[INFO] [stderr]     to work with policies introduced by <max> or earlier.
[INFO] [stderr] 
[INFO] [stderr] 
[INFO] [stderr]   This miniapp requires MPI to be enabled.Please compile with MFEM_USE_MPI.
[INFO] [stderr]   CMake Warning:
[INFO] [stderr]     Manually-specified variables were not used by the project:
[INFO] [stderr] 
[INFO] [stderr]       BUILD_LIBRARY_TYPE
[INFO] [stderr]       CMAKE_ASM_COMPILER
[INFO] [stderr]       CMAKE_ASM_FLAGS
[INFO] [stderr]       CMAKE_C_COMPILER
[INFO] [stderr]       CMAKE_C_FLAGS
[INFO] [stderr]       INSTALL_DIR_INCLUDE
[INFO] [stderr]       INSTALL_DIR_LIB
[INFO] [stderr] 
[INFO] [stderr] 
[INFO] [stderr]   c++: fatal error: Killed signal terminated program cc1plus
[INFO] [stderr]   compilation terminated.
[INFO] [stderr]   gmake[2]: *** [CMakeFiles/mfem.dir/build.make:241: CMakeFiles/mfem.dir/linalg/constraints.cpp.o] Error 1
[INFO] [stderr]   gmake[2]: *** Waiting for unfinished jobs....
[INFO] [stderr]   c++: fatal error: Killed signal terminated program cc1plus
[INFO] [stderr]   compilation terminated.
[INFO] [stderr]   gmake[2]: *** [CMakeFiles/mfem.dir/build.make:283: CMakeFiles/mfem.dir/linalg/solvers.cpp.o] Error 1
[INFO] [stderr]   c++: fatal error: Killed signal terminated program cc1plus
[INFO] [stderr]   compilation terminated.
[INFO] [stderr]   gmake[2]: *** [CMakeFiles/mfem.dir/build.make:247: CMakeFiles/mfem.dir/linalg/densemat.cpp.o] Error 1
[INFO] [stderr]   c++: fatal error: Killed signal terminated program cc1plus
[INFO] [stderr]   compilation terminated.
[INFO] [stderr]   gmake[2]: *** [CMakeFiles/mfem.dir/build.make:325: CMakeFiles/mfem.dir/mesh/mesh.cpp.o] Error 1
[INFO] [stderr]   c++: fatal error: Killed signal terminated program cc1plus
[INFO] [stderr]   compilation terminated.
[INFO] [stderr]   gmake[2]: *** [CMakeFiles/mfem.dir/build.make:301: CMakeFiles/mfem.dir/linalg/vector.cpp.o] Error 1
[INFO] [stderr]   c++: fatal error: Killed signal terminated program cc1plus
[INFO] [stderr]   compilation terminated.
[INFO] [stderr]   gmake[2]: *** [CMakeFiles/mfem.dir/build.make:319: CMakeFiles/mfem.dir/mesh/hexahedron.cpp.o] Error 1
[INFO] [stderr]   c++: fatal error: Killed signal terminated program cc1plus
[INFO] [stderr]   compilation terminated.
[INFO] [stderr]   gmake[2]: *** [CMakeFiles/mfem.dir/build.make:307: CMakeFiles/mfem.dir/mesh/element.cpp.o] Error 1
[INFO] [stderr]   gmake[1]: *** [CMakeFiles/Makefile2:963: CMakeFiles/mfem.dir/all] Error 2
[INFO] [stderr]   gmake: *** [Makefile:146: all] Error 2
[INFO] [stderr] 
[INFO] [stderr]   thread 'main' (328) panicked at /opt/rustwide/cargo-home/registry/src/index.crates.io-1949cf8c6b5b557f/cmake-0.1.50/src/lib.rs:1098:5:
[INFO] [stderr] 
[INFO] [stderr]   command did not execute successfully, got: exit status: 2
[INFO] [stderr] 
[INFO] [stderr]   build script failed, must exit now
[INFO] [stderr]   stack backtrace:
[INFO] [stderr]      0:     0x612318ae0cd1 - <<std[70759c8f55707aa4]::sys::backtrace::BacktraceLock>::print::DisplayBacktrace as core[df12db4294e9bfd3]::fmt::Display>::fmt
[INFO] [stderr]      1:     0x612318af4e8a - core[df12db4294e9bfd3]::fmt::write
[INFO] [stderr]      2:     0x612318ae687c - <std[70759c8f55707aa4]::sys::stdio::unix::Stderr as core[df12db4294e9bfd3]::io::write::Write>::write_fmt
[INFO] [stderr]      3:     0x612318ac0746 - std[70759c8f55707aa4]::panicking::default_hook::{closure#0}
[INFO] [stderr]      4:     0x612318adbaf1 - std[70759c8f55707aa4]::panicking::default_hook
[INFO] [stderr]      5:     0x612318adbcab - std[70759c8f55707aa4]::panicking::panic_with_hook
[INFO] [stderr]      6:     0x612318ac07f2 - std[70759c8f55707aa4]::panicking::panic_handler::{closure#0}
[INFO] [stderr]      7:     0x612318ab9489 - std[70759c8f55707aa4]::sys::backtrace::__rust_end_short_backtrace::<std[70759c8f55707aa4]::panicking::panic_handler::{closure#0}, !>
[INFO] [stderr]      8:     0x612318ac100d - __rustc[8fa7c3cbc660c2b3]::rust_begin_unwind
[INFO] [stderr]      9:     0x612318af55fc - core[df12db4294e9bfd3]::panicking::panic_fmt
[INFO] [stderr]     10:     0x612318a63aa7 - cmake[a6fa58494f3aa1b5]::fail
[INFO] [stderr]     11:     0x612318a63761 - cmake[a6fa58494f3aa1b5]::run
[INFO] [stderr]     12:     0x612318a693ea - <cmake[a6fa58494f3aa1b5]::Config>::build
[INFO] [stderr]     13:     0x612318a55de4 - build_script_build[1679afae301dded2]::main
[INFO] [stderr]     14:     0x612318a56443 - <fn() as core[df12db4294e9bfd3]::ops::function::FnOnce<()>>::call_once
[INFO] [stderr]     15:     0x612318a55cc6 - std[70759c8f55707aa4]::sys::backtrace::__rust_begin_short_backtrace::<fn(), ()>
[INFO] [stderr]     16:     0x612318a55cd9 - std[70759c8f55707aa4]::rt::lang_start::<()>::{closure#0}
[INFO] [stderr]     17:     0x612318adadb9 - std[70759c8f55707aa4]::rt::lang_start_internal
[INFO] [stderr]     18:     0x612318a55851 - std[70759c8f55707aa4]::rt::lang_start::<()>
[INFO] [stderr]     19:     0x612318a564b5 - main
[INFO] [stderr]     20:     0x712d30d28601 - <unknown>
[INFO] [stderr]     21:     0x712d30d28718 - __libc_start_main
[INFO] [stderr]     22:     0x612318a54c25 - _start
[INFO] [stderr]     23:                0x0 - <unknown>
[INFO] running `Command { std: "docker" "inspect" "879b1bbc2c2ee053ad8349c38315dfd1411b8839dd38aa4032553d3cfdbfa1bc", kill_on_drop: false }`
[INFO] running `Command { std: "docker" "rm" "-f" "879b1bbc2c2ee053ad8349c38315dfd1411b8839dd38aa4032553d3cfdbfa1bc", kill_on_drop: false }`
[INFO] [stdout] 879b1bbc2c2ee053ad8349c38315dfd1411b8839dd38aa4032553d3cfdbfa1bc
