[INFO] fetching crate metron-rs 0.1.0...
[INFO] testing metron-rs-0.1.0 against 1.100.0-beta.1+cargoflags=--release for beta-release-1.100-2
[INFO] extracting crate metron-rs 0.1.0 into /workspace/builds/worker-2-tc2/source
[INFO] started tweaking crates.io crate metron-rs 0.1.0
[INFO] removed 0 missing examples
[INFO] finished tweaking crates.io crate metron-rs 0.1.0
[INFO] tweaked toml for crates.io crate metron-rs 0.1.0 written to /workspace/builds/worker-2-tc2/source/Cargo.toml
[INFO] validating manifest of crates.io crate metron-rs 0.1.0 on toolchain 1.100.0-beta.1
[INFO] running `Command { std: CARGO_HOME="/workspace/cargo-home" RUSTUP_HOME="/workspace/rustup-home" "/workspace/cargo-home/bin/cargo" "+1.100.0-beta.1" "metadata" "--manifest-path" "Cargo.toml" "--no-deps", kill_on_drop: false }`
[INFO] crate crates.io crate metron-rs 0.1.0 already has a lockfile, it will not be regenerated
[INFO] running `Command { std: CARGO_HOME="/workspace/cargo-home" RUSTUP_HOME="/workspace/rustup-home" "/workspace/cargo-home/bin/cargo" "+1.100.0-beta.1" "fetch" "--manifest-path" "Cargo.toml", kill_on_drop: false }`
[INFO] running `Command { std: "docker" "create" "-v" "/var/lib/crater-agent-workspace/builds/worker-2-tc2/source:/opt/rustwide/workdir:ro,Z" "-v" "/var/lib/crater-agent-workspace/builds/worker-2-tc2/target:/opt/rustwide/target:rw,Z" "-v" "/var/lib/crater-agent-workspace/cargo-home:/opt/rustwide/cargo-home:ro,Z" "-v" "/var/lib/crater-agent-workspace/rustup-home:/opt/rustwide/rustup-home:ro,Z" "-m" "1610612736" "--network" "none" "ghcr.io/rust-lang/crates-build-env/linux@sha256:77db811e55d90add9212f6832c23229e3de5f1c1f9905e8cb07319ea15df73ac" "sleep" "infinity", kill_on_drop: false }`
[INFO] [stdout] 2c29016d0fc6cd46d38cd2d5dd36bf207d6ba99c0e12905fe5841ff7d4d7fe23
[INFO] running `Command { std: "docker" "start" "2c29016d0fc6cd46d38cd2d5dd36bf207d6ba99c0e12905fe5841ff7d4d7fe23", kill_on_drop: false }`
[INFO] running `Command { std: "docker" "inspect" "2c29016d0fc6cd46d38cd2d5dd36bf207d6ba99c0e12905fe5841ff7d4d7fe23", kill_on_drop: false }`
[INFO] running `Command { std: "docker" "exec" "-e" "SOURCE_DIR=/opt/rustwide/workdir" "-e" "CARGO_HOME=/opt/rustwide/cargo-home" "-e" "RUSTUP_HOME=/opt/rustwide/rustup-home" "-e" "CARGO_TARGET_DIR=/opt/rustwide/target" "-w" "/opt/rustwide/workdir" "--user" "0:0" "2c29016d0fc6cd46d38cd2d5dd36bf207d6ba99c0e12905fe5841ff7d4d7fe23" "/opt/rustwide/cargo-home/bin/cargo" "+1.100.0-beta.1" "metadata" "--no-deps" "--format-version=1", kill_on_drop: false }`
[INFO] running `Command { std: "docker" "inspect" "2c29016d0fc6cd46d38cd2d5dd36bf207d6ba99c0e12905fe5841ff7d4d7fe23", kill_on_drop: false }`
[INFO] running `Command { std: "docker" "exec" "-e" "SOURCE_DIR=/opt/rustwide/workdir" "-e" "CARGO_HOME=/opt/rustwide/cargo-home" "-e" "RUSTUP_HOME=/opt/rustwide/rustup-home" "-e" "CARGO_TARGET_DIR=/opt/rustwide/target" "-e" "CARGO_INCREMENTAL=0" "-e" "RUST_BACKTRACE=full" "-e" "RUSTFLAGS=--cap-lints=warn" "-e" "RUSTDOCFLAGS=--cap-lints=warn" "-w" "/opt/rustwide/workdir" "--user" "0:0" "2c29016d0fc6cd46d38cd2d5dd36bf207d6ba99c0e12905fe5841ff7d4d7fe23" "/opt/rustwide/cargo-home/bin/cargo" "+1.100.0-beta.1" "build" "--frozen" "--message-format=json" "--release", kill_on_drop: false }`
[INFO] [stderr]    Compiling quote v1.0.44
[INFO] [stderr]    Compiling unicode-ident v1.0.22
[INFO] [stderr]    Compiling libc v0.2.180
[INFO] [stderr]    Compiling glob v0.3.3
[INFO] [stderr]    Compiling prettyplease v0.2.37
[INFO] [stderr]    Compiling regex-syntax v0.8.9
[INFO] [stderr]    Compiling serde_core v1.0.228
[INFO] [stderr]    Compiling memchr v2.7.6
[INFO] [stderr]    Compiling bindgen v0.72.1
[INFO] [stderr]    Compiling libloading v0.8.9
[INFO] [stderr]    Compiling zerocopy v0.8.37
[INFO] [stderr]    Compiling either v1.15.0
[INFO] [stderr]    Compiling bitflags v2.10.0
[INFO] [stderr]    Compiling hashbrown v0.16.1
[INFO] [stderr]    Compiling simdutf8 v0.1.5
[INFO] [stderr]    Compiling zmij v1.0.19
[INFO] [stderr]    Compiling proc-macro2 v1.0.106
[INFO] [stderr]    Compiling zstd-safe v7.2.4
[INFO] [stderr]    Compiling ryu v1.0.22
[INFO] [stderr]    Compiling tracing-core v0.1.36
[INFO] [stderr]    Compiling castaway v0.2.4
[INFO] [stderr]    Compiling itertools v0.13.0
[INFO] [stderr]    Compiling arrayvec v0.7.6
[INFO] [stderr]    Compiling atoi v2.0.0
[INFO] [stderr]    Compiling clang-sys v1.8.1
[INFO] [stderr]    Compiling nom v7.1.3
[INFO] [stderr]    Compiling syn v2.0.114
[INFO] [stderr]    Compiling indexmap v2.13.0
[INFO] [stderr]    Compiling jobserver v0.1.34
[INFO] [stderr]    Compiling cc v1.2.57
[INFO] [stderr]    Compiling getrandom v0.3.4
[INFO] [stderr]    Compiling memmap2 v0.9.9
[INFO] [stderr]    Compiling rand_core v0.9.5
[INFO] [stderr]    Compiling regex-automata v0.4.14
[INFO] [stderr]    Compiling cexpr v0.6.0
[INFO] [stderr]    Compiling zstd-sys v2.0.16+zstd.1.5.7
[INFO] [stderr]    Compiling blake3 v1.8.3
[INFO] [stderr]    Compiling serde_json v1.0.149
[INFO] [stderr]    Compiling regex v1.12.3
[INFO] [stderr]    Compiling ppv-lite86 v0.2.21
[INFO] [stderr]    Compiling rand_chacha v0.9.0
[INFO] [stderr]    Compiling rand v0.9.2
[INFO] [stderr]    Compiling ptr_meta_derive v0.3.1
[INFO] [stderr]    Compiling ptr_meta v0.3.1
[INFO] [stderr]    Compiling rancor v0.1.1
[INFO] [stderr]    Compiling bytecheck_derive v0.8.2
[INFO] [stderr]    Compiling bytecheck v0.8.2
[INFO] [stderr]    Compiling munge_macro v0.4.7
[INFO] [stderr]    Compiling serde_derive v1.0.228
[INFO] [stderr]    Compiling rend v0.5.3
[INFO] [stderr]    Compiling rkyv_derive v0.8.14
[INFO] [stderr]    Compiling munge v0.4.7
[INFO] [stderr]    Compiling tracing-attributes v0.1.31
[INFO] [stderr]    Compiling thiserror-impl v2.0.18
[INFO] [stderr]    Compiling thiserror v2.0.18
[INFO] [stderr]    Compiling tracing v0.1.44
[INFO] [stderr]    Compiling serde v1.0.228
[INFO] [stderr]    Compiling serde_yaml v0.9.34+deprecated
[INFO] [stderr]    Compiling rkyv v0.8.14
[INFO] [stderr]    Compiling minacalc-sys v515.1.1
[INFO] [stderr]    Compiling compact_str v0.9.0
[INFO] [stderr]    Compiling zstd v0.13.3
[INFO] [stderr]    Compiling rhythm-open-exchange v0.6.2
[INFO] [stderr]    Compiling minacalc-rs v515.1.1
[INFO] [stderr]    Compiling metron-rs v0.1.0 (/opt/rustwide/workdir)
[INFO] [stderr]     Finished `release` profile [optimized] target(s) in 1m 03s
[INFO] [stderr] warning: the following packages contain code that will be rejected by a future version of Rust: bytecheck v0.8.2, rkyv v0.8.14
[INFO] [stderr] note: to see what the problems were, use the option `--future-incompat-report`, or run `cargo report future-incompatibilities --id 3`
[INFO] running `Command { std: "docker" "inspect" "2c29016d0fc6cd46d38cd2d5dd36bf207d6ba99c0e12905fe5841ff7d4d7fe23", kill_on_drop: false }`
[INFO] running `Command { std: "docker" "exec" "-e" "SOURCE_DIR=/opt/rustwide/workdir" "-e" "CARGO_HOME=/opt/rustwide/cargo-home" "-e" "RUSTUP_HOME=/opt/rustwide/rustup-home" "-e" "CARGO_TARGET_DIR=/opt/rustwide/target" "-e" "CARGO_INCREMENTAL=0" "-e" "RUST_BACKTRACE=full" "-e" "RUSTFLAGS=--cap-lints=warn" "-e" "RUSTDOCFLAGS=--cap-lints=warn" "-w" "/opt/rustwide/workdir" "--user" "0:0" "2c29016d0fc6cd46d38cd2d5dd36bf207d6ba99c0e12905fe5841ff7d4d7fe23" "/opt/rustwide/cargo-home/bin/cargo" "+1.100.0-beta.1" "test" "--frozen" "--no-run" "--message-format=json" "--release", kill_on_drop: false }`
[INFO] [stderr]    Compiling zerocopy v0.8.37
[INFO] [stderr]    Compiling regex-syntax v0.8.9
[INFO] [stderr]    Compiling syn v2.0.114
[INFO] [stderr]    Compiling aho-corasick v1.1.4
[INFO] [stderr]    Compiling num-traits v0.2.19
[INFO] [stderr]    Compiling semver v1.0.27
[INFO] [stderr]    Compiling winnow v0.7.14
[INFO] [stderr]    Compiling hashbrown v0.16.1
[INFO] [stderr]    Compiling toml_datetime v0.7.5+spec-1.1.0
[INFO] [stderr]    Compiling alloca v0.4.0
[INFO] [stderr]    Compiling clap_lex v0.7.7
[INFO] [stderr]    Compiling plotters-backend v0.3.7
[INFO] [stderr]    Compiling anstyle v1.0.13
[INFO] [stderr]    Compiling itertools v0.13.0
[INFO] [stderr]    Compiling relative-path v1.9.3
[INFO] [stderr]    Compiling rustc_version v0.4.1
[INFO] [stderr]    Compiling futures-core v0.3.31
[INFO] [stderr]    Compiling plotters-svg v0.3.7
[INFO] [stderr]    Compiling rayon v1.11.0
[INFO] [stderr]    Compiling page_size v0.6.0
[INFO] [stderr]    Compiling anes v0.1.6
[INFO] [stderr]    Compiling clap_builder v4.5.57
[INFO] [stderr]    Compiling futures-timer v3.0.3
[INFO] [stderr]    Compiling diff v0.1.13
[INFO] [stderr]    Compiling rstest_macros v0.26.1
[INFO] [stderr]    Compiling pretty_assertions v1.4.1
[INFO] [stderr]    Compiling indexmap v2.13.0
[INFO] [stderr]    Compiling atoi v2.0.0
[INFO] [stderr]    Compiling plotters v0.3.7
[INFO] [stderr]    Compiling approx v0.5.1
[INFO] [stderr]    Compiling toml_parser v1.0.6+spec-1.1.0
[INFO] [stderr]    Compiling regex-automata v0.4.14
[INFO] [stderr]    Compiling toml_edit v0.23.10+spec-1.0.0
[INFO] [stderr]    Compiling criterion-plot v0.8.2
[INFO] [stderr]    Compiling proc-macro-crate v3.4.0
[INFO] [stderr]    Compiling clap v4.5.57
[INFO] [stderr]    Compiling prettyplease v0.2.37
[INFO] [stderr]    Compiling regex v1.12.3
[INFO] [stderr]    Compiling zerocopy-derive v0.8.37
[INFO] [stderr]    Compiling ptr_meta_derive v0.3.1
[INFO] [stderr]    Compiling serde_derive v1.0.228
[INFO] [stderr]    Compiling ptr_meta v0.3.1
[INFO] [stderr]    Compiling rancor v0.1.1
[INFO] [stderr]    Compiling bytecheck_derive v0.8.2
[INFO] [stderr]    Compiling munge_macro v0.4.7
[INFO] [stderr]    Compiling rkyv_derive v0.8.14
[INFO] [stderr]    Compiling thiserror-impl v2.0.18
[INFO] [stderr]    Compiling tracing-attributes v0.1.31
[INFO] [stderr]    Compiling bytecheck v0.8.2
[INFO] [stderr]    Compiling bindgen v0.72.1
[INFO] [stderr]    Compiling futures-macro v0.3.31
[INFO] [stderr]    Compiling munge v0.4.7
[INFO] [stderr]    Compiling rend v0.5.3
[INFO] [stderr]    Compiling futures-util v0.3.31
[INFO] [stderr]    Compiling tracing v0.1.44
[INFO] [stderr]    Compiling thiserror v2.0.18
[INFO] [stderr]    Compiling serde v1.0.228
[INFO] [stderr]    Compiling serde_yaml v0.9.34+deprecated
[INFO] [stderr]    Compiling tinytemplate v1.2.1
[INFO] [stderr]    Compiling rstest v0.26.1
[INFO] [stderr]    Compiling minacalc-sys v515.1.1
[INFO] [stderr]    Compiling ppv-lite86 v0.2.21
[INFO] [stderr]    Compiling half v2.7.1
[INFO] [stderr]    Compiling ciborium-ll v0.2.2
[INFO] [stderr]    Compiling rand_chacha v0.9.0
[INFO] [stderr]    Compiling rkyv v0.8.14
[INFO] [stderr]    Compiling rand v0.9.2
[INFO] [stderr]    Compiling ciborium v0.2.2
[INFO] [stderr]    Compiling criterion v0.8.2
[INFO] [stderr]    Compiling compact_str v0.9.0
[INFO] [stderr]    Compiling rhythm-open-exchange v0.6.2
[INFO] [stderr]    Compiling minacalc-rs v515.1.1
[INFO] [stderr]    Compiling metron-rs v0.1.0 (/opt/rustwide/workdir)
[INFO] [stdout] error[E0433]: cannot find module or crate `metron` in this scope
[INFO] [stdout]  --> examples/osu2016.rs:1:5
[INFO] [stdout]   |
[INFO] [stdout] 1 | use metron::calculator::Calculator;
[INFO] [stdout]   |     ^^^^^^ use of unresolved module or unlinked crate `metron`
[INFO] [stdout]   |
[INFO] [stdout]   = help: if you wanted to use a crate named `metron`, use `cargo add metron` to add it to your `Cargo.toml`
[INFO] [stdout] 
[INFO] [stdout] 
[INFO] [stdout] error[E0433]: cannot find module or crate `metron` in this scope
[INFO] [stdout]  --> examples/osu2016.rs:2:5
[INFO] [stdout]   |
[INFO] [stdout] 2 | use metron::clock_rate::ClockRate;
[INFO] [stdout]   |     ^^^^^^ use of unresolved module or unlinked crate `metron`
[INFO] [stdout]   |
[INFO] [stdout]   = help: if you wanted to use a crate named `metron`, use `cargo add metron` to add it to your `Cargo.toml`
[INFO] [stdout] 
[INFO] [stdout] 
[INFO] [stdout] error[E0433]: cannot find module or crate `metron` in this scope
[INFO] [stdout]  --> examples/osu2016.rs:3:5
[INFO] [stdout]   |
[INFO] [stdout] 3 | use metron::osu::osu2016::Osu2016;
[INFO] [stdout]   |     ^^^^^^ use of unresolved module or unlinked crate `metron`
[INFO] [stdout]   |
[INFO] [stdout]   = help: if you wanted to use a crate named `metron`, use `cargo add metron` to add it to your `Cargo.toml`
[INFO] [stdout] 
[INFO] [stdout] 
[INFO] [stdout] error[E0433]: cannot find module or crate `metron` in this scope
[INFO] [stdout]  --> examples/osu2016.rs:4:5
[INFO] [stdout]   |
[INFO] [stdout] 4 | use metron::osu::osu2018::Osu2018DifficultyContext;
[INFO] [stdout]   |     ^^^^^^ use of unresolved module or unlinked crate `metron`
[INFO] [stdout]   |
[INFO] [stdout]   = help: if you wanted to use a crate named `metron`, use `cargo add metron` to add it to your `Cargo.toml`
[INFO] [stdout] 
[INFO] [stdout] 
[INFO] [stdout] For more information about this error, try `rustc --explain E0433`.
[INFO] [stdout] 
[INFO] [stdout] error[E0433]: cannot find module or crate `metron` in this scope
[INFO] [stdout]  --> examples/interlude2025.rs:1:5
[INFO] [stdout]   |
[INFO] [stdout] 1 | use metron::calculator::Calculator;
[INFO] [stdout]   |     ^^^^^^ use of unresolved module or unlinked crate `metron`
[INFO] [stdout]   |
[INFO] [stdout]   = help: if you wanted to use a crate named `metron`, use `cargo add metron` to add it to your `Cargo.toml`
[INFO] [stdout] 
[INFO] [stdout] 
[INFO] [stdout] error[E0433]: cannot find module or crate `metron` in this scope
[INFO] [stdout]  --> examples/interlude2025.rs:2:5
[INFO] [stdout]   |
[INFO] [stdout] 2 | use metron::clock_rate::ClockRate;
[INFO] [stdout]   |     ^^^^^^ use of unresolved module or unlinked crate `metron`
[INFO] [stdout]   |
[INFO] [stdout]   = help: if you wanted to use a crate named `metron`, use `cargo add metron` to add it to your `Cargo.toml`
[INFO] [stdout] 
[INFO] [stdout] 
[INFO] [stdout] error[E0433]: cannot find module or crate `metron` in this scope
[INFO] [stdout]  --> examples/interlude2025.rs:3:5
[INFO] [stdout]   |
[INFO] [stdout] 3 | use metron::interlude::interlude2025::{Interlude2025, Interlude2025DifficultyContext};
[INFO] [stdout]   |     ^^^^^^ use of unresolved module or unlinked crate `metron`
[INFO] [stdout]   |
[INFO] [stdout]   = help: if you wanted to use a crate named `metron`, use `cargo add metron` to add it to your `Cargo.toml`
[INFO] [stdout] 
[INFO] [stdout] 
[INFO] [stdout] For more information about this error, try `rustc --explain E0433`.
[INFO] [stdout] 
[INFO] [stderr] error: could not compile `metron-rs` (example "interlude2025") due to 3 previous errors
[INFO] [stdout] error[E0433]: cannot find module or crate `metron` in this scope
[INFO] [stdout]  --> examples/minacalc515.rs:1:5
[INFO] [stdout]   |
[INFO] [stdout] 1 | use metron::calculator::Calculator;
[INFO] [stdout]   |     ^^^^^^ use of unresolved module or unlinked crate `metron`
[INFO] [stdout]   |
[INFO] [stdout]   = help: if you wanted to use a crate named `metron`, use `cargo add metron` to add it to your `Cargo.toml`
[INFO] [stdout] 
[INFO] [stdout] 
[INFO] [stderr] warning: build failed, waiting for other jobs to finish...
[INFO] [stdout] error[E0433]: cannot find module or crate `metron` in this scope
[INFO] [stdout]  --> examples/minacalc515.rs:2:5
[INFO] [stdout]   |
[INFO] [stdout] 2 | use metron::clock_rate::ClockRate;
[INFO] [stdout]   |     ^^^^^^ use of unresolved module or unlinked crate `metron`
[INFO] [stdout]   |
[INFO] [stdout]   = help: if you wanted to use a crate named `metron`, use `cargo add metron` to add it to your `Cargo.toml`
[INFO] [stdout] 
[INFO] [stdout] 
[INFO] [stderr] error: could not compile `metron-rs` (example "osu2016") due to 4 previous errors
[INFO] [stdout] error[E0433]: cannot find module or crate `metron` in this scope
[INFO] [stdout]  --> examples/minacalc515.rs:3:5
[INFO] [stdout]   |
[INFO] [stdout] 3 | use metron::etterna::minacalc515::{MinaCalc515, MinaCalcDifficultyContext};
[INFO] [stdout]   |     ^^^^^^ use of unresolved module or unlinked crate `metron`
[INFO] [stdout]   |
[INFO] [stdout]   = help: if you wanted to use a crate named `metron`, use `cargo add metron` to add it to your `Cargo.toml`
[INFO] [stdout] 
[INFO] [stdout] 
[INFO] [stderr] error: could not compile `metron-rs` (example "minacalc515") due to 3 previous errors
[INFO] [stdout] For more information about this error, try `rustc --explain E0433`.
[INFO] [stdout] 
[INFO] [stdout] error[E0433]: cannot find module or crate `metron` in this scope
[INFO] [stdout]  --> examples/quaver2025.rs:1:5
[INFO] [stdout]   |
[INFO] [stdout] 1 | use metron::calculator::Calculator;
[INFO] [stdout]   |     ^^^^^^ use of unresolved module or unlinked crate `metron`
[INFO] [stdout]   |
[INFO] [stdout]   = help: if you wanted to use a crate named `metron`, use `cargo add metron` to add it to your `Cargo.toml`
[INFO] [stdout] 
[INFO] [stdout] 
[INFO] [stdout] error[E0433]: cannot find module or crate `metron` in this scope
[INFO] [stdout]  --> examples/quaver2025.rs:2:5
[INFO] [stdout]   |
[INFO] [stdout] 2 | use metron::clock_rate::ClockRate;
[INFO] [stdout]   |     ^^^^^^ use of unresolved module or unlinked crate `metron`
[INFO] [stdout]   |
[INFO] [stdout]   = help: if you wanted to use a crate named `metron`, use `cargo add metron` to add it to your `Cargo.toml`
[INFO] [stdout] 
[INFO] [stdout] 
[INFO] [stdout] error[E0433]: cannot find module or crate `metron` in this scope
[INFO] [stdout]  --> examples/quaver2025.rs:3:5
[INFO] [stdout]   |
[INFO] [stdout] 3 | use metron::quaver::quaver2025::difficulty::{Quaver2025, QuaverDifficultyContext};
[INFO] [stdout]   |     ^^^^^^ use of unresolved module or unlinked crate `metron`
[INFO] [stdout]   |
[INFO] [stdout]   = help: if you wanted to use a crate named `metron`, use `cargo add metron` to add it to your `Cargo.toml`
[INFO] [stdout] 
[INFO] [stdout] 
[INFO] [stdout] For more information about this error, try `rustc --explain E0433`.
[INFO] [stdout] 
[INFO] [stderr] error: could not compile `metron-rs` (example "quaver2025") due to 3 previous errors
[INFO] [stdout] error[E0433]: cannot find module or crate `metron` in this scope
[INFO] [stdout]  --> examples/osu2018.rs:1:5
[INFO] [stdout]   |
[INFO] [stdout] 1 | use metron::calculator::Calculator;
[INFO] [stdout]   |     ^^^^^^ use of unresolved module or unlinked crate `metron`
[INFO] [stdout]   |
[INFO] [stdout]   = help: if you wanted to use a crate named `metron`, use `cargo add metron` to add it to your `Cargo.toml`
[INFO] [stdout] 
[INFO] [stdout] 
[INFO] [stdout] error[E0433]: cannot find module or crate `metron` in this scope
[INFO] [stdout]  --> examples/osu2018.rs:2:5
[INFO] [stdout]   |
[INFO] [stdout] 2 | use metron::clock_rate::ClockRate;
[INFO] [stdout]   |     ^^^^^^ use of unresolved module or unlinked crate `metron`
[INFO] [stdout]   |
[INFO] [stdout]   = help: if you wanted to use a crate named `metron`, use `cargo add metron` to add it to your `Cargo.toml`
[INFO] [stdout] 
[INFO] [stdout] 
[INFO] [stdout] error[E0433]: cannot find module or crate `metron` in this scope
[INFO] [stdout]  --> examples/osu2018.rs:3:5
[INFO] [stdout]   |
[INFO] [stdout] 3 | use metron::osu::osu2018::{Osu2018, Osu2018DifficultyContext};
[INFO] [stdout]   |     ^^^^^^ use of unresolved module or unlinked crate `metron`
[INFO] [stdout]   |
[INFO] [stdout]   = help: if you wanted to use a crate named `metron`, use `cargo add metron` to add it to your `Cargo.toml`
[INFO] [stdout] 
[INFO] [stdout] 
[INFO] [stdout] For more information about this error, try `rustc --explain E0433`.
[INFO] [stdout] 
[INFO] [stderr] error: could not compile `metron-rs` (example "osu2018") due to 3 previous errors
[INFO] running `Command { std: "docker" "inspect" "2c29016d0fc6cd46d38cd2d5dd36bf207d6ba99c0e12905fe5841ff7d4d7fe23", kill_on_drop: false }`
[INFO] running `Command { std: "docker" "rm" "-f" "2c29016d0fc6cd46d38cd2d5dd36bf207d6ba99c0e12905fe5841ff7d4d7fe23", kill_on_drop: false }`
[INFO] [stdout] 2c29016d0fc6cd46d38cd2d5dd36bf207d6ba99c0e12905fe5841ff7d4d7fe23
