[INFO] fetching crate metrique 0.1.33...
[INFO] testing metrique-0.1.33 against 1.99.0-beta.8+cargoflags=--release for beta-release-1.100-2
[INFO] extracting crate metrique 0.1.33 into /workspace/builds/worker-3-tc1/source
[INFO] started tweaking crates.io crate metrique 0.1.33
[INFO] removed 0 missing examples
[INFO] removed 0 missing tests
[INFO] finished tweaking crates.io crate metrique 0.1.33
[INFO] tweaked toml for crates.io crate metrique 0.1.33 written to /workspace/builds/worker-3-tc1/source/Cargo.toml
[INFO] validating manifest of crates.io crate metrique 0.1.33 on toolchain 1.99.0-beta.8
[INFO] running `Command { std: CARGO_HOME="/workspace/cargo-home" RUSTUP_HOME="/workspace/rustup-home" "/workspace/cargo-home/bin/cargo" "+1.99.0-beta.8" "metadata" "--manifest-path" "Cargo.toml" "--no-deps", kill_on_drop: false }`
[INFO] crate crates.io crate metrique 0.1.33 already has a lockfile, it will not be regenerated
[INFO] running `Command { std: CARGO_HOME="/workspace/cargo-home" RUSTUP_HOME="/workspace/rustup-home" "/workspace/cargo-home/bin/cargo" "+1.99.0-beta.8" "fetch" "--manifest-path" "Cargo.toml", kill_on_drop: false }`
[INFO] [stderr]     Updating crates.io index
[INFO] [stderr]  Downloading crates ...
[INFO] [stderr]   Downloaded crossbeam-channel v0.5.17
[INFO] [stderr]   Downloaded shuttle-std v0.1.1
[INFO] [stderr]   Downloaded rand_pcg v0.3.1
[INFO] [stderr]   Downloaded assoc v0.1.3
[INFO] [stderr]   Downloaded assert2-macros v0.3.16
[INFO] [stderr]   Downloaded jiff-static v0.2.37
[INFO] [stderr]   Downloaded metrique-writer-macro v0.1.12
[INFO] [stderr]   Downloaded darling_macro v0.24.1
[INFO] [stderr]   Downloaded metrique-timesource v0.1.10
[INFO] [stderr]   Downloaded const-siphasher v1.0.2
[INFO] [stderr]   Downloaded metrique-service-metrics v0.1.24
[INFO] [stderr]   Downloaded shuttle-schedulers v0.1.1
[INFO] [stderr]   Downloaded metrique-writer-format-json v0.1.9
[INFO] [stderr]   Downloaded futures-timer v3.0.4
[INFO] [stderr]   Downloaded metrique-core v0.1.24
[INFO] [stderr]   Downloaded metrique-metricsrs v0.1.26
[INFO] [stderr]   Downloaded find-msvc-tools v0.1.12
[INFO] [stderr]   Downloaded assert2 v0.3.16
[INFO] [stderr]   Downloaded metrique-writer-format-emf v0.1.26
[INFO] [stderr]   Downloaded histogram v0.11.5
[INFO] [stderr]   Downloaded shuttle-engine v0.1.1
[INFO] [stderr]   Downloaded ordered-float v5.5.0
[INFO] [stderr]   Downloaded rapidhash v4.5.1
[INFO] [stderr]   Downloaded derive-where v1.7.0
[INFO] [stderr]   Downloaded metrics-util v0.20.4
[INFO] [stderr]   Downloaded darling v0.24.1
[INFO] [stderr]   Downloaded metrics v0.24.6
[INFO] [stderr]   Downloaded shuttle v0.9.3
[INFO] [stderr]   Downloaded corosensei v0.3.4
[INFO] [stderr]   Downloaded darling_core v0.24.1
[INFO] [stderr]   Downloaded metrique-writer v0.1.29
[INFO] [stderr]   Downloaded metrique-writer-core v0.1.22
[INFO] [stderr]   Downloaded metrique-macro v0.1.24
[INFO] [stderr]   Downloaded cc v1.4.6
[INFO] [stderr]   Downloaded zerocopy-derive v0.8.57
[INFO] [stderr]   Downloaded zerocopy v0.8.57
[INFO] [stderr]   Downloaded jiff v0.2.37
[INFO] [stderr]   Downloaded web-sys v0.3.105
[INFO] running `Command { std: "docker" "create" "-v" "/var/lib/crater-agent-workspace/builds/worker-3-tc1/source:/opt/rustwide/workdir:ro,Z" "-v" "/var/lib/crater-agent-workspace/builds/worker-3-tc1/target:/opt/rustwide/target:rw,Z" "-v" "/var/lib/crater-agent-workspace/cargo-home:/opt/rustwide/cargo-home:ro,Z" "-v" "/var/lib/crater-agent-workspace/rustup-home:/opt/rustwide/rustup-home:ro,Z" "-m" "1610612736" "--network" "none" "ghcr.io/rust-lang/crates-build-env/linux@sha256:77db811e55d90add9212f6832c23229e3de5f1c1f9905e8cb07319ea15df73ac" "sleep" "infinity", kill_on_drop: false }`
[INFO] [stdout] d69cb36c629c6dbbfa59acae0eda311f9a4de5cd3ff73eb3e7d011133bd30306
[INFO] running `Command { std: "docker" "start" "d69cb36c629c6dbbfa59acae0eda311f9a4de5cd3ff73eb3e7d011133bd30306", kill_on_drop: false }`
[INFO] running `Command { std: "docker" "inspect" "d69cb36c629c6dbbfa59acae0eda311f9a4de5cd3ff73eb3e7d011133bd30306", kill_on_drop: false }`
[INFO] running `Command { std: "docker" "exec" "-e" "SOURCE_DIR=/opt/rustwide/workdir" "-e" "CARGO_HOME=/opt/rustwide/cargo-home" "-e" "RUSTUP_HOME=/opt/rustwide/rustup-home" "-e" "CARGO_TARGET_DIR=/opt/rustwide/target" "-w" "/opt/rustwide/workdir" "--user" "0:0" "d69cb36c629c6dbbfa59acae0eda311f9a4de5cd3ff73eb3e7d011133bd30306" "/opt/rustwide/cargo-home/bin/cargo" "+1.99.0-beta.8" "metadata" "--no-deps" "--format-version=1", kill_on_drop: false }`
[INFO] running `Command { std: "docker" "inspect" "d69cb36c629c6dbbfa59acae0eda311f9a4de5cd3ff73eb3e7d011133bd30306", kill_on_drop: false }`
[INFO] running `Command { std: "docker" "exec" "-e" "SOURCE_DIR=/opt/rustwide/workdir" "-e" "CARGO_HOME=/opt/rustwide/cargo-home" "-e" "RUSTUP_HOME=/opt/rustwide/rustup-home" "-e" "CARGO_TARGET_DIR=/opt/rustwide/target" "-e" "CARGO_INCREMENTAL=0" "-e" "RUST_BACKTRACE=full" "-e" "RUSTFLAGS=--cap-lints=warn" "-e" "RUSTDOCFLAGS=--cap-lints=warn" "-w" "/opt/rustwide/workdir" "--user" "0:0" "d69cb36c629c6dbbfa59acae0eda311f9a4de5cd3ff73eb3e7d011133bd30306" "/opt/rustwide/cargo-home/bin/cargo" "+1.99.0-beta.8" "build" "--frozen" "--message-format=json" "--release", kill_on_drop: false }`
[INFO] [stderr]    Compiling syn v3.0.5
[INFO] [stderr]    Compiling serde v1.0.229
[INFO] [stderr]    Compiling getrandom v0.3.4
[INFO] [stderr]    Compiling zerocopy v0.8.57
[INFO] [stderr]    Compiling serde_core v1.0.229
[INFO] [stderr]    Compiling smallvec v1.16.1
[INFO] [stderr]    Compiling crossbeam-utils v0.8.23
[INFO] [stderr]    Compiling rustversion v1.0.23
[INFO] [stderr]    Compiling either v1.18.0
[INFO] [stderr]    Compiling dtoa v1.0.11
[INFO] [stderr]    Compiling bitflags v2.13.2
[INFO] [stderr]    Compiling crossbeam-epoch v0.9.21
[INFO] [stderr]    Compiling ahash v0.8.12
[INFO] [stderr]    Compiling syn v2.0.119
[INFO] [stderr]    Compiling endian-type v0.1.2
[INFO] [stderr]    Compiling indexmap v2.14.2
[INFO] [stderr]    Compiling itertools v0.14.0
[INFO] [stderr]    Compiling tracing-log v0.2.0
[INFO] [stderr]    Compiling hashbrown v0.16.1
[INFO] [stderr]    Compiling ordered-float v5.5.0
[INFO] [stderr]    Compiling nibble_vec v0.1.0
[INFO] [stderr]    Compiling raw-cpuid v11.6.0
[INFO] [stderr]    Compiling radix_trie v0.2.1
[INFO] [stderr]    Compiling rand_core v0.9.5
[INFO] [stderr]    Compiling thread_local v1.1.10
[INFO] [stderr]    Compiling sketches-ddsketch v0.3.1
[INFO] [stderr]    Compiling rand_xoshiro v0.7.0
[INFO] [stderr]    Compiling aho-corasick v1.1.5
[INFO] [stderr]    Compiling tracing-subscriber v0.3.23
[INFO] [stderr]    Compiling rapidhash v4.5.1
[INFO] [stderr]    Compiling tokio v1.53.1
[INFO] [stderr]    Compiling metrique-timesource v0.1.10
[INFO] [stderr]    Compiling crossbeam-queue v0.3.14
[INFO] [stderr]    Compiling metrics v0.24.6
[INFO] [stderr]    Compiling quanta v0.12.6
[INFO] [stderr]    Compiling tracing-attributes v0.1.31
[INFO] [stderr]    Compiling darling_core v0.24.1
[INFO] [stderr]    Compiling synstructure v0.14.0
[INFO] [stderr]    Compiling tracing v0.1.44
[INFO] [stderr]    Compiling derive-where v1.7.0
[INFO] [stderr]    Compiling ppv-lite86 v0.2.21
[INFO] [stderr]    Compiling rand_chacha v0.9.0
[INFO] [stderr]    Compiling metrique-writer-core v0.1.22
[INFO] [stderr]    Compiling rand v0.9.5
[INFO] [stderr]    Compiling darling_macro v0.24.1
[INFO] [stderr]    Compiling metrique-core v0.1.24
[INFO] [stderr]    Compiling metrics-util v0.20.4
[INFO] [stderr]    Compiling darling v0.24.1
[INFO] [stderr]    Compiling metrique-writer-macro v0.1.12
[INFO] [stderr]    Compiling metrique-macro v0.1.24
[INFO] [stderr]    Compiling metrique-writer v0.1.29
[INFO] [stderr]    Compiling metrique-service-metrics v0.1.24
[INFO] [stderr]    Compiling metrique v0.1.33 (/opt/rustwide/workdir)
[INFO] [stderr]     Finished `release` profile [optimized] target(s) in 33.57s
[INFO] running `Command { std: "docker" "inspect" "d69cb36c629c6dbbfa59acae0eda311f9a4de5cd3ff73eb3e7d011133bd30306", kill_on_drop: false }`
[INFO] running `Command { std: "docker" "exec" "-e" "SOURCE_DIR=/opt/rustwide/workdir" "-e" "CARGO_HOME=/opt/rustwide/cargo-home" "-e" "RUSTUP_HOME=/opt/rustwide/rustup-home" "-e" "CARGO_TARGET_DIR=/opt/rustwide/target" "-e" "CARGO_INCREMENTAL=0" "-e" "RUST_BACKTRACE=full" "-e" "RUSTFLAGS=--cap-lints=warn" "-e" "RUSTDOCFLAGS=--cap-lints=warn" "-w" "/opt/rustwide/workdir" "--user" "0:0" "d69cb36c629c6dbbfa59acae0eda311f9a4de5cd3ff73eb3e7d011133bd30306" "/opt/rustwide/cargo-home/bin/cargo" "+1.99.0-beta.8" "test" "--frozen" "--no-run" "--message-format=json" "--release", kill_on_drop: false }`
[INFO] [stderr]    Compiling serde_core v1.0.229
[INFO] [stderr]    Compiling syn v2.0.119
[INFO] [stderr]    Compiling tokio-macros v2.7.2
[INFO] [stderr]    Compiling semver v1.0.28
[INFO] [stderr]    Compiling bytes v1.12.1
[INFO] [stderr]    Compiling errno v0.3.14
[INFO] [stderr]    Compiling parking_lot_core v0.9.12
[INFO] [stderr]    Compiling socket2 v0.6.5
[INFO] [stderr]    Compiling mio v1.2.3
[INFO] [stderr]    Compiling serde_derive v1.0.229
[INFO] [stderr]    Compiling itertools v0.14.0
[INFO] [stderr]    Compiling ordered-float v5.5.0
[INFO] [stderr]    Compiling winnow v1.0.4
[INFO] [stderr]    Compiling memchr v2.8.3
[INFO] [stderr]    Compiling indexmap v2.14.2
[INFO] [stderr]    Compiling signal-hook-registry v1.4.8
[INFO] [stderr]    Compiling rustc_version v0.4.1
[INFO] [stderr]    Compiling parking_lot v0.12.5
[INFO] [stderr]    Compiling regex-syntax v0.8.11
[INFO] [stderr]    Compiling rstest_macros v0.26.1
[INFO] [stderr]    Compiling assert2-macros v0.3.16
[INFO] [stderr]    Compiling toml_parser v1.1.3+spec-1.1.0
[INFO] [stderr]    Compiling futures-macro v0.3.34
[INFO] [stderr]    Compiling metrics-util v0.20.4
[INFO] [stderr]    Compiling aho-corasick v1.1.5
[INFO] [stderr]    Compiling tokio v1.53.1
[INFO] [stderr]    Compiling futures-core v0.3.34
[INFO] [stderr]    Compiling toml_writer v1.1.2+spec-1.1.0
[INFO] [stderr]    Compiling target-tuple v1.0.2
[INFO] [stderr]    Compiling futures-util v0.3.34
[INFO] [stderr]    Compiling thiserror-impl v2.0.20
[INFO] [stderr]    Compiling glob v0.3.4
[INFO] [stderr]    Compiling relative-path v1.9.3
[INFO] [stderr]    Compiling time-core v0.1.9
[INFO] [stderr]    Compiling deranged v0.5.8
[INFO] [stderr]    Compiling bit-set v0.8.0
[INFO] [stderr]    Compiling crossbeam-channel v0.5.17
[INFO] [stderr]    Compiling diff v0.1.13
[INFO] [stderr]    Compiling futures-timer v3.0.4
[INFO] [stderr]    Compiling toml_edit v0.25.15+spec-1.1.0
[INFO] [stderr]    Compiling thiserror v2.0.20
[INFO] [stderr]    Compiling winnow v0.7.15
[INFO] [stderr]    Compiling symlink v0.1.0
[INFO] [stderr]    Compiling yansi v1.0.1
[INFO] [stderr]    Compiling futures-sink v0.3.34
[INFO] [stderr]    Compiling chrono v0.4.45
[INFO] [stderr]    Compiling regex-lite v0.1.9
[INFO] [stderr]    Compiling proc-macro-crate v3.5.0
[INFO] [stderr]    Compiling regex-automata v0.4.18
[INFO] [stderr]    Compiling time v0.3.55
[INFO] [stderr]    Compiling serde v1.0.229
[INFO] [stderr]    Compiling serde_spanned v1.1.1
[INFO] [stderr]    Compiling serde_json v1.0.151
[INFO] [stderr]    Compiling toml_datetime v1.1.1+spec-1.1.0
[INFO] [stderr]    Compiling toml_datetime v0.7.5+spec-1.1.0
[INFO] [stderr]    Compiling toml v1.1.6+spec-1.1.0
[INFO] [stderr]    Compiling toml v0.9.12+spec-1.1.0
[INFO] [stderr]    Compiling trybuild v1.0.121
[INFO] [stderr]    Compiling tracing-appender v0.2.5
[INFO] [stderr]    Compiling tracing-attributes v0.1.31
[INFO] [stderr]    Compiling regex v1.13.1
[INFO] [stderr]    Compiling assert2 v0.3.16
[INFO] [stderr]    Compiling tracing v0.1.44
[INFO] [stderr]    Compiling metrique-writer-core v0.1.22
[INFO] [stderr]    Compiling metrique-timesource v0.1.10
[INFO] [stderr]    Compiling tokio-util v0.7.19
[INFO] [stderr]    Compiling metrique-core v0.1.24
[INFO] [stderr]    Compiling metrique-writer v0.1.29
[INFO] [stderr]    Compiling rstest v0.26.1
[INFO] [stderr]    Compiling metrique-service-metrics v0.1.24
[INFO] [stderr]    Compiling metrique-writer-format-emf v0.1.26
[INFO] [stderr]    Compiling metrique v0.1.33 (/opt/rustwide/workdir)
[INFO] [stdout] error[E0432]: unresolved import `metrique::emf::Emf`
[INFO] [stdout]   --> examples/unit-of-work-background-task.rs:55:5
[INFO] [stdout]    |
[INFO] [stdout] 55 | use metrique::emf::Emf;
[INFO] [stdout]    |     ^^^^^^^^^^^^^^^---
[INFO] [stdout]    |                    |
[INFO] [stdout]    |                    no `Emf` in `emf`
[INFO] [stdout]    |
[INFO] [stdout] note: found an item that was configured out
[INFO] [stdout]   --> src/emf.rs:12:24
[INFO] [stdout]    |
[INFO] [stdout] 10 | #[cfg(feature = "emf")]
[INFO] [stdout]    |       --------------- the item is gated behind the `emf` feature
[INFO] [stdout] 11 | pub use metrique_writer_format_emf::{
[INFO] [stdout] 12 |     AllowSplitEntries, Emf, EmfBuilder, HighStorageResolution, HighStorageResolutionCtor,
[INFO] [stdout]    |                        ^^^
[INFO] [stdout] 
[INFO] [stdout] 
[INFO] [stdout] error[E0432]: unresolved import `metrique::test_util`
[INFO] [stdout]    --> tests/closed_entry_identity.rs:11:28
[INFO] [stdout]     |
[INFO] [stdout]  11 | use metrique::{CloseValue, test_util::test_metric, unit_of_work::metrics};
[INFO] [stdout]     |                            ^^^^^^^^^ could not find `test_util` in `metrique`
[INFO] [stdout]     |
[INFO] [stdout] note: found an item that was configured out
[INFO] [stdout]    --> src/lib.rs:154:9
[INFO] [stdout]     |
[INFO] [stdout] 153 | #[cfg(feature = "test-util")]
[INFO] [stdout]     |       --------------------- the item is gated behind the `test-util` feature
[INFO] [stdout] 154 | pub mod test_util {
[INFO] [stdout]     |         ^^^^^^^^^
[INFO] [stdout] 
[INFO] [stdout] 
[INFO] [stdout] error[E0432]: unresolved import `metrique::emf::Emf`
[INFO] [stdout]   --> examples/unit-of-work-fanout.rs:14:5
[INFO] [stdout]    |
[INFO] [stdout] 14 | use metrique::emf::Emf;
[INFO] [stdout]    |     ^^^^^^^^^^^^^^^---
[INFO] [stdout]    |                    |
[INFO] [stdout]    |                    no `Emf` in `emf`
[INFO] [stdout]    |
[INFO] [stdout] note: found an item that was configured out
[INFO] [stdout]   --> src/emf.rs:12:24
[INFO] [stdout]    |
[INFO] [stdout] 10 | #[cfg(feature = "emf")]
[INFO] [stdout]    |       --------------- the item is gated behind the `emf` feature
[INFO] [stdout] 11 | pub use metrique_writer_format_emf::{
[INFO] [stdout] 12 |     AllowSplitEntries, Emf, EmfBuilder, HighStorageResolution, HighStorageResolutionCtor,
[INFO] [stdout]    |                        ^^^
[INFO] [stdout] 
[INFO] [stdout] 
[INFO] [stdout] error[E0432]: unresolved import `metrique::emf::Emf`
[INFO] [stdout]   --> tests/flags.rs:6:5
[INFO] [stdout]    |
[INFO] [stdout]  6 | use metrique::emf::Emf;
[INFO] [stdout]    |     ^^^^^^^^^^^^^^^---
[INFO] [stdout]    |                    |
[INFO] [stdout]    |                    no `Emf` in `emf`
[INFO] [stdout]    |
[INFO] [stdout] note: found an item that was configured out
[INFO] [stdout]   --> src/emf.rs:12:24
[INFO] [stdout]    |
[INFO] [stdout] 10 | #[cfg(feature = "emf")]
[INFO] [stdout]    |       --------------- the item is gated behind the `emf` feature
[INFO] [stdout] 11 | pub use metrique_writer_format_emf::{
[INFO] [stdout] 12 |     AllowSplitEntries, Emf, EmfBuilder, HighStorageResolution, HighStorageResolutionCtor,
[INFO] [stdout]    |                        ^^^
[INFO] [stdout] 
[INFO] [stdout] 
[INFO] [stdout] error[E0432]: unresolved import `metrique::emf::Emf`
[INFO] [stdout]    --> examples/library-provided-metric.rs:134:5
[INFO] [stdout]     |
[INFO] [stdout] 134 | use metrique::emf::Emf;
[INFO] [stdout]     |     ^^^^^^^^^^^^^^^---
[INFO] [stdout]     |                    |
[INFO] [stdout]     |                    no `Emf` in `emf`
[INFO] [stdout]     |
[INFO] [stdout] note: found an item that was configured out
[INFO] [stdout]    --> src/emf.rs:12:24
[INFO] [stdout]     |
[INFO] [stdout]  10 | #[cfg(feature = "emf")]
[INFO] [stdout]     |       --------------- the item is gated behind the `emf` feature
[INFO] [stdout]  11 | pub use metrique_writer_format_emf::{
[INFO] [stdout]  12 |     AllowSplitEntries, Emf, EmfBuilder, HighStorageResolution, HighStorageResolutionCtor,
[INFO] [stdout]     |                        ^^^
[INFO] [stdout] 
[INFO] [stdout] 
[INFO] [stdout] error[E0432]: unresolved import `metrique::writer::test_util`
[INFO] [stdout]    --> tests/string-value.rs:7:30
[INFO] [stdout]     |
[INFO] [stdout]   7 | use metrique::writer::{Unit, test_util};
[INFO] [stdout]     |                              ^^^^^^^^^ no `test_util` in `writer`
[INFO] [stdout]     |
[INFO] [stdout] note: found an item that was configured out
[INFO] [stdout]    --> src/lib.rs:785:30
[INFO] [stdout]     |
[INFO] [stdout] 783 |     #[cfg(feature = "test-util")]
[INFO] [stdout]     |           --------------------- the item is gated behind the `test-util` feature
[INFO] [stdout] 784 |     #[doc(hidden)] // prefer the metrique::test_util re-export
[INFO] [stdout] 785 |     pub use metrique_writer::test_util;
[INFO] [stdout]     |                              ^^^^^^^^^
[INFO] [stdout] 
[INFO] [stdout] 
[INFO] [stdout] error[E0432]: unresolved import `metrique::test_util`
[INFO] [stdout]    --> tests/enum_basic.rs:4:16
[INFO] [stdout]     |
[INFO] [stdout]   4 | use metrique::{test_util::test_metric, unit_of_work::metrics};
[INFO] [stdout]     |                ^^^^^^^^^ could not find `test_util` in `metrique`
[INFO] [stdout]     |
[INFO] [stdout] note: found an item that was configured out
[INFO] [stdout]    --> src/lib.rs:154:9
[INFO] [stdout]     |
[INFO] [stdout] 153 | #[cfg(feature = "test-util")]
[INFO] [stdout]     |       --------------------- the item is gated behind the `test-util` feature
[INFO] [stdout] 154 | pub mod test_util {
[INFO] [stdout]     |         ^^^^^^^^^
[INFO] [stdout] 
[INFO] [stdout] 
[INFO] [stdout] error[E0433]: cannot find `flags` in `emf`
[INFO] [stdout]   --> tests/flags.rs:21:36
[INFO] [stdout]    |
[INFO] [stdout] 21 |     #[metrics(flags(metrique::emf::flags::HighStorageResolution))]
[INFO] [stdout]    |                                    ^^^^^ could not find `flags` in `emf`
[INFO] [stdout]    |
[INFO] [stdout] note: found an item that was configured out
[INFO] [stdout]   --> src/emf.rs:18:37
[INFO] [stdout]    |
[INFO] [stdout] 17 | #[cfg(feature = "emf")]
[INFO] [stdout]    |       --------------- the item is gated behind the `emf` feature
[INFO] [stdout] 18 | pub use metrique_writer_format_emf::flags;
[INFO] [stdout]    |                                     ^^^^^
[INFO] [stdout] 
[INFO] [stdout] 
[INFO] [stdout] error[E0432]: unresolved import `metrique::test_util`
[INFO] [stdout]    --> tests/lazy-promotion.rs:5:15
[INFO] [stdout]     |
[INFO] [stdout]   5 | use metrique::test_util::{TestEntrySink, test_entry_sink};
[INFO] [stdout]     |               ^^^^^^^^^ could not find `test_util` in `metrique`
[INFO] [stdout]     |
[INFO] [stdout] note: found an item that was configured out
[INFO] [stdout]    --> src/lib.rs:154:9
[INFO] [stdout]     |
[INFO] [stdout] 153 | #[cfg(feature = "test-util")]
[INFO] [stdout]     |       --------------------- the item is gated behind the `test-util` feature
[INFO] [stdout] 154 | pub mod test_util {
[INFO] [stdout]     |         ^^^^^^^^^
[INFO] [stdout] 
[INFO] [stdout] 
[INFO] [stdout] For more information about this error, try `rustc --explain E0432`.
[INFO] [stdout] 
[INFO] [stdout] error[E0432]: unresolved import `metrique::writer::test_util`
[INFO] [stdout]    --> tests/flex.rs:6:5
[INFO] [stdout]     |
[INFO] [stdout]   6 | use metrique::writer::test_util;
[INFO] [stdout]     |     ^^^^^^^^^^^^^^^^^^---------
[INFO] [stdout]     |                       |
[INFO] [stdout]     |                       no `test_util` in `writer`
[INFO] [stdout]     |
[INFO] [stdout] note: found an item that was configured out
[INFO] [stdout]    --> src/lib.rs:785:30
[INFO] [stdout]     |
[INFO] [stdout] 783 |     #[cfg(feature = "test-util")]
[INFO] [stdout]     |           --------------------- the item is gated behind the `test-util` feature
[INFO] [stdout] 784 |     #[doc(hidden)] // prefer the metrique::test_util re-export
[INFO] [stdout] 785 |     pub use metrique_writer::test_util;
[INFO] [stdout]     |                              ^^^^^^^^^
[INFO] [stdout] 
[INFO] [stdout] 
[INFO] [stdout] error[E0432]: unresolved import `metrique::emf::Emf`
[INFO] [stdout]   --> examples/configuring-delay-flush-time.rs:6:5
[INFO] [stdout]    |
[INFO] [stdout]  6 | use metrique::emf::Emf;
[INFO] [stdout]    |     ^^^^^^^^^^^^^^^---
[INFO] [stdout]    |                    |
[INFO] [stdout]    |                    no `Emf` in `emf`
[INFO] [stdout]    |
[INFO] [stdout] note: found an item that was configured out
[INFO] [stdout]   --> src/emf.rs:12:24
[INFO] [stdout]    |
[INFO] [stdout] 10 | #[cfg(feature = "emf")]
[INFO] [stdout]    |       --------------- the item is gated behind the `emf` feature
[INFO] [stdout] 11 | pub use metrique_writer_format_emf::{
[INFO] [stdout] 12 |     AllowSplitEntries, Emf, EmfBuilder, HighStorageResolution, HighStorageResolutionCtor,
[INFO] [stdout]    |                        ^^^
[INFO] [stdout] 
[INFO] [stdout] 
[INFO] [stderr] error: could not compile `metrique` (test "closed_entry_identity") due to 1 previous error
[INFO] [stderr] warning: build failed, waiting for other jobs to finish...
[INFO] [stdout] For more information about this error, try `rustc --explain E0432`.
[INFO] [stdout] 
[INFO] [stdout] error[E0432]: unresolved import `metrique::test_util`
[INFO] [stdout]    --> tests/enum_attributes.rs:5:5
[INFO] [stdout]     |
[INFO] [stdout]   5 |     test_util::test_metric,
[INFO] [stdout]     |     ^^^^^^^^^ could not find `test_util` in `metrique`
[INFO] [stdout]     |
[INFO] [stdout] note: found an item that was configured out
[INFO] [stdout]    --> src/lib.rs:154:9
[INFO] [stdout]     |
[INFO] [stdout] 153 | #[cfg(feature = "test-util")]
[INFO] [stdout]     |       --------------------- the item is gated behind the `test-util` feature
[INFO] [stdout] 154 | pub mod test_util {
[INFO] [stdout]     |         ^^^^^^^^^
[INFO] [stdout] 
[INFO] [stdout] 
[INFO] [stderr] error: could not compile `metrique` (example "unit-of-work-background-task") due to 1 previous error
[INFO] [stdout] error[E0433]: cannot find `flags` in `emf`
[INFO] [stdout]   --> tests/flags.rs:66:36
[INFO] [stdout]    |
[INFO] [stdout] 66 |     #[metrics(flags(metrique::emf::flags::NoMetric))]
[INFO] [stdout]    |                                    ^^^^^ could not find `flags` in `emf`
[INFO] [stdout]    |
[INFO] [stdout] note: found an item that was configured out
[INFO] [stdout]   --> src/emf.rs:18:37
[INFO] [stdout]    |
[INFO] [stdout] 17 | #[cfg(feature = "emf")]
[INFO] [stdout]    |       --------------- the item is gated behind the `emf` feature
[INFO] [stdout] 18 | pub use metrique_writer_format_emf::flags;
[INFO] [stdout]    |                                     ^^^^^
[INFO] [stdout] 
[INFO] [stdout] 
[INFO] [stdout] For more information about this error, try `rustc --explain E0432`.
[INFO] [stdout] 
[INFO] [stdout] For more information about this error, try `rustc --explain E0432`.
[INFO] [stdout] 
[INFO] [stderr] error: could not compile `metrique` (example "unit-of-work-fanout") due to 1 previous error
[INFO] [stdout] error[E0433]: cannot find `flags` in `emf`
[INFO] [stdout]    --> tests/flags.rs:106:24
[INFO] [stdout]     |
[INFO] [stdout] 106 |         metrique::emf::flags::HighStorageResolution,
[INFO] [stdout]     |                        ^^^^^ could not find `flags` in `emf`
[INFO] [stdout]     |
[INFO] [stdout] note: found an item that was configured out
[INFO] [stdout]    --> src/emf.rs:18:37
[INFO] [stdout]     |
[INFO] [stdout]  17 | #[cfg(feature = "emf")]
[INFO] [stdout]     |       --------------- the item is gated behind the `emf` feature
[INFO] [stdout]  18 | pub use metrique_writer_format_emf::flags;
[INFO] [stdout]     |                                     ^^^^^
[INFO] [stdout] 
[INFO] [stdout] 
[INFO] [stderr] error: could not compile `metrique` (test "flex") due to 1 previous error
[INFO] [stdout] For more information about this error, try `rustc --explain E0432`.
[INFO] [stdout] 
[INFO] [stdout] error[E0433]: cannot find `flags` in `emf`
[INFO] [stdout]    --> tests/flags.rs:107:24
[INFO] [stdout]     |
[INFO] [stdout] 107 |         metrique::emf::flags::NoMetric
[INFO] [stdout]     |                        ^^^^^ could not find `flags` in `emf`
[INFO] [stdout]     |
[INFO] [stdout] note: found an item that was configured out
[INFO] [stdout]    --> src/emf.rs:18:37
[INFO] [stdout]     |
[INFO] [stdout]  17 | #[cfg(feature = "emf")]
[INFO] [stdout]     |       --------------- the item is gated behind the `emf` feature
[INFO] [stdout]  18 | pub use metrique_writer_format_emf::flags;
[INFO] [stdout]     |                                     ^^^^^
[INFO] [stdout] 
[INFO] [stdout] 
[INFO] [stderr] error: could not compile `metrique` (example "configuring-delay-flush-time") due to 1 previous error
[INFO] [stdout] For more information about this error, try `rustc --explain E0432`.
[INFO] [stdout] 
[INFO] [stdout] For more information about this error, try `rustc --explain E0432`.
[INFO] [stdout] 
[INFO] [stderr] error: could not compile `metrique` (test "string-value") due to 1 previous error
[INFO] [stderr] error: could not compile `metrique` (example "library-provided-metric") due to 1 previous error
[INFO] [stdout] For more information about this error, try `rustc --explain E0432`.
[INFO] [stdout] 
[INFO] [stderr] error: could not compile `metrique` (test "lazy-promotion") due to 1 previous error
[INFO] [stdout] For more information about this error, try `rustc --explain E0432`.
[INFO] [stdout] 
[INFO] [stdout] error[E0433]: cannot find `flags` in `emf`
[INFO] [stdout]    --> tests/flags.rs:147:40
[INFO] [stdout]     |
[INFO] [stdout] 147 |         #[metrics(flags(metrique::emf::flags::HighStorageResolution))]
[INFO] [stdout]     |                                        ^^^^^ could not find `flags` in `emf`
[INFO] [stdout]     |
[INFO] [stdout] note: found an item that was configured out
[INFO] [stdout]    --> src/emf.rs:18:37
[INFO] [stdout]     |
[INFO] [stdout]  17 | #[cfg(feature = "emf")]
[INFO] [stdout]     |       --------------- the item is gated behind the `emf` feature
[INFO] [stdout]  18 | pub use metrique_writer_format_emf::flags;
[INFO] [stdout]     |                                     ^^^^^
[INFO] [stdout] 
[INFO] [stdout] 
[INFO] [stderr] error: could not compile `metrique` (test "enum_attributes") due to 1 previous error
[INFO] [stdout] error[E0433]: cannot find `flags` in `emf`
[INFO] [stdout]    --> tests/flags.rs:285:36
[INFO] [stdout]     |
[INFO] [stdout] 285 |     #[metrics(flags(metrique::emf::flags::HighStorageResolution))]
[INFO] [stdout]     |                                    ^^^^^ could not find `flags` in `emf`
[INFO] [stdout]     |
[INFO] [stdout] note: found an item that was configured out
[INFO] [stdout]    --> src/emf.rs:18:37
[INFO] [stdout]     |
[INFO] [stdout]  17 | #[cfg(feature = "emf")]
[INFO] [stdout]     |       --------------- the item is gated behind the `emf` feature
[INFO] [stdout]  18 | pub use metrique_writer_format_emf::flags;
[INFO] [stdout]     |                                     ^^^^^
[INFO] [stdout] 
[INFO] [stdout] 
[INFO] [stdout] error[E0425]: cannot find type `HighStorageResolutionCtor` in module `metrique::emf`
[INFO] [stdout]    --> tests/flags.rs:254:45
[INFO] [stdout]     |
[INFO] [stdout] 254 |     high_res: ForceFlag<u64, metrique::emf::HighStorageResolutionCtor>,
[INFO] [stdout]     |                                             ^^^^^^^^^^^^^^^^^^^^^^^^^ not found in `metrique::emf`
[INFO] [stdout]     |
[INFO] [stdout] note: found an item that was configured out
[INFO] [stdout]    --> src/emf.rs:12:64
[INFO] [stdout]     |
[INFO] [stdout]  10 | #[cfg(feature = "emf")]
[INFO] [stdout]     |       --------------- the item is gated behind the `emf` feature
[INFO] [stdout]  11 | pub use metrique_writer_format_emf::{
[INFO] [stdout]  12 |     AllowSplitEntries, Emf, EmfBuilder, HighStorageResolution, HighStorageResolutionCtor,
[INFO] [stdout]     |                                                                ^^^^^^^^^^^^^^^^^^^^^^^^^
[INFO] [stdout] 
[INFO] [stdout] 
[INFO] [stdout] For more information about this error, try `rustc --explain E0432`.
[INFO] [stdout] 
[INFO] [stderr] error: could not compile `metrique` (test "enum_basic") due to 1 previous error
[INFO] [stdout] Some errors have detailed explanations: E0425, E0432, E0433.
[INFO] [stdout] 
[INFO] [stdout] For more information about an error, try `rustc --explain E0425`.
[INFO] [stdout] 
[INFO] [stderr] error: could not compile `metrique` (test "flags") due to 8 previous errors
[INFO] running `Command { std: "docker" "inspect" "d69cb36c629c6dbbfa59acae0eda311f9a4de5cd3ff73eb3e7d011133bd30306", kill_on_drop: false }`
[INFO] running `Command { std: "docker" "rm" "-f" "d69cb36c629c6dbbfa59acae0eda311f9a4de5cd3ff73eb3e7d011133bd30306", kill_on_drop: false }`
[INFO] [stdout] d69cb36c629c6dbbfa59acae0eda311f9a4de5cd3ff73eb3e7d011133bd30306
