[INFO] fetching crate metrique-metricsrs 0.1.26...
[INFO] testing metrique-metricsrs-0.1.26 against 1.100.0-beta.1+cargoflags=--release for beta-release-1.100-2
[INFO] extracting crate metrique-metricsrs 0.1.26 into /workspace/builds/worker-1-tc2/source
[INFO] started tweaking crates.io crate metrique-metricsrs 0.1.26
[INFO] finished tweaking crates.io crate metrique-metricsrs 0.1.26
[INFO] tweaked toml for crates.io crate metrique-metricsrs 0.1.26 written to /workspace/builds/worker-1-tc2/source/Cargo.toml
[INFO] validating manifest of crates.io crate metrique-metricsrs 0.1.26 on toolchain 1.100.0-beta.1
[INFO] running `Command { std: CARGO_HOME="/workspace/cargo-home" RUSTUP_HOME="/workspace/rustup-home" "/workspace/cargo-home/bin/cargo" "+1.100.0-beta.1" "metadata" "--manifest-path" "Cargo.toml" "--no-deps", kill_on_drop: false }`
[INFO] crate crates.io crate metrique-metricsrs 0.1.26 already has a lockfile, it will not be regenerated
[INFO] running `Command { std: CARGO_HOME="/workspace/cargo-home" RUSTUP_HOME="/workspace/rustup-home" "/workspace/cargo-home/bin/cargo" "+1.100.0-beta.1" "fetch" "--manifest-path" "Cargo.toml", kill_on_drop: false }`
[INFO] running `Command { std: "docker" "create" "-v" "/var/lib/crater-agent-workspace/builds/worker-1-tc2/source:/opt/rustwide/workdir:ro,Z" "-v" "/var/lib/crater-agent-workspace/builds/worker-1-tc2/target:/opt/rustwide/target:rw,Z" "-v" "/var/lib/crater-agent-workspace/cargo-home:/opt/rustwide/cargo-home:ro,Z" "-v" "/var/lib/crater-agent-workspace/rustup-home:/opt/rustwide/rustup-home:ro,Z" "-m" "1610612736" "--network" "none" "ghcr.io/rust-lang/crates-build-env/linux@sha256:77db811e55d90add9212f6832c23229e3de5f1c1f9905e8cb07319ea15df73ac" "sleep" "infinity", kill_on_drop: false }`
[INFO] [stdout] ee4c14114e84b4915712c1a09bbbf707642e99ad3d0c0bb11b6afc57bbabb3d9
[INFO] running `Command { std: "docker" "start" "ee4c14114e84b4915712c1a09bbbf707642e99ad3d0c0bb11b6afc57bbabb3d9", kill_on_drop: false }`
[INFO] running `Command { std: "docker" "inspect" "ee4c14114e84b4915712c1a09bbbf707642e99ad3d0c0bb11b6afc57bbabb3d9", kill_on_drop: false }`
[INFO] running `Command { std: "docker" "exec" "-e" "SOURCE_DIR=/opt/rustwide/workdir" "-e" "CARGO_HOME=/opt/rustwide/cargo-home" "-e" "RUSTUP_HOME=/opt/rustwide/rustup-home" "-e" "CARGO_TARGET_DIR=/opt/rustwide/target" "-w" "/opt/rustwide/workdir" "--user" "0:0" "ee4c14114e84b4915712c1a09bbbf707642e99ad3d0c0bb11b6afc57bbabb3d9" "/opt/rustwide/cargo-home/bin/cargo" "+1.100.0-beta.1" "metadata" "--no-deps" "--format-version=1", kill_on_drop: false }`
[INFO] running `Command { std: "docker" "inspect" "ee4c14114e84b4915712c1a09bbbf707642e99ad3d0c0bb11b6afc57bbabb3d9", kill_on_drop: false }`
[INFO] running `Command { std: "docker" "exec" "-e" "SOURCE_DIR=/opt/rustwide/workdir" "-e" "CARGO_HOME=/opt/rustwide/cargo-home" "-e" "RUSTUP_HOME=/opt/rustwide/rustup-home" "-e" "CARGO_TARGET_DIR=/opt/rustwide/target" "-e" "CARGO_INCREMENTAL=0" "-e" "RUST_BACKTRACE=full" "-e" "RUSTFLAGS=--cap-lints=warn" "-e" "RUSTDOCFLAGS=--cap-lints=warn" "-w" "/opt/rustwide/workdir" "--user" "0:0" "ee4c14114e84b4915712c1a09bbbf707642e99ad3d0c0bb11b6afc57bbabb3d9" "/opt/rustwide/cargo-home/bin/cargo" "+1.100.0-beta.1" "build" "--frozen" "--message-format=json" "--release", kill_on_drop: false }`
[INFO] [stderr]    Compiling zerocopy v0.8.57
[INFO] [stderr]    Compiling either v1.18.0
[INFO] [stderr]    Compiling libc v0.2.189
[INFO] [stderr]    Compiling futures-channel v0.3.34
[INFO] [stderr]    Compiling dtoa v1.0.11
[INFO] [stderr]    Compiling smallvec v1.16.1
[INFO] [stderr]    Compiling syn v3.0.5
[INFO] [stderr]    Compiling syn v2.0.119
[INFO] [stderr]    Compiling tokio v1.53.1
[INFO] [stderr]    Compiling metrique-timesource v0.1.10
[INFO] [stderr]    Compiling crossbeam-queue v0.3.14
[INFO] [stderr]    Compiling itertools v0.14.0
[INFO] [stderr]    Compiling getrandom v0.3.4
[INFO] [stderr]    Compiling rand_core v0.9.5
[INFO] [stderr]    Compiling tracing-attributes v0.1.31
[INFO] [stderr]    Compiling pin-project-internal v1.1.13
[INFO] [stderr]    Compiling darling_core v0.24.1
[INFO] [stderr]    Compiling synstructure v0.14.0
[INFO] [stderr]    Compiling pin-project v1.1.13
[INFO] [stderr]    Compiling tracing v0.1.44
[INFO] [stderr]    Compiling derive-where v1.7.0
[INFO] [stderr]    Compiling futures-macro v0.3.34
[INFO] [stderr]    Compiling thiserror-impl v2.0.20
[INFO] [stderr]    Compiling futures-util v0.3.34
[INFO] [stderr]    Compiling ppv-lite86 v0.2.21
[INFO] [stderr]    Compiling ahash v0.8.12
[INFO] [stderr]    Compiling thiserror v2.0.20
[INFO] [stderr]    Compiling histogram v0.11.5
[INFO] [stderr]    Compiling metrique-writer-core v0.1.22
[INFO] [stderr]    Compiling darling_macro v0.24.1
[INFO] [stderr]    Compiling rand_chacha v0.9.0
[INFO] [stderr]    Compiling darling v0.24.1
[INFO] [stderr]    Compiling rand v0.9.5
[INFO] [stderr]    Compiling metrique-core v0.1.24
[INFO] [stderr]    Compiling metrique-writer-macro v0.1.12
[INFO] [stderr]    Compiling metrique-writer v0.1.29
[INFO] [stderr]    Compiling futures-executor v0.3.34
[INFO] [stderr]    Compiling tokio-util v0.7.19
[INFO] [stderr]    Compiling futures v0.3.34
[INFO] [stderr]    Compiling metrique-metricsrs v0.1.26 (/opt/rustwide/workdir)
[INFO] [stderr]     Finished `release` profile [optimized] target(s) in 24.82s
[INFO] running `Command { std: "docker" "inspect" "ee4c14114e84b4915712c1a09bbbf707642e99ad3d0c0bb11b6afc57bbabb3d9", kill_on_drop: false }`
[INFO] running `Command { std: "docker" "exec" "-e" "SOURCE_DIR=/opt/rustwide/workdir" "-e" "CARGO_HOME=/opt/rustwide/cargo-home" "-e" "RUSTUP_HOME=/opt/rustwide/rustup-home" "-e" "CARGO_TARGET_DIR=/opt/rustwide/target" "-e" "CARGO_INCREMENTAL=0" "-e" "RUST_BACKTRACE=full" "-e" "RUSTFLAGS=--cap-lints=warn" "-e" "RUSTDOCFLAGS=--cap-lints=warn" "-w" "/opt/rustwide/workdir" "--user" "0:0" "ee4c14114e84b4915712c1a09bbbf707642e99ad3d0c0bb11b6afc57bbabb3d9" "/opt/rustwide/cargo-home/bin/cargo" "+1.100.0-beta.1" "test" "--frozen" "--no-run" "--message-format=json" "--release", kill_on_drop: false }`
[INFO] [stderr]    Compiling tokio-macros v2.7.2
[INFO] [stderr]    Compiling tracing-attributes v0.1.31
[INFO] [stderr]    Compiling aho-corasick v1.1.5
[INFO] [stderr]    Compiling toml_parser v1.1.3+spec-1.1.0
[INFO] [stderr]    Compiling rstest_macros v0.26.1
[INFO] [stderr]    Compiling pin-project-internal v1.1.13
[INFO] [stderr]    Compiling ordered-float v5.5.0
[INFO] [stderr]    Compiling relative-path v1.9.3
[INFO] [stderr]    Compiling tracing-subscriber v0.3.23
[INFO] [stderr]    Compiling crossbeam-channel v0.5.17
[INFO] [stderr]    Compiling futures-timer v3.0.4
[INFO] [stderr]    Compiling symlink v0.1.0
[INFO] [stderr]    Compiling time v0.3.55
[INFO] [stderr]    Compiling tokio v1.53.1
[INFO] [stderr]    Compiling toml_edit v0.25.15+spec-1.1.0
[INFO] [stderr]    Compiling pin-project v1.1.13
[INFO] [stderr]    Compiling tracing v0.1.44
[INFO] [stderr]    Compiling regex-automata v0.4.18
[INFO] [stderr]    Compiling proc-macro-crate v3.5.0
[INFO] [stderr]    Compiling metrique-writer-core v0.1.22
[INFO] [stderr]    Compiling metrique-timesource v0.1.10
[INFO] [stderr]    Compiling tokio-util v0.7.19
[INFO] [stderr]    Compiling metrique-core v0.1.24
[INFO] [stderr]    Compiling metrique-writer v0.1.29
[INFO] [stderr]    Compiling metrique-metricsrs v0.1.26 (/opt/rustwide/workdir)
[INFO] [stderr]    Compiling tracing-appender v0.2.5
[INFO] [stderr]    Compiling regex v1.13.1
[INFO] [stderr]    Compiling rstest v0.26.1
[INFO] [stdout] error[E0433]: cannot find module or crate `metrics_024` in this scope
[INFO] [stdout]    --> src/reporter.rs:579:13
[INFO] [stdout]     |
[INFO] [stdout] 579 |             metrics_024::counter!("counter_2").increment(1);
[INFO] [stdout]     |             ^^^^^^^^^^^ use of unresolved module or unlinked crate `metrics_024`
[INFO] [stdout] 
[INFO] [stdout] 
[INFO] [stdout] error[E0433]: cannot find module or crate `metrics_024` in this scope
[INFO] [stdout]    --> src/reporter.rs:578:13
[INFO] [stdout]     |
[INFO] [stdout] 578 |             metrics_024::counter!("counter_1").increment(0);
[INFO] [stdout]     |             ^^^^^^^^^^^ use of unresolved module or unlinked crate `metrics_024`
[INFO] [stdout] 
[INFO] [stdout] 
[INFO] [stdout] error[E0433]: cannot find module or crate `metrics_024` in this scope
[INFO] [stdout]    --> src/reporter.rs:570:13
[INFO] [stdout]     |
[INFO] [stdout] 570 |             metrics_024::counter!("counter_1").increment(1);
[INFO] [stdout]     |             ^^^^^^^^^^^ use of unresolved module or unlinked crate `metrics_024`
[INFO] [stdout] 
[INFO] [stdout] 
[INFO] [stdout] error[E0433]: cannot find module or crate `metrics_024` in this scope
[INFO] [stdout]    --> src/reporter.rs:512:13
[INFO] [stdout]     |
[INFO] [stdout] 512 |             metrics_024::counter!("counter_2").increment(1);
[INFO] [stdout]     |             ^^^^^^^^^^^ use of unresolved module or unlinked crate `metrics_024`
[INFO] [stdout] 
[INFO] [stdout] 
[INFO] [stdout] error[E0433]: cannot find module or crate `metrics_024` in this scope
[INFO] [stdout]    --> src/reporter.rs:511:13
[INFO] [stdout]     |
[INFO] [stdout] 511 |             metrics_024::counter!("counter_1").increment(0);
[INFO] [stdout]     |             ^^^^^^^^^^^ use of unresolved module or unlinked crate `metrics_024`
[INFO] [stdout] 
[INFO] [stdout] 
[INFO] [stdout] error[E0433]: cannot find module or crate `metrics_024` in this scope
[INFO] [stdout]    --> src/reporter.rs:504:13
[INFO] [stdout]     |
[INFO] [stdout] 504 |             metrics_024::counter!("counter_1").increment(1);
[INFO] [stdout]     |             ^^^^^^^^^^^ use of unresolved module or unlinked crate `metrics_024`
[INFO] [stdout] 
[INFO] [stdout] 
[INFO] [stdout] error[E0433]: cannot find module or crate `metrics_024` in this scope
[INFO] [stdout]    --> src/capture.rs:133:17
[INFO] [stdout]     |
[INFO] [stdout] 133 |                 metrics_024::histogram!("baz").record(1000);
[INFO] [stdout]     |                 ^^^^^^^^^^^ use of unresolved module or unlinked crate `metrics_024`
[INFO] [stdout] 
[INFO] [stdout] 
[INFO] [stdout] error[E0433]: cannot find module or crate `metrics_024` in this scope
[INFO] [stdout]    --> src/capture.rs:132:17
[INFO] [stdout]     |
[INFO] [stdout] 132 |                 metrics_024::histogram!("baz").record(101);
[INFO] [stdout]     |                 ^^^^^^^^^^^ use of unresolved module or unlinked crate `metrics_024`
[INFO] [stdout] 
[INFO] [stdout] 
[INFO] [stdout] error[E0433]: cannot find module or crate `metrics_024` in this scope
[INFO] [stdout]    --> src/capture.rs:131:17
[INFO] [stdout]     |
[INFO] [stdout] 131 |                 metrics_024::histogram!("baz").record(100);
[INFO] [stdout]     |                 ^^^^^^^^^^^ use of unresolved module or unlinked crate `metrics_024`
[INFO] [stdout] 
[INFO] [stdout] 
[INFO] [stdout] error[E0433]: cannot find module or crate `metrics_024` in this scope
[INFO] [stdout]    --> src/capture.rs:130:17
[INFO] [stdout]     |
[INFO] [stdout] 130 |                 metrics_024::gauge!("bar").set(5);
[INFO] [stdout]     |                 ^^^^^^^^^^^ use of unresolved module or unlinked crate `metrics_024`
[INFO] [stdout] 
[INFO] [stdout] 
[INFO] [stdout] error[E0433]: cannot find module or crate `metrics_024` in this scope
[INFO] [stdout]    --> src/capture.rs:128:17
[INFO] [stdout]     |
[INFO] [stdout] 128 |                 metrics_024::counter!("foo").increment(3);
[INFO] [stdout]     |                 ^^^^^^^^^^^ use of unresolved module or unlinked crate `metrics_024`
[INFO] [stdout] 
[INFO] [stdout] 
[INFO] [stdout] error[E0433]: cannot find module or crate `metrics_024` in this scope
[INFO] [stdout]    --> src/capture.rs:127:17
[INFO] [stdout]     |
[INFO] [stdout] 127 |                 metrics_024::counter!("foo").increment(9);
[INFO] [stdout]     |                 ^^^^^^^^^^^ use of unresolved module or unlinked crate `metrics_024`
[INFO] [stdout] 
[INFO] [stdout] 
[INFO] [stdout] error[E0433]: cannot find module or crate `metrics_024` in this scope
[INFO] [stdout]    --> src/capture.rs:112:13
[INFO] [stdout]     |
[INFO] [stdout] 112 |             metrics_024::histogram!("baz").record(1000);
[INFO] [stdout]     |             ^^^^^^^^^^^ use of unresolved module or unlinked crate `metrics_024`
[INFO] [stdout] 
[INFO] [stdout] 
[INFO] [stdout] error[E0433]: cannot find module or crate `metrics_024` in this scope
[INFO] [stdout]    --> src/capture.rs:111:13
[INFO] [stdout]     |
[INFO] [stdout] 111 |             metrics_024::histogram!("baz").record(101);
[INFO] [stdout]     |             ^^^^^^^^^^^ use of unresolved module or unlinked crate `metrics_024`
[INFO] [stdout] 
[INFO] [stdout] 
[INFO] [stdout] error[E0433]: cannot find module or crate `metrics_024` in this scope
[INFO] [stdout]    --> src/capture.rs:110:13
[INFO] [stdout]     |
[INFO] [stdout] 110 |             metrics_024::histogram!("baz").record(100);
[INFO] [stdout]     |             ^^^^^^^^^^^ use of unresolved module or unlinked crate `metrics_024`
[INFO] [stdout] 
[INFO] [stdout] 
[INFO] [stdout] error[E0433]: cannot find module or crate `metrics_024` in this scope
[INFO] [stdout]    --> src/capture.rs:109:13
[INFO] [stdout]     |
[INFO] [stdout] 109 |             metrics_024::gauge!("bar").set(5);
[INFO] [stdout]     |             ^^^^^^^^^^^ use of unresolved module or unlinked crate `metrics_024`
[INFO] [stdout] 
[INFO] [stdout] 
[INFO] [stdout] error[E0433]: cannot find module or crate `metrics_024` in this scope
[INFO] [stdout]    --> src/capture.rs:108:13
[INFO] [stdout]     |
[INFO] [stdout] 108 |             metrics_024::counter!("foo").increment(3);
[INFO] [stdout]     |             ^^^^^^^^^^^ use of unresolved module or unlinked crate `metrics_024`
[INFO] [stdout] 
[INFO] [stdout] 
[INFO] [stdout] error[E0433]: cannot find module or crate `metrics_024` in this scope
[INFO] [stdout]    --> src/capture.rs:107:13
[INFO] [stdout]     |
[INFO] [stdout] 107 |             metrics_024::counter!("foo").increment(9);
[INFO] [stdout]     |             ^^^^^^^^^^^ use of unresolved module or unlinked crate `metrics_024`
[INFO] [stdout] 
[INFO] [stdout] 
[INFO] [stdout] error[E0433]: cannot find module or crate `metrics_024` in this scope
[INFO] [stdout]   --> src/unit.rs:57:49
[INFO] [stdout]    |
[INFO] [stdout] 57 |             (metrique_writer_core::Unit::Count, metrics_024::Unit::Count),
[INFO] [stdout]    |                                                 ^^^^^^^^^^^ use of unresolved module or unlinked crate `metrics_024`
[INFO] [stdout]    |
[INFO] [stdout]    = help: if you wanted to use a crate named `metrics_024`, use `cargo add metrics_024` to add it to your `Cargo.toml`
[INFO] [stdout] 
[INFO] [stdout] 
[INFO] [stdout] error[E0433]: cannot find module or crate `metrics_024` in this scope
[INFO] [stdout]   --> src/unit.rs:60:17
[INFO] [stdout]    |
[INFO] [stdout] 60 |                 metrics_024::Unit::Percent,
[INFO] [stdout]    |                 ^^^^^^^^^^^ use of unresolved module or unlinked crate `metrics_024`
[INFO] [stdout]    |
[INFO] [stdout]    = help: if you wanted to use a crate named `metrics_024`, use `cargo add metrics_024` to add it to your `Cargo.toml`
[INFO] [stdout] 
[INFO] [stdout] 
[INFO] [stdout] error[E0433]: cannot find module or crate `metrics_024` in this scope
[INFO] [stdout]   --> src/unit.rs:64:17
[INFO] [stdout]    |
[INFO] [stdout] 64 |                 metrics_024::Unit::Microseconds,
[INFO] [stdout]    |                 ^^^^^^^^^^^ use of unresolved module or unlinked crate `metrics_024`
[INFO] [stdout]    |
[INFO] [stdout]    = help: if you wanted to use a crate named `metrics_024`, use `cargo add metrics_024` to add it to your `Cargo.toml`
[INFO] [stdout] 
[INFO] [stdout] 
[INFO] [stdout] error[E0433]: cannot find module or crate `metrics_024` in this scope
[INFO] [stdout]   --> src/unit.rs:68:17
[INFO] [stdout]    |
[INFO] [stdout] 68 |                 metrics_024::Unit::Milliseconds,
[INFO] [stdout]    |                 ^^^^^^^^^^^ use of unresolved module or unlinked crate `metrics_024`
[INFO] [stdout]    |
[INFO] [stdout]    = help: if you wanted to use a crate named `metrics_024`, use `cargo add metrics_024` to add it to your `Cargo.toml`
[INFO] [stdout] 
[INFO] [stdout] 
[INFO] [stdout] error[E0433]: cannot find module or crate `metrics_024` in this scope
[INFO] [stdout]   --> src/unit.rs:72:17
[INFO] [stdout]    |
[INFO] [stdout] 72 |                 metrics_024::Unit::Nanoseconds,
[INFO] [stdout]    |                 ^^^^^^^^^^^ use of unresolved module or unlinked crate `metrics_024`
[INFO] [stdout]    |
[INFO] [stdout]    = help: if you wanted to use a crate named `metrics_024`, use `cargo add metrics_024` to add it to your `Cargo.toml`
[INFO] [stdout] 
[INFO] [stdout] 
[INFO] [stdout] error[E0433]: cannot find module or crate `metrics_024` in this scope
[INFO] [stdout]   --> src/unit.rs:76:17
[INFO] [stdout]    |
[INFO] [stdout] 76 |                 metrics_024::Unit::Seconds,
[INFO] [stdout]    |                 ^^^^^^^^^^^ use of unresolved module or unlinked crate `metrics_024`
[INFO] [stdout]    |
[INFO] [stdout]    = help: if you wanted to use a crate named `metrics_024`, use `cargo add metrics_024` to add it to your `Cargo.toml`
[INFO] [stdout] 
[INFO] [stdout] 
[INFO] [stdout] error[E0433]: cannot find module or crate `metrics_024` in this scope
[INFO] [stdout]   --> src/unit.rs:80:17
[INFO] [stdout]    |
[INFO] [stdout] 80 |                 metrics_024::Unit::Bytes,
[INFO] [stdout]    |                 ^^^^^^^^^^^ use of unresolved module or unlinked crate `metrics_024`
[INFO] [stdout]    |
[INFO] [stdout]    = help: if you wanted to use a crate named `metrics_024`, use `cargo add metrics_024` to add it to your `Cargo.toml`
[INFO] [stdout] 
[INFO] [stdout] 
[INFO] [stdout] error[E0433]: cannot find module or crate `metrics_024` in this scope
[INFO] [stdout]   --> src/unit.rs:84:17
[INFO] [stdout]    |
[INFO] [stdout] 84 |                 metrics_024::Unit::Kibibytes,
[INFO] [stdout]    |                 ^^^^^^^^^^^ use of unresolved module or unlinked crate `metrics_024`
[INFO] [stdout]    |
[INFO] [stdout]    = help: if you wanted to use a crate named `metrics_024`, use `cargo add metrics_024` to add it to your `Cargo.toml`
[INFO] [stdout] 
[INFO] [stdout] 
[INFO] [stdout] error[E0433]: cannot find module or crate `metrics_024` in this scope
[INFO] [stdout]   --> src/unit.rs:88:17
[INFO] [stdout]    |
[INFO] [stdout] 88 |                 metrics_024::Unit::Mebibytes,
[INFO] [stdout]    |                 ^^^^^^^^^^^ use of unresolved module or unlinked crate `metrics_024`
[INFO] [stdout]    |
[INFO] [stdout]    = help: if you wanted to use a crate named `metrics_024`, use `cargo add metrics_024` to add it to your `Cargo.toml`
[INFO] [stdout] 
[INFO] [stdout] 
[INFO] [stdout] error[E0433]: cannot find module or crate `metrics_024` in this scope
[INFO] [stdout]   --> src/unit.rs:92:17
[INFO] [stdout]    |
[INFO] [stdout] 92 |                 metrics_024::Unit::Gibibytes,
[INFO] [stdout]    |                 ^^^^^^^^^^^ use of unresolved module or unlinked crate `metrics_024`
[INFO] [stdout]    |
[INFO] [stdout]    = help: if you wanted to use a crate named `metrics_024`, use `cargo add metrics_024` to add it to your `Cargo.toml`
[INFO] [stdout] 
[INFO] [stdout] 
[INFO] [stdout] error[E0433]: cannot find module or crate `metrics_024` in this scope
[INFO] [stdout]   --> src/unit.rs:96:17
[INFO] [stdout]    |
[INFO] [stdout] 96 |                 metrics_024::Unit::Tebibytes,
[INFO] [stdout]    |                 ^^^^^^^^^^^ use of unresolved module or unlinked crate `metrics_024`
[INFO] [stdout]    |
[INFO] [stdout]    = help: if you wanted to use a crate named `metrics_024`, use `cargo add metrics_024` to add it to your `Cargo.toml`
[INFO] [stdout] 
[INFO] [stdout] 
[INFO] [stdout] error[E0433]: cannot find module or crate `metrics_024` in this scope
[INFO] [stdout]    --> src/unit.rs:100:17
[INFO] [stdout]     |
[INFO] [stdout] 100 |                 metrics_024::Unit::Bytes,
[INFO] [stdout]     |                 ^^^^^^^^^^^ use of unresolved module or unlinked crate `metrics_024`
[INFO] [stdout]     |
[INFO] [stdout]     = help: if you wanted to use a crate named `metrics_024`, use `cargo add metrics_024` to add it to your `Cargo.toml`
[INFO] [stdout] 
[INFO] [stdout] 
[INFO] [stdout] error[E0433]: cannot find module or crate `metrics_024` in this scope
[INFO] [stdout]    --> src/unit.rs:104:17
[INFO] [stdout]     |
[INFO] [stdout] 104 |                 metrics_024::Unit::BitsPerSecond,
[INFO] [stdout]     |                 ^^^^^^^^^^^ use of unresolved module or unlinked crate `metrics_024`
[INFO] [stdout]     |
[INFO] [stdout]     = help: if you wanted to use a crate named `metrics_024`, use `cargo add metrics_024` to add it to your `Cargo.toml`
[INFO] [stdout] 
[INFO] [stdout] 
[INFO] [stdout] error[E0433]: cannot find module or crate `metrics_024` in this scope
[INFO] [stdout]    --> src/unit.rs:108:17
[INFO] [stdout]     |
[INFO] [stdout] 108 |                 metrics_024::Unit::KilobitsPerSecond,
[INFO] [stdout]     |                 ^^^^^^^^^^^ use of unresolved module or unlinked crate `metrics_024`
[INFO] [stdout]     |
[INFO] [stdout]     = help: if you wanted to use a crate named `metrics_024`, use `cargo add metrics_024` to add it to your `Cargo.toml`
[INFO] [stdout] 
[INFO] [stdout] 
[INFO] [stdout] error[E0433]: cannot find module or crate `metrics_024` in this scope
[INFO] [stdout]    --> src/unit.rs:112:17
[INFO] [stdout]     |
[INFO] [stdout] 112 |                 metrics_024::Unit::MegabitsPerSecond,
[INFO] [stdout]     |                 ^^^^^^^^^^^ use of unresolved module or unlinked crate `metrics_024`
[INFO] [stdout]     |
[INFO] [stdout]     = help: if you wanted to use a crate named `metrics_024`, use `cargo add metrics_024` to add it to your `Cargo.toml`
[INFO] [stdout] 
[INFO] [stdout] 
[INFO] [stdout] error[E0433]: cannot find module or crate `metrics_024` in this scope
[INFO] [stdout]    --> src/unit.rs:116:17
[INFO] [stdout]     |
[INFO] [stdout] 116 |                 metrics_024::Unit::GigabitsPerSecond,
[INFO] [stdout]     |                 ^^^^^^^^^^^ use of unresolved module or unlinked crate `metrics_024`
[INFO] [stdout]     |
[INFO] [stdout]     = help: if you wanted to use a crate named `metrics_024`, use `cargo add metrics_024` to add it to your `Cargo.toml`
[INFO] [stdout] 
[INFO] [stdout] 
[INFO] [stdout] error[E0433]: cannot find module or crate `metrics_024` in this scope
[INFO] [stdout]    --> src/unit.rs:120:17
[INFO] [stdout]     |
[INFO] [stdout] 120 |                 metrics_024::Unit::TerabitsPerSecond,
[INFO] [stdout]     |                 ^^^^^^^^^^^ use of unresolved module or unlinked crate `metrics_024`
[INFO] [stdout]     |
[INFO] [stdout]     = help: if you wanted to use a crate named `metrics_024`, use `cargo add metrics_024` to add it to your `Cargo.toml`
[INFO] [stdout] 
[INFO] [stdout] 
[INFO] [stdout] error[E0433]: cannot find module or crate `metrics_024` in this scope
[INFO] [stdout]    --> src/unit.rs:124:17
[INFO] [stdout]     |
[INFO] [stdout] 124 |                 metrics_024::Unit::CountPerSecond,
[INFO] [stdout]     |                 ^^^^^^^^^^^ use of unresolved module or unlinked crate `metrics_024`
[INFO] [stdout]     |
[INFO] [stdout]     = help: if you wanted to use a crate named `metrics_024`, use `cargo add metrics_024` to add it to your `Cargo.toml`
[INFO] [stdout] 
[INFO] [stdout] 
[INFO] [stdout] warning: unused import: `super::*`
[INFO] [stdout]   --> src/unit.rs:52:9
[INFO] [stdout]    |
[INFO] [stdout] 52 |     use super::*;
[INFO] [stdout]    |         ^^^^^^^^
[INFO] [stdout]    |
[INFO] [stdout]    = note: `#[warn(unused_imports)]` (part of `#[warn(unused)]`) on by default
[INFO] [stdout] 
[INFO] [stdout] 
[INFO] [stdout] error[E0433]: cannot find module or crate `metrics_024` in this scope
[INFO] [stdout]    --> src/capture.rs:106:57
[INFO] [stdout]     |
[INFO] [stdout] 106 |         let (metrics, _) = super::capture_metrics::<dyn metrics_024::Recorder, _, _>(|| {
[INFO] [stdout]     |                                                         ^^^^^^^^^^^ use of unresolved module or unlinked crate `metrics_024`
[INFO] [stdout]     |
[INFO] [stdout]     = help: if you wanted to use a crate named `metrics_024`, use `cargo add metrics_024` to add it to your `Cargo.toml`
[INFO] [stdout] 
[INFO] [stdout] 
[INFO] [stdout] error[E0433]: cannot find module or crate `metrics_024` in this scope
[INFO] [stdout]    --> src/capture.rs:126:48
[INFO] [stdout]     |
[INFO] [stdout] 126 |             super::capture_metrics_async::<dyn metrics_024::Recorder, _, _>(async move {
[INFO] [stdout]     |                                                ^^^^^^^^^^^ use of unresolved module or unlinked crate `metrics_024`
[INFO] [stdout]     |
[INFO] [stdout]     = help: if you wanted to use a crate named `metrics_024`, use `cargo add metrics_024` to add it to your `Cargo.toml`
[INFO] [stdout] 
[INFO] [stdout] 
[INFO] [stdout] error[E0433]: cannot find module or crate `metrics_024` in this scope
[INFO] [stdout]    --> src/reporter.rs:501:39
[INFO] [stdout]     |
[INFO] [stdout] 501 |             .metrics_rs_version::<dyn metrics_024::Recorder>();
[INFO] [stdout]     |                                       ^^^^^^^^^^^ use of unresolved module or unlinked crate `metrics_024`
[INFO] [stdout]     |
[INFO] [stdout]     = help: if you wanted to use a crate named `metrics_024`, use `cargo add metrics_024` to add it to your `Cargo.toml`
[INFO] [stdout] 
[INFO] [stdout] 
[INFO] [stdout] error[E0433]: cannot find module or crate `metrics_024` in this scope
[INFO] [stdout]    --> src/reporter.rs:503:9
[INFO] [stdout]     |
[INFO] [stdout] 503 |         metrics_024::with_local_recorder(&recorder, || {
[INFO] [stdout]     |         ^^^^^^^^^^^ use of unresolved module or unlinked crate `metrics_024`
[INFO] [stdout]     |
[INFO] [stdout]     = help: if you wanted to use a crate named `metrics_024`, use `cargo add metrics_024` to add it to your `Cargo.toml`
[INFO] [stdout] 
[INFO] [stdout] 
[INFO] [stdout] error[E0433]: cannot find module or crate `metrics_024` in this scope
[INFO] [stdout]    --> src/reporter.rs:510:9
[INFO] [stdout]     |
[INFO] [stdout] 510 |         metrics_024::with_local_recorder(&recorder, || {
[INFO] [stdout]     |         ^^^^^^^^^^^ use of unresolved module or unlinked crate `metrics_024`
[INFO] [stdout]     |
[INFO] [stdout]     = help: if you wanted to use a crate named `metrics_024`, use `cargo add metrics_024` to add it to your `Cargo.toml`
[INFO] [stdout] 
[INFO] [stdout] 
[INFO] [stdout] error[E0433]: cannot find module or crate `metrics_024` in this scope
[INFO] [stdout]    --> src/reporter.rs:567:39
[INFO] [stdout]     |
[INFO] [stdout] 567 |             .metrics_rs_version::<dyn metrics_024::Recorder>();
[INFO] [stdout]     |                                       ^^^^^^^^^^^ use of unresolved module or unlinked crate `metrics_024`
[INFO] [stdout]     |
[INFO] [stdout]     = help: if you wanted to use a crate named `metrics_024`, use `cargo add metrics_024` to add it to your `Cargo.toml`
[INFO] [stdout] 
[INFO] [stdout] 
[INFO] [stdout] error[E0433]: cannot find module or crate `metrics_024` in this scope
[INFO] [stdout]    --> src/reporter.rs:569:9
[INFO] [stdout]     |
[INFO] [stdout] 569 |         metrics_024::with_local_recorder(&recorder, || {
[INFO] [stdout]     |         ^^^^^^^^^^^ use of unresolved module or unlinked crate `metrics_024`
[INFO] [stdout]     |
[INFO] [stdout]     = help: if you wanted to use a crate named `metrics_024`, use `cargo add metrics_024` to add it to your `Cargo.toml`
[INFO] [stdout] 
[INFO] [stdout] 
[INFO] [stdout] error[E0433]: cannot find module or crate `metrics_024` in this scope
[INFO] [stdout]    --> src/reporter.rs:577:9
[INFO] [stdout]     |
[INFO] [stdout] 577 |         metrics_024::with_local_recorder(&recorder, || {
[INFO] [stdout]     |         ^^^^^^^^^^^ use of unresolved module or unlinked crate `metrics_024`
[INFO] [stdout]     |
[INFO] [stdout]     = help: if you wanted to use a crate named `metrics_024`, use `cargo add metrics_024` to add it to your `Cargo.toml`
[INFO] [stdout] 
[INFO] [stdout] 
[INFO] [stdout] error[E0433]: cannot find module or crate `metrics_024` in this scope
[INFO] [stdout]    --> src/reporter.rs:603:39
[INFO] [stdout]     |
[INFO] [stdout] 603 |             .metrics_rs_version::<dyn metrics_024::Recorder>();
[INFO] [stdout]     |                                       ^^^^^^^^^^^ use of unresolved module or unlinked crate `metrics_024`
[INFO] [stdout]     |
[INFO] [stdout]     = help: if you wanted to use a crate named `metrics_024`, use `cargo add metrics_024` to add it to your `Cargo.toml`
[INFO] [stdout] 
[INFO] [stdout] 
[INFO] [stdout] error[E0433]: cannot find type `NegativeScale` in this scope
[INFO] [stdout]   --> src/unit.rs:63:52
[INFO] [stdout]    |
[INFO] [stdout] 63 |                 metrique_writer_core::Unit::Second(NegativeScale::Micro),
[INFO] [stdout]    |                                                    ^^^^^^^^^^^^^ use of undeclared type `NegativeScale`
[INFO] [stdout] 
[INFO] [stdout] 
[INFO] [stdout] error[E0433]: cannot find type `NegativeScale` in this scope
[INFO] [stdout]   --> src/unit.rs:67:52
[INFO] [stdout]    |
[INFO] [stdout] 67 |                 metrique_writer_core::Unit::Second(NegativeScale::Milli),
[INFO] [stdout]    |                                                    ^^^^^^^^^^^^^ use of undeclared type `NegativeScale`
[INFO] [stdout] 
[INFO] [stdout] 
[INFO] [stdout] error[E0433]: cannot find type `NegativeScale` in this scope
[INFO] [stdout]   --> src/unit.rs:75:52
[INFO] [stdout]    |
[INFO] [stdout] 75 |                 metrique_writer_core::Unit::Second(NegativeScale::One),
[INFO] [stdout]    |                                                    ^^^^^^^^^^^^^ use of undeclared type `NegativeScale`
[INFO] [stdout] 
[INFO] [stdout] 
[INFO] [stdout] error[E0433]: cannot find type `PositiveScale` in this scope
[INFO] [stdout]   --> src/unit.rs:79:50
[INFO] [stdout]    |
[INFO] [stdout] 79 |                 metrique_writer_core::Unit::Byte(PositiveScale::One),
[INFO] [stdout]    |                                                  ^^^^^^^^^^^^^ use of undeclared type `PositiveScale`
[INFO] [stdout] 
[INFO] [stdout] 
[INFO] [stdout] error[E0433]: cannot find type `PositiveScale` in this scope
[INFO] [stdout]   --> src/unit.rs:99:50
[INFO] [stdout]    |
[INFO] [stdout] 99 |                 metrique_writer_core::Unit::Byte(PositiveScale::One),
[INFO] [stdout]    |                                                  ^^^^^^^^^^^^^ use of undeclared type `PositiveScale`
[INFO] [stdout] 
[INFO] [stdout] 
[INFO] [stdout] error[E0433]: cannot find type `PositiveScale` in this scope
[INFO] [stdout]    --> src/unit.rs:103:58
[INFO] [stdout]     |
[INFO] [stdout] 103 |                 metrique_writer_core::Unit::BitPerSecond(PositiveScale::One),
[INFO] [stdout]     |                                                          ^^^^^^^^^^^^^ use of undeclared type `PositiveScale`
[INFO] [stdout] 
[INFO] [stdout] 
[INFO] [stdout] error[E0433]: cannot find type `PositiveScale` in this scope
[INFO] [stdout]    --> src/unit.rs:107:58
[INFO] [stdout]     |
[INFO] [stdout] 107 |                 metrique_writer_core::Unit::BitPerSecond(PositiveScale::Kilo),
[INFO] [stdout]     |                                                          ^^^^^^^^^^^^^ use of undeclared type `PositiveScale`
[INFO] [stdout] 
[INFO] [stdout] 
[INFO] [stdout] error[E0433]: cannot find type `PositiveScale` in this scope
[INFO] [stdout]    --> src/unit.rs:111:58
[INFO] [stdout]     |
[INFO] [stdout] 111 |                 metrique_writer_core::Unit::BitPerSecond(PositiveScale::Mega),
[INFO] [stdout]     |                                                          ^^^^^^^^^^^^^ use of undeclared type `PositiveScale`
[INFO] [stdout] 
[INFO] [stdout] 
[INFO] [stdout] error[E0433]: cannot find type `PositiveScale` in this scope
[INFO] [stdout]    --> src/unit.rs:115:58
[INFO] [stdout]     |
[INFO] [stdout] 115 |                 metrique_writer_core::Unit::BitPerSecond(PositiveScale::Giga),
[INFO] [stdout]     |                                                          ^^^^^^^^^^^^^ use of undeclared type `PositiveScale`
[INFO] [stdout] 
[INFO] [stdout] 
[INFO] [stdout] error[E0433]: cannot find type `PositiveScale` in this scope
[INFO] [stdout]    --> src/unit.rs:119:58
[INFO] [stdout]     |
[INFO] [stdout] 119 |                 metrique_writer_core::Unit::BitPerSecond(PositiveScale::Tera),
[INFO] [stdout]     |                                                          ^^^^^^^^^^^^^ use of undeclared type `PositiveScale`
[INFO] [stdout] 
[INFO] [stdout] 
[INFO] [stdout] error[E0425]: cannot find function `metrics_024_unit_to_metrique_unit` in this scope
[INFO] [stdout]    --> src/unit.rs:128:13
[INFO] [stdout]     |
[INFO] [stdout] 128 |             metrics_024_unit_to_metrique_unit(None),
[INFO] [stdout]     |             ^^^^^^^^^^^^^^^^^^^^^^^^^^^^^^^^^ not found in this scope
[INFO] [stdout] 
[INFO] [stdout] 
[INFO] [stdout] error[E0425]: cannot find function `metrics_024_unit_to_metrique_unit` in this scope
[INFO] [stdout]    --> src/unit.rs:133:17
[INFO] [stdout]     |
[INFO] [stdout] 133 |                 metrics_024_unit_to_metrique_unit(Some(metrics_unit)),
[INFO] [stdout]     |                 ^^^^^^^^^^^^^^^^^^^^^^^^^^^^^^^^^ not found in this scope
[INFO] [stdout] 
[INFO] [stdout] 
[INFO] [stdout] Some errors have detailed explanations: E0425, E0433.
[INFO] [stdout] 
[INFO] [stdout] For more information about an error, try `rustc --explain E0425`.
[INFO] [stdout] 
[INFO] [stderr] error: could not compile `metrique-metricsrs` (lib test) due to 57 previous errors; 1 warning emitted
[INFO] running `Command { std: "docker" "inspect" "ee4c14114e84b4915712c1a09bbbf707642e99ad3d0c0bb11b6afc57bbabb3d9", kill_on_drop: false }`
[INFO] running `Command { std: "docker" "rm" "-f" "ee4c14114e84b4915712c1a09bbbf707642e99ad3d0c0bb11b6afc57bbabb3d9", kill_on_drop: false }`
[INFO] [stdout] ee4c14114e84b4915712c1a09bbbf707642e99ad3d0c0bb11b6afc57bbabb3d9
