[INFO] fetching crate meteroid-utoipa-axum 0.2.0...
[INFO] testing meteroid-utoipa-axum-0.2.0 against 1.99.0-beta.8+cargoflags=--release for beta-release-1.100-2
[INFO] extracting crate meteroid-utoipa-axum 0.2.0 into /workspace/builds/worker-1-tc1/source
[INFO] started tweaking crates.io crate meteroid-utoipa-axum 0.2.0
[INFO] finished tweaking crates.io crate meteroid-utoipa-axum 0.2.0
[INFO] tweaked toml for crates.io crate meteroid-utoipa-axum 0.2.0 written to /workspace/builds/worker-1-tc1/source/Cargo.toml
[INFO] validating manifest of crates.io crate meteroid-utoipa-axum 0.2.0 on toolchain 1.99.0-beta.8
[INFO] running `Command { std: CARGO_HOME="/workspace/cargo-home" RUSTUP_HOME="/workspace/rustup-home" "/workspace/cargo-home/bin/cargo" "+1.99.0-beta.8" "metadata" "--manifest-path" "Cargo.toml" "--no-deps", kill_on_drop: false }`
[INFO] crate crates.io crate meteroid-utoipa-axum 0.2.0 already has a lockfile, it will not be regenerated
[INFO] running `Command { std: CARGO_HOME="/workspace/cargo-home" RUSTUP_HOME="/workspace/rustup-home" "/workspace/cargo-home/bin/cargo" "+1.99.0-beta.8" "fetch" "--manifest-path" "Cargo.toml", kill_on_drop: false }`
[INFO] [stderr]     Updating crates.io index
[INFO] [stderr]  Downloading crates ...
[INFO] [stderr]   Downloaded quote v1.0.46
[INFO] [stderr]   Downloaded meteroid-utoipa v5.6.0
[INFO] [stderr]   Downloaded syn v2.0.118
[INFO] [stderr]   Downloaded meteroid-utoipa-gen v5.6.0
[INFO] running `Command { std: "docker" "create" "-v" "/var/lib/crater-agent-workspace/builds/worker-1-tc1/source:/opt/rustwide/workdir:ro,Z" "-v" "/var/lib/crater-agent-workspace/builds/worker-1-tc1/target:/opt/rustwide/target:rw,Z" "-v" "/var/lib/crater-agent-workspace/cargo-home:/opt/rustwide/cargo-home:ro,Z" "-v" "/var/lib/crater-agent-workspace/rustup-home:/opt/rustwide/rustup-home:ro,Z" "-m" "1610612736" "--network" "none" "ghcr.io/rust-lang/crates-build-env/linux@sha256:77db811e55d90add9212f6832c23229e3de5f1c1f9905e8cb07319ea15df73ac" "sleep" "infinity", kill_on_drop: false }`
[INFO] [stdout] 893c4280717e9b4aceb7833db098bae658dc09e6471d1fefb7634a728afdf3eb
[INFO] running `Command { std: "docker" "start" "893c4280717e9b4aceb7833db098bae658dc09e6471d1fefb7634a728afdf3eb", kill_on_drop: false }`
[INFO] running `Command { std: "docker" "inspect" "893c4280717e9b4aceb7833db098bae658dc09e6471d1fefb7634a728afdf3eb", kill_on_drop: false }`
[INFO] running `Command { std: "docker" "exec" "-e" "SOURCE_DIR=/opt/rustwide/workdir" "-e" "CARGO_HOME=/opt/rustwide/cargo-home" "-e" "RUSTUP_HOME=/opt/rustwide/rustup-home" "-e" "CARGO_TARGET_DIR=/opt/rustwide/target" "-w" "/opt/rustwide/workdir" "--user" "0:0" "893c4280717e9b4aceb7833db098bae658dc09e6471d1fefb7634a728afdf3eb" "/opt/rustwide/cargo-home/bin/cargo" "+1.99.0-beta.8" "metadata" "--no-deps" "--format-version=1", kill_on_drop: false }`
[INFO] running `Command { std: "docker" "inspect" "893c4280717e9b4aceb7833db098bae658dc09e6471d1fefb7634a728afdf3eb", kill_on_drop: false }`
[INFO] running `Command { std: "docker" "exec" "-e" "SOURCE_DIR=/opt/rustwide/workdir" "-e" "CARGO_HOME=/opt/rustwide/cargo-home" "-e" "RUSTUP_HOME=/opt/rustwide/rustup-home" "-e" "CARGO_TARGET_DIR=/opt/rustwide/target" "-e" "CARGO_INCREMENTAL=0" "-e" "RUST_BACKTRACE=full" "-e" "RUSTFLAGS=--cap-lints=warn" "-e" "RUSTDOCFLAGS=--cap-lints=warn" "-w" "/opt/rustwide/workdir" "--user" "0:0" "893c4280717e9b4aceb7833db098bae658dc09e6471d1fefb7634a728afdf3eb" "/opt/rustwide/cargo-home/bin/cargo" "+1.99.0-beta.8" "build" "--frozen" "--message-format=json" "--release", kill_on_drop: false }`
[INFO] [stderr]    Compiling serde_core v1.0.228
[INFO] [stderr]    Compiling quote v1.0.46
[INFO] [stderr]    Compiling futures-core v0.3.32
[INFO] [stderr]    Compiling bytes v1.12.0
[INFO] [stderr]    Compiling futures-task v0.3.32
[INFO] [stderr]    Compiling memchr v2.8.2
[INFO] [stderr]    Compiling serde_json v1.0.150
[INFO] [stderr]    Compiling hashbrown v0.17.1
[INFO] [stderr]    Compiling pastey v0.2.3
[INFO] [stderr]    Compiling futures-util v0.3.32
[INFO] [stderr]    Compiling syn v2.0.118
[INFO] [stderr]    Compiling http v1.4.2
[INFO] [stderr]    Compiling http-body v1.0.1
[INFO] [stderr]    Compiling http-body-util v0.1.3
[INFO] [stderr]    Compiling axum-core v0.5.6
[INFO] [stderr]    Compiling tower v0.5.3
[INFO] [stderr]    Compiling indexmap v2.14.0
[INFO] [stderr]    Compiling axum v0.8.9
[INFO] [stderr]    Compiling serde_derive v1.0.228
[INFO] [stderr]    Compiling meteroid-utoipa-gen v5.6.0
[INFO] [stderr]    Compiling serde v1.0.228
[INFO] [stderr]    Compiling meteroid-utoipa v5.6.0
[INFO] [stderr]    Compiling meteroid-utoipa-axum v0.2.0 (/opt/rustwide/workdir)
[INFO] [stderr]     Finished `release` profile [optimized] target(s) in 30.28s
[INFO] running `Command { std: "docker" "inspect" "893c4280717e9b4aceb7833db098bae658dc09e6471d1fefb7634a728afdf3eb", kill_on_drop: false }`
[INFO] running `Command { std: "docker" "exec" "-e" "SOURCE_DIR=/opt/rustwide/workdir" "-e" "CARGO_HOME=/opt/rustwide/cargo-home" "-e" "RUSTUP_HOME=/opt/rustwide/rustup-home" "-e" "CARGO_TARGET_DIR=/opt/rustwide/target" "-e" "CARGO_INCREMENTAL=0" "-e" "RUST_BACKTRACE=full" "-e" "RUSTFLAGS=--cap-lints=warn" "-e" "RUSTDOCFLAGS=--cap-lints=warn" "-w" "/opt/rustwide/workdir" "--user" "0:0" "893c4280717e9b4aceb7833db098bae658dc09e6471d1fefb7634a728afdf3eb" "/opt/rustwide/cargo-home/bin/cargo" "+1.99.0-beta.8" "test" "--frozen" "--no-run" "--message-format=json" "--release", kill_on_drop: false }`
[INFO] [stderr]    Compiling serde_core v1.0.228
[INFO] [stderr]    Compiling libc v0.2.186
[INFO] [stderr]    Compiling serde_json v1.0.150
[INFO] [stderr]    Compiling getrandom v0.4.3
[INFO] [stderr]    Compiling rustix v1.1.4
[INFO] [stderr]    Compiling linux-raw-sys v0.12.1
[INFO] [stderr]    Compiling bitflags v2.13.0
[INFO] [stderr]    Compiling fastrand v2.4.1
[INFO] [stderr]    Compiling tokio-macros v2.7.0
[INFO] [stderr]    Compiling similar v2.7.0
[INFO] [stderr]    Compiling tokio v1.52.3
[INFO] [stderr]    Compiling console v0.16.4
[INFO] [stderr]    Compiling tempfile v3.27.0
[INFO] [stderr]    Compiling serde v1.0.228
[INFO] [stderr]    Compiling indexmap v2.14.0
[INFO] [stderr]    Compiling serde_path_to_error v0.1.20
[INFO] [stderr]    Compiling insta v1.48.0
[INFO] [stderr]    Compiling meteroid-utoipa v5.6.0
[INFO] [stderr]    Compiling axum v0.8.9
[INFO] [stderr]    Compiling meteroid-utoipa-axum v0.2.0 (/opt/rustwide/workdir)
[INFO] [stdout] error[E0277]: `Paths` doesn't implement `Debug`
[INFO] [stdout]    --> src/lib.rs:297:9
[INFO] [stdout]     |
[INFO] [stdout] 297 |         assert_eq!(expected_paths.build(), paths);
[INFO] [stdout]     |         ^^^^^^^^^^^^^^^^^^^^^^^^^^^^^^^^^^^^^^^^^ the trait `Debug` is not implemented for `Paths`
[INFO] [stdout] 
[INFO] [stdout] 
[INFO] [stdout] error[E0277]: `Paths` doesn't implement `Debug`
[INFO] [stdout]    --> src/lib.rs:297:9
[INFO] [stdout]     |
[INFO] [stdout] 297 |         assert_eq!(expected_paths.build(), paths);
[INFO] [stdout]     |         ^^^^^^^^^^^^^^^^^^^^^^^^^^^^^^^^^^^^^^^^^ the trait `Debug` is not implemented for `Paths`
[INFO] [stdout] 
[INFO] [stdout] 
[INFO] [stdout] error[E0277]: `Paths` doesn't implement `Debug`
[INFO] [stdout]    --> src/lib.rs:339:9
[INFO] [stdout]     |
[INFO] [stdout] 339 |         assert_eq!(expected_paths.build(), paths);
[INFO] [stdout]     |         ^^^^^^^^^^^^^^^^^^^^^^^^^^^^^^^^^^^^^^^^^ the trait `Debug` is not implemented for `Paths`
[INFO] [stdout] 
[INFO] [stdout] 
[INFO] [stdout] error[E0277]: `Paths` doesn't implement `Debug`
[INFO] [stdout]    --> src/lib.rs:339:9
[INFO] [stdout]     |
[INFO] [stdout] 339 |         assert_eq!(expected_paths.build(), paths);
[INFO] [stdout]     |         ^^^^^^^^^^^^^^^^^^^^^^^^^^^^^^^^^^^^^^^^^ the trait `Debug` is not implemented for `Paths`
[INFO] [stdout] 
[INFO] [stdout] 
[INFO] [stdout] error[E0277]: `Paths` doesn't implement `Debug`
[INFO] [stdout]    --> src/lib.rs:382:9
[INFO] [stdout]     |
[INFO] [stdout] 382 |         assert_eq!(expected_paths.build(), paths);
[INFO] [stdout]     |         ^^^^^^^^^^^^^^^^^^^^^^^^^^^^^^^^^^^^^^^^^ the trait `Debug` is not implemented for `Paths`
[INFO] [stdout] 
[INFO] [stdout] 
[INFO] [stdout] error[E0277]: `Paths` doesn't implement `Debug`
[INFO] [stdout]    --> src/lib.rs:382:9
[INFO] [stdout]     |
[INFO] [stdout] 382 |         assert_eq!(expected_paths.build(), paths);
[INFO] [stdout]     |         ^^^^^^^^^^^^^^^^^^^^^^^^^^^^^^^^^^^^^^^^^ the trait `Debug` is not implemented for `Paths`
[INFO] [stdout] 
[INFO] [stdout] 
[INFO] [stdout] error[E0277]: `utoipa::openapi::RefOr<Schema>` doesn't implement `Debug`
[INFO] [stdout]    --> src/lib.rs:383:9
[INFO] [stdout]     |
[INFO] [stdout] 383 |         assert_eq!(expected_schemas, schemas);
[INFO] [stdout]     |         ^^^^^^^^^^^^^^^^^^^^^^^^^^^^^^^^^^^^^ the trait `Debug` is not implemented for `utoipa::openapi::RefOr<Schema>`
[INFO] [stdout]     |
[INFO] [stdout] help: the trait `Debug` is conditionally implemented for `BTreeMap<K, V, A>`
[INFO] [stdout]    --> /rustc/dfb0accb7f508ae8be965d8629557221c889dd98/library/alloc/src/collections/btree/map.rs:2632:18
[INFO] [stdout]     |
[INFO] [stdout]     = note: unsatisfied requirement introduced here: `utoipa::openapi::RefOr<Schema>: Debug`
[INFO] [stdout] 
[INFO] [stdout] 
[INFO] [stdout] error[E0277]: `utoipa::openapi::RefOr<Schema>` doesn't implement `Debug`
[INFO] [stdout]    --> src/lib.rs:383:9
[INFO] [stdout]     |
[INFO] [stdout] 383 |         assert_eq!(expected_schemas, schemas);
[INFO] [stdout]     |         ^^^^^^^^^^^^^^^^^^^^^^^^^^^^^^^^^^^^^ the trait `Debug` is not implemented for `utoipa::openapi::RefOr<Schema>`
[INFO] [stdout]     |
[INFO] [stdout] help: the trait `Debug` is conditionally implemented for `BTreeMap<K, V, A>`
[INFO] [stdout]    --> /rustc/dfb0accb7f508ae8be965d8629557221c889dd98/library/alloc/src/collections/btree/map.rs:2632:18
[INFO] [stdout]     |
[INFO] [stdout]     = note: unsatisfied requirement introduced here: `utoipa::openapi::RefOr<Schema>: Debug`
[INFO] [stdout] 
[INFO] [stdout] 
[INFO] [stdout] error[E0277]: `Paths` doesn't implement `Debug`
[INFO] [stdout]    --> src/lib.rs:426:9
[INFO] [stdout]     |
[INFO] [stdout] 426 |         assert_eq!(expected_paths.build(), paths);
[INFO] [stdout]     |         ^^^^^^^^^^^^^^^^^^^^^^^^^^^^^^^^^^^^^^^^^ the trait `Debug` is not implemented for `Paths`
[INFO] [stdout] 
[INFO] [stdout] 
[INFO] [stdout] error[E0277]: `Paths` doesn't implement `Debug`
[INFO] [stdout]    --> src/lib.rs:426:9
[INFO] [stdout]     |
[INFO] [stdout] 426 |         assert_eq!(expected_paths.build(), paths);
[INFO] [stdout]     |         ^^^^^^^^^^^^^^^^^^^^^^^^^^^^^^^^^^^^^^^^^ the trait `Debug` is not implemented for `Paths`
[INFO] [stdout] 
[INFO] [stdout] 
[INFO] [stdout] For more information about this error, try `rustc --explain E0277`.
[INFO] [stdout] 
[INFO] [stderr] error: could not compile `meteroid-utoipa-axum` (lib test) due to 10 previous errors
[INFO] running `Command { std: "docker" "inspect" "893c4280717e9b4aceb7833db098bae658dc09e6471d1fefb7634a728afdf3eb", kill_on_drop: false }`
[INFO] running `Command { std: "docker" "rm" "-f" "893c4280717e9b4aceb7833db098bae658dc09e6471d1fefb7634a728afdf3eb", kill_on_drop: false }`
[INFO] [stdout] 893c4280717e9b4aceb7833db098bae658dc09e6471d1fefb7634a728afdf3eb
