[INFO] fetching crate mesh-llm-hf-hub 1.0.2...
[INFO] testing mesh-llm-hf-hub-1.0.2 against 1.100.0-beta.1+cargoflags=--release for beta-release-1.100-2
[INFO] extracting crate mesh-llm-hf-hub 1.0.2 into /workspace/builds/worker-1-tc2/source
[INFO] started tweaking crates.io crate mesh-llm-hf-hub 1.0.2
[INFO] removed 0 missing tests
[INFO] finished tweaking crates.io crate mesh-llm-hf-hub 1.0.2
[INFO] tweaked toml for crates.io crate mesh-llm-hf-hub 1.0.2 written to /workspace/builds/worker-1-tc2/source/Cargo.toml
[INFO] validating manifest of crates.io crate mesh-llm-hf-hub 1.0.2 on toolchain 1.100.0-beta.1
[INFO] running `Command { std: CARGO_HOME="/workspace/cargo-home" RUSTUP_HOME="/workspace/rustup-home" "/workspace/cargo-home/bin/cargo" "+1.100.0-beta.1" "metadata" "--manifest-path" "Cargo.toml" "--no-deps", kill_on_drop: false }`
[INFO] crate crates.io crate mesh-llm-hf-hub 1.0.2 already has a lockfile, it will not be regenerated
[INFO] running `Command { std: CARGO_HOME="/workspace/cargo-home" RUSTUP_HOME="/workspace/rustup-home" "/workspace/cargo-home/bin/cargo" "+1.100.0-beta.1" "fetch" "--manifest-path" "Cargo.toml", kill_on_drop: false }`
[INFO] [stderr] warning: `package.homepage` is redundant with `package.repository`
[INFO] [stderr]   --> Cargo.toml:95:12
[INFO] [stderr]    |
[INFO] [stderr] 95 | homepage = "https://github.com/Mesh-LLM/hf-hub"
[INFO] [stderr]    |            ^^^^^^^^^^^^^^^^^^^^^^^^^^^^^^^^^^^^
[INFO] [stderr] ...
[INFO] [stderr] 99 | repository = "https://github.com/Mesh-LLM/hf-hub"
[INFO] [stderr]    |              ------------------------------------
[INFO] [stderr]    |
[INFO] [stderr]    = note: `cargo::redundant_homepage` is set to `warn` by default
[INFO] [stderr] help: consider removing `package.homepage`
[INFO] [stderr] warning: `mesh-llm-hf-hub` (manifest) generated 1 warning
[INFO] running `Command { std: "docker" "create" "-v" "/var/lib/crater-agent-workspace/builds/worker-1-tc2/source:/opt/rustwide/workdir:ro,Z" "-v" "/var/lib/crater-agent-workspace/builds/worker-1-tc2/target:/opt/rustwide/target:rw,Z" "-v" "/var/lib/crater-agent-workspace/cargo-home:/opt/rustwide/cargo-home:ro,Z" "-v" "/var/lib/crater-agent-workspace/rustup-home:/opt/rustwide/rustup-home:ro,Z" "-m" "1610612736" "--network" "none" "ghcr.io/rust-lang/crates-build-env/linux@sha256:77db811e55d90add9212f6832c23229e3de5f1c1f9905e8cb07319ea15df73ac" "sleep" "infinity", kill_on_drop: false }`
[INFO] [stdout] cb4690b384866a5f384e7a6779d043587c3fa28eb5c550f98e5d123cca7ce591
[INFO] running `Command { std: "docker" "start" "cb4690b384866a5f384e7a6779d043587c3fa28eb5c550f98e5d123cca7ce591", kill_on_drop: false }`
[INFO] running `Command { std: "docker" "inspect" "cb4690b384866a5f384e7a6779d043587c3fa28eb5c550f98e5d123cca7ce591", kill_on_drop: false }`
[INFO] running `Command { std: "docker" "exec" "-e" "SOURCE_DIR=/opt/rustwide/workdir" "-e" "CARGO_HOME=/opt/rustwide/cargo-home" "-e" "RUSTUP_HOME=/opt/rustwide/rustup-home" "-e" "CARGO_TARGET_DIR=/opt/rustwide/target" "-w" "/opt/rustwide/workdir" "--user" "0:0" "cb4690b384866a5f384e7a6779d043587c3fa28eb5c550f98e5d123cca7ce591" "/opt/rustwide/cargo-home/bin/cargo" "+1.100.0-beta.1" "metadata" "--no-deps" "--format-version=1", kill_on_drop: false }`
[INFO] running `Command { std: "docker" "inspect" "cb4690b384866a5f384e7a6779d043587c3fa28eb5c550f98e5d123cca7ce591", kill_on_drop: false }`
[INFO] running `Command { std: "docker" "exec" "-e" "SOURCE_DIR=/opt/rustwide/workdir" "-e" "CARGO_HOME=/opt/rustwide/cargo-home" "-e" "RUSTUP_HOME=/opt/rustwide/rustup-home" "-e" "CARGO_TARGET_DIR=/opt/rustwide/target" "-e" "CARGO_INCREMENTAL=0" "-e" "RUST_BACKTRACE=full" "-e" "RUSTFLAGS=--cap-lints=warn" "-e" "RUSTDOCFLAGS=--cap-lints=warn" "-w" "/opt/rustwide/workdir" "--user" "0:0" "cb4690b384866a5f384e7a6779d043587c3fa28eb5c550f98e5d123cca7ce591" "/opt/rustwide/cargo-home/bin/cargo" "+1.100.0-beta.1" "build" "--frozen" "--message-format=json" "--release", kill_on_drop: false }`
[INFO] [stderr] warning: `package.homepage` is redundant with `package.repository`
[INFO] [stderr]   --> Cargo.toml:95:12
[INFO] [stderr]    |
[INFO] [stderr] 95 | homepage = "https://github.com/Mesh-LLM/hf-hub"
[INFO] [stderr]    |            ^^^^^^^^^^^^^^^^^^^^^^^^^^^^^^^^^^^^
[INFO] [stderr] ...
[INFO] [stderr] 99 | repository = "https://github.com/Mesh-LLM/hf-hub"
[INFO] [stderr]    |              ------------------------------------
[INFO] [stderr]    |
[INFO] [stderr]    = note: `cargo::redundant_homepage` is set to `warn` by default
[INFO] [stderr] help: consider removing `package.homepage`
[INFO] [stderr] warning: `mesh-llm-hf-hub` (manifest) generated 1 warning
[INFO] [stderr]    Compiling libc v0.2.183
[INFO] [stderr]    Compiling aws-lc-rs v1.16.3
[INFO] [stderr]    Compiling http v1.4.0
[INFO] [stderr]    Compiling zerovec-derive v0.11.2
[INFO] [stderr]    Compiling zerofrom-derive v0.1.6
[INFO] [stderr]    Compiling yoke-derive v0.8.1
[INFO] [stderr]    Compiling litemap v0.8.1
[INFO] [stderr]    Compiling typenum v1.19.0
[INFO] [stderr]    Compiling futures-util v0.3.32
[INFO] [stderr]    Compiling tracing v0.1.44
[INFO] [stderr]    Compiling aho-corasick v1.1.4
[INFO] [stderr]    Compiling icu_normalizer_data v2.1.1
[INFO] [stderr]    Compiling icu_properties_data v2.1.2
[INFO] [stderr]    Compiling jobserver v0.1.34
[INFO] [stderr]    Compiling hashbrown v0.16.1
[INFO] [stderr]    Compiling cc v1.2.57
[INFO] [stderr]    Compiling zerofrom v0.1.6
[INFO] [stderr]    Compiling mio v1.2.0
[INFO] [stderr]    Compiling yoke v0.8.1
[INFO] [stderr]    Compiling zerovec v0.11.5
[INFO] [stderr]    Compiling socket2 v0.6.3
[INFO] [stderr]    Compiling zerotrie v0.2.3
[INFO] [stderr]    Compiling regex-automata v0.4.14
[INFO] [stderr]    Compiling http-body v1.0.1
[INFO] [stderr]    Compiling rustls v0.23.37
[INFO] [stderr]    Compiling tokio v1.51.0
[INFO] [stderr]    Compiling cmake v0.1.57
[INFO] [stderr]    Compiling tinystr v0.8.2
[INFO] [stderr]    Compiling icu_locale_core v2.1.1
[INFO] [stderr]    Compiling potential_utf v0.1.4
[INFO] [stderr]    Compiling icu_collections v2.1.1
[INFO] [stderr]    Compiling aws-lc-sys v0.40.0
[INFO] [stderr]    Compiling indexmap v2.13.0
[INFO] [stderr]    Compiling num-traits v0.2.19
[INFO] [stderr]    Compiling unicase v2.9.0
[INFO] [stderr]    Compiling getrandom v0.4.2
[INFO] [stderr]    Compiling icu_provider v2.1.1
[INFO] [stderr]    Compiling mime_guess v2.0.5
[INFO] [stderr]    Compiling serde_json v1.0.149
[INFO] [stderr]    Compiling icu_properties v2.1.2
[INFO] [stderr]    Compiling icu_normalizer v2.1.1
[INFO] [stderr]    Compiling idna_adapter v1.2.1
[INFO] [stderr]    Compiling zerocopy v0.8.42
[INFO] [stderr]    Compiling idna v1.1.0
[INFO] [stderr]    Compiling lazy_static v1.5.0
[INFO] [stderr]    Compiling anyhow v1.0.103
[INFO] [stderr]    Compiling iri-string v0.7.10
[INFO] [stderr]    Compiling bstr v1.12.1
[INFO] [stderr]    Compiling matchers v0.2.0
[INFO] [stderr]    Compiling dirs-sys v0.5.0
[INFO] [stderr]    Compiling serde_urlencoded v0.7.1
[INFO] [stderr]    Compiling sharded-slab v0.1.7
[INFO] [stderr]    Compiling url v2.5.8
[INFO] [stderr]    Compiling tokio-util v0.7.18
[INFO] [stderr]    Compiling tower v0.5.3
[INFO] [stderr]    Compiling h2 v0.4.13
[INFO] [stderr]    Compiling tower-http v0.6.8
[INFO] [stderr]    Compiling tracing-serde v0.2.0
[INFO] [stderr]    Compiling http-body-util v0.1.3
[INFO] [stderr]    Compiling getrandom v0.2.17
[INFO] [stderr]    Compiling tracing-log v0.2.0
[INFO] [stderr]    Compiling pin-project-internal v1.1.11
[INFO] [stderr]    Compiling thread_local v1.1.9
[INFO] [stderr]    Compiling nu-ansi-term v0.50.3
[INFO] [stderr]    Compiling typewit v1.14.2
[INFO] [stderr]    Compiling const_panic v0.2.15
[INFO] [stderr]    Compiling tracing-subscriber v0.3.23
[INFO] [stderr]    Compiling pin-project v1.1.11
[INFO] [stderr]    Compiling time v0.3.47
[INFO] [stderr]    Compiling hyper v1.9.0
[INFO] [stderr]    Compiling hyper-util v0.1.20
[INFO] [stderr]    Compiling ppv-lite86 v0.2.21
[INFO] [stderr]    Compiling rand_core v0.6.4
[INFO] [stderr]    Compiling generic-array v0.14.7
[INFO] [stderr]    Compiling crossbeam-channel v0.5.15
[INFO] [stderr]    Compiling dirs v6.0.0
[INFO] [stderr]    Compiling chacha20 v0.10.0
[INFO] [stderr]    Compiling futures-executor v0.3.32
[INFO] [stderr]    Compiling blake3 v1.8.3
[INFO] [stderr]    Compiling git-version-macro v0.3.9
[INFO] [stderr]    Compiling os_str_bytes v6.6.1
[INFO] [stderr]    Compiling linktime-proc-macro v0.1.0
[INFO] [stderr]    Compiling konst_proc_macros v0.4.1
[INFO] [stderr]    Compiling link-section v0.16.1
[INFO] [stderr]    Compiling chrono v0.4.44
[INFO] [stderr]    Compiling git-version v0.3.9
[INFO] [stderr]    Compiling ctor v1.0.5
[INFO] [stderr]    Compiling shellexpand v3.1.2
[INFO] [stderr]    Compiling futures v0.3.32
[INFO] [stderr]    Compiling rand v0.10.1
[INFO] [stderr]    Compiling konst v0.4.3
[INFO] [stderr]    Compiling tracing-appender v0.2.4
[INFO] [stderr]    Compiling rand_chacha v0.3.1
[INFO] [stderr]    Compiling sha2-asm v0.6.4
[INFO] [stderr]    Compiling whoami v2.1.1
[INFO] [stderr]    Compiling sysinfo v0.38.4
[INFO] [stderr]    Compiling colored v3.1.1
[INFO] [stderr]    Compiling redb v3.1.2
[INFO] [stderr]    Compiling twox-hash v2.1.2
[INFO] [stderr]    Compiling const-str v1.1.0
[INFO] [stderr]    Compiling oneshot v0.1.13
[INFO] [stderr]    Compiling more-asserts v0.3.1
[INFO] [stderr]    Compiling darling_core v0.23.0
[INFO] [stderr]    Compiling itertools v0.14.0
[INFO] [stderr]    Compiling lz4_flex v0.13.0
[INFO] [stderr]    Compiling rand v0.8.6
[INFO] [stderr]    Compiling crypto-common v0.1.7
[INFO] [stderr]    Compiling block-buffer v0.10.4
[INFO] [stderr]    Compiling regex v1.12.3
[INFO] [stderr]    Compiling approx v0.5.1
[INFO] [stderr]    Compiling uuid v1.22.0
[INFO] [stderr]    Compiling hybrid-array v0.4.10
[INFO] [stderr]    Compiling countio v0.3.0
[INFO] [stderr]    Compiling safe-transmute v0.11.3
[INFO] [stderr]    Compiling heapify v0.2.0
[INFO] [stderr]    Compiling bytemuck v1.25.0
[INFO] [stderr]    Compiling tempfile v3.27.0
[INFO] [stderr]    Compiling tokio-retry v0.3.0
[INFO] [stderr]    Compiling statrs v0.18.0
[INFO] [stderr]    Compiling digest v0.10.7
[INFO] [stderr]    Compiling serde_repr v0.1.20
[INFO] [stderr]    Compiling darling_macro v0.23.0
[INFO] [stderr]    Compiling urlencoding v2.1.3
[INFO] [stderr]    Compiling gearhash v0.1.3
[INFO] [stderr]    Compiling darling v0.23.0
[INFO] [stderr]    Compiling sha2 v0.10.9
[INFO] [stderr]    Compiling prettyplease v0.2.37
[INFO] [stderr]    Compiling crypto-common v0.2.1
[INFO] [stderr]    Compiling block-buffer v0.12.0
[INFO] [stderr]    Compiling const-oid v0.10.2
[INFO] [stderr]    Compiling globset v0.4.18
[INFO] [stderr]    Compiling pathdiff v0.2.3
[INFO] [stderr]    Compiling bon-macros v3.9.1
[INFO] [stderr]    Compiling digest v0.11.2
[INFO] [stderr]    Compiling sha2 v0.11.0
[INFO] [stderr]    Compiling bon v3.9.1
[INFO] [stderr]    Compiling rustls-webpki v0.103.13
[INFO] [stderr]    Compiling tokio-rustls v0.26.4
[INFO] [stderr]    Compiling rustls-platform-verifier v0.6.2
[INFO] [stderr]    Compiling hyper-rustls v0.27.7
[INFO] [stderr]    Compiling reqwest v0.13.2
[INFO] [stderr]    Compiling xet-runtime v1.5.3
[INFO] [stderr]    Compiling reqwest-middleware v0.5.1
[INFO] [stderr]    Compiling xet-core-structures v1.5.3
[INFO] [stderr]    Compiling xet-client v1.5.3
[INFO] [stderr]    Compiling xet-data v1.5.3
[INFO] [stderr]    Compiling hf-xet v1.5.3
[INFO] [stderr]    Compiling mesh-llm-hf-hub v1.0.2 (/opt/rustwide/workdir)
[INFO] [stdout] warning: function `is_relative_location` is never used
[INFO] [stdout]   --> src/client.rs:74:4
[INFO] [stdout]    |
[INFO] [stdout] 74 | fn is_relative_location(location: &str) -> bool {
[INFO] [stdout]    |    ^^^^^^^^^^^^^^^^^^^^
[INFO] [stdout]    |
[INFO] [stdout]    = note: `#[warn(dead_code)]` (part of `#[warn(unused)]`) on by default
[INFO] [stdout] 
[INFO] [stdout] 
[INFO] [stdout] warning: method `head_with_relative_redirects` is never used
[INFO] [stdout]    --> src/client.rs:424:25
[INFO] [stdout]     |
[INFO] [stdout] 315 | impl HFClient {
[INFO] [stdout]     | ------------- method in this implementation
[INFO] [stdout] ...
[INFO] [stdout] 424 |     pub(crate) async fn head_with_relative_redirects(
[INFO] [stdout]     |                         ^^^^^^^^^^^^^^^^^^^^^^^^^^^^
[INFO] [stdout] 
[INFO] [stdout] 
[INFO] [stderr]     Finished `release` profile [optimized] target(s) in 7m 54s
[INFO] running `Command { std: "docker" "inspect" "cb4690b384866a5f384e7a6779d043587c3fa28eb5c550f98e5d123cca7ce591", kill_on_drop: false }`
[INFO] running `Command { std: "docker" "exec" "-e" "SOURCE_DIR=/opt/rustwide/workdir" "-e" "CARGO_HOME=/opt/rustwide/cargo-home" "-e" "RUSTUP_HOME=/opt/rustwide/rustup-home" "-e" "CARGO_TARGET_DIR=/opt/rustwide/target" "-e" "CARGO_INCREMENTAL=0" "-e" "RUST_BACKTRACE=full" "-e" "RUSTFLAGS=--cap-lints=warn" "-e" "RUSTDOCFLAGS=--cap-lints=warn" "-w" "/opt/rustwide/workdir" "--user" "0:0" "cb4690b384866a5f384e7a6779d043587c3fa28eb5c550f98e5d123cca7ce591" "/opt/rustwide/cargo-home/bin/cargo" "+1.100.0-beta.1" "test" "--frozen" "--no-run" "--message-format=json" "--release", kill_on_drop: false }`
[INFO] [stderr] warning: `package.homepage` is redundant with `package.repository`
[INFO] [stderr]   --> Cargo.toml:95:12
[INFO] [stderr]    |
[INFO] [stderr] 95 | homepage = "https://github.com/Mesh-LLM/hf-hub"
[INFO] [stderr]    |            ^^^^^^^^^^^^^^^^^^^^^^^^^^^^^^^^^^^^
[INFO] [stderr] ...
[INFO] [stderr] 99 | repository = "https://github.com/Mesh-LLM/hf-hub"
[INFO] [stderr]    |              ------------------------------------
[INFO] [stderr]    |
[INFO] [stderr]    = note: `cargo::redundant_homepage` is set to `warn` by default
[INFO] [stderr] help: consider removing `package.homepage`
[INFO] [stderr] warning: `mesh-llm-hf-hub` (manifest) generated 1 warning
[INFO] [stderr]    Compiling parking_lot_core v0.9.12
[INFO] [stderr]    Compiling serial_test_derive v3.5.0
[INFO] [stdout] warning: function `is_relative_location` is never used
[INFO] [stdout]   --> src/client.rs:74:4
[INFO] [stdout]    |
[INFO] [stdout] 74 | fn is_relative_location(location: &str) -> bool {
[INFO] [stdout]    |    ^^^^^^^^^^^^^^^^^^^^
[INFO] [stdout]    |
[INFO] [stdout]    = note: `#[warn(dead_code)]` (part of `#[warn(unused)]`) on by default
[INFO] [stdout] 
[INFO] [stdout] 
[INFO] [stdout] warning: method `head_with_relative_redirects` is never used
[INFO] [stdout]    --> src/client.rs:424:25
[INFO] [stdout]     |
[INFO] [stdout] 315 | impl HFClient {
[INFO] [stdout]     | ------------- method in this implementation
[INFO] [stdout] ...
[INFO] [stdout] 424 |     pub(crate) async fn head_with_relative_redirects(
[INFO] [stdout]     |                         ^^^^^^^^^^^^^^^^^^^^^^^^^^^^
[INFO] [stdout] 
[INFO] [stdout] 
[INFO] [stderr]    Compiling parking_lot v0.12.5
[INFO] [stderr]    Compiling serial_test v3.5.0
[INFO] [stderr]    Compiling mesh-llm-hf-hub v1.0.2 (/opt/rustwide/workdir)
[INFO] [stdout] error[E0433]: cannot find module or crate `hf_hub` in this scope
[INFO] [stdout]   --> tests/future_size.rs:15:5
[INFO] [stdout]    |
[INFO] [stdout] 15 | use hf_hub::repository::{AddSource, CommitOperation, HFRepository, RepoTypeModel};
[INFO] [stdout]    |     ^^^^^^ use of unresolved module or unlinked crate `hf_hub`
[INFO] [stdout]    |
[INFO] [stdout]    = help: if you wanted to use a crate named `hf_hub`, use `cargo add hf_hub` to add it to your `Cargo.toml`
[INFO] [stdout] 
[INFO] [stdout] 
[INFO] [stdout] error[E0432]: unresolved import `hf_hub`
[INFO] [stdout]   --> tests/future_size.rs:14:5
[INFO] [stdout]    |
[INFO] [stdout] 14 | use hf_hub::HFClient;
[INFO] [stdout]    |     ^^^^^^ use of unresolved module or unlinked crate `hf_hub`
[INFO] [stdout]    |
[INFO] [stdout]    = help: if you wanted to use a crate named `hf_hub`, use `cargo add hf_hub` to add it to your `Cargo.toml`
[INFO] [stdout] 
[INFO] [stdout] 
[INFO] [stdout] error[E0433]: cannot find module or crate `hf_hub` in this scope
[INFO] [stdout]   --> tests/future_size.rs:75:28
[INFO] [stdout]    |
[INFO] [stdout] 75 |                 .direction(hf_hub::buckets::sync::BucketSyncDirection::Upload)
[INFO] [stdout]    |                            ^^^^^^ use of unresolved module or unlinked crate `hf_hub`
[INFO] [stdout]    |
[INFO] [stdout]    = help: if you wanted to use a crate named `hf_hub`, use `cargo add hf_hub` to add it to your `Cargo.toml`
[INFO] [stdout] 
[INFO] [stdout] 
[INFO] [stdout] error[E0433]: cannot find module or crate `hf_hub` in this scope
[INFO] [stdout]   --> tests/future_size.rs:86:63
[INFO] [stdout]    |
[INFO] [stdout] 86 | async fn fetch_level_3(repo: &HFRepository<RepoTypeModel>) -> hf_hub::HFResult<std::path::PathBuf> {
[INFO] [stdout]    |                                                               ^^^^^^ use of unresolved module or unlinked crate `hf_hub`
[INFO] [stdout]    |
[INFO] [stdout]    = help: if you wanted to use a crate named `hf_hub`, use `cargo add hf_hub` to add it to your `Cargo.toml`
[INFO] [stdout] 
[INFO] [stdout] 
[INFO] [stdout] error[E0433]: cannot find module or crate `hf_hub` in this scope
[INFO] [stdout]   --> tests/future_size.rs:90:63
[INFO] [stdout]    |
[INFO] [stdout] 90 | async fn fetch_level_2(repo: &HFRepository<RepoTypeModel>) -> hf_hub::HFResult<std::path::PathBuf> {
[INFO] [stdout]    |                                                               ^^^^^^ use of unresolved module or unlinked crate `hf_hub`
[INFO] [stdout]    |
[INFO] [stdout]    = help: if you wanted to use a crate named `hf_hub`, use `cargo add hf_hub` to add it to your `Cargo.toml`
[INFO] [stdout] 
[INFO] [stdout] 
[INFO] [stdout] error[E0433]: cannot find module or crate `hf_hub` in this scope
[INFO] [stdout]   --> tests/future_size.rs:94:63
[INFO] [stdout]    |
[INFO] [stdout] 94 | async fn fetch_level_1(repo: &HFRepository<RepoTypeModel>) -> hf_hub::HFResult<std::path::PathBuf> {
[INFO] [stdout]    |                                                               ^^^^^^ use of unresolved module or unlinked crate `hf_hub`
[INFO] [stdout]    |
[INFO] [stdout]    = help: if you wanted to use a crate named `hf_hub`, use `cargo add hf_hub` to add it to your `Cargo.toml`
[INFO] [stdout] 
[INFO] [stdout] 
[INFO] [stdout] Some errors have detailed explanations: E0432, E0433.
[INFO] [stdout] 
[INFO] [stdout] For more information about an error, try `rustc --explain E0432`.
[INFO] [stdout] 
[INFO] [stderr] error: could not compile `mesh-llm-hf-hub` (test "future_size") due to 6 previous errors
[INFO] [stderr] warning: build failed, waiting for other jobs to finish...
[INFO] [stdout] warning: method `head_with_relative_redirects` is never used
[INFO] [stdout]    --> src/client.rs:424:25
[INFO] [stdout]     |
[INFO] [stdout] 315 | impl HFClient {
[INFO] [stdout]     | ------------- method in this implementation
[INFO] [stdout] ...
[INFO] [stdout] 424 |     pub(crate) async fn head_with_relative_redirects(
[INFO] [stdout]     |                         ^^^^^^^^^^^^^^^^^^^^^^^^^^^^
[INFO] [stdout]     |
[INFO] [stdout]     = note: `#[warn(dead_code)]` (part of `#[warn(unused)]`) on by default
[INFO] [stdout] 
[INFO] [stdout] 
[INFO] running `Command { std: "docker" "inspect" "cb4690b384866a5f384e7a6779d043587c3fa28eb5c550f98e5d123cca7ce591", kill_on_drop: false }`
[INFO] running `Command { std: "docker" "rm" "-f" "cb4690b384866a5f384e7a6779d043587c3fa28eb5c550f98e5d123cca7ce591", kill_on_drop: false }`
[INFO] [stdout] cb4690b384866a5f384e7a6779d043587c3fa28eb5c550f98e5d123cca7ce591
