[INFO] fetching crate merfolk_backend_in_process 0.1.0...
[INFO] testing merfolk_backend_in_process-0.1.0 against 1.100.0-beta.1+cargoflags=--release for beta-release-1.100-2
[INFO] extracting crate merfolk_backend_in_process 0.1.0 into /workspace/builds/worker-1-tc2/source
[INFO] started tweaking crates.io crate merfolk_backend_in_process 0.1.0
[INFO] removed 0 missing tests
[INFO] finished tweaking crates.io crate merfolk_backend_in_process 0.1.0
[INFO] tweaked toml for crates.io crate merfolk_backend_in_process 0.1.0 written to /workspace/builds/worker-1-tc2/source/Cargo.toml
[INFO] validating manifest of crates.io crate merfolk_backend_in_process 0.1.0 on toolchain 1.100.0-beta.1
[INFO] running `Command { std: CARGO_HOME="/workspace/cargo-home" RUSTUP_HOME="/workspace/rustup-home" "/workspace/cargo-home/bin/cargo" "+1.100.0-beta.1" "metadata" "--manifest-path" "Cargo.toml" "--no-deps", kill_on_drop: false }`
[INFO] running `Command { std: CARGO_HOME="/workspace/cargo-home" RUSTUP_HOME="/workspace/rustup-home" "/workspace/cargo-home/bin/cargo" "+1.100.0-beta.1" "generate-lockfile" "--manifest-path" "Cargo.toml", kill_on_drop: false }`
[INFO] [stderr]     Updating crates.io index
[INFO] [stderr]      Locking 40 packages to highest compatible versions
[INFO] [stderr]       Adding derive_builder v0.10.2 (available: v0.20.2)
[INFO] [stderr]       Adding rand v0.8.8 (available: v0.10.3)
[INFO] [stderr]       Adding thiserror v1.0.69 (available: v2.0.21)
[INFO] running `Command { std: CARGO_HOME="/workspace/cargo-home" RUSTUP_HOME="/workspace/rustup-home" "/workspace/cargo-home/bin/cargo" "+1.100.0-beta.1" "fetch" "--manifest-path" "Cargo.toml", kill_on_drop: false }`
[INFO] running `Command { std: "docker" "create" "-v" "/var/lib/crater-agent-workspace/builds/worker-1-tc2/source:/opt/rustwide/workdir:ro,Z" "-v" "/var/lib/crater-agent-workspace/builds/worker-1-tc2/target:/opt/rustwide/target:rw,Z" "-v" "/var/lib/crater-agent-workspace/cargo-home:/opt/rustwide/cargo-home:ro,Z" "-v" "/var/lib/crater-agent-workspace/rustup-home:/opt/rustwide/rustup-home:ro,Z" "-m" "1610612736" "--network" "none" "ghcr.io/rust-lang/crates-build-env/linux@sha256:77db811e55d90add9212f6832c23229e3de5f1c1f9905e8cb07319ea15df73ac" "sleep" "infinity", kill_on_drop: false }`
[INFO] [stdout] 9b5a47a21ef395b20c9bbaa6de14954a2c74169b3e8ea1b05f44451fe0d9da0a
[INFO] running `Command { std: "docker" "start" "9b5a47a21ef395b20c9bbaa6de14954a2c74169b3e8ea1b05f44451fe0d9da0a", kill_on_drop: false }`
[INFO] running `Command { std: "docker" "inspect" "9b5a47a21ef395b20c9bbaa6de14954a2c74169b3e8ea1b05f44451fe0d9da0a", kill_on_drop: false }`
[INFO] running `Command { std: "docker" "exec" "-e" "SOURCE_DIR=/opt/rustwide/workdir" "-e" "CARGO_HOME=/opt/rustwide/cargo-home" "-e" "RUSTUP_HOME=/opt/rustwide/rustup-home" "-e" "CARGO_TARGET_DIR=/opt/rustwide/target" "-w" "/opt/rustwide/workdir" "--user" "0:0" "9b5a47a21ef395b20c9bbaa6de14954a2c74169b3e8ea1b05f44451fe0d9da0a" "/opt/rustwide/cargo-home/bin/cargo" "+1.100.0-beta.1" "metadata" "--no-deps" "--format-version=1", kill_on_drop: false }`
[INFO] running `Command { std: "docker" "inspect" "9b5a47a21ef395b20c9bbaa6de14954a2c74169b3e8ea1b05f44451fe0d9da0a", kill_on_drop: false }`
[INFO] running `Command { std: "docker" "exec" "-e" "SOURCE_DIR=/opt/rustwide/workdir" "-e" "CARGO_HOME=/opt/rustwide/cargo-home" "-e" "RUSTUP_HOME=/opt/rustwide/rustup-home" "-e" "CARGO_TARGET_DIR=/opt/rustwide/target" "-e" "CARGO_INCREMENTAL=0" "-e" "RUST_BACKTRACE=full" "-e" "RUSTFLAGS=--cap-lints=warn" "-e" "RUSTDOCFLAGS=--cap-lints=warn" "-w" "/opt/rustwide/workdir" "--user" "0:0" "9b5a47a21ef395b20c9bbaa6de14954a2c74169b3e8ea1b05f44451fe0d9da0a" "/opt/rustwide/cargo-home/bin/cargo" "+1.100.0-beta.1" "build" "--frozen" "--message-format=json" "--release", kill_on_drop: false }`
[INFO] [stderr]    Compiling serde v1.0.229
[INFO] [stderr]    Compiling spin v0.7.2
[INFO] [stderr]    Compiling darling_core v0.12.4
[INFO] [stderr]    Compiling thiserror-impl v1.0.69
[INFO] [stderr]    Compiling tokio v1.53.3
[INFO] [stderr]    Compiling thiserror v1.0.69
[INFO] [stderr]    Compiling darling_macro v0.12.4
[INFO] [stderr]    Compiling darling v0.12.4
[INFO] [stderr]    Compiling derive_builder_core v0.10.2
[INFO] [stderr]    Compiling derive_builder_macro v0.10.2
[INFO] [stderr]    Compiling derive_builder v0.10.2
[INFO] [stderr]    Compiling merfolk v0.1.4
[INFO] [stderr]    Compiling merfolk_backend_in_process v0.1.0 (/opt/rustwide/workdir)
[INFO] [stderr]     Finished `release` profile [optimized] target(s) in 7.56s
[INFO] running `Command { std: "docker" "inspect" "9b5a47a21ef395b20c9bbaa6de14954a2c74169b3e8ea1b05f44451fe0d9da0a", kill_on_drop: false }`
[INFO] running `Command { std: "docker" "exec" "-e" "SOURCE_DIR=/opt/rustwide/workdir" "-e" "CARGO_HOME=/opt/rustwide/cargo-home" "-e" "RUSTUP_HOME=/opt/rustwide/rustup-home" "-e" "CARGO_TARGET_DIR=/opt/rustwide/target" "-e" "CARGO_INCREMENTAL=0" "-e" "RUST_BACKTRACE=full" "-e" "RUSTFLAGS=--cap-lints=warn" "-e" "RUSTDOCFLAGS=--cap-lints=warn" "-w" "/opt/rustwide/workdir" "--user" "0:0" "9b5a47a21ef395b20c9bbaa6de14954a2c74169b3e8ea1b05f44451fe0d9da0a" "/opt/rustwide/cargo-home/bin/cargo" "+1.100.0-beta.1" "test" "--frozen" "--no-run" "--message-format=json" "--release", kill_on_drop: false }`
[INFO] [stderr]    Compiling getrandom v0.2.17
[INFO] [stderr]    Compiling rand_core v0.6.4
[INFO] [stderr]    Compiling rand_chacha v0.3.1
[INFO] [stderr]    Compiling rand v0.8.8
[INFO] [stderr]    Compiling merfolk_backend_in_process v0.1.0 (/opt/rustwide/workdir)
[INFO] [stdout] error[E0433]: cannot find module or crate `merfolk_frontend_register` in this scope
[INFO] [stdout]   --> test/tests.rs:11:25
[INFO] [stdout]    |
[INFO] [stdout] 11 |   let register_caller = merfolk_frontend_register::Register::builder().build().unwrap();
[INFO] [stdout]    |                         ^^^^^^^^^^^^^^^^^^^^^^^^^ use of unresolved module or unlinked crate `merfolk_frontend_register`
[INFO] [stdout]    |
[INFO] [stdout]    = help: if you wanted to use a crate named `merfolk_frontend_register`, use `cargo add merfolk_frontend_register` to add it to your `Cargo.toml`
[INFO] [stdout] 
[INFO] [stdout] 
[INFO] [stdout] error[E0433]: cannot find module or crate `merfolk_frontend_register` in this scope
[INFO] [stdout]   --> test/tests.rs:12:27
[INFO] [stdout]    |
[INFO] [stdout] 12 |   let register_receiver = merfolk_frontend_register::Register::builder().build().unwrap();
[INFO] [stdout]    |                           ^^^^^^^^^^^^^^^^^^^^^^^^^ use of unresolved module or unlinked crate `merfolk_frontend_register`
[INFO] [stdout]    |
[INFO] [stdout]    = help: if you wanted to use a crate named `merfolk_frontend_register`, use `cargo add merfolk_frontend_register` to add it to your `Cargo.toml`
[INFO] [stdout] 
[INFO] [stdout] 
[INFO] [stdout] error[E0433]: cannot find module or crate `merfolk_frontend_register` in this scope
[INFO] [stdout]   --> test/tests.rs:39:24
[INFO] [stdout]    |
[INFO] [stdout] 39 |   let register_first = merfolk_frontend_register::Register::builder().build().unwrap();
[INFO] [stdout]    |                        ^^^^^^^^^^^^^^^^^^^^^^^^^ use of unresolved module or unlinked crate `merfolk_frontend_register`
[INFO] [stdout]    |
[INFO] [stdout]    = help: if you wanted to use a crate named `merfolk_frontend_register`, use `cargo add merfolk_frontend_register` to add it to your `Cargo.toml`
[INFO] [stdout] 
[INFO] [stdout] 
[INFO] [stdout] error[E0433]: cannot find module or crate `merfolk_frontend_register` in this scope
[INFO] [stdout]   --> test/tests.rs:40:25
[INFO] [stdout]    |
[INFO] [stdout] 40 |   let register_second = merfolk_frontend_register::Register::builder().build().unwrap();
[INFO] [stdout]    |                         ^^^^^^^^^^^^^^^^^^^^^^^^^ use of unresolved module or unlinked crate `merfolk_frontend_register`
[INFO] [stdout]    |
[INFO] [stdout]    = help: if you wanted to use a crate named `merfolk_frontend_register`, use `cargo add merfolk_frontend_register` to add it to your `Cargo.toml`
[INFO] [stdout] 
[INFO] [stdout] 
[INFO] [stdout] For more information about this error, try `rustc --explain E0433`.
[INFO] [stdout] 
[INFO] [stderr] error: could not compile `merfolk_backend_in_process` (test "test") due to 4 previous errors
[INFO] [stderr] warning: build failed, waiting for other jobs to finish...
[INFO] running `Command { std: "docker" "inspect" "9b5a47a21ef395b20c9bbaa6de14954a2c74169b3e8ea1b05f44451fe0d9da0a", kill_on_drop: false }`
[INFO] running `Command { std: "docker" "rm" "-f" "9b5a47a21ef395b20c9bbaa6de14954a2c74169b3e8ea1b05f44451fe0d9da0a", kill_on_drop: false }`
[INFO] [stdout] 9b5a47a21ef395b20c9bbaa6de14954a2c74169b3e8ea1b05f44451fe0d9da0a
