[INFO] fetching crate mere-signals 0.0.2...
[INFO] testing mere-signals-0.0.2 against 1.99.0-beta.8+cargoflags=--release for beta-release-1.100-2
[INFO] extracting crate mere-signals 0.0.2 into /workspace/builds/worker-4-tc1/source
[INFO] started tweaking crates.io crate mere-signals 0.0.2
[INFO] finished tweaking crates.io crate mere-signals 0.0.2
[INFO] tweaked toml for crates.io crate mere-signals 0.0.2 written to /workspace/builds/worker-4-tc1/source/Cargo.toml
[INFO] validating manifest of crates.io crate mere-signals 0.0.2 on toolchain 1.99.0-beta.8
[INFO] running `Command { std: CARGO_HOME="/workspace/cargo-home" RUSTUP_HOME="/workspace/rustup-home" "/workspace/cargo-home/bin/cargo" "+1.99.0-beta.8" "metadata" "--manifest-path" "Cargo.toml" "--no-deps", kill_on_drop: false }`
[INFO] crate crates.io crate mere-signals 0.0.2 already has a lockfile, it will not be regenerated
[INFO] running `Command { std: CARGO_HOME="/workspace/cargo-home" RUSTUP_HOME="/workspace/rustup-home" "/workspace/cargo-home/bin/cargo" "+1.99.0-beta.8" "fetch" "--manifest-path" "Cargo.toml", kill_on_drop: false }`
[INFO] [stderr]     Updating crates.io index
[INFO] [stderr]  Downloading crates ...
[INFO] [stderr]   Downloaded mere-kernel v0.0.2
[INFO] [stderr]   Downloaded numen v0.2.0
[INFO] [stderr]   Downloaded muniment v0.1.2
[INFO] [stderr]   Downloaded infer v0.19.0
[INFO] [stderr]   Downloaded mere-forme v0.1.0
[INFO] [stderr]   Downloaded taffy v0.11.0-experimental-cache-fix.3
[INFO] [stderr]   Downloaded codicil v0.1.1
[INFO] [stderr]   Downloaded mere-cartography v0.0.2
[INFO] [stderr]   Downloaded sceno v0.0.4
[INFO] [stderr]   Downloaded scenomise v0.0.4
[INFO] [stderr]   Downloaded chartulary v0.2.1
[INFO] running `Command { std: "docker" "create" "-v" "/var/lib/crater-agent-workspace/builds/worker-4-tc1/source:/opt/rustwide/workdir:ro,Z" "-v" "/var/lib/crater-agent-workspace/builds/worker-4-tc1/target:/opt/rustwide/target:rw,Z" "-v" "/var/lib/crater-agent-workspace/cargo-home:/opt/rustwide/cargo-home:ro,Z" "-v" "/var/lib/crater-agent-workspace/rustup-home:/opt/rustwide/rustup-home:ro,Z" "-m" "1610612736" "--network" "none" "ghcr.io/rust-lang/crates-build-env/linux@sha256:77db811e55d90add9212f6832c23229e3de5f1c1f9905e8cb07319ea15df73ac" "sleep" "infinity", kill_on_drop: false }`
[INFO] [stdout] 817aff0c4a24966ee973be8ad4e245d12c068879a77a3ef345c11c401eca4814
[INFO] running `Command { std: "docker" "start" "817aff0c4a24966ee973be8ad4e245d12c068879a77a3ef345c11c401eca4814", kill_on_drop: false }`
[INFO] running `Command { std: "docker" "inspect" "817aff0c4a24966ee973be8ad4e245d12c068879a77a3ef345c11c401eca4814", kill_on_drop: false }`
[INFO] running `Command { std: "docker" "exec" "-e" "SOURCE_DIR=/opt/rustwide/workdir" "-e" "CARGO_HOME=/opt/rustwide/cargo-home" "-e" "RUSTUP_HOME=/opt/rustwide/rustup-home" "-e" "CARGO_TARGET_DIR=/opt/rustwide/target" "-w" "/opt/rustwide/workdir" "--user" "0:0" "817aff0c4a24966ee973be8ad4e245d12c068879a77a3ef345c11c401eca4814" "/opt/rustwide/cargo-home/bin/cargo" "+1.99.0-beta.8" "metadata" "--no-deps" "--format-version=1", kill_on_drop: false }`
[INFO] running `Command { std: "docker" "inspect" "817aff0c4a24966ee973be8ad4e245d12c068879a77a3ef345c11c401eca4814", kill_on_drop: false }`
[INFO] running `Command { std: "docker" "exec" "-e" "SOURCE_DIR=/opt/rustwide/workdir" "-e" "CARGO_HOME=/opt/rustwide/cargo-home" "-e" "RUSTUP_HOME=/opt/rustwide/rustup-home" "-e" "CARGO_TARGET_DIR=/opt/rustwide/target" "-e" "CARGO_INCREMENTAL=0" "-e" "RUST_BACKTRACE=full" "-e" "RUSTFLAGS=--cap-lints=warn" "-e" "RUSTDOCFLAGS=--cap-lints=warn" "-w" "/opt/rustwide/workdir" "--user" "0:0" "817aff0c4a24966ee973be8ad4e245d12c068879a77a3ef345c11c401eca4814" "/opt/rustwide/cargo-home/bin/cargo" "+1.99.0-beta.8" "build" "--frozen" "--message-format=json" "--release", kill_on_drop: false }`
[INFO] [stderr]    Compiling arrayvec v0.7.8
[INFO] [stderr]    Compiling cc v1.4.4
[INFO] [stderr]    Compiling slotmap v1.1.1
[INFO] [stderr]    Compiling smallvec v1.15.2
[INFO] [stderr]    Compiling simdutf8 v0.1.5
[INFO] [stderr]    Compiling constant_time_eq v0.4.2
[INFO] [stderr]    Compiling syn v3.0.4
[INFO] [stderr]    Compiling syn v2.0.119
[INFO] [stderr]    Compiling getrandom v0.4.3
[INFO] [stderr]    Compiling indexmap v2.14.0
[INFO] [stderr]    Compiling hashbrown v0.15.5
[INFO] [stderr]    Compiling fixedbitset v0.5.7
[INFO] [stderr]    Compiling grid v1.0.1
[INFO] [stderr]    Compiling mime_guess v2.0.5
[INFO] [stderr]    Compiling unicase v2.9.0
[INFO] [stderr]    Compiling time v0.3.55
[INFO] [stderr]    Compiling crossbeam-channel v0.5.16
[INFO] [stderr]    Compiling web-time v1.1.0
[INFO] [stderr]    Compiling uuid v1.25.0
[INFO] [stderr]    Compiling cfb v0.7.3
[INFO] [stderr]    Compiling blake3 v1.8.7
[INFO] [stderr]    Compiling infer v0.19.0
[INFO] [stderr]    Compiling synstructure v0.13.2
[INFO] [stderr]    Compiling serde_derive v1.0.229
[INFO] [stderr]    Compiling zerovec-derive v0.11.6
[INFO] [stderr]    Compiling displaydoc v0.2.7
[INFO] [stderr]    Compiling ptr_meta_derive v0.3.2
[INFO] [stderr]    Compiling bytecheck_derive v0.8.3
[INFO] [stderr]    Compiling async-trait v0.1.92
[INFO] [stderr]    Compiling rkyv_derive v0.8.18
[INFO] [stderr]    Compiling futures-macro v0.3.34
[INFO] [stderr]    Compiling ptr_meta v0.3.2
[INFO] [stderr]    Compiling rancor v0.1.3
[INFO] [stderr]    Compiling munge_macro v0.4.7
[INFO] [stderr]    Compiling strum_macros v0.28.0
[INFO] [stderr]    Compiling enumn v0.1.14
[INFO] [stderr]    Compiling bytecheck v0.8.3
[INFO] [stderr]    Compiling zerofrom-derive v0.1.7
[INFO] [stderr]    Compiling yoke-derive v0.8.2
[INFO] [stderr]    Compiling rend v0.5.4
[INFO] [stderr]    Compiling futures-util v0.3.34
[INFO] [stderr]    Compiling munge v0.4.7
[INFO] [stderr]    Compiling zerofrom v0.1.8
[INFO] [stderr]    Compiling yoke v0.8.3
[INFO] [stderr]    Compiling zerovec v0.11.8
[INFO] [stderr]    Compiling zerotrie v0.2.5
[INFO] [stderr]    Compiling strum v0.28.0
[INFO] [stderr]    Compiling tinystr v0.8.4
[INFO] [stderr]    Compiling potential_utf v0.1.6
[INFO] [stderr]    Compiling icu_collections v2.3.0
[INFO] [stderr]    Compiling icu_locale_core v2.3.0
[INFO] [stderr]    Compiling serde v1.0.229
[INFO] [stderr]    Compiling muniment v0.1.2
[INFO] [stderr]    Compiling petgraph v0.8.3
[INFO] [stderr]    Compiling euclid v0.22.14
[INFO] [stderr]    Compiling accesskit v0.24.1
[INFO] [stderr]    Compiling sceno v0.0.4
[INFO] [stderr]    Compiling numen v0.2.0
[INFO] [stderr]    Compiling codicil v0.1.1
[INFO] [stderr]    Compiling icu_provider v2.3.1
[INFO] [stderr]    Compiling icu_normalizer v2.3.0
[INFO] [stderr]    Compiling icu_properties v2.3.0
[INFO] [stderr]    Compiling taffy v0.11.0-experimental-cache-fix.3
[INFO] [stderr]    Compiling scenomise v0.0.4
[INFO] [stderr]    Compiling rkyv v0.8.18
[INFO] [stderr]    Compiling idna_adapter v1.2.2
[INFO] [stderr]    Compiling idna v1.1.0
[INFO] [stderr]    Compiling mere-forme v0.1.0
[INFO] [stderr]    Compiling url v2.5.8
[INFO] [stderr]    Compiling chartulary v0.2.1
[INFO] [stderr]    Compiling mere-kernel v0.0.2
[INFO] [stderr]    Compiling mere-cartography v0.0.2
[INFO] [stderr]    Compiling mere-signals v0.0.2 (/opt/rustwide/workdir)
[INFO] [stderr]     Finished `release` profile [optimized] target(s) in 1m 12s
[INFO] running `Command { std: "docker" "inspect" "817aff0c4a24966ee973be8ad4e245d12c068879a77a3ef345c11c401eca4814", kill_on_drop: false }`
[INFO] running `Command { std: "docker" "exec" "-e" "SOURCE_DIR=/opt/rustwide/workdir" "-e" "CARGO_HOME=/opt/rustwide/cargo-home" "-e" "RUSTUP_HOME=/opt/rustwide/rustup-home" "-e" "CARGO_TARGET_DIR=/opt/rustwide/target" "-e" "CARGO_INCREMENTAL=0" "-e" "RUST_BACKTRACE=full" "-e" "RUSTFLAGS=--cap-lints=warn" "-e" "RUSTDOCFLAGS=--cap-lints=warn" "-w" "/opt/rustwide/workdir" "--user" "0:0" "817aff0c4a24966ee973be8ad4e245d12c068879a77a3ef345c11c401eca4814" "/opt/rustwide/cargo-home/bin/cargo" "+1.99.0-beta.8" "test" "--frozen" "--no-run" "--message-format=json" "--release", kill_on_drop: false }`
[INFO] [stderr]    Compiling mere-signals v0.0.2 (/opt/rustwide/workdir)
[INFO] [stdout] error[E0432]: unresolved import `kernel::graph::fixtures`
[INFO] [stdout]   --> src/tests.rs:9:20
[INFO] [stdout]    |
[INFO] [stdout]  9 | use kernel::graph::fixtures::GraphFixtures;
[INFO] [stdout]    |                    ^^^^^^^^ could not find `fixtures` in `graph`
[INFO] [stdout]    |
[INFO] [stdout] note: found an item that was configured out
[INFO] [stdout]   --> /opt/rustwide/cargo-home/registry/src/index.crates.io-1949cf8c6b5b557f/mere-kernel-0.0.2/src/graph/mod.rs:65:9
[INFO] [stdout]    |
[INFO] [stdout] 64 | #[cfg(feature = "fixtures")]
[INFO] [stdout]    |       -------------------- the item is gated behind the `fixtures` feature
[INFO] [stdout] 65 | pub mod fixtures;
[INFO] [stdout]    |         ^^^^^^^^
[INFO] [stdout] 
[INFO] [stdout] 
[INFO] [stdout] error[E0624]: method `add_node` is private
[INFO] [stdout]    --> src/tests.rs:23:21
[INFO] [stdout]     |
[INFO] [stdout]  23 |     let hub = graph.add_node(
[INFO] [stdout]     |                     ^^^^^^^^ private method
[INFO] [stdout]     |
[INFO] [stdout]    ::: /opt/rustwide/cargo-home/registry/src/index.crates.io-1949cf8c6b5b557f/mere-kernel-0.0.2/src/graph/mod.rs:395:5
[INFO] [stdout]     |
[INFO] [stdout] 395 |     pub(crate) fn add_node(&mut self, url: String, position: Point2D<f32>) -> NodeKey {
[INFO] [stdout]     |     --------------------------------------------------------------------------------- private method defined here
[INFO] [stdout] 
[INFO] [stdout] 
[INFO] [stdout] error[E0624]: method `add_node` is private
[INFO] [stdout]    --> src/tests.rs:27:19
[INFO] [stdout]     |
[INFO] [stdout]  27 |     let a = graph.add_node(
[INFO] [stdout]     |                   ^^^^^^^^ private method
[INFO] [stdout]     |
[INFO] [stdout]    ::: /opt/rustwide/cargo-home/registry/src/index.crates.io-1949cf8c6b5b557f/mere-kernel-0.0.2/src/graph/mod.rs:395:5
[INFO] [stdout]     |
[INFO] [stdout] 395 |     pub(crate) fn add_node(&mut self, url: String, position: Point2D<f32>) -> NodeKey {
[INFO] [stdout]     |     --------------------------------------------------------------------------------- private method defined here
[INFO] [stdout] 
[INFO] [stdout] 
[INFO] [stdout] error[E0624]: method `add_node` is private
[INFO] [stdout]    --> src/tests.rs:31:19
[INFO] [stdout]     |
[INFO] [stdout]  31 |     let b = graph.add_node(
[INFO] [stdout]     |                   ^^^^^^^^ private method
[INFO] [stdout]     |
[INFO] [stdout]    ::: /opt/rustwide/cargo-home/registry/src/index.crates.io-1949cf8c6b5b557f/mere-kernel-0.0.2/src/graph/mod.rs:395:5
[INFO] [stdout]     |
[INFO] [stdout] 395 |     pub(crate) fn add_node(&mut self, url: String, position: Point2D<f32>) -> NodeKey {
[INFO] [stdout]     |     --------------------------------------------------------------------------------- private method defined here
[INFO] [stdout] 
[INFO] [stdout] 
[INFO] [stdout] error[E0624]: method `assert_semantic_predicate` is private
[INFO] [stdout]    --> src/tests.rs:35:11
[INFO] [stdout]     |
[INFO] [stdout]  35 |       graph.assert_semantic_predicate(hub, a, "links".to_string());
[INFO] [stdout]     |             ^^^^^^^^^^^^^^^^^^^^^^^^^ private method
[INFO] [stdout]     |
[INFO] [stdout]    ::: /opt/rustwide/cargo-home/registry/src/index.crates.io-1949cf8c6b5b557f/mere-kernel-0.0.2/src/graph/edge_ops.rs:106:5
[INFO] [stdout]     |
[INFO] [stdout] 106 | /     pub(crate) fn assert_semantic_predicate(
[INFO] [stdout] 107 | |         &mut self,
[INFO] [stdout] 108 | |         from: NodeKey,
[INFO] [stdout] 109 | |         to: NodeKey,
[INFO] [stdout] 110 | |         predicate: String,
[INFO] [stdout] 111 | |     ) -> Option<EdgeKey> {
[INFO] [stdout]     | |________________________- private method defined here
[INFO] [stdout] 
[INFO] [stdout] 
[INFO] [stdout] error[E0624]: method `assert_semantic_predicate` is private
[INFO] [stdout]    --> src/tests.rs:36:11
[INFO] [stdout]     |
[INFO] [stdout]  36 |       graph.assert_semantic_predicate(hub, b, "links".to_string());
[INFO] [stdout]     |             ^^^^^^^^^^^^^^^^^^^^^^^^^ private method
[INFO] [stdout]     |
[INFO] [stdout]    ::: /opt/rustwide/cargo-home/registry/src/index.crates.io-1949cf8c6b5b557f/mere-kernel-0.0.2/src/graph/edge_ops.rs:106:5
[INFO] [stdout]     |
[INFO] [stdout] 106 | /     pub(crate) fn assert_semantic_predicate(
[INFO] [stdout] 107 | |         &mut self,
[INFO] [stdout] 108 | |         from: NodeKey,
[INFO] [stdout] 109 | |         to: NodeKey,
[INFO] [stdout] 110 | |         predicate: String,
[INFO] [stdout] 111 | |     ) -> Option<EdgeKey> {
[INFO] [stdout]     | |________________________- private method defined here
[INFO] [stdout] 
[INFO] [stdout] 
[INFO] [stdout] error[E0624]: method `add_node` is private
[INFO] [stdout]    --> src/tests.rs:55:22
[INFO] [stdout]     |
[INFO] [stdout]  55 |     let only = graph.add_node(
[INFO] [stdout]     |                      ^^^^^^^^ private method
[INFO] [stdout]     |
[INFO] [stdout]    ::: /opt/rustwide/cargo-home/registry/src/index.crates.io-1949cf8c6b5b557f/mere-kernel-0.0.2/src/graph/mod.rs:395:5
[INFO] [stdout]     |
[INFO] [stdout] 395 |     pub(crate) fn add_node(&mut self, url: String, position: Point2D<f32>) -> NodeKey {
[INFO] [stdout]     |     --------------------------------------------------------------------------------- private method defined here
[INFO] [stdout] 
[INFO] [stdout] 
[INFO] [stdout] error[E0624]: method `add_node` is private
[INFO] [stdout]    --> src/tests.rs:70:11
[INFO] [stdout]     |
[INFO] [stdout]  70 |     graph.add_node(
[INFO] [stdout]     |           ^^^^^^^^ private method
[INFO] [stdout]     |
[INFO] [stdout]    ::: /opt/rustwide/cargo-home/registry/src/index.crates.io-1949cf8c6b5b557f/mere-kernel-0.0.2/src/graph/mod.rs:395:5
[INFO] [stdout]     |
[INFO] [stdout] 395 |     pub(crate) fn add_node(&mut self, url: String, position: Point2D<f32>) -> NodeKey {
[INFO] [stdout]     |     --------------------------------------------------------------------------------- private method defined here
[INFO] [stdout] 
[INFO] [stdout] 
[INFO] [stdout] error[E0624]: method `add_node` is private
[INFO] [stdout]    --> src/tests.rs:89:19
[INFO] [stdout]     |
[INFO] [stdout]  89 |     let a = graph.add_node(
[INFO] [stdout]     |                   ^^^^^^^^ private method
[INFO] [stdout]     |
[INFO] [stdout]    ::: /opt/rustwide/cargo-home/registry/src/index.crates.io-1949cf8c6b5b557f/mere-kernel-0.0.2/src/graph/mod.rs:395:5
[INFO] [stdout]     |
[INFO] [stdout] 395 |     pub(crate) fn add_node(&mut self, url: String, position: Point2D<f32>) -> NodeKey {
[INFO] [stdout]     |     --------------------------------------------------------------------------------- private method defined here
[INFO] [stdout] 
[INFO] [stdout] 
[INFO] [stdout] error[E0624]: method `add_node` is private
[INFO] [stdout]    --> src/tests.rs:93:19
[INFO] [stdout]     |
[INFO] [stdout]  93 |     let b = graph.add_node(
[INFO] [stdout]     |                   ^^^^^^^^ private method
[INFO] [stdout]     |
[INFO] [stdout]    ::: /opt/rustwide/cargo-home/registry/src/index.crates.io-1949cf8c6b5b557f/mere-kernel-0.0.2/src/graph/mod.rs:395:5
[INFO] [stdout]     |
[INFO] [stdout] 395 |     pub(crate) fn add_node(&mut self, url: String, position: Point2D<f32>) -> NodeKey {
[INFO] [stdout]     |     --------------------------------------------------------------------------------- private method defined here
[INFO] [stdout] 
[INFO] [stdout] 
[INFO] [stdout] error[E0624]: method `add_node` is private
[INFO] [stdout]    --> src/tests.rs:97:19
[INFO] [stdout]     |
[INFO] [stdout]  97 |     let c = graph.add_node(
[INFO] [stdout]     |                   ^^^^^^^^ private method
[INFO] [stdout]     |
[INFO] [stdout]    ::: /opt/rustwide/cargo-home/registry/src/index.crates.io-1949cf8c6b5b557f/mere-kernel-0.0.2/src/graph/mod.rs:395:5
[INFO] [stdout]     |
[INFO] [stdout] 395 |     pub(crate) fn add_node(&mut self, url: String, position: Point2D<f32>) -> NodeKey {
[INFO] [stdout]     |     --------------------------------------------------------------------------------- private method defined here
[INFO] [stdout] 
[INFO] [stdout] 
[INFO] [stdout] error[E0624]: method `assert_semantic_predicate` is private
[INFO] [stdout]    --> src/tests.rs:101:11
[INFO] [stdout]     |
[INFO] [stdout] 101 |       graph.assert_semantic_predicate(a, b, "links".to_string());
[INFO] [stdout]     |             ^^^^^^^^^^^^^^^^^^^^^^^^^ private method
[INFO] [stdout]     |
[INFO] [stdout]    ::: /opt/rustwide/cargo-home/registry/src/index.crates.io-1949cf8c6b5b557f/mere-kernel-0.0.2/src/graph/edge_ops.rs:106:5
[INFO] [stdout]     |
[INFO] [stdout] 106 | /     pub(crate) fn assert_semantic_predicate(
[INFO] [stdout] 107 | |         &mut self,
[INFO] [stdout] 108 | |         from: NodeKey,
[INFO] [stdout] 109 | |         to: NodeKey,
[INFO] [stdout] 110 | |         predicate: String,
[INFO] [stdout] 111 | |     ) -> Option<EdgeKey> {
[INFO] [stdout]     | |________________________- private method defined here
[INFO] [stdout] 
[INFO] [stdout] 
[INFO] [stdout] error[E0624]: method `assert_semantic_predicate` is private
[INFO] [stdout]    --> src/tests.rs:102:11
[INFO] [stdout]     |
[INFO] [stdout] 102 |       graph.assert_semantic_predicate(b, c, "links".to_string());
[INFO] [stdout]     |             ^^^^^^^^^^^^^^^^^^^^^^^^^ private method
[INFO] [stdout]     |
[INFO] [stdout]    ::: /opt/rustwide/cargo-home/registry/src/index.crates.io-1949cf8c6b5b557f/mere-kernel-0.0.2/src/graph/edge_ops.rs:106:5
[INFO] [stdout]     |
[INFO] [stdout] 106 | /     pub(crate) fn assert_semantic_predicate(
[INFO] [stdout] 107 | |         &mut self,
[INFO] [stdout] 108 | |         from: NodeKey,
[INFO] [stdout] 109 | |         to: NodeKey,
[INFO] [stdout] 110 | |         predicate: String,
[INFO] [stdout] 111 | |     ) -> Option<EdgeKey> {
[INFO] [stdout]     | |________________________- private method defined here
[INFO] [stdout] 
[INFO] [stdout] 
[INFO] [stdout] error[E0624]: method `add_node` is private
[INFO] [stdout]    --> src/tests.rs:120:19
[INFO] [stdout]     |
[INFO] [stdout] 120 |             graph.add_node(
[INFO] [stdout]     |                   ^^^^^^^^ private method
[INFO] [stdout]     |
[INFO] [stdout]    ::: /opt/rustwide/cargo-home/registry/src/index.crates.io-1949cf8c6b5b557f/mere-kernel-0.0.2/src/graph/mod.rs:395:5
[INFO] [stdout]     |
[INFO] [stdout] 395 |     pub(crate) fn add_node(&mut self, url: String, position: Point2D<f32>) -> NodeKey {
[INFO] [stdout]     |     --------------------------------------------------------------------------------- private method defined here
[INFO] [stdout] 
[INFO] [stdout] 
[INFO] [stdout] error[E0624]: method `assert_semantic_predicate` is private
[INFO] [stdout]    --> src/tests.rs:127:15
[INFO] [stdout]     |
[INFO] [stdout] 127 |           graph.assert_semantic_predicate(n[a], n[b], "links".to_string());
[INFO] [stdout]     |                 ^^^^^^^^^^^^^^^^^^^^^^^^^ private method
[INFO] [stdout]     |
[INFO] [stdout]    ::: /opt/rustwide/cargo-home/registry/src/index.crates.io-1949cf8c6b5b557f/mere-kernel-0.0.2/src/graph/edge_ops.rs:106:5
[INFO] [stdout]     |
[INFO] [stdout] 106 | /     pub(crate) fn assert_semantic_predicate(
[INFO] [stdout] 107 | |         &mut self,
[INFO] [stdout] 108 | |         from: NodeKey,
[INFO] [stdout] 109 | |         to: NodeKey,
[INFO] [stdout] 110 | |         predicate: String,
[INFO] [stdout] 111 | |     ) -> Option<EdgeKey> {
[INFO] [stdout]     | |________________________- private method defined here
[INFO] [stdout] 
[INFO] [stdout] 
[INFO] [stdout] error[E0624]: method `add_node` is private
[INFO] [stdout]    --> src/tests.rs:144:19
[INFO] [stdout]     |
[INFO] [stdout] 144 |             graph.add_node(
[INFO] [stdout]     |                   ^^^^^^^^ private method
[INFO] [stdout]     |
[INFO] [stdout]    ::: /opt/rustwide/cargo-home/registry/src/index.crates.io-1949cf8c6b5b557f/mere-kernel-0.0.2/src/graph/mod.rs:395:5
[INFO] [stdout]     |
[INFO] [stdout] 395 |     pub(crate) fn add_node(&mut self, url: String, position: Point2D<f32>) -> NodeKey {
[INFO] [stdout]     |     --------------------------------------------------------------------------------- private method defined here
[INFO] [stdout] 
[INFO] [stdout] 
[INFO] [stdout] error[E0624]: method `assert_semantic_predicate` is private
[INFO] [stdout]    --> src/tests.rs:151:15
[INFO] [stdout]     |
[INFO] [stdout] 151 |           graph.assert_semantic_predicate(keys[a], keys[b], "links".to_string());
[INFO] [stdout]     |                 ^^^^^^^^^^^^^^^^^^^^^^^^^ private method
[INFO] [stdout]     |
[INFO] [stdout]    ::: /opt/rustwide/cargo-home/registry/src/index.crates.io-1949cf8c6b5b557f/mere-kernel-0.0.2/src/graph/edge_ops.rs:106:5
[INFO] [stdout]     |
[INFO] [stdout] 106 | /     pub(crate) fn assert_semantic_predicate(
[INFO] [stdout] 107 | |         &mut self,
[INFO] [stdout] 108 | |         from: NodeKey,
[INFO] [stdout] 109 | |         to: NodeKey,
[INFO] [stdout] 110 | |         predicate: String,
[INFO] [stdout] 111 | |     ) -> Option<EdgeKey> {
[INFO] [stdout]     | |________________________- private method defined here
[INFO] [stdout] 
[INFO] [stdout] 
[INFO] [stdout] Some errors have detailed explanations: E0432, E0624.
[INFO] [stdout] 
[INFO] [stdout] For more information about an error, try `rustc --explain E0432`.
[INFO] [stdout] 
[INFO] [stderr] error: could not compile `mere-signals` (lib test) due to 17 previous errors
[INFO] running `Command { std: "docker" "inspect" "817aff0c4a24966ee973be8ad4e245d12c068879a77a3ef345c11c401eca4814", kill_on_drop: false }`
[INFO] running `Command { std: "docker" "rm" "-f" "817aff0c4a24966ee973be8ad4e245d12c068879a77a3ef345c11c401eca4814", kill_on_drop: false }`
[INFO] [stdout] 817aff0c4a24966ee973be8ad4e245d12c068879a77a3ef345c11c401eca4814
