[INFO] fetching crate mercury-sync-over-async 4.12.24...
[INFO] testing mercury-sync-over-async-4.12.24 against 1.99.0-beta.8+cargoflags=--release for beta-release-1.100-2
[INFO] extracting crate mercury-sync-over-async 4.12.24 into /workspace/builds/worker-0-tc1/source
[INFO] started tweaking crates.io crate mercury-sync-over-async 4.12.24
[INFO] removed 0 missing tests
[INFO] finished tweaking crates.io crate mercury-sync-over-async 4.12.24
[INFO] tweaked toml for crates.io crate mercury-sync-over-async 4.12.24 written to /workspace/builds/worker-0-tc1/source/Cargo.toml
[INFO] validating manifest of crates.io crate mercury-sync-over-async 4.12.24 on toolchain 1.99.0-beta.8
[INFO] running `Command { std: CARGO_HOME="/workspace/cargo-home" RUSTUP_HOME="/workspace/rustup-home" "/workspace/cargo-home/bin/cargo" "+1.99.0-beta.8" "metadata" "--manifest-path" "Cargo.toml" "--no-deps", kill_on_drop: false }`
[INFO] crate crates.io crate mercury-sync-over-async 4.12.24 already has a lockfile, it will not be regenerated
[INFO] running `Command { std: CARGO_HOME="/workspace/cargo-home" RUSTUP_HOME="/workspace/rustup-home" "/workspace/cargo-home/bin/cargo" "+1.99.0-beta.8" "fetch" "--manifest-path" "Cargo.toml", kill_on_drop: false }`
[INFO] [stderr]     Updating crates.io index
[INFO] [stderr]  Downloading crates ...
[INFO] [stderr]   Downloaded rmpv v1.3.1
[INFO] [stderr]   Downloaded rdkafka v0.38.0
[INFO] [stderr]   Downloaded crc16 v0.4.0
[INFO] [stderr]   Downloaded mercury-redis-connection v4.12.24
[INFO] [stderr]   Downloaded mercury-platform-macros v4.12.24
[INFO] [stderr]   Downloaded mercury-platform-core v4.12.24
[INFO] [stderr]   Downloaded redis v1.5.0
[INFO] running `Command { std: "docker" "create" "-v" "/var/lib/crater-agent-workspace/builds/worker-0-tc1/source:/opt/rustwide/workdir:ro,Z" "-v" "/var/lib/crater-agent-workspace/builds/worker-0-tc1/target:/opt/rustwide/target:rw,Z" "-v" "/var/lib/crater-agent-workspace/cargo-home:/opt/rustwide/cargo-home:ro,Z" "-v" "/var/lib/crater-agent-workspace/rustup-home:/opt/rustwide/rustup-home:ro,Z" "-m" "1610612736" "--network" "none" "ghcr.io/rust-lang/crates-build-env/linux@sha256:77db811e55d90add9212f6832c23229e3de5f1c1f9905e8cb07319ea15df73ac" "sleep" "infinity", kill_on_drop: false }`
[INFO] [stdout] 20d57ffefaa170a7785b0ee3043213345fd614f12b55562a77a86e5107b9b357
[INFO] running `Command { std: "docker" "start" "20d57ffefaa170a7785b0ee3043213345fd614f12b55562a77a86e5107b9b357", kill_on_drop: false }`
[INFO] running `Command { std: "docker" "inspect" "20d57ffefaa170a7785b0ee3043213345fd614f12b55562a77a86e5107b9b357", kill_on_drop: false }`
[INFO] running `Command { std: "docker" "exec" "-e" "SOURCE_DIR=/opt/rustwide/workdir" "-e" "CARGO_HOME=/opt/rustwide/cargo-home" "-e" "RUSTUP_HOME=/opt/rustwide/rustup-home" "-e" "CARGO_TARGET_DIR=/opt/rustwide/target" "-w" "/opt/rustwide/workdir" "--user" "0:0" "20d57ffefaa170a7785b0ee3043213345fd614f12b55562a77a86e5107b9b357" "/opt/rustwide/cargo-home/bin/cargo" "+1.99.0-beta.8" "metadata" "--no-deps" "--format-version=1", kill_on_drop: false }`
[INFO] running `Command { std: "docker" "inspect" "20d57ffefaa170a7785b0ee3043213345fd614f12b55562a77a86e5107b9b357", kill_on_drop: false }`
[INFO] running `Command { std: "docker" "exec" "-e" "SOURCE_DIR=/opt/rustwide/workdir" "-e" "CARGO_HOME=/opt/rustwide/cargo-home" "-e" "RUSTUP_HOME=/opt/rustwide/rustup-home" "-e" "CARGO_TARGET_DIR=/opt/rustwide/target" "-e" "CARGO_INCREMENTAL=0" "-e" "RUST_BACKTRACE=full" "-e" "RUSTFLAGS=--cap-lints=warn" "-e" "RUSTDOCFLAGS=--cap-lints=warn" "-w" "/opt/rustwide/workdir" "--user" "0:0" "20d57ffefaa170a7785b0ee3043213345fd614f12b55562a77a86e5107b9b357" "/opt/rustwide/cargo-home/bin/cargo" "+1.99.0-beta.8" "build" "--frozen" "--message-format=json" "--release", kill_on_drop: false }`
[INFO] [stderr]    Compiling syn v2.0.119
[INFO] [stderr]    Compiling syn v3.0.3
[INFO] [stderr]    Compiling ring v0.17.14
[INFO] [stderr]    Compiling event-listener v5.4.2
[INFO] [stderr]    Compiling ppv-lite86 v0.2.21
[INFO] [stderr]    Compiling getrandom v0.4.3
[INFO] [stderr]    Compiling futures-util v0.3.32
[INFO] [stderr]    Compiling sha1 v0.10.7
[INFO] [stderr]    Compiling rmp v0.8.15
[INFO] [stderr]    Compiling crc16 v0.4.0
[INFO] [stderr]    Compiling chacha20 v0.10.2
[INFO] [stderr]    Compiling indexmap v2.14.0
[INFO] [stderr]    Compiling crossbeam-epoch v0.9.20
[INFO] [stderr]    Compiling concurrent-queue v2.5.0
[INFO] [stderr]    Compiling serde_bytes v0.11.19
[INFO] [stderr]    Compiling libyaml-rs v0.3.0
[INFO] [stderr]    Compiling fastrand v2.5.0
[INFO] [stderr]    Compiling uuid v1.24.0
[INFO] [stderr]    Compiling serde_json v1.0.150
[INFO] [stderr]    Compiling sha2 v0.10.9
[INFO] [stderr]    Compiling event-listener-strategy v0.5.4
[INFO] [stderr]    Compiling backon v1.6.0
[INFO] [stderr]    Compiling rand v0.10.2
[INFO] [stderr]    Compiling async-channel v2.5.0
[INFO] [stderr]    Compiling async-lock v3.4.2
[INFO] [stderr]    Compiling http-body-util v0.1.4
[INFO] [stderr]    Compiling xxhash-rust v0.8.18
[INFO] [stderr]    Compiling rand_chacha v0.3.1
[INFO] [stderr]    Compiling arcstr v1.2.0
[INFO] [stderr]    Compiling inventory v0.3.24
[INFO] [stderr]    Compiling moka v0.12.15
[INFO] [stderr]    Compiling rand v0.8.7
[INFO] [stderr]    Compiling displaydoc v0.2.7
[INFO] [stderr]    Compiling async-trait v0.1.92
[INFO] [stderr]    Compiling synstructure v0.13.2
[INFO] [stderr]    Compiling zerofrom-derive v0.1.7
[INFO] [stderr]    Compiling yoke-derive v0.8.2
[INFO] [stderr]    Compiling zerovec-derive v0.11.3
[INFO] [stderr]    Compiling tokio-macros v2.7.0
[INFO] [stderr]    Compiling serde_derive v1.0.228
[INFO] [stderr]    Compiling thiserror-impl v1.0.69
[INFO] [stderr]    Compiling mercury-platform-macros v4.12.24
[INFO] [stderr]    Compiling zerofrom v0.1.8
[INFO] [stderr]    Compiling tokio v1.52.3
[INFO] [stderr]    Compiling yoke v0.8.3
[INFO] [stderr]    Compiling thiserror v1.0.69
[INFO] [stderr]    Compiling zerovec v0.11.6
[INFO] [stderr]    Compiling zerotrie v0.2.4
[INFO] [stderr]    Compiling tungstenite v0.24.0
[INFO] [stderr]    Compiling tinystr v0.8.3
[INFO] [stderr]    Compiling potential_utf v0.1.5
[INFO] [stderr]    Compiling icu_collections v2.2.0
[INFO] [stderr]    Compiling icu_locale_core v2.2.0
[INFO] [stderr]    Compiling serde v1.0.228
[INFO] [stderr]    Compiling icu_provider v2.2.0
[INFO] [stderr]    Compiling icu_properties v2.2.0
[INFO] [stderr]    Compiling icu_normalizer v2.2.0
[INFO] [stderr]    Compiling rmp-serde v1.3.1
[INFO] [stderr]    Compiling rmpv v1.3.1
[INFO] [stderr]    Compiling yaml_serde v0.10.7
[INFO] [stderr]    Compiling idna_adapter v1.2.2
[INFO] [stderr]    Compiling idna v1.1.0
[INFO] [stderr]    Compiling url v2.5.8
[INFO] [stderr]    Compiling rustls v0.23.45
[INFO] [stderr]    Compiling tokio-util v0.7.19
[INFO] [stderr]    Compiling hyper v1.10.1
[INFO] [stderr]    Compiling tokio-tungstenite v0.24.0
[INFO] [stderr]    Compiling combine v4.6.7
[INFO] [stderr]    Compiling hyper-util v0.1.20
[INFO] [stderr]    Compiling rustls-webpki v0.103.15
[INFO] [stderr]    Compiling tokio-rustls v0.26.4
[INFO] [stderr]    Compiling redis v1.5.0
[INFO] [stderr]    Compiling mercury-platform-core v4.12.24
[INFO] [stderr]    Compiling mercury-redis-connection v4.12.24
[INFO] [stderr]    Compiling mercury-sync-over-async v4.12.24 (/opt/rustwide/workdir)
[INFO] [stderr]     Finished `release` profile [optimized] target(s) in 1m 52s
[INFO] running `Command { std: "docker" "inspect" "20d57ffefaa170a7785b0ee3043213345fd614f12b55562a77a86e5107b9b357", kill_on_drop: false }`
[INFO] running `Command { std: "docker" "exec" "-e" "SOURCE_DIR=/opt/rustwide/workdir" "-e" "CARGO_HOME=/opt/rustwide/cargo-home" "-e" "RUSTUP_HOME=/opt/rustwide/rustup-home" "-e" "CARGO_TARGET_DIR=/opt/rustwide/target" "-e" "CARGO_INCREMENTAL=0" "-e" "RUST_BACKTRACE=full" "-e" "RUSTFLAGS=--cap-lints=warn" "-e" "RUSTDOCFLAGS=--cap-lints=warn" "-w" "/opt/rustwide/workdir" "--user" "0:0" "20d57ffefaa170a7785b0ee3043213345fd614f12b55562a77a86e5107b9b357" "/opt/rustwide/cargo-home/bin/cargo" "+1.99.0-beta.8" "test" "--frozen" "--no-run" "--message-format=json" "--release", kill_on_drop: false }`
[INFO] [stderr]    Compiling futures-util v0.3.32
[INFO] [stderr]    Compiling toml_parser v1.1.3+spec-1.1.0
[INFO] [stderr]    Compiling libz-sys v1.1.29
[INFO] [stderr]    Compiling rdkafka-sys v4.10.0+2.12.1
[INFO] [stderr]    Compiling toml_edit v0.25.15+spec-1.1.0
[INFO] [stderr]    Compiling proc-macro-crate v3.5.0
[INFO] [stderr]    Compiling num_enum_derive v0.7.6
[INFO] [stderr]    Compiling num_enum v0.7.6
[INFO] [stderr]    Compiling tokio-tungstenite v0.24.0
[INFO] [stderr]    Compiling redis v1.5.0
[INFO] [stderr]    Compiling mercury-platform-core v4.12.24
[INFO] [stderr]    Compiling mercury-redis-connection v4.12.24
[INFO] [stderr]    Compiling mercury-sync-over-async v4.12.24 (/opt/rustwide/workdir)
[INFO] [stderr]    Compiling rdkafka v0.38.0
[INFO] [stdout] error[E0432]: unresolved import `redis_test_double`
[INFO] [stdout]   --> tests/store_bounce_recovery.rs:32:5
[INFO] [stdout]    |
[INFO] [stdout] 32 | use redis_test_double::{start_resp_double, BounceProxy};
[INFO] [stdout]    |     ^^^^^^^^^^^^^^^^^ use of unresolved module or unlinked crate `redis_test_double`
[INFO] [stdout]    |
[INFO] [stdout]    = help: if you wanted to use a crate named `redis_test_double`, use `cargo add redis_test_double` to add it to your `Cargo.toml`
[INFO] [stdout] 
[INFO] [stdout] 
[INFO] [stdout] error[E0432]: unresolved import `redis_test_double`
[INFO] [stdout]   --> tests/redis_health_check.rs:31:5
[INFO] [stdout]    |
[INFO] [stdout] 31 | use redis_test_double::{start_resp_double, start_resp_double_with_password};
[INFO] [stdout]    |     ^^^^^^^^^^^^^^^^^ use of unresolved module or unlinked crate `redis_test_double`
[INFO] [stdout]    |
[INFO] [stdout]    = help: if you wanted to use a crate named `redis_test_double`, use `cargo add redis_test_double` to add it to your `Cargo.toml`
[INFO] [stdout] 
[INFO] [stdout] 
[INFO] [stdout] error[E0432]: unresolved import `redis_test_double`
[INFO] [stdout]   --> tests/stream_return_route.rs:44:5
[INFO] [stdout]    |
[INFO] [stdout] 44 | use redis_test_double::start_resp_double;
[INFO] [stdout]    |     ^^^^^^^^^^^^^^^^^ use of unresolved module or unlinked crate `redis_test_double`
[INFO] [stdout]    |
[INFO] [stdout]    = help: if you wanted to use a crate named `redis_test_double`, use `cargo add redis_test_double` to add it to your `Cargo.toml`
[INFO] [stdout] 
[INFO] [stdout] 
[INFO] [stdout] error[E0432]: unresolved import `redis_test_double`
[INFO] [stdout]   --> tests/streaming_rest_e2e.rs:53:5
[INFO] [stdout]    |
[INFO] [stdout] 53 | use redis_test_double::start_resp_double;
[INFO] [stdout]    |     ^^^^^^^^^^^^^^^^^ use of unresolved module or unlinked crate `redis_test_double`
[INFO] [stdout]    |
[INFO] [stdout]    = help: if you wanted to use a crate named `redis_test_double`, use `cargo add redis_test_double` to add it to your `Cargo.toml`
[INFO] [stdout] 
[INFO] [stdout] 
[INFO] [stdout] error[E0432]: unresolved import `event_script`
[INFO] [stdout]   --> tests/rest_flow_mvp.rs:43:5
[INFO] [stdout]    |
[INFO] [stdout] 43 | use event_script as _;
[INFO] [stdout]    |     ------------^^^^^
[INFO] [stdout]    |     |
[INFO] [stdout]    |     no external crate `event_script`
[INFO] [stdout] 
[INFO] [stdout] 
[INFO] [stdout] error[E0432]: unresolved import `minimalist_kafka`
[INFO] [stdout]   --> tests/rest_flow_mvp.rs:44:5
[INFO] [stdout]    |
[INFO] [stdout] 44 | use minimalist_kafka as _;
[INFO] [stdout]    |     ----------------^^^^^
[INFO] [stdout]    |     |
[INFO] [stdout]    |     no external crate `minimalist_kafka`
[INFO] [stdout] 
[INFO] [stdout] 
[INFO] [stdout] error[E0432]: unresolved import `redis_test_double`
[INFO] [stdout]   --> tests/rest_flow_mvp.rs:51:5
[INFO] [stdout]    |
[INFO] [stdout] 51 | use redis_test_double::{start_resp_double, CommandJournal, SharedStore};
[INFO] [stdout]    |     ^^^^^^^^^^^^^^^^^ use of unresolved module or unlinked crate `redis_test_double`
[INFO] [stdout]    |
[INFO] [stdout]    = help: if you wanted to use a crate named `redis_test_double`, use `cargo add redis_test_double` to add it to your `Cargo.toml`
[INFO] [stdout] 
[INFO] [stdout] 
[INFO] [stdout] For more information about this error, try `rustc --explain E0432`.
[INFO] [stdout] 
[INFO] [stderr] error: could not compile `mercury-sync-over-async` (test "store_bounce_recovery") due to 1 previous error
[INFO] [stderr] warning: build failed, waiting for other jobs to finish...
[INFO] [stdout] error[E0433]: cannot find module or crate `minimalist_kafka` in this scope
[INFO] [stdout]    --> tests/rest_flow_mvp.rs:277:53
[INFO] [stdout]     |
[INFO] [stdout] 277 |     let still_running = tokio::task::spawn_blocking(minimalist_kafka::runtime::stop_flow_consumers)
[INFO] [stdout]     |                                                     ^^^^^^^^^^^^^^^^ use of unresolved module or unlinked crate `minimalist_kafka`
[INFO] [stdout]     |
[INFO] [stdout]     = help: if you wanted to use a crate named `minimalist_kafka`, use `cargo add minimalist_kafka` to add it to your `Cargo.toml`
[INFO] [stdout] 
[INFO] [stdout] 
[INFO] [stdout] For more information about this error, try `rustc --explain E0432`.
[INFO] [stdout] 
[INFO] [stderr] error: could not compile `mercury-sync-over-async` (test "redis_health_check") due to 1 previous error
[INFO] [stdout] error[E0433]: cannot find module or crate `test_support` in this scope
[INFO] [stdout]    --> tests/rest_flow_mvp.rs:221:5
[INFO] [stdout]     |
[INFO] [stdout] 221 |     test_support::run_at_exit(platform_core::util::elastic_queue::shutdown_cleanup);
[INFO] [stdout]     |     ^^^^^^^^^^^^ use of unresolved module or unlinked crate `test_support`
[INFO] [stdout]     |
[INFO] [stdout]     = help: if you wanted to use a crate named `test_support`, use `cargo add test_support` to add it to your `Cargo.toml`
[INFO] [stdout] 
[INFO] [stdout] 
[INFO] [stdout] Some errors have detailed explanations: E0432, E0433.
[INFO] [stdout] 
[INFO] [stdout] For more information about an error, try `rustc --explain E0432`.
[INFO] [stdout] 
[INFO] [stdout] error[E0433]: cannot find module or crate `test_support` in this scope
[INFO] [stdout]    --> tests/streaming_rest_e2e.rs:329:29
[INFO] [stdout]     |
[INFO] [stdout] 329 |             let rest_file = test_support::temp_path("rest-soa-e2e.yaml");
[INFO] [stdout]     |                             ^^^^^^^^^^^^ use of unresolved module or unlinked crate `test_support`
[INFO] [stdout]     |
[INFO] [stdout]     = help: if you wanted to use a crate named `test_support`, use `cargo add test_support` to add it to your `Cargo.toml`
[INFO] [stdout] 
[INFO] [stdout] 
[INFO] [stderr] error: could not compile `mercury-sync-over-async` (test "rest_flow_mvp") due to 5 previous errors
[INFO] [stdout] error[E0433]: cannot find module or crate `test_support` in this scope
[INFO] [stdout]    --> tests/streaming_rest_e2e.rs:486:5
[INFO] [stdout]     |
[INFO] [stdout] 486 |     test_support::run_at_exit(platform_core::util::elastic_queue::shutdown_cleanup);
[INFO] [stdout]     |     ^^^^^^^^^^^^ use of unresolved module or unlinked crate `test_support`
[INFO] [stdout]     |
[INFO] [stdout]     = help: if you wanted to use a crate named `test_support`, use `cargo add test_support` to add it to your `Cargo.toml`
[INFO] [stdout] 
[INFO] [stdout] 
[INFO] [stdout] error[E0433]: cannot find module or crate `test_support` in this scope
[INFO] [stdout]    --> tests/streaming_rest_e2e.rs:535:5
[INFO] [stdout]     |
[INFO] [stdout] 535 |     test_support::run_at_exit(platform_core::util::elastic_queue::shutdown_cleanup);
[INFO] [stdout]     |     ^^^^^^^^^^^^ use of unresolved module or unlinked crate `test_support`
[INFO] [stdout]     |
[INFO] [stdout]     = help: if you wanted to use a crate named `test_support`, use `cargo add test_support` to add it to your `Cargo.toml`
[INFO] [stdout] 
[INFO] [stdout] 
[INFO] [stdout] error[E0433]: cannot find module or crate `test_support` in this scope
[INFO] [stdout]    --> tests/streaming_rest_e2e.rs:606:5
[INFO] [stdout]     |
[INFO] [stdout] 606 |     test_support::run_at_exit(platform_core::util::elastic_queue::shutdown_cleanup);
[INFO] [stdout]     |     ^^^^^^^^^^^^ use of unresolved module or unlinked crate `test_support`
[INFO] [stdout]     |
[INFO] [stdout]     = help: if you wanted to use a crate named `test_support`, use `cargo add test_support` to add it to your `Cargo.toml`
[INFO] [stdout] 
[INFO] [stdout] 
[INFO] [stdout] error[E0433]: cannot find module or crate `test_support` in this scope
[INFO] [stdout]    --> tests/streaming_rest_e2e.rs:672:5
[INFO] [stdout]     |
[INFO] [stdout] 672 |     test_support::run_at_exit(platform_core::util::elastic_queue::shutdown_cleanup);
[INFO] [stdout]     |     ^^^^^^^^^^^^ use of unresolved module or unlinked crate `test_support`
[INFO] [stdout]     |
[INFO] [stdout]     = help: if you wanted to use a crate named `test_support`, use `cargo add test_support` to add it to your `Cargo.toml`
[INFO] [stdout] 
[INFO] [stdout] 
[INFO] [stdout] error[E0433]: cannot find module or crate `redis_test_double` in this scope
[INFO] [stdout]   --> tests/stream_return_route.rs:67:12
[INFO] [stdout]    |
[INFO] [stdout] 67 |     store: redis_test_double::SharedStore,
[INFO] [stdout]    |            ^^^^^^^^^^^^^^^^^ use of unresolved module or unlinked crate `redis_test_double`
[INFO] [stdout]    |
[INFO] [stdout]    = help: if you wanted to use a crate named `redis_test_double`, use `cargo add redis_test_double` to add it to your `Cargo.toml`
[INFO] [stdout] 
[INFO] [stdout] 
[INFO] [stdout] Some errors have detailed explanations: E0432, E0433.
[INFO] [stdout] 
[INFO] [stdout] For more information about an error, try `rustc --explain E0432`.
[INFO] [stdout] 
[INFO] [stderr] error: could not compile `mercury-sync-over-async` (test "stream_return_route") due to 2 previous errors
[INFO] [stdout] Some errors have detailed explanations: E0432, E0433.
[INFO] [stdout] 
[INFO] [stdout] For more information about an error, try `rustc --explain E0432`.
[INFO] [stdout] 
[INFO] [stderr] error: could not compile `mercury-sync-over-async` (test "streaming_rest_e2e") due to 6 previous errors
[INFO] running `Command { std: "docker" "inspect" "20d57ffefaa170a7785b0ee3043213345fd614f12b55562a77a86e5107b9b357", kill_on_drop: false }`
[INFO] running `Command { std: "docker" "rm" "-f" "20d57ffefaa170a7785b0ee3043213345fd614f12b55562a77a86e5107b9b357", kill_on_drop: false }`
[INFO] [stdout] 20d57ffefaa170a7785b0ee3043213345fd614f12b55562a77a86e5107b9b357
