[INFO] fetching crate mercury-event-script 4.12.24...
[INFO] testing mercury-event-script-4.12.24 against 1.99.0-beta.8+cargoflags=--release for beta-release-1.100-2
[INFO] extracting crate mercury-event-script 4.12.24 into /workspace/builds/worker-7-tc1/source
[INFO] started tweaking crates.io crate mercury-event-script 4.12.24
[INFO] removed 0 missing tests
[INFO] finished tweaking crates.io crate mercury-event-script 4.12.24
[INFO] tweaked toml for crates.io crate mercury-event-script 4.12.24 written to /workspace/builds/worker-7-tc1/source/Cargo.toml
[INFO] validating manifest of crates.io crate mercury-event-script 4.12.24 on toolchain 1.99.0-beta.8
[INFO] running `Command { std: CARGO_HOME="/workspace/cargo-home" RUSTUP_HOME="/workspace/rustup-home" "/workspace/cargo-home/bin/cargo" "+1.99.0-beta.8" "metadata" "--manifest-path" "Cargo.toml" "--no-deps", kill_on_drop: false }`
[INFO] crate crates.io crate mercury-event-script 4.12.24 already has a lockfile, it will not be regenerated
[INFO] running `Command { std: CARGO_HOME="/workspace/cargo-home" RUSTUP_HOME="/workspace/rustup-home" "/workspace/cargo-home/bin/cargo" "+1.99.0-beta.8" "fetch" "--manifest-path" "Cargo.toml", kill_on_drop: false }`
[INFO] [stderr]     Updating crates.io index
[INFO] [stderr]     Blocking waiting for file lock on package cache
[INFO] [stderr]  Downloading crates ...
[INFO] [stderr]   Downloaded serde_json_path_macros_internal v0.1.2
[INFO] [stderr]   Downloaded serde_json_path_core v0.2.2
[INFO] [stderr]   Downloaded serde_json_path v0.7.2
[INFO] [stderr]   Downloaded serde_json_path_macros v0.1.6
[INFO] [stderr]   Downloaded mercury-platform-macros v4.12.24
[INFO] [stderr]   Downloaded mercury-event-script-macros v4.12.24
[INFO] [stderr]   Downloaded mercury-platform-core v4.12.24
[INFO] running `Command { std: "docker" "create" "-v" "/var/lib/crater-agent-workspace/builds/worker-7-tc1/source:/opt/rustwide/workdir:ro,Z" "-v" "/var/lib/crater-agent-workspace/builds/worker-7-tc1/target:/opt/rustwide/target:rw,Z" "-v" "/var/lib/crater-agent-workspace/cargo-home:/opt/rustwide/cargo-home:ro,Z" "-v" "/var/lib/crater-agent-workspace/rustup-home:/opt/rustwide/rustup-home:ro,Z" "-m" "1610612736" "--network" "none" "ghcr.io/rust-lang/crates-build-env/linux@sha256:77db811e55d90add9212f6832c23229e3de5f1c1f9905e8cb07319ea15df73ac" "sleep" "infinity", kill_on_drop: false }`
[INFO] [stdout] 16e4bbc12f8adfedf0834665c2b8a60aa087fd95f707c6cada735305c386060e
[INFO] running `Command { std: "docker" "start" "16e4bbc12f8adfedf0834665c2b8a60aa087fd95f707c6cada735305c386060e", kill_on_drop: false }`
[INFO] running `Command { std: "docker" "inspect" "16e4bbc12f8adfedf0834665c2b8a60aa087fd95f707c6cada735305c386060e", kill_on_drop: false }`
[INFO] running `Command { std: "docker" "exec" "-e" "SOURCE_DIR=/opt/rustwide/workdir" "-e" "CARGO_HOME=/opt/rustwide/cargo-home" "-e" "RUSTUP_HOME=/opt/rustwide/rustup-home" "-e" "CARGO_TARGET_DIR=/opt/rustwide/target" "-w" "/opt/rustwide/workdir" "--user" "0:0" "16e4bbc12f8adfedf0834665c2b8a60aa087fd95f707c6cada735305c386060e" "/opt/rustwide/cargo-home/bin/cargo" "+1.99.0-beta.8" "metadata" "--no-deps" "--format-version=1", kill_on_drop: false }`
[INFO] running `Command { std: "docker" "inspect" "16e4bbc12f8adfedf0834665c2b8a60aa087fd95f707c6cada735305c386060e", kill_on_drop: false }`
[INFO] running `Command { std: "docker" "exec" "-e" "SOURCE_DIR=/opt/rustwide/workdir" "-e" "CARGO_HOME=/opt/rustwide/cargo-home" "-e" "RUSTUP_HOME=/opt/rustwide/rustup-home" "-e" "CARGO_TARGET_DIR=/opt/rustwide/target" "-e" "CARGO_INCREMENTAL=0" "-e" "RUST_BACKTRACE=full" "-e" "RUSTFLAGS=--cap-lints=warn" "-e" "RUSTDOCFLAGS=--cap-lints=warn" "-w" "/opt/rustwide/workdir" "--user" "0:0" "16e4bbc12f8adfedf0834665c2b8a60aa087fd95f707c6cada735305c386060e" "/opt/rustwide/cargo-home/bin/cargo" "+1.99.0-beta.8" "build" "--frozen" "--message-format=json" "--release", kill_on_drop: false }`
[INFO] [stderr]    Compiling syn v2.0.119
[INFO] [stderr]    Compiling errno v0.3.14
[INFO] [stderr]    Compiling serde_json v1.0.150
[INFO] [stderr]    Compiling rustls v0.23.45
[INFO] [stderr]    Compiling event-listener v5.4.2
[INFO] [stderr]    Compiling rustls-webpki v0.103.15
[INFO] [stderr]    Compiling sha1 v0.10.7
[INFO] [stderr]    Compiling rmp v0.8.15
[INFO] [stderr]    Compiling signal-hook-registry v1.4.8
[INFO] [stderr]    Compiling aho-corasick v1.1.4
[INFO] [stderr]    Compiling data-encoding v2.11.0
[INFO] [stderr]    Compiling indexmap v2.14.0
[INFO] [stderr]    Compiling futures-util v0.3.32
[INFO] [stderr]    Compiling phf_shared v0.12.1
[INFO] [stderr]    Compiling regex-automata v0.4.16
[INFO] [stderr]    Compiling event-listener-strategy v0.5.4
[INFO] [stderr]    Compiling syn v3.0.3
[INFO] [stderr]    Compiling chrono-tz v0.10.4
[INFO] [stderr]    Compiling libyaml-rs v0.3.0
[INFO] [stderr]    Compiling moka v0.12.15
[INFO] [stderr]    Compiling rustls-native-certs v0.8.4
[INFO] [stderr]    Compiling serde_derive v1.0.228
[INFO] [stderr]    Compiling tokio-macros v2.7.0
[INFO] [stderr]    Compiling tokio v1.52.3
[INFO] [stderr]    Compiling thiserror-impl v1.0.69
[INFO] [stderr]    Compiling thiserror-impl v2.0.18
[INFO] [stderr]    Compiling thiserror v1.0.69
[INFO] [stderr]    Compiling tungstenite v0.24.0
[INFO] [stderr]    Compiling serde v1.0.228
[INFO] [stderr]    Compiling serde_json_path_macros_internal v0.1.2
[INFO] [stderr]    Compiling thiserror v2.0.18
[INFO] [stderr]    Compiling regex v1.13.1
[INFO] [stderr]    Compiling async-trait v0.1.92
[INFO] [stderr]    Compiling mercury-platform-macros v4.12.24
[INFO] [stderr]    Compiling chrono v0.4.45
[INFO] [stderr]    Compiling serde_json_path_core v0.2.2
[INFO] [stderr]    Compiling rmp-serde v1.3.1
[INFO] [stderr]    Compiling serde_json_path_macros v0.1.6
[INFO] [stderr]    Compiling rmpv v1.3.1
[INFO] [stderr]    Compiling yaml_serde v0.10.7
[INFO] [stderr]    Compiling num-bigint v0.4.8
[INFO] [stderr]    Compiling hyper v1.10.1
[INFO] [stderr]    Compiling tokio-rustls v0.26.4
[INFO] [stderr]    Compiling tokio-tungstenite v0.24.0
[INFO] [stderr]    Compiling async-channel v2.5.0
[INFO] [stderr]    Compiling phf v0.12.1
[INFO] [stderr]    Compiling hyper-util v0.1.20
[INFO] [stderr]    Compiling mercury-platform-core v4.12.24
[INFO] [stderr]    Compiling bigdecimal v0.4.10
[INFO] [stderr]    Compiling serde_json_path v0.7.2
[INFO] [stderr]    Compiling mercury-event-script-macros v4.12.24
[INFO] [stderr]    Compiling mercury-event-script v4.12.24 (/opt/rustwide/workdir)
[INFO] [stderr]     Finished `release` profile [optimized] target(s) in 3m 20s
[INFO] running `Command { std: "docker" "inspect" "16e4bbc12f8adfedf0834665c2b8a60aa087fd95f707c6cada735305c386060e", kill_on_drop: false }`
[INFO] running `Command { std: "docker" "exec" "-e" "SOURCE_DIR=/opt/rustwide/workdir" "-e" "CARGO_HOME=/opt/rustwide/cargo-home" "-e" "RUSTUP_HOME=/opt/rustwide/rustup-home" "-e" "CARGO_TARGET_DIR=/opt/rustwide/target" "-e" "CARGO_INCREMENTAL=0" "-e" "RUST_BACKTRACE=full" "-e" "RUSTFLAGS=--cap-lints=warn" "-e" "RUSTDOCFLAGS=--cap-lints=warn" "-w" "/opt/rustwide/workdir" "--user" "0:0" "16e4bbc12f8adfedf0834665c2b8a60aa087fd95f707c6cada735305c386060e" "/opt/rustwide/cargo-home/bin/cargo" "+1.99.0-beta.8" "test" "--frozen" "--no-run" "--message-format=json" "--release", kill_on_drop: false }`
[INFO] [stderr]    Compiling winnow v1.0.4
[INFO] [stderr]    Compiling target-triple v1.0.1
[INFO] [stderr]    Compiling toml_datetime v1.1.1+spec-1.1.0
[INFO] [stderr]    Compiling toml_writer v1.1.2+spec-1.1.0
[INFO] [stderr]    Compiling toml_parser v1.1.3+spec-1.1.0
[INFO] [stderr]    Compiling toml v1.1.3+spec-1.1.0
[INFO] [stderr]    Compiling trybuild v1.0.118
[INFO] [stderr]    Compiling mercury-event-script v4.12.24 (/opt/rustwide/workdir)
[INFO] [stdout] error[E0433]: cannot find module or crate `test_support` in this scope
[INFO] [stdout]   --> tests/claims.rs:89:23
[INFO] [stdout]    |
[INFO] [stdout] 89 |         let holding = test_support::temp_path("mercury-claims-test");
[INFO] [stdout]    |                       ^^^^^^^^^^^^ use of unresolved module or unlinked crate `test_support`
[INFO] [stdout]    |
[INFO] [stdout]    = help: if you wanted to use a crate named `test_support`, use `cargo add test_support` to add it to your `Cargo.toml`
[INFO] [stdout] 
[INFO] [stdout] 
[INFO] [stdout] error[E0433]: cannot find module or crate `test_support` in this scope
[INFO] [stdout]    --> tests/claims.rs:134:5
[INFO] [stdout]     |
[INFO] [stdout] 134 |     test_support::run_at_exit(platform_core::util::elastic_queue::shutdown_cleanup);
[INFO] [stdout]     |     ^^^^^^^^^^^^ use of unresolved module or unlinked crate `test_support`
[INFO] [stdout]     |
[INFO] [stdout]     = help: if you wanted to use a crate named `test_support`, use `cargo add test_support` to add it to your `Cargo.toml`
[INFO] [stdout] 
[INFO] [stdout] 
[INFO] [stdout] For more information about this error, try `rustc --explain E0433`.
[INFO] [stdout] 
[INFO] [stderr] error: could not compile `mercury-event-script` (test "claims") due to 2 previous errors
[INFO] [stderr] warning: build failed, waiting for other jobs to finish...
[INFO] [stdout] error[E0433]: cannot find module or crate `test_support` in this scope
[INFO] [stdout]    --> tests/flow_runtime.rs:515:23
[INFO] [stdout]     |
[INFO] [stdout] 515 |         let holding = test_support::temp_path("mercury-flow-test");
[INFO] [stdout]     |                       ^^^^^^^^^^^^ use of unresolved module or unlinked crate `test_support`
[INFO] [stdout]     |
[INFO] [stdout]     = help: if you wanted to use a crate named `test_support`, use `cargo add test_support` to add it to your `Cargo.toml`
[INFO] [stdout] 
[INFO] [stdout] 
[INFO] [stdout] For more information about this error, try `rustc --explain E0433`.
[INFO] [stdout] 
[INFO] [stderr] error: could not compile `mercury-event-script` (test "flow_runtime") due to 1 previous error
[INFO] running `Command { std: "docker" "inspect" "16e4bbc12f8adfedf0834665c2b8a60aa087fd95f707c6cada735305c386060e", kill_on_drop: false }`
[INFO] running `Command { std: "docker" "rm" "-f" "16e4bbc12f8adfedf0834665c2b8a60aa087fd95f707c6cada735305c386060e", kill_on_drop: false }`
[INFO] [stdout] 16e4bbc12f8adfedf0834665c2b8a60aa087fd95f707c6cada735305c386060e
