[INFO] fetching crate memmy 0.2.1...
[INFO] testing memmy-0.2.1 against 1.100.0-beta.1+cargoflags=--release for beta-release-1.100-2
[INFO] extracting crate memmy 0.2.1 into /workspace/builds/worker-0-tc2/source
[INFO] started tweaking crates.io crate memmy 0.2.1
[INFO] finished tweaking crates.io crate memmy 0.2.1
[INFO] tweaked toml for crates.io crate memmy 0.2.1 written to /workspace/builds/worker-0-tc2/source/Cargo.toml
[INFO] validating manifest of crates.io crate memmy 0.2.1 on toolchain 1.100.0-beta.1
[INFO] running `Command { std: CARGO_HOME="/workspace/cargo-home" RUSTUP_HOME="/workspace/rustup-home" "/workspace/cargo-home/bin/cargo" "+1.100.0-beta.1" "metadata" "--manifest-path" "Cargo.toml" "--no-deps", kill_on_drop: false }`
[INFO] crate crates.io crate memmy 0.2.1 already has a lockfile, it will not be regenerated
[INFO] running `Command { std: CARGO_HOME="/workspace/cargo-home" RUSTUP_HOME="/workspace/rustup-home" "/workspace/cargo-home/bin/cargo" "+1.100.0-beta.1" "fetch" "--manifest-path" "Cargo.toml", kill_on_drop: false }`
[INFO] running `Command { std: "docker" "create" "-v" "/var/lib/crater-agent-workspace/builds/worker-0-tc2/source:/opt/rustwide/workdir:ro,Z" "-v" "/var/lib/crater-agent-workspace/builds/worker-0-tc2/target:/opt/rustwide/target:rw,Z" "-v" "/var/lib/crater-agent-workspace/cargo-home:/opt/rustwide/cargo-home:ro,Z" "-v" "/var/lib/crater-agent-workspace/rustup-home:/opt/rustwide/rustup-home:ro,Z" "-m" "1610612736" "--network" "none" "ghcr.io/rust-lang/crates-build-env/linux@sha256:77db811e55d90add9212f6832c23229e3de5f1c1f9905e8cb07319ea15df73ac" "sleep" "infinity", kill_on_drop: false }`
[INFO] [stdout] c0e820ecc1788696a6f2957eb97bf551245cca85625d2f5d175bbca11bb29844
[INFO] running `Command { std: "docker" "start" "c0e820ecc1788696a6f2957eb97bf551245cca85625d2f5d175bbca11bb29844", kill_on_drop: false }`
[INFO] running `Command { std: "docker" "inspect" "c0e820ecc1788696a6f2957eb97bf551245cca85625d2f5d175bbca11bb29844", kill_on_drop: false }`
[INFO] running `Command { std: "docker" "exec" "-e" "SOURCE_DIR=/opt/rustwide/workdir" "-e" "CARGO_HOME=/opt/rustwide/cargo-home" "-e" "RUSTUP_HOME=/opt/rustwide/rustup-home" "-e" "CARGO_TARGET_DIR=/opt/rustwide/target" "-w" "/opt/rustwide/workdir" "--user" "0:0" "c0e820ecc1788696a6f2957eb97bf551245cca85625d2f5d175bbca11bb29844" "/opt/rustwide/cargo-home/bin/cargo" "+1.100.0-beta.1" "metadata" "--no-deps" "--format-version=1", kill_on_drop: false }`
[INFO] running `Command { std: "docker" "inspect" "c0e820ecc1788696a6f2957eb97bf551245cca85625d2f5d175bbca11bb29844", kill_on_drop: false }`
[INFO] running `Command { std: "docker" "exec" "-e" "SOURCE_DIR=/opt/rustwide/workdir" "-e" "CARGO_HOME=/opt/rustwide/cargo-home" "-e" "RUSTUP_HOME=/opt/rustwide/rustup-home" "-e" "CARGO_TARGET_DIR=/opt/rustwide/target" "-e" "CARGO_INCREMENTAL=0" "-e" "RUST_BACKTRACE=full" "-e" "RUSTFLAGS=--cap-lints=warn" "-e" "RUSTDOCFLAGS=--cap-lints=warn" "-w" "/opt/rustwide/workdir" "--user" "0:0" "c0e820ecc1788696a6f2957eb97bf551245cca85625d2f5d175bbca11bb29844" "/opt/rustwide/cargo-home/bin/cargo" "+1.100.0-beta.1" "build" "--frozen" "--message-format=json" "--release", kill_on_drop: false }`
[INFO] [stderr]    Compiling windows v0.39.0
[INFO] [stderr]    Compiling memmy v0.2.1 (/opt/rustwide/workdir)
[INFO] [stderr]     Finished `release` profile [optimized] target(s) in 18.15s
[INFO] running `Command { std: "docker" "inspect" "c0e820ecc1788696a6f2957eb97bf551245cca85625d2f5d175bbca11bb29844", kill_on_drop: false }`
[INFO] running `Command { std: "docker" "exec" "-e" "SOURCE_DIR=/opt/rustwide/workdir" "-e" "CARGO_HOME=/opt/rustwide/cargo-home" "-e" "RUSTUP_HOME=/opt/rustwide/rustup-home" "-e" "CARGO_TARGET_DIR=/opt/rustwide/target" "-e" "CARGO_INCREMENTAL=0" "-e" "RUST_BACKTRACE=full" "-e" "RUSTFLAGS=--cap-lints=warn" "-e" "RUSTDOCFLAGS=--cap-lints=warn" "-w" "/opt/rustwide/workdir" "--user" "0:0" "c0e820ecc1788696a6f2957eb97bf551245cca85625d2f5d175bbca11bb29844" "/opt/rustwide/cargo-home/bin/cargo" "+1.100.0-beta.1" "test" "--frozen" "--no-run" "--message-format=json" "--release", kill_on_drop: false }`
[INFO] [stderr]    Compiling memmy v0.2.1 (/opt/rustwide/workdir)
[INFO] [stdout] error: linking with `cc` failed: exit status: 1
[INFO] [stdout]   |
[INFO] [stdout]   = note:  "cc" "-m64" "/opt/rustwide/target/release/build/memmy/ab422dbf10655a5d/out/rustctjpQR0/symbols.o" "<2 object files omitted>" "-Wl,--as-needed" "-Wl,-Bstatic" "<sysroot>/lib/rustlib/x86_64-unknown-linux-gnu/lib/{libtest-*,libgetopts-*,librustc_std_workspace_std-*}.rlib" "/opt/rustwide/target/release/build/windows/49a41ae100c34ab3/out/libwindows-49a41ae100c34ab3.rlib" "<sysroot>/lib/rustlib/x86_64-unknown-linux-gnu/lib/{libstd-*,libpanic_unwind-*,libobject-*,libmemchr-*,libaddr2line-*,libgimli-*,libcfg_if-*,librustc_demangle-*,libstd_detect-*,libhashbrown-*,librustc_std_workspace_alloc-*,libminiz_oxide-*,libadler2-*,libunwind-*,liblibc-*,librustc_std_workspace_core-*,liballoc-*,libcore-*,libcompiler_builtins-*}.rlib" "-Wl,-Bdynamic" "-lgcc_s" "-lutil" "-lrt" "-lpthread" "-lm" "-ldl" "-lc" "-L" "/opt/rustwide/target/release/build/memmy/ab422dbf10655a5d/out/rustctjpQR0/raw-dylibs" "-B<sysroot>/lib/rustlib/x86_64-unknown-linux-gnu/bin/gcc-ld" "-fuse-ld=lld" "-Wl,--eh-frame-hdr" "-Wl,-z,noexecstack" "-L" "<sysroot>/lib/rustlib/x86_64-unknown-linux-gnu/lib" "-o" "/opt/rustwide/target/release/build/memmy/ab422dbf10655a5d/out/memmy-ab422dbf10655a5d" "-Wl,--gc-sections" "-pie" "-Wl,-z,relro,-z,now" "-Wl,-O1" "-Wl,--strip-debug" "-nodefaultlibs"
[INFO] [stdout]   = note: some arguments are omitted. use `--verbose` to show all linker arguments
[INFO] [stdout]   = note: rust-lld: error: undefined symbol: GetModuleHandleA
[INFO] [stdout]           >>> referenced by memmy.2cf0d5fc89ac6bed-cgu.0
[INFO] [stdout]           >>>               /opt/rustwide/target/release/build/memmy/ab422dbf10655a5d/out/memmy-ab422dbf10655a5d.memmy.2cf0d5fc89ac6bed-cgu.0.rcgu.o:(memmy::module_span)
[INFO] [stdout]           >>> referenced by memmy.2cf0d5fc89ac6bed-cgu.0
[INFO] [stdout]           >>>               /opt/rustwide/target/release/build/memmy/ab422dbf10655a5d/out/memmy-ab422dbf10655a5d.memmy.2cf0d5fc89ac6bed-cgu.0.rcgu.o:(memmy::module)
[INFO] [stdout]           
[INFO] [stdout]           rust-lld: error: undefined symbol: GetCurrentProcess
[INFO] [stdout]           >>> referenced by memmy.2cf0d5fc89ac6bed-cgu.0
[INFO] [stdout]           >>>               /opt/rustwide/target/release/build/memmy/ab422dbf10655a5d/out/memmy-ab422dbf10655a5d.memmy.2cf0d5fc89ac6bed-cgu.0.rcgu.o:(memmy::module_span)
[INFO] [stdout]           
[INFO] [stdout]           rust-lld: error: undefined symbol: K32GetModuleInformation
[INFO] [stdout]           >>> referenced by memmy.2cf0d5fc89ac6bed-cgu.0
[INFO] [stdout]           >>>               /opt/rustwide/target/release/build/memmy/ab422dbf10655a5d/out/memmy-ab422dbf10655a5d.memmy.2cf0d5fc89ac6bed-cgu.0.rcgu.o:(memmy::module_span)
[INFO] [stdout]           
[INFO] [stdout]           rust-lld: error: undefined symbol: GetLastError
[INFO] [stdout]           >>> referenced by windows.d66b804e15e6a321-cgu.03
[INFO] [stdout]           >>>               windows-49a41ae100c34ab3.windows.d66b804e15e6a321-cgu.03.rcgu.o:(<windows::core::error::Error>::from_win32) in archive /opt/rustwide/target/release/build/windows/49a41ae100c34ab3/out/libwindows-49a41ae100c34ab3.rlib
[INFO] [stdout]           collect2: error: ld returned 1 exit status
[INFO] [stdout]           
[INFO] [stdout] 
[INFO] [stdout] 
[INFO] [stderr] error: could not compile `memmy` (lib test) due to 1 previous error
[INFO] running `Command { std: "docker" "inspect" "c0e820ecc1788696a6f2957eb97bf551245cca85625d2f5d175bbca11bb29844", kill_on_drop: false }`
[INFO] running `Command { std: "docker" "rm" "-f" "c0e820ecc1788696a6f2957eb97bf551245cca85625d2f5d175bbca11bb29844", kill_on_drop: false }`
[INFO] [stdout] c0e820ecc1788696a6f2957eb97bf551245cca85625d2f5d175bbca11bb29844
