[INFO] fetching crate mel_spec_pipeline 0.2.2...
[INFO] testing mel_spec_pipeline-0.2.2 against 1.100.0-beta.1+cargoflags=--release for beta-release-1.100-2
[INFO] extracting crate mel_spec_pipeline 0.2.2 into /workspace/builds/worker-7-tc2/source
[INFO] started tweaking crates.io crate mel_spec_pipeline 0.2.2
[INFO] finished tweaking crates.io crate mel_spec_pipeline 0.2.2
[INFO] tweaked toml for crates.io crate mel_spec_pipeline 0.2.2 written to /workspace/builds/worker-7-tc2/source/Cargo.toml
[INFO] validating manifest of crates.io crate mel_spec_pipeline 0.2.2 on toolchain 1.100.0-beta.1
[INFO] running `Command { std: CARGO_HOME="/workspace/cargo-home" RUSTUP_HOME="/workspace/rustup-home" "/workspace/cargo-home/bin/cargo" "+1.100.0-beta.1" "metadata" "--manifest-path" "Cargo.toml" "--no-deps", kill_on_drop: false }`
[INFO] running `Command { std: CARGO_HOME="/workspace/cargo-home" RUSTUP_HOME="/workspace/rustup-home" "/workspace/cargo-home/bin/cargo" "+1.100.0-beta.1" "generate-lockfile" "--manifest-path" "Cargo.toml", kill_on_drop: false }`
[INFO] [stderr]     Updating crates.io index
[INFO] [stderr]      Locking 98 packages to highest compatible versions
[INFO] [stderr]       Adding image v0.24.9 (available: v0.25.10)
[INFO] [stderr]       Adding mel_spec v0.2.7 (available: v0.5.0)
[INFO] [stderr]       Adding ndarray v0.15.6 (available: v0.17.2)
[INFO] [stderr]       Adding psm v0.1.24 (available: v0.1.32)
[INFO] running `Command { std: CARGO_HOME="/workspace/cargo-home" RUSTUP_HOME="/workspace/rustup-home" "/workspace/cargo-home/bin/cargo" "+1.100.0-beta.1" "fetch" "--manifest-path" "Cargo.toml", kill_on_drop: false }`
[INFO] running `Command { std: "docker" "create" "-v" "/var/lib/crater-agent-workspace/builds/worker-7-tc2/source:/opt/rustwide/workdir:ro,Z" "-v" "/var/lib/crater-agent-workspace/builds/worker-7-tc2/target:/opt/rustwide/target:rw,Z" "-v" "/var/lib/crater-agent-workspace/cargo-home:/opt/rustwide/cargo-home:ro,Z" "-v" "/var/lib/crater-agent-workspace/rustup-home:/opt/rustwide/rustup-home:ro,Z" "-m" "1610612736" "--network" "none" "ghcr.io/rust-lang/crates-build-env/linux@sha256:77db811e55d90add9212f6832c23229e3de5f1c1f9905e8cb07319ea15df73ac" "sleep" "infinity", kill_on_drop: false }`
[INFO] [stdout] 1beb5746968a79426d1282e73a70d4a5c2b6de4dba74bd14432c774d235e9c4a
[INFO] running `Command { std: "docker" "start" "1beb5746968a79426d1282e73a70d4a5c2b6de4dba74bd14432c774d235e9c4a", kill_on_drop: false }`
[INFO] running `Command { std: "docker" "inspect" "1beb5746968a79426d1282e73a70d4a5c2b6de4dba74bd14432c774d235e9c4a", kill_on_drop: false }`
[INFO] running `Command { std: "docker" "exec" "-e" "SOURCE_DIR=/opt/rustwide/workdir" "-e" "CARGO_HOME=/opt/rustwide/cargo-home" "-e" "RUSTUP_HOME=/opt/rustwide/rustup-home" "-e" "CARGO_TARGET_DIR=/opt/rustwide/target" "-w" "/opt/rustwide/workdir" "--user" "0:0" "1beb5746968a79426d1282e73a70d4a5c2b6de4dba74bd14432c774d235e9c4a" "/opt/rustwide/cargo-home/bin/cargo" "+1.100.0-beta.1" "metadata" "--no-deps" "--format-version=1", kill_on_drop: false }`
[INFO] running `Command { std: "docker" "inspect" "1beb5746968a79426d1282e73a70d4a5c2b6de4dba74bd14432c774d235e9c4a", kill_on_drop: false }`
[INFO] running `Command { std: "docker" "exec" "-e" "SOURCE_DIR=/opt/rustwide/workdir" "-e" "CARGO_HOME=/opt/rustwide/cargo-home" "-e" "RUSTUP_HOME=/opt/rustwide/rustup-home" "-e" "CARGO_TARGET_DIR=/opt/rustwide/target" "-e" "CARGO_INCREMENTAL=0" "-e" "RUST_BACKTRACE=full" "-e" "RUSTFLAGS=--cap-lints=warn" "-e" "RUSTDOCFLAGS=--cap-lints=warn" "-w" "/opt/rustwide/workdir" "--user" "0:0" "1beb5746968a79426d1282e73a70d4a5c2b6de4dba74bd14432c774d235e9c4a" "/opt/rustwide/cargo-home/bin/cargo" "+1.100.0-beta.1" "build" "--frozen" "--message-format=json" "--release", kill_on_drop: false }`
[INFO] [stderr]    Compiling num-traits v0.2.19
[INFO] [stderr]    Compiling simd-adler32 v0.3.10
[INFO] [stderr]    Compiling bytemuck v1.25.2
[INFO] [stderr]    Compiling wasm-bindgen-shared v0.2.129
[INFO] [stderr]    Compiling syn v3.0.9
[INFO] [stderr]    Compiling libm v0.2.16
[INFO] [stderr]    Compiling pulp v0.22.3
[INFO] [stderr]    Compiling matrixmultiply v0.3.11
[INFO] [stderr]    Compiling miniz_oxide v0.9.1
[INFO] [stderr]    Compiling bumpalo v3.20.3
[INFO] [stderr]    Compiling raw-cpuid v11.6.0
[INFO] [stderr]    Compiling miniz_oxide v0.8.9
[INFO] [stderr]    Compiling flate2 v1.1.10
[INFO] [stderr]    Compiling wasm-bindgen v0.2.129
[INFO] [stderr]    Compiling thiserror-impl v1.0.69
[INFO] [stderr]    Compiling num-integer v0.1.47
[INFO] [stderr]    Compiling num-complex v0.4.6
[INFO] [stderr]    Compiling num-bigint v0.4.8
[INFO] [stderr]    Compiling unicode-ident v1.0.27
[INFO] [stderr]    Compiling reborrow v0.5.5
[INFO] [stderr]    Compiling pulp-wasm-simd-flag v0.1.1
[INFO] [stderr]    Compiling pest v2.9.4
[INFO] [stderr]    Compiling thiserror v1.0.69
[INFO] [stderr]    Compiling half v2.7.1
[INFO] [stderr]    Compiling jpeg-decoder v0.3.2
[INFO] [stderr]    Compiling zune-inflate v0.2.54
[INFO] [stderr]    Compiling fdeflate v0.3.7
[INFO] [stderr]    Compiling bit_field v0.10.3
[INFO] [stderr]    Compiling lebe v0.5.3
[INFO] [stderr]    Compiling once_cell v1.21.4
[INFO] [stderr]    Compiling pest_generator v2.9.4
[INFO] [stderr]    Compiling wasm-bindgen-macro-support v0.2.129
[INFO] [stderr]    Compiling smallvec v1.16.3
[INFO] [stderr]    Compiling strength_reduce v0.2.4
[INFO] [stderr]    Compiling color_quant v1.1.0
[INFO] [stderr]    Compiling transpose v0.2.3
[INFO] [stderr]    Compiling futures-util v0.3.34
[INFO] [stderr]    Compiling png v0.17.16
[INFO] [stderr]    Compiling gif v0.13.3
[INFO] [stderr]    Compiling pest_derive v2.9.4
[INFO] [stderr]    Compiling py_literal v0.4.0
[INFO] [stderr]    Compiling tiff v0.9.1
[INFO] [stderr]    Compiling num-rational v0.4.2
[INFO] [stderr]    Compiling ndarray v0.15.6
[INFO] [stderr]    Compiling exr v1.74.2
[INFO] [stderr]    Compiling zip v0.5.13
[INFO] [stderr]    Compiling primal-check v0.3.4
[INFO] [stderr]    Compiling num-iter v0.1.46
[INFO] [stderr]    Compiling qoi v0.4.1
[INFO] [stderr]    Compiling num v0.4.3
[INFO] [stderr]    Compiling rustfft v6.4.1
[INFO] [stderr]    Compiling crossbeam-channel v0.5.17
[INFO] [stderr]    Compiling mel_spec_audio v0.2.2
[INFO] [stderr]    Compiling wasm-bindgen-macro v0.2.129
[INFO] [stderr]    Compiling js-sys v0.3.106
[INFO] [stderr]    Compiling ndarray-npy v0.8.1
[INFO] [stderr]    Compiling image v0.24.9
[INFO] [stderr]    Compiling mel_spec v0.2.7
[INFO] [stderr]    Compiling mel_spec_pipeline v0.2.2 (/opt/rustwide/workdir)
[INFO] [stdout] error[E0308]: mismatched types
[INFO] [stdout]    --> src/lib.rs:106:40
[INFO] [stdout]     |
[INFO] [stdout] 106 |                     let spec = mel.add(complex);
[INFO] [stdout]     |                                    --- ^^^^^^^ expected `&ArrayBase<_, Dim<[usize; 1]>>`, found `ArrayBase<OwnedRepr<_>, Dim<[usize; 1]>>`
[INFO] [stdout]     |                                    |
[INFO] [stdout]     |                                    arguments to this method are incorrect
[INFO] [stdout]     |
[INFO] [stdout]     = note: expected reference `&ArrayBase<_, _>`
[INFO] [stdout]                   found struct `ArrayBase<_, _>`
[INFO] [stdout] note: method defined here
[INFO] [stdout]    --> /opt/rustwide/cargo-home/registry/src/index.crates.io-1949cf8c6b5b557f/mel_spec-0.2.7/src/mel.rs:15:12
[INFO] [stdout]     |
[INFO] [stdout]  15 |     pub fn add(&mut self, fft: &Array1<Complex<f64>>) -> Array2<f64> {
[INFO] [stdout]     |            ^^^
[INFO] [stdout] help: consider borrowing here
[INFO] [stdout]     |
[INFO] [stdout] 106 |                     let spec = mel.add(&complex);
[INFO] [stdout]     |                                        +
[INFO] [stdout] 
[INFO] [stdout] 
[INFO] [stdout] error[E0308]: mismatched types
[INFO] [stdout]    --> src/lib.rs:109:37
[INFO] [stdout]     |
[INFO] [stdout] 109 |                         if let Some((idx, frames)) = vad.add(&spec) {
[INFO] [stdout]     |                                     ^^^^^^^^^^^^^    -------------- this expression has type `Option<bool>`
[INFO] [stdout]     |                                     |
[INFO] [stdout]     |                                     expected `bool`, found `(_, _)`
[INFO] [stdout]     |
[INFO] [stdout]     = note: expected type `bool`
[INFO] [stdout]               found tuple `(_, _)`
[INFO] [stdout] 
[INFO] [stdout] 
[INFO] [stdout] error[E0599]: no method named `flush` found for struct `mel_spec::prelude::VoiceActivityDetector` in the current scope
[INFO] [stdout]    --> src/lib.rs:125:46
[INFO] [stdout]     |
[INFO] [stdout] 125 |             if let Some((idx, frames)) = vad.flush() {
[INFO] [stdout]     |                                              ^^^^^ method not found in `mel_spec::prelude::VoiceActivityDetector`
[INFO] [stdout] 
[INFO] [stdout] 
[INFO] [stdout] Some errors have detailed explanations: E0308, E0599.
[INFO] [stdout] 
[INFO] [stdout] For more information about an error, try `rustc --explain E0308`.
[INFO] [stdout] 
[INFO] [stderr] error: could not compile `mel_spec_pipeline` (lib) due to 3 previous errors
[INFO] [stderr] warning: unused dependency `mel_spec_audio`
[INFO] [stderr]   --> Cargo.toml:10:15
[INFO] [stderr]    |
[INFO] [stderr] 10 | [dependencies.mel_spec_audio]
[INFO] [stderr]    |               ^^^^^^^^^^^^^^^
[INFO] [stderr]    |
[INFO] [stderr]    = note: `cargo::unused_dependencies` is set to `warn` by default
[INFO] [stderr] help: consider removing the dependency on `mel_spec_audio`
[INFO] [stderr] warning: `mel_spec_pipeline` (manifest) generated 1 warning
[INFO] running `Command { std: "docker" "inspect" "1beb5746968a79426d1282e73a70d4a5c2b6de4dba74bd14432c774d235e9c4a", kill_on_drop: false }`
[INFO] running `Command { std: "docker" "rm" "-f" "1beb5746968a79426d1282e73a70d4a5c2b6de4dba74bd14432c774d235e9c4a", kill_on_drop: false }`
[INFO] [stdout] 1beb5746968a79426d1282e73a70d4a5c2b6de4dba74bd14432c774d235e9c4a
